114.119.134.212 - - [05/Jul/2025:09:54:58 -0400] "GET /shop/?stock_status=instock&on_sale=onsale&filter_cat=126,137,123,115,135 HTTP/1.1" 500 0 "https://mm-deals.com/shop/?stock_status=instock&on_sale=onsale&filter_cat=137%2C123%2C115%2C135" "Mozilla/5.0 (Linux; Android 7.0;) AppleWebKit/537.36 (KHTML, like Gecko) Mobile Safari/537.36 (compatible; PetalBot;+https://webmaster.petalsearch.com/site/petalbot)"
185.191.171.15 - - [05/Jul/2025:09:55:28 -0400] "GET /shop/?filter_cat=112%2C115%2C131%2C122%2C129 HTTP/1.1" 500 0 "-" "Mozilla/5.0 (compatible; SemrushBot/7~bl; +http://www.semrush.com/bot.html)"
167.71.209.207 - - [05/Jul/2025:09:40:12 -0400] "GET /wp-content/uploads/2022/01/435208732026.jpg HTTP/1.1" 200 8700 "-" "Mozilla/5.0 (Windows NT 10.0; Win64; x64) AppleWebKit/537.36 (KHTML, like Gecko) Chrome/122.0.0.0 Safari/537.36"
114.119.143.119 - - [05/Jul/2025:09:40:13 -0400] "GET /shop/?stock_status=instock&on_sale=onsale&filter_cat=126,137,127,135,119,116 HTTP/1.1" 500 0 "https://mm-deals.com/shop/?stock_status=instock&on_sale=onsale&filter_cat=137%2C127%2C135%2C119%2C116" "Mozilla/5.0 (Linux; Android 7.0;) AppleWebKit/537.36 (KHTML, like Gecko) Mobile Safari/537.36 (compatible; PetalBot;+https://webmaster.petalsearch.com/site/petalbot)"
85.208.96.207 - - [05/Jul/2025:09:40:16 -0400] "GET /shop/?filter_cat=112%2C125%2C131%2C117%2C127 HTTP/1.1" 500 0 "-" "Mozilla/5.0 (compatible; SemrushBot/7~bl; +http://www.semrush.com/bot.html)"
85.208.96.195 - - [05/Jul/2025:09:41:17 -0400] "GET /shop/?filter_cat=113%2C123%2C137%2C128%2C120 HTTP/1.1" 500 0 "-" "Mozilla/5.0 (compatible; SemrushBot/7~bl; +http://www.semrush.com/bot.html)"
185.191.171.9 - - [05/Jul/2025:09:42:17 -0400] "GET /shop/?filter_cat=114%2C131%2C125%2C123%2C113 HTTP/1.1" 500 0 "-" "Mozilla/5.0 (compatible; SemrushBot/7~bl; +http://www.semrush.com/bot.html)"
66.249.65.97 - - [05/Jul/2025:09:42:34 -0400] "GET /shop/?perpage=12&filter_cat=131,115,128,120,121,134,113,112,135&column=2&shop_view=grid_view&on_sale=onsale HTTP/1.1" 500 0 "-" "Mozilla/5.0 (Linux; Android 6.0.1; Nexus 5X Build/MMB29P) AppleWebKit/537.36 (KHTML, like Gecko) Chrome/137.0.7151.103 Mobile Safari/537.36 (compatible; Googlebot/2.1; +http://www.google.com/bot.html)"
85.208.96.208 - - [05/Jul/2025:09:44:18 -0400] "GET /shop/?filter_cat=115%2C137%2C125%2C127%2C126 HTTP/1.1" 500 0 "-" "Mozilla/5.0 (compatible; SemrushBot/7~bl; +http://www.semrush.com/bot.html)"
85.208.96.196 - - [05/Jul/2025:09:46:19 -0400] "GET /shop/?filter_cat=114%2C126%2C137%2C118%2C116 HTTP/1.1" 500 0 "-" "Mozilla/5.0 (compatible; SemrushBot/7~bl; +http://www.semrush.com/bot.html)"
114.119.150.65 - - [05/Jul/2025:09:47:38 -0400] "GET /shop/?stock_status=instock&on_sale=onsale&filter_cat=126,137,123,121,115,131 HTTP/1.1" 500 0 "https://mm-deals.com/shop/?stock_status=instock&on_sale=onsale&filter_cat=137%2C123%2C121%2C115%2C131" "Mozilla/5.0 (Linux; Android 7.0;) AppleWebKit/537.36 (KHTML, like Gecko) Mobile Safari/537.36 (compatible; PetalBot;+https://webmaster.petalsearch.com/site/petalbot)"
66.249.65.97 - - [05/Jul/2025:09:48:28 -0400] "GET /shop/page/3/?perpage=12&filter_cat=129%2C117%2C114%2C127%2C115%2C135%2C121%2C123%2C113%2C137%2C112%2C130%2C125%2C122&column=3&shop_view=grid_view&stock_status=instock HTTP/1.1" 500 0 "-" "Mozilla/5.0 (Linux; Android 6.0.1; Nexus 5X Build/MMB29P) AppleWebKit/537.36 (KHTML, like Gecko) Chrome/137.0.7151.103 Mobile Safari/537.36 (compatible; Googlebot/2.1; +http://www.google.com/bot.html)"
185.191.171.11 - - [05/Jul/2025:09:49:21 -0400] "GET /shop/?filter_cat=123%2C115%2C137%2C128 HTTP/1.1" 500 0 "-" "Mozilla/5.0 (compatible; SemrushBot/7~bl; +http://www.semrush.com/bot.html)"
185.191.171.4 - - [05/Jul/2025:09:51:23 -0400] "GET /shop/?filter_cat=114%2C122%2C113%2C131%2C137 HTTP/1.1" 500 0 "-" "Mozilla/5.0 (compatible; SemrushBot/7~bl; +http://www.semrush.com/bot.html)"
216.244.66.235 - - [05/Jul/2025:09:55:31 -0400] "GET /shop/?add-to-cart=7528&filter_cat=137,130,121 HTTP/1.1" 500 0 "-" "Mozilla/5.0 (compatible; DotBot/1.2; +https://opensiteexplorer.org/dotbot; help@moz.com)"
216.244.66.235 - - [05/Jul/2025:09:55:42 -0400] "GET /shop/?add-to-cart=7530&filter_cat=112,118,121 HTTP/1.1" 500 0 "-" "Mozilla/5.0 (compatible; DotBot/1.2; +https://opensiteexplorer.org/dotbot; help@moz.com)"
216.244.66.235 - - [05/Jul/2025:09:56:07 -0400] "GET /shop/?filter_cat=120,121,114&on_sale=onsale HTTP/1.1" 500 0 "-" "Mozilla/5.0 (compatible; DotBot/1.2; +https://opensiteexplorer.org/dotbot; help@moz.com)"
185.191.171.7 - - [05/Jul/2025:09:56:29 -0400] "GET /shop/?filter_cat=134%2C113%2C112%2C121%2C122 HTTP/1.1" 500 0 "-" "Mozilla/5.0 (compatible; SemrushBot/7~bl; +http://www.semrush.com/bot.html)"
216.244.66.235 - - [05/Jul/2025:09:57:08 -0400] "GET /shop/?filter_cat=128,123,127&on_sale=onsale HTTP/1.1" 500 0 "-" "Mozilla/5.0 (compatible; DotBot/1.2; +https://opensiteexplorer.org/dotbot; help@moz.com)"
216.244.66.235 - - [05/Jul/2025:09:58:09 -0400] "GET /shop/?add-to-cart=7526&filter_cat=113,127,119,120 HTTP/1.1" 500 0 "-" "Mozilla/5.0 (compatible; DotBot/1.2; +https://opensiteexplorer.org/dotbot; help@moz.com)"
114.119.134.212 - - [05/Jul/2025:10:02:22 -0400] "GET /shop/?stock_status=instock&on_sale=onsale&filter_cat=126,137,113,127,135,119,116,121 HTTP/1.1" 500 0 "https://mm-deals.com/shop/?stock_status=instock&on_sale=onsale&filter_cat=137%2C113%2C127%2C135%2C119%2C116%2C121" "Mozilla/5.0 (Linux; Android 7.0;) AppleWebKit/537.36 (KHTML, like Gecko) Mobile Safari/537.36 (compatible; PetalBot;+https://webmaster.petalsearch.com/site/petalbot)"
85.208.96.206 - - [05/Jul/2025:10:02:38 -0400] "GET /shop/?filter_cat=119%2C116%2C126%2C115%2C124 HTTP/1.1" 500 0 "-" "Mozilla/5.0 (compatible; SemrushBot/7~bl; +http://www.semrush.com/bot.html)"
85.208.96.210 - - [05/Jul/2025:10:03:41 -0400] "GET /shop/?filter_cat=131%2C120%2C128%2C130%2C135 HTTP/1.1" 500 0 "-" "Mozilla/5.0 (compatible; SemrushBot/7~bl; +http://www.semrush.com/bot.html)"
85.208.96.207 - - [05/Jul/2025:10:05:42 -0400] "GET /shop/?filter_cat=137%2C117%2C128%2C116%2C125 HTTP/1.1" 500 0 "-" "Mozilla/5.0 (compatible; SemrushBot/7~bl; +http://www.semrush.com/bot.html)"
185.191.171.11 - - [05/Jul/2025:10:07:44 -0400] "GET /shop/?filter_cat=123%2C120%2C134%2C116 HTTP/1.1" 500 0 "-" "Mozilla/5.0 (compatible; SemrushBot/7~bl; +http://www.semrush.com/bot.html)"
114.119.143.119 - - [05/Jul/2025:10:09:46 -0400] "GET /shop/?stock_status=instock&on_sale=onsale&filter_cat=126,135,137,134,120,129,121 HTTP/1.1" 500 0 "https://mm-deals.com/shop/?stock_status=instock&on_sale=onsale&filter_cat=135%2C137%2C134%2C120%2C129%2C121" "Mozilla/5.0 (Linux; Android 7.0;) AppleWebKit/537.36 (KHTML, like Gecko) Mobile Safari/537.36 (compatible; PetalBot;+https://webmaster.petalsearch.com/site/petalbot)"
185.191.171.9 - - [05/Jul/2025:10:11:47 -0400] "GET /shop/?filter_cat=137%2C135%2C120%2C130%2C114 HTTP/1.1" 500 0 "-" "Mozilla/5.0 (compatible; SemrushBot/7~bl; +http://www.semrush.com/bot.html)"
85.208.96.206 - - [05/Jul/2025:10:12:49 -0400] "GET /shop/?filter_cat=112%2C114%2C113%2C135%2C130 HTTP/1.1" 500 0 "-" "Mozilla/5.0 (compatible; SemrushBot/7~bl; +http://www.semrush.com/bot.html)"
43.166.244.192 - - [05/Jul/2025:10:13:08 -0400] "GET / HTTP/1.1" 500 0 "http://www.mm-deals.com" "Mozilla/5.0 (iPhone; CPU iPhone OS 13_2_3 like Mac OS X) AppleWebKit/605.1.15 (KHTML, like Gecko) Version/13.0.3 Mobile/15E148 Safari/604.1"
216.244.66.235 - - [05/Jul/2025:09:56:37 -0400] "GET /shop/?filter_cat=122,123,117&on_sale=onsale HTTP/1.1" 500 0 "-" "Mozilla/5.0 (compatible; DotBot/1.2; +https://opensiteexplorer.org/dotbot; help@moz.com)"
66.249.65.97 - - [05/Jul/2025:09:56:50 -0400] "GET /shop/?perpage=12&filter_cat=129,114,115,128,117,120,121,135&column=4&shop_view=grid_view&on_sale=onsale HTTP/1.1" 500 0 "-" "Mozilla/5.0 (Linux; Android 6.0.1; Nexus 5X Build/MMB29P) AppleWebKit/537.36 (KHTML, like Gecko) Chrome/137.0.7151.103 Mobile Safari/537.36 (compatible; Googlebot/2.1; +http://www.google.com/bot.html)"
85.208.96.194 - - [05/Jul/2025:09:57:30 -0400] "GET /shop/?filter_cat=114%2C125%2C121%2C115%2C117 HTTP/1.1" 500 0 "-" "Mozilla/5.0 (compatible; SemrushBot/7~bl; +http://www.semrush.com/bot.html)"
216.244.66.235 - - [05/Jul/2025:09:57:39 -0400] "GET /shop/?add-to-cart=7516&filter_cat=130,118,137,123 HTTP/1.1" 500 0 "-" "Mozilla/5.0 (compatible; DotBot/1.2; +https://opensiteexplorer.org/dotbot; help@moz.com)"
185.191.171.12 - - [05/Jul/2025:09:58:31 -0400] "GET /shop/?filter_cat=116%2C112%2C134%2C135%2C121 HTTP/1.1" 500 0 "-" "Mozilla/5.0 (compatible; SemrushBot/7~bl; +http://www.semrush.com/bot.html)"
216.244.66.235 - - [05/Jul/2025:09:58:40 -0400] "GET /shop/?filter_cat=114,117,112,113&shop_view=list_view HTTP/1.1" 500 0 "-" "Mozilla/5.0 (compatible; DotBot/1.2; +https://opensiteexplorer.org/dotbot; help@moz.com)"
185.191.171.10 - - [05/Jul/2025:09:58:53 -0400] "GET /robots.txt HTTP/1.1" 200 200 "-" "Mozilla/5.0 (compatible; SemrushBot/7~bl; +http://www.semrush.com/bot.html)"
85.208.96.212 - - [05/Jul/2025:09:59:32 -0400] "GET /shop/?filter_cat=114%2C131%2C119%2C118%2C125 HTTP/1.1" 500 0 "-" "Mozilla/5.0 (compatible; SemrushBot/7~bl; +http://www.semrush.com/bot.html)"
185.191.171.2 - - [05/Jul/2025:10:00:33 -0400] "GET /shop/?filter_cat=137%2C117%2C122%2C123%2C128 HTTP/1.1" 500 0 "-" "Mozilla/5.0 (compatible; SemrushBot/7~bl; +http://www.semrush.com/bot.html)"
185.191.171.13 - - [05/Jul/2025:10:01:36 -0400] "GET /shop/?filter_cat=114%2C135%2C120%2C118%2C137 HTTP/1.1" 500 0 "-" "Mozilla/5.0 (compatible; SemrushBot/7~bl; +http://www.semrush.com/bot.html)"
185.191.171.17 - - [05/Jul/2025:10:04:42 -0400] "GET /shop/?filter_cat=115%2C130%2C112%2C125%2C131 HTTP/1.1" 500 0 "-" "Mozilla/5.0 (compatible; SemrushBot/7~bl; +http://www.semrush.com/bot.html)"
85.208.96.193 - - [05/Jul/2025:10:06:43 -0400] "GET /shop/?filter_cat=112%2C116%2C124%2C115%2C117 HTTP/1.1" 500 0 "-" "Mozilla/5.0 (compatible; SemrushBot/7~bl; +http://www.semrush.com/bot.html)"
185.191.171.9 - - [05/Jul/2025:10:08:45 -0400] "GET /shop/?filter_cat=130%2C122%2C117%2C119%2C131 HTTP/1.1" 500 0 "-" "Mozilla/5.0 (compatible; SemrushBot/7~bl; +http://www.semrush.com/bot.html)"
185.191.171.7 - - [05/Jul/2025:10:09:46 -0400] "GET /shop/?filter_cat=137%2C121%2C119%2C126%2C116 HTTP/1.1" 500 0 "-" "Mozilla/5.0 (compatible; SemrushBot/7~bl; +http://www.semrush.com/bot.html)"
216.244.66.235 - - [05/Jul/2025:10:10:24 -0400] "GET /shop/?filter_cat=130,116,114&column=3&shop_view=grid_view HTTP/1.1" 500 0 "-" "Mozilla/5.0 (compatible; DotBot/1.2; +https://opensiteexplorer.org/dotbot; help@moz.com)"
85.208.96.207 - - [05/Jul/2025:10:10:46 -0400] "GET /shop/?filter_cat=137%2C116%2C125%2C124%2C122 HTTP/1.1" 500 0 "-" "Mozilla/5.0 (compatible; SemrushBot/7~bl; +http://www.semrush.com/bot.html)"
185.191.171.15 - - [05/Jul/2025:10:13:50 -0400] "GET /shop/?filter_cat=122%2C114%2C130%2C115 HTTP/1.1" 500 0 "-" "Mozilla/5.0 (compatible; SemrushBot/7~bl; +http://www.semrush.com/bot.html)"
185.191.171.12 - - [05/Jul/2025:10:14:52 -0400] "GET /shop/?filter_cat=135%2C117%2C131%2C118%2C137 HTTP/1.1" 500 0 "-" "Mozilla/5.0 (compatible; SemrushBot/7~bl; +http://www.semrush.com/bot.html)"
185.191.171.12 - - [05/Jul/2025:10:15:54 -0400] "GET /shop/?filter_cat=114%2C121%2C122%2C135%2C120 HTTP/1.1" 500 0 "-" "Mozilla/5.0 (compatible; SemrushBot/7~bl; +http://www.semrush.com/bot.html)"
185.191.171.4 - - [05/Jul/2025:10:17:55 -0400] "GET /shop/?filter_cat=116%2C113%2C134%2C121%2C118 HTTP/1.1" 500 0 "-" "Mozilla/5.0 (compatible; SemrushBot/7~bl; +http://www.semrush.com/bot.html)"
185.191.171.14 - - [05/Jul/2025:10:18:57 -0400] "GET /shop/?filter_cat=131%2C116%2C124%2C130%2C115 HTTP/1.1" 500 0 "-" "Mozilla/5.0 (compatible; SemrushBot/7~bl; +http://www.semrush.com/bot.html)"
185.191.171.12 - - [05/Jul/2025:10:19:36 -0400] "GET /robots.txt HTTP/1.1" 200 200 "-" "Mozilla/5.0 (compatible; SemrushBot/7~bl; +http://www.semrush.com/bot.html)"
85.208.96.201 - - [05/Jul/2025:10:19:57 -0400] "GET /shop/?filter_cat=134%2C112%2C124%2C130%2C126 HTTP/1.1" 500 0 "-" "Mozilla/5.0 (compatible; SemrushBot/7~bl; +http://www.semrush.com/bot.html)"
185.191.171.13 - - [05/Jul/2025:10:20:58 -0400] "GET /shop/?filter_cat=115%2C117%2C127%2C113%2C130 HTTP/1.1" 500 0 "-" "Mozilla/5.0 (compatible; SemrushBot/7~bl; +http://www.semrush.com/bot.html)"
66.249.65.97 - - [05/Jul/2025:10:22:53 -0400] "GET /sitemap_index_9.xml HTTP/1.1" 200 98 "-" "Mozilla/5.0 (compatible; Googlebot/2.1; +http://www.google.com/bot.html)"
85.208.96.208 - - [05/Jul/2025:10:23:00 -0400] "GET /shop/?filter_cat=135%2C122%2C112%2C130%2C116 HTTP/1.1" 500 0 "-" "Mozilla/5.0 (compatible; SemrushBot/7~bl; +http://www.semrush.com/bot.html)"
185.191.171.4 - - [05/Jul/2025:10:24:01 -0400] "GET /shop/?filter_cat=113%2C112%2C122%2C134%2C127 HTTP/1.1" 500 0 "-" "Mozilla/5.0 (compatible; SemrushBot/7~bl; +http://www.semrush.com/bot.html)"
122.8.184.61 - - [05/Jul/2025:10:24:13 -0400] "GET /shop/page/2/?filter_cat=137%2C123 HTTP/1.1" 500 0 "https://mm-deals.com/shop/page/2/?filter_cat=137%2C123" "Mozilla/5.0 (Macintosh; Intel Mac OS X 10_15_7) AppleWebKit/537.36 (KHTML, like Gecko) Chrome/120.0.0.0 Safari/537.36"
114.119.140.4 - - [05/Jul/2025:10:24:30 -0400] "GET /shop/?stock_status=instock&on_sale=onsale&filter_cat=126,134,137,124,114,123,120,116 HTTP/1.1" 500 0 "https://mm-deals.com/shop/?stock_status=instock&on_sale=onsale&filter_cat=134%2C137%2C124%2C114%2C123%2C120%2C116" "Mozilla/5.0 (Linux; Android 7.0;) AppleWebKit/537.36 (KHTML, like Gecko) Mobile Safari/537.36 (compatible; PetalBot;+https://webmaster.petalsearch.com/site/petalbot)"
185.191.171.1 - - [05/Jul/2025:10:27:02 -0400] "GET /shop/?filter_cat=114%2C118%2C125%2C135%2C131 HTTP/1.1" 500 0 "-" "Mozilla/5.0 (compatible; SemrushBot/7~bl; +http://www.semrush.com/bot.html)"
185.191.171.16 - - [05/Jul/2025:10:28:04 -0400] "GET /shop/?filter_cat=114%2C124%2C131%2C135%2C118 HTTP/1.1" 500 0 "-" "Mozilla/5.0 (compatible; SemrushBot/7~bl; +http://www.semrush.com/bot.html)"
85.208.96.194 - - [05/Jul/2025:10:16:54 -0400] "GET /shop/?filter_cat=112%2C115%2C135%2C114%2C123 HTTP/1.1" 500 0 "-" "Mozilla/5.0 (compatible; SemrushBot/7~bl; +http://www.semrush.com/bot.html)"
114.119.150.65 - - [05/Jul/2025:10:17:07 -0400] "GET /shop/?stock_status=instock&on_sale=onsale&filter_cat=126,135,129,131,112,119,116,121 HTTP/1.1" 500 0 "https://mm-deals.com/shop/?stock_status=instock&on_sale=onsale&filter_cat=135%2C129%2C131%2C112%2C119%2C116%2C121" "Mozilla/5.0 (Linux; Android 7.0;) AppleWebKit/537.36 (KHTML, like Gecko) Mobile Safari/537.36 (compatible; PetalBot;+https://webmaster.petalsearch.com/site/petalbot)"
185.191.171.12 - - [05/Jul/2025:10:21:59 -0400] "GET /shop/?filter_cat=137%2C134%2C120%2C125%2C113 HTTP/1.1" 500 0 "-" "Mozilla/5.0 (compatible; SemrushBot/7~bl; +http://www.semrush.com/bot.html)"
165.232.175.102 - - [05/Jul/2025:10:24:35 -0400] "GET /wp-content/uploads/2022/01/80101c71-0c16-4726-8b8d-a35f835a9d95-346x310.jpg HTTP/1.1" 200 18652 "-" "Mozilla/5.0 (Linux; Android 10; K) AppleWebKit/537.36 (KHTML, like Gecko) Chrome/122.0.0.0 Mobile Safari/537.36"
85.208.96.207 - - [05/Jul/2025:10:25:01 -0400] "GET /shop/?filter_cat=115%2C135%2C119%2C117%2C122 HTTP/1.1" 500 0 "-" "Mozilla/5.0 (compatible; SemrushBot/7~bl; +http://www.semrush.com/bot.html)"
85.208.96.200 - - [05/Jul/2025:10:26:02 -0400] "GET /shop/?filter_cat=114%2C128%2C125%2C130%2C122 HTTP/1.1" 500 0 "-" "Mozilla/5.0 (compatible; SemrushBot/7~bl; +http://www.semrush.com/bot.html)"
85.208.96.194 - - [05/Jul/2025:10:29:05 -0400] "GET /shop/?filter_cat=115%2C112%2C128%2C129%2C124 HTTP/1.1" 500 0 "-" "Mozilla/5.0 (compatible; SemrushBot/7~bl; +http://www.semrush.com/bot.html)"
216.244.66.235 - - [05/Jul/2025:10:29:32 -0400] "GET /robots.txt HTTP/1.1" 200 1980 "-" "Mozilla/5.0 (compatible; DotBot/1.2; +https://opensiteexplorer.org/dotbot; help@moz.com)"
185.191.171.10 - - [05/Jul/2025:10:31:06 -0400] "GET /shop/?filter_cat=113%2C122%2C131%2C126%2C130 HTTP/1.1" 500 0 "-" "Mozilla/5.0 (compatible; SemrushBot/7~bl; +http://www.semrush.com/bot.html)"
66.249.65.99 - - [05/Jul/2025:10:31:21 -0400] "GET /shop/page/3/?perpage=12&filter_cat=124%2C123%2C114%2C115%2C128%2C117%2C120%2C121%2C113%2C112%2C135&stock_status=instock&column=4&shop_view=grid_view&on_sale=onsale HTTP/1.1" 500 0 "-" "Mozilla/5.0 (Linux; Android 6.0.1; Nexus 5X Build/MMB29P) AppleWebKit/537.36 (KHTML, like Gecko) Chrome/137.0.7151.103 Mobile Safari/537.36 (compatible; Googlebot/2.1; +http://www.google.com/bot.html)"
185.191.171.18 - - [05/Jul/2025:10:32:07 -0400] "GET /shop/?filter_cat=117%2C115%2C135%2C137%2C130 HTTP/1.1" 500 0 "-" "Mozilla/5.0 (compatible; SemrushBot/7~bl; +http://www.semrush.com/bot.html)"
185.191.171.5 - - [05/Jul/2025:10:33:08 -0400] "GET /shop/?filter_cat=116%2C127%2C126%2C117%2C115 HTTP/1.1" 500 0 "-" "Mozilla/5.0 (compatible; SemrushBot/7~bl; +http://www.semrush.com/bot.html)"
185.191.171.12 - - [05/Jul/2025:10:34:10 -0400] "GET /shop/?filter_cat=119%2C117%2C113%2C116 HTTP/1.1" 500 0 "-" "Mozilla/5.0 (compatible; SemrushBot/7~bl; +http://www.semrush.com/bot.html)"
185.191.171.8 - - [05/Jul/2025:10:39:14 -0400] "GET /shop/?filter_cat=115%2C127%2C122%2C126%2C114 HTTP/1.1" 500 0 "-" "Mozilla/5.0 (compatible; SemrushBot/7~bl; +http://www.semrush.com/bot.html)"
114.119.137.160 - - [05/Jul/2025:10:39:18 -0400] "GET /shop/?stock_status=instock&on_sale=onsale&filter_cat=126,134,135,116,118,121 HTTP/1.1" 500 0 "https://mm-deals.com/shop/?stock_status=instock&on_sale=onsale&filter_cat=134%2C135%2C116%2C118%2C121" "Mozilla/5.0 (Linux; Android 7.0;) AppleWebKit/537.36 (KHTML, like Gecko) Mobile Safari/537.36 (compatible; PetalBot;+https://webmaster.petalsearch.com/site/petalbot)"
85.208.96.198 - - [05/Jul/2025:10:40:15 -0400] "GET /shop/?filter_cat=137%2C129%2C135%2C117%2C115 HTTP/1.1" 500 0 "-" "Mozilla/5.0 (compatible; SemrushBot/7~bl; +http://www.semrush.com/bot.html)"
216.244.66.235 - - [05/Jul/2025:10:40:18 -0400] "GET /shop/?add-to-cart=7532&filter_cat=120,115,125 HTTP/1.1" 500 0 "-" "Mozilla/5.0 (compatible; DotBot/1.2; +https://opensiteexplorer.org/dotbot; help@moz.com)"
216.244.66.235 - - [05/Jul/2025:10:40:39 -0400] "GET /shop/?add-to-cart=7532&filter_cat=128,115,125 HTTP/1.1" 500 0 "-" "Mozilla/5.0 (compatible; DotBot/1.2; +https://opensiteexplorer.org/dotbot; help@moz.com)"
216.244.66.235 - - [05/Jul/2025:10:42:11 -0400] "GET /shop/?add-to-cart=7518&filter_cat=117,125,129,114 HTTP/1.1" 500 0 "-" "Mozilla/5.0 (compatible; DotBot/1.2; +https://opensiteexplorer.org/dotbot; help@moz.com)"
165.22.252.30 - - [05/Jul/2025:10:42:22 -0400] "GET /wp-content/uploads/2022/01/8aa3396a-40ba-46fd-9387-b6e8c3afc10b-600x600.jpg HTTP/1.1" 200 44862 "-" "Mozilla/5.0 (Linux; Android 10; K) AppleWebKit/537.36 (KHTML, like Gecko) Chrome/122.0.0.0 Mobile Safari/537.36"
216.244.66.235 - - [05/Jul/2025:10:42:41 -0400] "GET /shop/?add-to-cart=7520&filter_cat=112,119,137,118 HTTP/1.1" 500 0 "-" "Mozilla/5.0 (compatible; DotBot/1.2; +https://opensiteexplorer.org/dotbot; help@moz.com)"
216.244.66.235 - - [05/Jul/2025:10:43:12 -0400] "GET /shop/?add-to-cart=7537&filter_cat=128,114,120,116 HTTP/1.1" 500 0 "-" "Mozilla/5.0 (compatible; DotBot/1.2; +https://opensiteexplorer.org/dotbot; help@moz.com)"
85.208.96.198 - - [05/Jul/2025:10:43:18 -0400] "GET /shop/?filter_cat=116%2C117%2C130%2C122%2C128 HTTP/1.1" 500 0 "-" "Mozilla/5.0 (compatible; SemrushBot/7~bl; +http://www.semrush.com/bot.html)"
216.244.66.235 - - [05/Jul/2025:10:43:42 -0400] "GET /shop/?filter_cat=113,135,127,119&on_sale=onsale HTTP/1.1" 500 0 "-" "Mozilla/5.0 (compatible; DotBot/1.2; +https://opensiteexplorer.org/dotbot; help@moz.com)"
216.244.66.235 - - [05/Jul/2025:10:44:12 -0400] "GET /shop/?filter_cat=130,135,117,134&on_sale=onsale HTTP/1.1" 500 0 "-" "Mozilla/5.0 (compatible; DotBot/1.2; +https://opensiteexplorer.org/dotbot; help@moz.com)"
85.208.96.199 - - [05/Jul/2025:10:30:05 -0400] "GET /shop/?filter_cat=115%2C118%2C123%2C127%2C128 HTTP/1.1" 500 0 "-" "Mozilla/5.0 (compatible; SemrushBot/7~bl; +http://www.semrush.com/bot.html)"
114.119.157.111 - - [05/Jul/2025:10:31:53 -0400] "GET /shop/?stock_status=instock&on_sale=onsale&filter_cat=126,134,135,130,116,129,121 HTTP/1.1" 500 0 "https://mm-deals.com/shop/?stock_status=instock&on_sale=onsale&filter_cat=134%2C135%2C130%2C116%2C129%2C121" "Mozilla/5.0 (Linux; Android 7.0;) AppleWebKit/537.36 (KHTML, like Gecko) Mobile Safari/537.36 (compatible; PetalBot;+https://webmaster.petalsearch.com/site/petalbot)"
85.208.96.196 - - [05/Jul/2025:10:35:10 -0400] "GET /shop/?filter_cat=113%2C124%2C122%2C137%2C129 HTTP/1.1" 500 0 "-" "Mozilla/5.0 (compatible; SemrushBot/7~bl; +http://www.semrush.com/bot.html)"
85.208.96.206 - - [05/Jul/2025:10:36:11 -0400] "GET /shop/?filter_cat=137%2C129%2C116%2C123%2C118 HTTP/1.1" 500 0 "-" "Mozilla/5.0 (compatible; SemrushBot/7~bl; +http://www.semrush.com/bot.html)"
185.191.171.11 - - [05/Jul/2025:10:37:12 -0400] "GET /shop/?filter_cat=112%2C120%2C122%2C123%2C118 HTTP/1.1" 500 0 "-" "Mozilla/5.0 (compatible; SemrushBot/7~bl; +http://www.semrush.com/bot.html)"
185.191.171.13 - - [05/Jul/2025:10:38:13 -0400] "GET /shop/?filter_cat=131%2C135%2C119%2C122%2C121 HTTP/1.1" 500 0 "-" "Mozilla/5.0 (compatible; SemrushBot/7~bl; +http://www.semrush.com/bot.html)"
216.244.66.235 - - [05/Jul/2025:10:40:07 -0400] "GET /shop/?add-to-cart=7530&filter_cat=118,113,116 HTTP/1.1" 500 0 "-" "Mozilla/5.0 (compatible; DotBot/1.2; +https://opensiteexplorer.org/dotbot; help@moz.com)"
85.208.96.197 - - [05/Jul/2025:10:40:49 -0400] "GET /robots.txt HTTP/1.1" 200 200 "-" "Mozilla/5.0 (compatible; SemrushBot/7~bl; +http://www.semrush.com/bot.html)"
216.244.66.235 - - [05/Jul/2025:10:41:09 -0400] "GET /shop/?add-to-cart=7514&filter_cat=127,122,113,123 HTTP/1.1" 500 0 "-" "Mozilla/5.0 (compatible; DotBot/1.2; +https://opensiteexplorer.org/dotbot; help@moz.com)"
85.208.96.210 - - [05/Jul/2025:10:41:16 -0400] "GET /shop/?filter_cat=115%2C125%2C121%2C119 HTTP/1.1" 500 0 "-" "Mozilla/5.0 (compatible; SemrushBot/7~bl; +http://www.semrush.com/bot.html)"
216.244.66.235 - - [05/Jul/2025:10:41:41 -0400] "GET /shop/?add-to-cart=7516&filter_cat=123,128,135,117 HTTP/1.1" 500 0 "-" "Mozilla/5.0 (compatible; DotBot/1.2; +https://opensiteexplorer.org/dotbot; help@moz.com)"
185.191.171.3 - - [05/Jul/2025:10:42:17 -0400] "GET /shop/?filter_cat=113%2C135%2C118%2C128%2C115 HTTP/1.1" 500 0 "-" "Mozilla/5.0 (compatible; SemrushBot/7~bl; +http://www.semrush.com/bot.html)"
85.208.96.210 - - [05/Jul/2025:10:45:20 -0400] "GET /shop/?filter_cat=113%2C134%2C114%2C115%2C135 HTTP/1.1" 500 0 "-" "Mozilla/5.0 (compatible; SemrushBot/7~bl; +http://www.semrush.com/bot.html)"
114.119.133.34 - - [05/Jul/2025:10:46:37 -0400] "GET /shop/?stock_status=instock&on_sale=onsale&filter_cat=126,134,135,113,116 HTTP/1.1" 500 0 "https://mm-deals.com/shop/?stock_status=instock&on_sale=onsale&filter_cat=134%2C135%2C113%2C116" "Mozilla/5.0 (Linux; Android 7.0;) AppleWebKit/537.36 (KHTML, like Gecko) Mobile Safari/537.36 (compatible; PetalBot;+https://webmaster.petalsearch.com/site/petalbot)"
85.208.96.210 - - [05/Jul/2025:10:44:19 -0400] "GET /shop/?filter_cat=116%2C117%2C135%2C128%2C130 HTTP/1.1" 500 0 "-" "Mozilla/5.0 (compatible; SemrushBot/7~bl; +http://www.semrush.com/bot.html)"
216.244.66.235 - - [05/Jul/2025:10:45:43 -0400] "GET /product-category/hobby-accessories/7524?add-to-cart=7534 HTTP/1.1" 500 0 "-" "Mozilla/5.0 (compatible; DotBot/1.2; +https://opensiteexplorer.org/dotbot; help@moz.com)"
85.208.96.196 - - [05/Jul/2025:10:46:20 -0400] "GET /shop/?filter_cat=137%2C126%2C125%2C124%2C130 HTTP/1.1" 500 0 "-" "Mozilla/5.0 (compatible; SemrushBot/7~bl; +http://www.semrush.com/bot.html)"
85.208.96.205 - - [05/Jul/2025:10:52:24 -0400] "GET /shop/?filter_cat=113%2C117%2C124%2C135%2C129 HTTP/1.1" 500 0 "-" "Mozilla/5.0 (compatible; SemrushBot/7~bl; +http://www.semrush.com/bot.html)"
114.119.157.111 - - [05/Jul/2025:10:54:01 -0400] "GET /shop/?stock_status=instock&on_sale=onsale&filter_cat=126,134,130,118,127,128,112 HTTP/1.1" 500 0 "https://mm-deals.com/shop/?stock_status=instock&on_sale=onsale&filter_cat=134%2C130%2C118%2C127%2C128%2C112" "Mozilla/5.0 (Linux; Android 7.0;) AppleWebKit/537.36 (KHTML, like Gecko) Mobile Safari/537.36 (compatible; PetalBot;+https://webmaster.petalsearch.com/site/petalbot)"
185.191.171.8 - - [05/Jul/2025:10:47:21 -0400] "GET /shop/?filter_cat=114%2C124%2C116%2C117%2C128 HTTP/1.1" 500 0 "-" "Mozilla/5.0 (compatible; SemrushBot/7~bl; +http://www.semrush.com/bot.html)"
85.208.96.199 - - [05/Jul/2025:10:48:22 -0400] "GET /shop/?filter_cat=113%2C121%2C112%2C120%2C116 HTTP/1.1" 500 0 "-" "Mozilla/5.0 (compatible; SemrushBot/7~bl; +http://www.semrush.com/bot.html)"
85.208.96.210 - - [05/Jul/2025:10:49:22 -0400] "GET /shop/?filter_cat=116%2C115%2C120%2C127%2C130 HTTP/1.1" 500 0 "-" "Mozilla/5.0 (compatible; SemrushBot/7~bl; +http://www.semrush.com/bot.html)"
85.208.96.198 - - [05/Jul/2025:10:50:23 -0400] "GET /shop/?filter_cat=115%2C113%2C128%2C124%2C126 HTTP/1.1" 500 0 "-" "Mozilla/5.0 (compatible; SemrushBot/7~bl; +http://www.semrush.com/bot.html)"
185.191.171.2 - - [05/Jul/2025:10:51:24 -0400] "GET /shop/?filter_cat=137%2C116%2C118%2C122%2C129 HTTP/1.1" 500 0 "-" "Mozilla/5.0 (compatible; SemrushBot/7~bl; +http://www.semrush.com/bot.html)"
185.191.171.6 - - [05/Jul/2025:10:53:25 -0400] "GET /shop/?filter_cat=116%2C126%2C127%2C137%2C113 HTTP/1.1" 500 0 "-" "Mozilla/5.0 (compatible; SemrushBot/7~bl; +http://www.semrush.com/bot.html)"
66.249.65.97 - - [05/Jul/2025:10:54:09 -0400] "GET /shop/?perpage=12&filter_cat=128,124,129,121,134,135,137,113,126,127,125&shop_view=grid_view&column=2 HTTP/1.1" 500 0 "-" "Mozilla/5.0 (Linux; Android 6.0.1; Nexus 5X Build/MMB29P) AppleWebKit/537.36 (KHTML, like Gecko) Chrome/137.0.7151.103 Mobile Safari/537.36 (compatible; Googlebot/2.1; +http://www.google.com/bot.html)"
185.191.171.11 - - [05/Jul/2025:10:54:27 -0400] "GET /shop/?filter_cat=115%2C113%2C127%2C114%2C137 HTTP/1.1" 500 0 "-" "Mozilla/5.0 (compatible; SemrushBot/7~bl; +http://www.semrush.com/bot.html)"
85.208.96.197 - - [05/Jul/2025:10:56:29 -0400] "GET /shop/?filter_cat=116%2C131%2C113%2C119%2C125 HTTP/1.1" 500 0 "-" "Mozilla/5.0 (compatible; SemrushBot/7~bl; +http://www.semrush.com/bot.html)"
185.191.171.8 - - [05/Jul/2025:10:59:32 -0400] "GET /shop/?filter_cat=130%2C123%2C115%2C137%2C125 HTTP/1.1" 500 0 "-" "Mozilla/5.0 (compatible; SemrushBot/7~bl; +http://www.semrush.com/bot.html)"
85.208.96.201 - - [05/Jul/2025:11:00:32 -0400] "GET /shop/?filter_cat=119%2C128%2C112%2C125 HTTP/1.1" 500 0 "-" "Mozilla/5.0 (compatible; SemrushBot/7~bl; +http://www.semrush.com/bot.html)"
114.119.150.65 - - [05/Jul/2025:11:01:23 -0400] "GET /shop/?stock_status=instock&on_sale=onsale&filter_cat=126,134,130,115,129,116,121 HTTP/1.1" 500 0 "https://mm-deals.com/shop/?stock_status=instock&on_sale=onsale&filter_cat=134%2C130%2C115%2C129%2C116%2C121" "Mozilla/5.0 (Linux; Android 7.0;) AppleWebKit/537.36 (KHTML, like Gecko) Mobile Safari/537.36 (compatible; PetalBot;+https://webmaster.petalsearch.com/site/petalbot)"
185.191.171.7 - - [05/Jul/2025:11:01:26 -0400] "GET /robots.txt HTTP/1.1" 200 200 "-" "Mozilla/5.0 (compatible; SemrushBot/7~bl; +http://www.semrush.com/bot.html)"
85.208.96.212 - - [05/Jul/2025:11:02:33 -0400] "GET /shop/?filter_cat=135%2C129%2C113%2C119%2C124 HTTP/1.1" 500 0 "-" "Mozilla/5.0 (compatible; SemrushBot/7~bl; +http://www.semrush.com/bot.html)"
185.191.171.15 - - [05/Jul/2025:10:55:28 -0400] "GET /shop/?filter_cat=116%2C131%2C130%2C117%2C134 HTTP/1.1" 500 0 "-" "Mozilla/5.0 (compatible; SemrushBot/7~bl; +http://www.semrush.com/bot.html)"
85.208.96.210 - - [05/Jul/2025:10:57:30 -0400] "GET /shop/?filter_cat=131%2C137%2C126%2C120%2C123 HTTP/1.1" 500 0 "-" "Mozilla/5.0 (compatible; SemrushBot/7~bl; +http://www.semrush.com/bot.html)"
85.208.96.206 - - [05/Jul/2025:10:58:31 -0400] "GET /shop/?filter_cat=115%2C128%2C122%2C119%2C129 HTTP/1.1" 500 0 "-" "Mozilla/5.0 (compatible; SemrushBot/7~bl; +http://www.semrush.com/bot.html)"
85.208.96.197 - - [05/Jul/2025:11:01:33 -0400] "GET /shop/?filter_cat=117%2C116%2C127%2C115%2C126 HTTP/1.1" 500 0 "-" "Mozilla/5.0 (compatible; SemrushBot/7~bl; +http://www.semrush.com/bot.html)"
85.208.96.196 - - [05/Jul/2025:11:04:34 -0400] "GET /shop/?filter_cat=114%2C137%2C131%2C116%2C135 HTTP/1.1" 500 0 "-" "Mozilla/5.0 (compatible; SemrushBot/7~bl; +http://www.semrush.com/bot.html)"
185.191.171.13 - - [05/Jul/2025:11:07:38 -0400] "GET /shop/?filter_cat=135%2C125%2C113%2C130%2C129 HTTP/1.1" 500 0 "-" "Mozilla/5.0 (compatible; SemrushBot/7~bl; +http://www.semrush.com/bot.html)"
114.119.157.111 - - [05/Jul/2025:11:08:47 -0400] "GET /shop/?stock_status=instock&on_sale=onsale&filter_cat=126,134,129,123,137,112,115,116 HTTP/1.1" 500 0 "https://mm-deals.com/shop/?stock_status=instock&on_sale=onsale&filter_cat=134%2C129%2C123%2C137%2C112%2C115%2C116" "Mozilla/5.0 (Linux; Android 7.0;) AppleWebKit/537.36 (KHTML, like Gecko) Mobile Safari/537.36 (compatible; PetalBot;+https://webmaster.petalsearch.com/site/petalbot)"
85.208.96.207 - - [05/Jul/2025:11:09:42 -0400] "GET /shop/?filter_cat=115%2C135%2C112%2C122%2C119 HTTP/1.1" 500 0 "-" "Mozilla/5.0 (compatible; SemrushBot/7~bl; +http://www.semrush.com/bot.html)"
185.191.171.3 - - [05/Jul/2025:11:11:43 -0400] "GET /shop/?filter_cat=135%2C126%2C123%2C120%2C125 HTTP/1.1" 500 0 "-" "Mozilla/5.0 (compatible; SemrushBot/7~bl; +http://www.semrush.com/bot.html)"
85.208.96.210 - - [05/Jul/2025:11:03:33 -0400] "GET /shop/?filter_cat=116%2C135%2C115%2C129%2C128 HTTP/1.1" 500 0 "-" "Mozilla/5.0 (compatible; SemrushBot/7~bl; +http://www.semrush.com/bot.html)"
85.208.96.201 - - [05/Jul/2025:11:05:34 -0400] "GET /shop/?filter_cat=113%2C112%2C128%2C131%2C119 HTTP/1.1" 500 0 "-" "Mozilla/5.0 (compatible; SemrushBot/7~bl; +http://www.semrush.com/bot.html)"
85.208.96.206 - - [05/Jul/2025:11:06:36 -0400] "GET /shop/?filter_cat=137%2C135%2C127%2C113%2C120 HTTP/1.1" 500 0 "-" "Mozilla/5.0 (compatible; SemrushBot/7~bl; +http://www.semrush.com/bot.html)"
165.232.175.102 - - [05/Jul/2025:11:06:39 -0400] "GET /wp-content/uploads/2022/03/c9e53ed1-b21c-4989-8278-aba57827bf2b-600x600.jpg HTTP/1.1" 200 22614 "-" "Mozilla/5.0 (iPhone; CPU iPhone OS 17_0_3 like Mac OS X) AppleWebKit/605.1.15 (KHTML, like Gecko) Version/17.0.3 Mobile/15E148 Safari/604.1 RDDocuments/8.7.2.978"
85.208.96.206 - - [05/Jul/2025:11:08:40 -0400] "GET /shop/?filter_cat=115%2C114%2C134%2C130%2C112 HTTP/1.1" 500 0 "-" "Mozilla/5.0 (compatible; SemrushBot/7~bl; +http://www.semrush.com/bot.html)"
185.191.171.14 - - [05/Jul/2025:11:10:42 -0400] "GET /shop/?filter_cat=137%2C126%2C127%2C128%2C130 HTTP/1.1" 500 0 "-" "Mozilla/5.0 (compatible; SemrushBot/7~bl; +http://www.semrush.com/bot.html)"
85.208.96.197 - - [05/Jul/2025:11:12:44 -0400] "GET /shop/?filter_cat=114%2C134%2C129%2C120%2C131 HTTP/1.1" 500 0 "-" "Mozilla/5.0 (compatible; SemrushBot/7~bl; +http://www.semrush.com/bot.html)"
85.208.96.197 - - [05/Jul/2025:11:13:44 -0400] "GET /shop/?filter_cat=125%2C137%2C116%2C135 HTTP/1.1" 500 0 "-" "Mozilla/5.0 (compatible; SemrushBot/7~bl; +http://www.semrush.com/bot.html)"
85.208.96.207 - - [05/Jul/2025:11:14:44 -0400] "GET /shop/?filter_cat=117%2C130%2C134%2C116%2C112 HTTP/1.1" 500 0 "-" "Mozilla/5.0 (compatible; SemrushBot/7~bl; +http://www.semrush.com/bot.html)"
85.208.96.198 - - [05/Jul/2025:11:15:45 -0400] "GET /shop/?filter_cat=137%2C129%2C134%2C130%2C120 HTTP/1.1" 500 0 "-" "Mozilla/5.0 (compatible; SemrushBot/7~bl; +http://www.semrush.com/bot.html)"
85.208.96.202 - - [05/Jul/2025:11:16:46 -0400] "GET /shop/?filter_cat=135%2C125%2C131%2C128%2C130 HTTP/1.1" 500 0 "-" "Mozilla/5.0 (compatible; SemrushBot/7~bl; +http://www.semrush.com/bot.html)"
216.244.66.235 - - [05/Jul/2025:11:14:35 -0400] "GET /robots.txt HTTP/1.1" 200 1980 "-" "Mozilla/5.0 (compatible; DotBot/1.2; +https://opensiteexplorer.org/dotbot; help@moz.com)"
114.119.133.34 - - [05/Jul/2025:11:16:07 -0400] "GET /shop/?stock_status=instock&on_sale=onsale&filter_cat=126,134,127,128 HTTP/1.1" 500 0 "https://mm-deals.com/shop/?stock_status=instock&on_sale=onsale&filter_cat=134%2C127%2C128" "Mozilla/5.0 (Linux; Android 7.0;) AppleWebKit/537.36 (KHTML, like Gecko) Mobile Safari/537.36 (compatible; PetalBot;+https://webmaster.petalsearch.com/site/petalbot)"
85.208.96.198 - - [05/Jul/2025:11:17:46 -0400] "GET /shop/?filter_cat=137%2C131%2C112%2C121%2C115 HTTP/1.1" 500 0 "-" "Mozilla/5.0 (compatible; SemrushBot/7~bl; +http://www.semrush.com/bot.html)"
85.208.96.209 - - [05/Jul/2025:11:18:46 -0400] "GET /shop/?filter_cat=112%2C124%2C137%2C129%2C120 HTTP/1.1" 500 0 "-" "Mozilla/5.0 (compatible; SemrushBot/7~bl; +http://www.semrush.com/bot.html)"
85.208.96.211 - - [05/Jul/2025:11:19:47 -0400] "GET /shop/?filter_cat=119%2C123%2C124%2C113 HTTP/1.1" 500 0 "-" "Mozilla/5.0 (compatible; SemrushBot/7~bl; +http://www.semrush.com/bot.html)"
185.191.171.2 - - [05/Jul/2025:11:20:48 -0400] "GET /shop/?filter_cat=115%2C120%2C118%2C123%2C130 HTTP/1.1" 500 0 "-" "Mozilla/5.0 (compatible; SemrushBot/7~bl; +http://www.semrush.com/bot.html)"
66.249.65.98 - - [05/Jul/2025:11:21:31 -0400] "GET /shop/?perpage=12&filter_cat=129,117,127,115,135,121,123,113,137,112,130,125,122&column=3&shop_view=grid_view&stock_status=instock HTTP/1.1" 500 0 "-" "Mozilla/5.0 (Linux; Android 6.0.1; Nexus 5X Build/MMB29P) AppleWebKit/537.36 (KHTML, like Gecko) Chrome/137.0.7151.103 Mobile Safari/537.36 (compatible; Googlebot/2.1; +http://www.google.com/bot.html)"
85.208.96.211 - - [05/Jul/2025:11:21:48 -0400] "GET /shop/?filter_cat=112%2C124%2C113%2C119%2C126 HTTP/1.1" 500 0 "-" "Mozilla/5.0 (compatible; SemrushBot/7~bl; +http://www.semrush.com/bot.html)"
85.208.96.196 - - [05/Jul/2025:11:22:13 -0400] "GET /robots.txt HTTP/1.1" 200 200 "-" "Mozilla/5.0 (compatible; SemrushBot/7~bl; +http://www.semrush.com/bot.html)"
185.191.171.14 - - [05/Jul/2025:11:22:49 -0400] "GET /shop/?filter_cat=115%2C118%2C134%2C130%2C127 HTTP/1.1" 500 0 "-" "Mozilla/5.0 (compatible; SemrushBot/7~bl; +http://www.semrush.com/bot.html)"
114.119.157.111 - - [05/Jul/2025:11:23:31 -0400] "GET /shop/?stock_status=instock&on_sale=onsale&filter_cat=126,134,122,121,112,131 HTTP/1.1" 500 0 "https://mm-deals.com/shop/?stock_status=instock&on_sale=onsale&filter_cat=134%2C122%2C121%2C112%2C131" "Mozilla/5.0 (Linux; Android 7.0;) AppleWebKit/537.36 (KHTML, like Gecko) Mobile Safari/537.36 (compatible; PetalBot;+https://webmaster.petalsearch.com/site/petalbot)"
66.249.65.98 - - [05/Jul/2025:11:24:53 -0400] "GET /shop/?perpage=12&filter_cat=118,129,117,114,127,115,135,121,123,113,137,112,130,125,122&column=3&shop_view=grid_view&stock_status=instock HTTP/1.1" 500 0 "-" "Mozilla/5.0 (Linux; Android 6.0.1; Nexus 5X Build/MMB29P) AppleWebKit/537.36 (KHTML, like Gecko) Chrome/137.0.7151.103 Mobile Safari/537.36 (compatible; Googlebot/2.1; +http://www.google.com/bot.html)"
85.208.96.207 - - [05/Jul/2025:11:26:51 -0400] "GET /shop/?filter_cat=117%2C122%2C119%2C113%2C129 HTTP/1.1" 500 0 "-" "Mozilla/5.0 (compatible; SemrushBot/7~bl; +http://www.semrush.com/bot.html)"
85.208.96.196 - - [05/Jul/2025:11:27:51 -0400] "GET /shop/?filter_cat=112%2C119%2C121%2C116%2C124 HTTP/1.1" 500 0 "-" "Mozilla/5.0 (compatible; SemrushBot/7~bl; +http://www.semrush.com/bot.html)"
66.249.65.99 - - [05/Jul/2025:11:28:37 -0400] "GET /shop/?perpage=12&filter_cat=134,115,123,113,137,112,130,125,122&column=3&shop_view=grid_view&on_sale=onsale HTTP/1.1" 500 0 "-" "Mozilla/5.0 (Linux; Android 6.0.1; Nexus 5X Build/MMB29P) AppleWebKit/537.36 (KHTML, like Gecko) Chrome/137.0.7151.103 Mobile Safari/537.36 (compatible; Googlebot/2.1; +http://www.google.com/bot.html)"
66.249.65.97 - - [05/Jul/2025:11:31:00 -0400] "GET /shop/page/7/?perpage=12&filter_cat=129%2C117%2C114%2C127%2C115%2C135%2C121%2C123%2C113%2C137%2C112%2C130%2C125%2C122&column=3&shop_view=list_view&stock_status=instock HTTP/1.1" 500 0 "-" "Mozilla/5.0 (Linux; Android 6.0.1; Nexus 5X Build/MMB29P) AppleWebKit/537.36 (KHTML, like Gecko) Chrome/137.0.7151.103 Mobile Safari/537.36 (compatible; Googlebot/2.1; +http://www.google.com/bot.html)"
85.208.96.203 - - [05/Jul/2025:11:32:56 -0400] "GET /shop/?filter_cat=114%2C123%2C125%2C127%2C119 HTTP/1.1" 500 0 "-" "Mozilla/5.0 (compatible; SemrushBot/7~bl; +http://www.semrush.com/bot.html)"
216.244.66.235 - - [05/Jul/2025:11:33:20 -0400] "GET /shop/?add-to-cart=7528&filter_cat=130,128,129,116 HTTP/1.1" 500 0 "-" "Mozilla/5.0 (compatible; DotBot/1.2; +https://opensiteexplorer.org/dotbot; help@moz.com)"
216.244.66.235 - - [05/Jul/2025:11:33:51 -0400] "GET /shop/?filter_cat=118,126,123,134&on_sale=onsale HTTP/1.1" 500 0 "-" "Mozilla/5.0 (compatible; DotBot/1.2; +https://opensiteexplorer.org/dotbot; help@moz.com)"
85.208.96.205 - - [05/Jul/2025:11:33:56 -0400] "GET /shop/?filter_cat=137%2C122%2C117%2C118%2C123 HTTP/1.1" 500 0 "-" "Mozilla/5.0 (compatible; SemrushBot/7~bl; +http://www.semrush.com/bot.html)"
85.208.96.211 - - [05/Jul/2025:11:23:49 -0400] "GET /shop/?filter_cat=116%2C126%2C119%2C130%2C125 HTTP/1.1" 500 0 "-" "Mozilla/5.0 (compatible; SemrushBot/7~bl; +http://www.semrush.com/bot.html)"
85.208.96.201 - - [05/Jul/2025:11:24:50 -0400] "GET /shop/?filter_cat=116%2C123%2C124%2C118%2C115 HTTP/1.1" 500 0 "-" "Mozilla/5.0 (compatible; SemrushBot/7~bl; +http://www.semrush.com/bot.html)"
85.208.96.201 - - [05/Jul/2025:11:25:50 -0400] "GET /shop/?filter_cat=113%2C135%2C125%2C126%2C129 HTTP/1.1" 500 0 "-" "Mozilla/5.0 (compatible; SemrushBot/7~bl; +http://www.semrush.com/bot.html)"
66.249.65.98 - - [05/Jul/2025:11:26:15 -0400] "GET /shop/?perpage=12&filter_cat=119,129,117,114,127,115,135,121,123,113,137,112,130,125,122&column=3&shop_view=grid_view&stock_status=instock HTTP/1.1" 500 0 "-" "Mozilla/5.0 (Linux; Android 6.0.1; Nexus 5X Build/MMB29P) AppleWebKit/537.36 (KHTML, like Gecko) Chrome/137.0.7151.103 Mobile Safari/537.36 (compatible; Googlebot/2.1; +http://www.google.com/bot.html)"
85.208.96.194 - - [05/Jul/2025:11:28:52 -0400] "GET /shop/?filter_cat=135%2C129%2C115%2C114%2C117 HTTP/1.1" 500 0 "-" "Mozilla/5.0 (compatible; SemrushBot/7~bl; +http://www.semrush.com/bot.html)"
51.222.253.3 - - [05/Jul/2025:11:29:25 -0400] "GET /sitemap_index_20.xml HTTP/1.1" 200 98 "-" "Mozilla/5.0 (compatible; AhrefsBot/7.0; +http://ahrefs.com/robot/)"
85.208.96.210 - - [05/Jul/2025:11:29:53 -0400] "GET /shop/?filter_cat=114%2C126%2C124%2C113%2C135 HTTP/1.1" 500 0 "-" "Mozilla/5.0 (compatible; SemrushBot/7~bl; +http://www.semrush.com/bot.html)"
85.208.96.206 - - [05/Jul/2025:11:30:55 -0400] "GET /shop/?filter_cat=120%2C115%2C124%2C127 HTTP/1.1" 500 0 "-" "Mozilla/5.0 (compatible; SemrushBot/7~bl; +http://www.semrush.com/bot.html)"
216.244.66.235 - - [05/Jul/2025:11:31:49 -0400] "GET /shop/?add-to-cart=7514&filter_cat=124,127,122,129 HTTP/1.1" 500 0 "-" "Mozilla/5.0 (compatible; DotBot/1.2; +https://opensiteexplorer.org/dotbot; help@moz.com)"
85.208.96.207 - - [05/Jul/2025:11:31:55 -0400] "GET /shop/?filter_cat=130%2C126%2C129%2C113%2C137 HTTP/1.1" 500 0 "-" "Mozilla/5.0 (compatible; SemrushBot/7~bl; +http://www.semrush.com/bot.html)"
216.244.66.235 - - [05/Jul/2025:11:31:59 -0400] "GET /shop/?add-to-cart=7514&filter_cat=130,123,113,134 HTTP/1.1" 500 0 "-" "Mozilla/5.0 (compatible; DotBot/1.2; +https://opensiteexplorer.org/dotbot; help@moz.com)"
216.244.66.235 - - [05/Jul/2025:11:32:20 -0400] "GET /shop/?add-to-cart=7520&filter_cat=131,117,118,113 HTTP/1.1" 500 0 "-" "Mozilla/5.0 (compatible; DotBot/1.2; +https://opensiteexplorer.org/dotbot; help@moz.com)"
216.244.66.235 - - [05/Jul/2025:11:32:50 -0400] "GET /shop/?add-to-cart=7526&filter_cat=135,128,114,129 HTTP/1.1" 500 0 "-" "Mozilla/5.0 (compatible; DotBot/1.2; +https://opensiteexplorer.org/dotbot; help@moz.com)"
216.244.66.235 - - [05/Jul/2025:11:34:21 -0400] "GET /shop/?filter_cat=119,112,131,130&on_sale=onsale HTTP/1.1" 500 0 "-" "Mozilla/5.0 (compatible; DotBot/1.2; +https://opensiteexplorer.org/dotbot; help@moz.com)"
85.208.96.197 - - [05/Jul/2025:11:34:57 -0400] "GET /shop/?filter_cat=114%2C119%2C115%2C128%2C116 HTTP/1.1" 500 0 "-" "Mozilla/5.0 (compatible; SemrushBot/7~bl; +http://www.semrush.com/bot.html)"
85.208.96.209 - - [05/Jul/2025:11:35:57 -0400] "GET /shop/?filter_cat=113%2C116%2C119%2C126%2C115 HTTP/1.1" 500 0 "-" "Mozilla/5.0 (compatible; SemrushBot/7~bl; +http://www.semrush.com/bot.html)"
66.249.65.97 - - [05/Jul/2025:11:36:35 -0400] "GET /shop/?perpage=12&filter_cat=114,134,115,131,123,113,137,112,130,125,122&column=2&shop_view=grid_view&on_sale=onsale HTTP/1.1" 500 0 "-" "Mozilla/5.0 (Linux; Android 6.0.1; Nexus 5X Build/MMB29P) AppleWebKit/537.36 (KHTML, like Gecko) Chrome/137.0.7151.103 Mobile Safari/537.36 (compatible; Googlebot/2.1; +http://www.google.com/bot.html)"
85.208.96.209 - - [05/Jul/2025:11:38:01 -0400] "GET /shop/?filter_cat=131%2C115%2C134%2C119%2C114 HTTP/1.1" 500 0 "-" "Mozilla/5.0 (compatible; SemrushBot/7~bl; +http://www.semrush.com/bot.html)"
114.119.155.44 - - [05/Jul/2025:11:34:02 -0400] "GET /shop/?stock_status=instock&on_sale=onsale&filter_cat=126,134,118,131,112,113,119,121 HTTP/1.1" 500 0 "https://mm-deals.com/shop/?stock_status=instock&on_sale=onsale&filter_cat=134%2C118%2C131%2C112%2C113%2C119%2C121" "Mozilla/5.0 (Linux; Android 7.0;) AppleWebKit/537.36 (KHTML, like Gecko) Mobile Safari/537.36 (compatible; PetalBot;+https://webmaster.petalsearch.com/site/petalbot)"
216.244.66.235 - - [05/Jul/2025:11:34:51 -0400] "GET /shop/?filter_cat=127,135,117,134&on_sale=onsale HTTP/1.1" 500 0 "-" "Mozilla/5.0 (compatible; DotBot/1.2; +https://opensiteexplorer.org/dotbot; help@moz.com)"
216.244.66.235 - - [05/Jul/2025:11:35:22 -0400] "GET /shop/?filter_cat=130,129,112&stock_status=instock HTTP/1.1" 500 0 "-" "Mozilla/5.0 (compatible; DotBot/1.2; +https://opensiteexplorer.org/dotbot; help@moz.com)"
216.244.66.235 - - [05/Jul/2025:11:35:52 -0400] "GET /shop/?filter_cat=131,129,112&stock_status=instock HTTP/1.1" 500 0 "-" "Mozilla/5.0 (compatible; DotBot/1.2; +https://opensiteexplorer.org/dotbot; help@moz.com)"
216.244.66.235 - - [05/Jul/2025:11:36:22 -0400] "GET /shop/?filter_cat=137,112,131,130&on_sale=onsale HTTP/1.1" 500 0 "-" "Mozilla/5.0 (compatible; DotBot/1.2; +https://opensiteexplorer.org/dotbot; help@moz.com)"
85.208.96.206 - - [05/Jul/2025:11:37:00 -0400] "GET /shop/?filter_cat=137%2C126%2C125%2C124%2C129 HTTP/1.1" 500 0 "-" "Mozilla/5.0 (compatible; SemrushBot/7~bl; +http://www.semrush.com/bot.html)"
66.249.65.98 - - [05/Jul/2025:11:38:06 -0400] "GET /shop/page/19/?perpage=12&filter_cat=116%2C118%2C134%2C131%2C124%2C114%2C123%2C129%2C121%2C137%2C113%2C126%2C125&on_sale=onsale&shop_view=grid_view&column=4 HTTP/1.1" 500 0 "-" "Mozilla/5.0 (Linux; Android 6.0.1; Nexus 5X Build/MMB29P) AppleWebKit/537.36 (KHTML, like Gecko) Chrome/137.0.7151.103 Mobile Safari/537.36 (compatible; Googlebot/2.1; +http://www.google.com/bot.html)"
114.119.137.160 - - [05/Jul/2025:11:38:33 -0400] "GET /shop/?stock_status=instock&on_sale=onsale&filter_cat=126,134,118,121,115,135,131 HTTP/1.1" 500 0 "https://mm-deals.com/shop/?stock_status=instock&on_sale=onsale&filter_cat=134%2C118%2C121%2C115%2C135%2C131" "Mozilla/5.0 (Linux; Android 7.0;) AppleWebKit/537.36 (KHTML, like Gecko) Mobile Safari/537.36 (compatible; PetalBot;+https://webmaster.petalsearch.com/site/petalbot)"
85.208.96.210 - - [05/Jul/2025:11:40:04 -0400] "GET /shop/?filter_cat=115%2C135%2C113%2C124%2C114 HTTP/1.1" 500 0 "-" "Mozilla/5.0 (compatible; SemrushBot/7~bl; +http://www.semrush.com/bot.html)"
85.208.96.209 - - [05/Jul/2025:11:41:05 -0400] "GET /shop/?filter_cat=122%2C115%2C125%2C131 HTTP/1.1" 500 0 "-" "Mozilla/5.0 (compatible; SemrushBot/7~bl; +http://www.semrush.com/bot.html)"
85.208.96.205 - - [05/Jul/2025:11:42:05 -0400] "GET /shop/?filter_cat=114%2C123%2C126%2C130%2C134 HTTP/1.1" 500 0 "-" "Mozilla/5.0 (compatible; SemrushBot/7~bl; +http://www.semrush.com/bot.html)"
85.208.96.193 - - [05/Jul/2025:11:43:05 -0400] "GET /shop/?filter_cat=112%2C130%2C129%2C137%2C123 HTTP/1.1" 500 0 "-" "Mozilla/5.0 (compatible; SemrushBot/7~bl; +http://www.semrush.com/bot.html)"
185.191.171.18 - - [05/Jul/2025:11:43:27 -0400] "GET /robots.txt HTTP/1.1" 200 200 "-" "Mozilla/5.0 (compatible; SemrushBot/7~bl; +http://www.semrush.com/bot.html)"
66.249.65.97 - - [05/Jul/2025:11:43:50 -0400] "GET /shop/?perpage=12&filter_cat=127,122,131,126,117,128,120,121,134,113,112,135&column=2&shop_view=grid_view&on_sale=onsale HTTP/1.1" 500 0 "-" "Mozilla/5.0 (Linux; Android 6.0.1; Nexus 5X Build/MMB29P) AppleWebKit/537.36 (KHTML, like Gecko) Chrome/137.0.7151.103 Mobile Safari/537.36 (compatible; Googlebot/2.1; +http://www.google.com/bot.html)"
114.119.150.65 - - [05/Jul/2025:11:45:41 -0400] "GET /shop/?stock_status=instock&on_sale=onsale&filter_cat=126,131,135,124,125 HTTP/1.1" 500 0 "https://mm-deals.com/shop/?stock_status=instock&on_sale=onsale&filter_cat=131%2C135%2C124%2C125" "Mozilla/5.0 (Linux; Android 7.0;) AppleWebKit/537.36 (KHTML, like Gecko) Mobile Safari/537.36 (compatible; PetalBot;+https://webmaster.petalsearch.com/site/petalbot)"
185.191.171.15 - - [05/Jul/2025:11:46:08 -0400] "GET /shop/?filter_cat=112%2C124%2C116%2C134%2C125 HTTP/1.1" 500 0 "-" "Mozilla/5.0 (compatible; SemrushBot/7~bl; +http://www.semrush.com/bot.html)"
185.191.171.18 - - [05/Jul/2025:11:47:09 -0400] "GET /shop/?filter_cat=137%2C122%2C123%2C115%2C114 HTTP/1.1" 500 0 "-" "Mozilla/5.0 (compatible; SemrushBot/7~bl; +http://www.semrush.com/bot.html)"
85.208.96.203 - - [05/Jul/2025:11:48:10 -0400] "GET /shop/?filter_cat=124%2C115%2C129%2C121 HTTP/1.1" 500 0 "-" "Mozilla/5.0 (compatible; SemrushBot/7~bl; +http://www.semrush.com/bot.html)"
185.191.171.15 - - [05/Jul/2025:11:52:15 -0400] "GET /shop/?filter_cat=112%2C128%2C120%2C126%2C114 HTTP/1.1" 500 0 "-" "Mozilla/5.0 (compatible; SemrushBot/7~bl; +http://www.semrush.com/bot.html)"
114.119.140.4 - - [05/Jul/2025:11:53:01 -0400] "GET /shop/?stock_status=instock&on_sale=onsale&filter_cat=126,130,123,119,121 HTTP/1.1" 500 0 "https://mm-deals.com/shop/?stock_status=instock&on_sale=onsale&filter_cat=130%2C123%2C119%2C121" "Mozilla/5.0 (Linux; Android 7.0;) AppleWebKit/537.36 (KHTML, like Gecko) Mobile Safari/537.36 (compatible; PetalBot;+https://webmaster.petalsearch.com/site/petalbot)"
85.208.96.194 - - [05/Jul/2025:11:53:16 -0400] "GET /shop/?filter_cat=135%2C124%2C118%2C116%2C122 HTTP/1.1" 500 0 "-" "Mozilla/5.0 (compatible; SemrushBot/7~bl; +http://www.semrush.com/bot.html)"
85.208.96.211 - - [05/Jul/2025:11:54:16 -0400] "GET /shop/?filter_cat=137%2C135%2C120%2C121%2C127 HTTP/1.1" 500 0 "-" "Mozilla/5.0 (compatible; SemrushBot/7~bl; +http://www.semrush.com/bot.html)"
185.191.171.16 - - [05/Jul/2025:11:39:02 -0400] "GET /shop/?filter_cat=123%2C135%2C121%2C127 HTTP/1.1" 500 0 "-" "Mozilla/5.0 (compatible; SemrushBot/7~bl; +http://www.semrush.com/bot.html)"
185.191.171.6 - - [05/Jul/2025:11:44:06 -0400] "GET /shop/?filter_cat=114%2C126%2C116%2C119%2C135 HTTP/1.1" 500 0 "-" "Mozilla/5.0 (compatible; SemrushBot/7~bl; +http://www.semrush.com/bot.html)"
66.249.65.98 - - [05/Jul/2025:11:44:44 -0400] "GET /shop/?perpage=12&filter_cat=127,135,134,120,115,118,121,112,122&column=4&shop_view=grid_view&on_sale=onsale HTTP/1.1" 500 0 "-" "Mozilla/5.0 (Linux; Android 6.0.1; Nexus 5X Build/MMB29P) AppleWebKit/537.36 (KHTML, like Gecko) Chrome/137.0.7151.103 Mobile Safari/537.36 (compatible; Googlebot/2.1; +http://www.google.com/bot.html)"
85.208.96.198 - - [05/Jul/2025:11:45:07 -0400] "GET /shop/?filter_cat=115%2C112%2C119%2C121%2C126 HTTP/1.1" 500 0 "-" "Mozilla/5.0 (compatible; SemrushBot/7~bl; +http://www.semrush.com/bot.html)"
66.249.65.97 - - [05/Jul/2025:11:47:13 -0400] "GET /shop/page/2/?filter_cat=131%2C134&column=3&shop_view=grid_view&on_sale=onsale&stock_status=instock HTTP/1.1" 500 0 "-" "Mozilla/5.0 (Linux; Android 6.0.1; Nexus 5X Build/MMB29P) AppleWebKit/537.36 (KHTML, like Gecko) Chrome/137.0.7151.103 Mobile Safari/537.36 (compatible; Googlebot/2.1; +http://www.google.com/bot.html)"
85.208.96.206 - - [05/Jul/2025:11:49:12 -0400] "GET /shop/?filter_cat=116%2C120%2C121%2C123%2C125 HTTP/1.1" 500 0 "-" "Mozilla/5.0 (compatible; SemrushBot/7~bl; +http://www.semrush.com/bot.html)"
185.191.171.16 - - [05/Jul/2025:11:50:14 -0400] "GET /shop/?filter_cat=137%2C127%2C115%2C128%2C126 HTTP/1.1" 500 0 "-" "Mozilla/5.0 (compatible; SemrushBot/7~bl; +http://www.semrush.com/bot.html)"
185.191.171.7 - - [05/Jul/2025:11:51:14 -0400] "GET /shop/?filter_cat=137%2C126%2C129%2C122%2C112 HTTP/1.1" 500 0 "-" "Mozilla/5.0 (compatible; SemrushBot/7~bl; +http://www.semrush.com/bot.html)"
43.143.248.236 - - [05/Jul/2025:11:51:32 -0400] "GET / HTTP/1.1" 500 0 "http://www.mm-deals.com" "Mozilla/5.0 (iPhone; CPU iPhone OS 13_2_3 like Mac OS X) AppleWebKit/605.1.15 (KHTML, like Gecko) Version/13.0.3 Mobile/15E148 Safari/604.1"
85.208.96.196 - - [05/Jul/2025:11:56:17 -0400] "GET /shop/?filter_cat=122%2C115%2C127%2C130 HTTP/1.1" 500 0 "-" "Mozilla/5.0 (compatible; SemrushBot/7~bl; +http://www.semrush.com/bot.html)"
216.244.66.235 - - [05/Jul/2025:11:58:14 -0400] "GET /robots.txt HTTP/1.1" 200 1980 "-" "Mozilla/5.0 (compatible; DotBot/1.2; +https://opensiteexplorer.org/dotbot; help@moz.com)"
185.191.171.18 - - [05/Jul/2025:12:00:19 -0400] "GET /shop/?filter_cat=134%2C128%2C113%2C127%2C125 HTTP/1.1" 500 0 "-" "Mozilla/5.0 (compatible; SemrushBot/7~bl; +http://www.semrush.com/bot.html)"
85.208.96.207 - - [05/Jul/2025:12:01:19 -0400] "GET /shop/?filter_cat=130%2C128%2C114%2C117%2C116 HTTP/1.1" 500 0 "-" "Mozilla/5.0 (compatible; SemrushBot/7~bl; +http://www.semrush.com/bot.html)"
185.191.171.16 - - [05/Jul/2025:12:03:21 -0400] "GET /shop/?filter_cat=114%2C126%2C112%2C125 HTTP/1.1" 500 0 "-" "Mozilla/5.0 (compatible; SemrushBot/7~bl; +http://www.semrush.com/bot.html)"
216.244.66.235 - - [05/Jul/2025:12:03:45 -0400] "GET /shop/?add-to-cart=7526&filter_cat=128,124,117 HTTP/1.1" 500 0 "-" "Mozilla/5.0 (compatible; DotBot/1.2; +https://opensiteexplorer.org/dotbot; help@moz.com)"
