185.191.171.7 - - [06/Jul/2025:01:11:18 -0400] "GET /shop/?filter_cat=130%2C135%2C122%2C125%2C112 HTTP/1.1" 404 1251 "-" "Mozilla/5.0 (compatible; SemrushBot/7~bl; +http://www.semrush.com/bot.html)"
85.208.96.204 - - [06/Jul/2025:01:11:30 -0400] "GET /shop/?filter_cat=137%2C134%2C121%2C117%2C130 HTTP/1.1" 404 1251 "-" "Mozilla/5.0 (compatible; SemrushBot/7~bl; +http://www.semrush.com/bot.html)"
85.208.96.200 - - [06/Jul/2025:01:12:44 -0400] "GET /shop/?filter_cat=117%2C120%2C126%2C116%2C131 HTTP/1.1" 404 1251 "-" "Mozilla/5.0 (compatible; SemrushBot/7~bl; +http://www.semrush.com/bot.html)"
85.208.96.195 - - [06/Jul/2025:01:12:46 -0400] "GET /shop/?filter_cat=137%2C130%2C125%2C122%2C135 HTTP/1.1" 404 1251 "-" "Mozilla/5.0 (compatible; SemrushBot/7~bl; +http://www.semrush.com/bot.html)"
185.191.171.16 - - [06/Jul/2025:01:12:55 -0400] "GET /shop/?filter_cat=113%2C124%2C120%2C118%2C126 HTTP/1.1" 404 1251 "-" "Mozilla/5.0 (compatible; SemrushBot/7~bl; +http://www.semrush.com/bot.html)"
185.191.171.1 - - [06/Jul/2025:01:13:17 -0400] "GET /shop/?filter_cat=117%2C114%2C137%2C129%2C123 HTTP/1.1" 404 1251 "-" "Mozilla/5.0 (compatible; SemrushBot/7~bl; +http://www.semrush.com/bot.html)"
85.208.96.212 - - [06/Jul/2025:01:13:26 -0400] "GET /shop/?filter_cat=135%2C134%2C137%2C124%2C130 HTTP/1.1" 404 1251 "-" "Mozilla/5.0 (compatible; SemrushBot/7~bl; +http://www.semrush.com/bot.html)"
185.191.171.17 - - [06/Jul/2025:01:14:11 -0400] "GET /shop/?filter_cat=135%2C128%2C131%2C119 HTTP/1.1" 404 1251 "-" "Mozilla/5.0 (compatible; SemrushBot/7~bl; +http://www.semrush.com/bot.html)"
85.208.96.210 - - [06/Jul/2025:01:14:33 -0400] "GET /shop/?filter_cat=135%2C119%2C134%2C122%2C125 HTTP/1.1" 404 1251 "-" "Mozilla/5.0 (compatible; SemrushBot/7~bl; +http://www.semrush.com/bot.html)"
85.208.96.201 - - [06/Jul/2025:01:14:47 -0400] "GET /shop/?filter_cat=137%2C117%2C121%2C128%2C130 HTTP/1.1" 404 1251 "-" "Mozilla/5.0 (compatible; SemrushBot/7~bl; +http://www.semrush.com/bot.html)"
85.208.96.210 - - [06/Jul/2025:01:15:11 -0400] "GET /shop/?filter_cat=112%2C117%2C131%2C137%2C115 HTTP/1.1" 404 1251 "-" "Mozilla/5.0 (compatible; SemrushBot/7~bl; +http://www.semrush.com/bot.html)"
85.208.96.203 - - [06/Jul/2025:01:15:31 -0400] "GET /shop/?filter_cat=112%2C134%2C122%2C126%2C131 HTTP/1.1" 404 1251 "-" "Mozilla/5.0 (compatible; SemrushBot/7~bl; +http://www.semrush.com/bot.html)"
85.208.96.212 - - [06/Jul/2025:01:15:36 -0400] "GET /shop/?filter_cat=135%2C117%2C128%2C130%2C119 HTTP/1.1" 404 1251 "-" "Mozilla/5.0 (compatible; SemrushBot/7~bl; +http://www.semrush.com/bot.html)"
85.208.96.195 - - [06/Jul/2025:01:16:08 -0400] "GET /shop/?filter_cat=137%2C118%2C135%2C134%2C131 HTTP/1.1" 404 1251 "-" "Mozilla/5.0 (compatible; SemrushBot/7~bl; +http://www.semrush.com/bot.html)"
185.191.171.12 - - [06/Jul/2025:01:16:45 -0400] "GET /shop/?filter_cat=115%2C125%2C131%2C123%2C114 HTTP/1.1" 404 1251 "-" "Mozilla/5.0 (compatible; SemrushBot/7~bl; +http://www.semrush.com/bot.html)"
185.191.171.8 - - [06/Jul/2025:01:16:54 -0400] "GET /shop/?filter_cat=117%2C116%2C126%2C134%2C120 HTTP/1.1" 404 1251 "-" "Mozilla/5.0 (compatible; SemrushBot/7~bl; +http://www.semrush.com/bot.html)"
185.191.171.1 - - [06/Jul/2025:01:17:01 -0400] "GET /shop/?filter_cat=129%2C113%2C116 HTTP/1.1" 404 1251 "-" "Mozilla/5.0 (compatible; SemrushBot/7~bl; +http://www.semrush.com/bot.html)"
185.191.171.3 - - [06/Jul/2025:01:17:34 -0400] "GET /shop/?filter_cat=116%2C123%2C124%2C121%2C134 HTTP/1.1" 404 1251 "-" "Mozilla/5.0 (compatible; SemrushBot/7~bl; +http://www.semrush.com/bot.html)"
85.208.96.206 - - [06/Jul/2025:01:18:14 -0400] "GET /shop/?filter_cat=134%2C123%2C119%2C114%2C131 HTTP/1.1" 404 1251 "-" "Mozilla/5.0 (compatible; SemrushBot/7~bl; +http://www.semrush.com/bot.html)"
85.208.96.196 - - [06/Jul/2025:01:18:16 -0400] "GET /shop/?filter_cat=135%2C128%2C118%2C131%2C117 HTTP/1.1" 404 1251 "-" "Mozilla/5.0 (compatible; SemrushBot/7~bl; +http://www.semrush.com/bot.html)"
114.119.157.111 - - [06/Jul/2025:01:18:25 -0400] "GET /shop/?stock_status=instock&on_sale=onsale&filter_cat=118,127,131,112,125,113,116,121 HTTP/1.1" 404 1251 "https://mm-deals.com/shop/?stock_status=instock&on_sale=onsale&filter_cat=127%2C131%2C112%2C125%2C113%2C116%2C121" "Mozilla/5.0 (Linux; Android 7.0;) AppleWebKit/537.36 (KHTML, like Gecko) Mobile Safari/537.36 (compatible; PetalBot;+https://webmaster.petalsearch.com/site/petalbot)"
85.208.96.208 - - [06/Jul/2025:01:18:36 -0400] "GET /shop/?filter_cat=114%2C126%2C123%2C112%2C137 HTTP/1.1" 404 1251 "-" "Mozilla/5.0 (compatible; SemrushBot/7~bl; +http://www.semrush.com/bot.html)"
85.208.96.206 - - [06/Jul/2025:01:18:53 -0400] "GET /shop/?filter_cat=137%2C125%2C122%2C115%2C124 HTTP/1.1" 404 1251 "-" "Mozilla/5.0 (compatible; SemrushBot/7~bl; +http://www.semrush.com/bot.html)"
185.191.171.11 - - [06/Jul/2025:01:11:48 -0400] "GET /shop/?filter_cat=131%2C134%2C124%2C137%2C115 HTTP/1.1" 404 1251 "-" "Mozilla/5.0 (compatible; SemrushBot/7~bl; +http://www.semrush.com/bot.html)"
185.191.171.18 - - [06/Jul/2025:01:12:08 -0400] "GET /shop/?filter_cat=135%2C124%2C118%2C120 HTTP/1.1" 404 1251 "-" "Mozilla/5.0 (compatible; SemrushBot/7~bl; +http://www.semrush.com/bot.html)"
185.191.171.16 - - [06/Jul/2025:01:12:58 -0400] "GET /shop/?filter_cat=116%2C134%2C114%2C113%2C128 HTTP/1.1" 404 1251 "-" "Mozilla/5.0 (compatible; SemrushBot/7~bl; +http://www.semrush.com/bot.html)"
85.208.96.200 - - [06/Jul/2025:01:13:22 -0400] "GET /shop/?filter_cat=137%2C119%2C116%2C118%2C114 HTTP/1.1" 404 1251 "-" "Mozilla/5.0 (compatible; SemrushBot/7~bl; +http://www.semrush.com/bot.html)"
185.191.171.19 - - [06/Jul/2025:01:14:07 -0400] "GET /shop/?filter_cat=120%2C114%2C112%2C134 HTTP/1.1" 404 1251 "-" "Mozilla/5.0 (compatible; SemrushBot/7~bl; +http://www.semrush.com/bot.html)"
85.208.96.205 - - [06/Jul/2025:01:14:14 -0400] "GET /shop/?filter_cat=137%2C123%2C128%2C122%2C130 HTTP/1.1" 404 1251 "-" "Mozilla/5.0 (compatible; SemrushBot/7~bl; +http://www.semrush.com/bot.html)"
185.191.171.7 - - [06/Jul/2025:01:14:38 -0400] "GET /shop/?filter_cat=137%2C115%2C122%2C117%2C131 HTTP/1.1" 404 1251 "-" "Mozilla/5.0 (compatible; SemrushBot/7~bl; +http://www.semrush.com/bot.html)"
185.191.171.16 - - [06/Jul/2025:01:15:08 -0400] "GET /shop/?filter_cat=117%2C127%2C124%2C120%2C112 HTTP/1.1" 404 1251 "-" "Mozilla/5.0 (compatible; SemrushBot/7~bl; +http://www.semrush.com/bot.html)"
185.191.171.16 - - [06/Jul/2025:01:15:15 -0400] "GET /shop/?filter_cat=114%2C118%2C129%2C130%2C121 HTTP/1.1" 404 1251 "-" "Mozilla/5.0 (compatible; SemrushBot/7~bl; +http://www.semrush.com/bot.html)"
85.208.96.209 - - [06/Jul/2025:01:15:31 -0400] "GET /robots.txt HTTP/1.1" 200 200 "-" "Mozilla/5.0 (compatible; SemrushBot/7~bl; +http://www.semrush.com/bot.html)"
185.191.171.15 - - [06/Jul/2025:01:16:04 -0400] "GET /shop/?filter_cat=134%2C125%2C127%2C131%2C135 HTTP/1.1" 404 1251 "-" "Mozilla/5.0 (compatible; SemrushBot/7~bl; +http://www.semrush.com/bot.html)"
85.208.96.202 - - [06/Jul/2025:01:16:47 -0400] "GET /shop/?filter_cat=117%2C113%2C118%2C124%2C125 HTTP/1.1" 404 1251 "-" "Mozilla/5.0 (compatible; SemrushBot/7~bl; +http://www.semrush.com/bot.html)"
185.191.171.1 - - [06/Jul/2025:01:17:32 -0400] "GET /shop/?filter_cat=113%2C123%2C129%2C131%2C128 HTTP/1.1" 404 1251 "-" "Mozilla/5.0 (compatible; SemrushBot/7~bl; +http://www.semrush.com/bot.html)"
185.191.171.17 - - [06/Jul/2025:01:17:41 -0400] "GET /shop/?filter_cat=112%2C123%2C114%2C121%2C120 HTTP/1.1" 404 1251 "-" "Mozilla/5.0 (compatible; SemrushBot/7~bl; +http://www.semrush.com/bot.html)"
185.191.171.14 - - [06/Jul/2025:01:18:11 -0400] "GET /shop/?filter_cat=112%2C125%2C121%2C124%2C128 HTTP/1.1" 404 1251 "-" "Mozilla/5.0 (compatible; SemrushBot/7~bl; +http://www.semrush.com/bot.html)"
185.191.171.6 - - [06/Jul/2025:01:18:35 -0400] "GET /shop/?filter_cat=134%2C129%2C117%2C116%2C126 HTTP/1.1" 404 1251 "-" "Mozilla/5.0 (compatible; SemrushBot/7~bl; +http://www.semrush.com/bot.html)"
17.241.227.186 - - [06/Jul/2025:01:18:42 -0400] "GET /3654 HTTP/1.1" 404 1251 "-" "Mozilla/5.0 (Macintosh; Intel Mac OS X 10_15_7) AppleWebKit/605.1.15 (KHTML, like Gecko) Version/17.4 Safari/605.1.15 (Applebot/0.1; +http://www.apple.com/go/applebot)"
85.208.96.200 - - [06/Jul/2025:01:19:08 -0400] "GET /shop/?filter_cat=114%2C120%2C124%2C128%2C119 HTTP/1.1" 404 1251 "-" "Mozilla/5.0 (compatible; SemrushBot/7~bl; +http://www.semrush.com/bot.html)"
85.208.96.198 - - [06/Jul/2025:01:19:11 -0400] "GET /shop/?filter_cat=116%2C118%2C120%2C128%2C119 HTTP/1.1" 404 1251 "-" "Mozilla/5.0 (compatible; SemrushBot/7~bl; +http://www.semrush.com/bot.html)"
85.208.96.202 - - [06/Jul/2025:01:19:16 -0400] "GET /shop/?filter_cat=135%2C125%2C120%2C131%2C114 HTTP/1.1" 404 1251 "-" "Mozilla/5.0 (compatible; SemrushBot/7~bl; +http://www.semrush.com/bot.html)"
85.208.96.212 - - [06/Jul/2025:01:19:35 -0400] "GET /shop/?filter_cat=137%2C128%2C127%2C123%2C125 HTTP/1.1" 404 1251 "-" "Mozilla/5.0 (compatible; SemrushBot/7~bl; +http://www.semrush.com/bot.html)"
185.191.171.5 - - [06/Jul/2025:01:20:11 -0400] "GET /shop/?filter_cat=112%2C121%2C128%2C124%2C127 HTTP/1.1" 404 1251 "-" "Mozilla/5.0 (compatible; SemrushBot/7~bl; +http://www.semrush.com/bot.html)"
85.208.96.199 - - [06/Jul/2025:01:20:52 -0400] "GET /shop/?filter_cat=137%2C129%2C134%2C135%2C128 HTTP/1.1" 404 1251 "-" "Mozilla/5.0 (compatible; SemrushBot/7~bl; +http://www.semrush.com/bot.html)"
185.191.171.8 - - [06/Jul/2025:01:21:01 -0400] "GET /shop/?filter_cat=115%2C114%2C123%2C127%2C116 HTTP/1.1" 404 1251 "-" "Mozilla/5.0 (compatible; SemrushBot/7~bl; +http://www.semrush.com/bot.html)"
85.208.96.206 - - [06/Jul/2025:01:21:59 -0400] "GET /shop/?filter_cat=137%2C131%2C124%2C127%2C125 HTTP/1.1" 404 1251 "-" "Mozilla/5.0 (compatible; SemrushBot/7~bl; +http://www.semrush.com/bot.html)"
216.244.66.235 - - [06/Jul/2025:01:22:03 -0400] "GET /shop/?add-to-cart=7514&filter_cat=119,127,122,129 HTTP/1.1" 404 1251 "-" "Mozilla/5.0 (compatible; DotBot/1.2; +https://opensiteexplorer.org/dotbot; help@moz.com)"
185.191.171.2 - - [06/Jul/2025:01:22:17 -0400] "GET /shop/?filter_cat=116%2C126%2C113%2C137%2C117 HTTP/1.1" 404 1251 "-" "Mozilla/5.0 (compatible; SemrushBot/7~bl; +http://www.semrush.com/bot.html)"
185.191.171.16 - - [06/Jul/2025:01:22:21 -0400] "GET /shop/?filter_cat=116%2C123%2C126%2C117%2C113 HTTP/1.1" 404 1251 "-" "Mozilla/5.0 (compatible; SemrushBot/7~bl; +http://www.semrush.com/bot.html)"
185.191.171.18 - - [06/Jul/2025:01:22:36 -0400] "GET /shop/?filter_cat=129%2C134%2C112%2C127%2C115 HTTP/1.1" 404 1251 "-" "Mozilla/5.0 (compatible; SemrushBot/7~bl; +http://www.semrush.com/bot.html)"
185.191.171.19 - - [06/Jul/2025:01:22:43 -0400] "GET /shop/?filter_cat=125%2C135%2C137%2C130 HTTP/1.1" 404 1251 "-" "Mozilla/5.0 (compatible; SemrushBot/7~bl; +http://www.semrush.com/bot.html)"
185.191.171.15 - - [06/Jul/2025:01:23:13 -0400] "GET /shop/?filter_cat=112%2C130%2C129%2C137%2C113 HTTP/1.1" 404 1251 "-" "Mozilla/5.0 (compatible; SemrushBot/7~bl; +http://www.semrush.com/bot.html)"
185.191.171.1 - - [06/Jul/2025:01:23:19 -0400] "GET /shop/?filter_cat=134%2C114%2C127%2C123%2C120 HTTP/1.1" 404 1251 "-" "Mozilla/5.0 (compatible; SemrushBot/7~bl; +http://www.semrush.com/bot.html)"
185.191.171.16 - - [06/Jul/2025:01:23:34 -0400] "GET /shop/?filter_cat=112%2C135%2C128%2C127%2C113 HTTP/1.1" 404 1251 "-" "Mozilla/5.0 (compatible; SemrushBot/7~bl; +http://www.semrush.com/bot.html)"
185.191.171.11 - - [06/Jul/2025:01:24:11 -0400] "GET /shop/?filter_cat=115%2C113%2C120%2C121%2C130 HTTP/1.1" 404 1251 "-" "Mozilla/5.0 (compatible; SemrushBot/7~bl; +http://www.semrush.com/bot.html)"
85.208.96.209 - - [06/Jul/2025:01:24:56 -0400] "GET /shop/?filter_cat=134%2C115%2C121%2C131%2C114 HTTP/1.1" 404 1251 "-" "Mozilla/5.0 (compatible; SemrushBot/7~bl; +http://www.semrush.com/bot.html)"
85.208.96.195 - - [06/Jul/2025:01:25:05 -0400] "GET /shop/?filter_cat=137%2C135%2C126%2C129%2C116 HTTP/1.1" 404 1251 "-" "Mozilla/5.0 (compatible; SemrushBot/7~bl; +http://www.semrush.com/bot.html)"
185.191.171.11 - - [06/Jul/2025:01:25:24 -0400] "GET /shop/?filter_cat=113%2C124%2C127%2C116%2C134 HTTP/1.1" 404 1251 "-" "Mozilla/5.0 (compatible; SemrushBot/7~bl; +http://www.semrush.com/bot.html)"
185.191.171.14 - - [06/Jul/2025:01:25:53 -0400] "GET /shop/?filter_cat=112%2C135%2C116%2C115%2C127 HTTP/1.1" 404 1251 "-" "Mozilla/5.0 (compatible; SemrushBot/7~bl; +http://www.semrush.com/bot.html)"
85.208.96.211 - - [06/Jul/2025:01:26:03 -0400] "GET /shop/?filter_cat=137%2C135%2C120%2C125%2C124 HTTP/1.1" 404 1251 "-" "Mozilla/5.0 (compatible; SemrushBot/7~bl; +http://www.semrush.com/bot.html)"
85.208.96.195 - - [06/Jul/2025:01:26:25 -0400] "GET /shop/?filter_cat=134%2C113%2C117%2C131%2C135 HTTP/1.1" 404 1251 "-" "Mozilla/5.0 (compatible; SemrushBot/7~bl; +http://www.semrush.com/bot.html)"
85.208.96.198 - - [06/Jul/2025:01:26:34 -0400] "GET /shop/?filter_cat=135%2C124%2C129%2C137%2C127 HTTP/1.1" 404 1251 "-" "Mozilla/5.0 (compatible; SemrushBot/7~bl; +http://www.semrush.com/bot.html)"
85.208.96.204 - - [06/Jul/2025:01:26:54 -0400] "GET /shop/?filter_cat=117%2C126%2C112%2C135%2C122 HTTP/1.1" 404 1251 "-" "Mozilla/5.0 (compatible; SemrushBot/7~bl; +http://www.semrush.com/bot.html)"
185.191.171.18 - - [06/Jul/2025:01:19:40 -0400] "GET /shop/?filter_cat=116%2C121%2C127%2C117%2C119 HTTP/1.1" 404 1251 "-" "Mozilla/5.0 (compatible; SemrushBot/7~bl; +http://www.semrush.com/bot.html)"
185.191.171.16 - - [06/Jul/2025:01:20:07 -0400] "GET /shop/?filter_cat=112%2C124%2C137%2C116%2C120 HTTP/1.1" 404 1251 "-" "Mozilla/5.0 (compatible; SemrushBot/7~bl; +http://www.semrush.com/bot.html)"
85.208.96.204 - - [06/Jul/2025:01:20:54 -0400] "GET /shop/?filter_cat=131%2C115%2C128%2C137 HTTP/1.1" 404 1251 "-" "Mozilla/5.0 (compatible; SemrushBot/7~bl; +http://www.semrush.com/bot.html)"
185.191.171.19 - - [06/Jul/2025:01:21:22 -0400] "GET /shop/?filter_cat=114%2C120%2C118%2C117%2C125 HTTP/1.1" 404 1251 "-" "Mozilla/5.0 (compatible; SemrushBot/7~bl; +http://www.semrush.com/bot.html)"
85.208.96.212 - - [06/Jul/2025:01:21:31 -0400] "GET /shop/?filter_cat=117%2C129%2C134%2C113%2C135 HTTP/1.1" 404 1251 "-" "Mozilla/5.0 (compatible; SemrushBot/7~bl; +http://www.semrush.com/bot.html)"
185.191.171.19 - - [06/Jul/2025:01:21:51 -0400] "GET /shop/?filter_cat=137%2C114%2C131%2C118%2C119 HTTP/1.1" 404 1251 "-" "Mozilla/5.0 (compatible; SemrushBot/7~bl; +http://www.semrush.com/bot.html)"
185.191.171.18 - - [06/Jul/2025:01:22:23 -0400] "GET /shop/?filter_cat=112%2C127%2C113%2C126%2C135 HTTP/1.1" 404 1251 "-" "Mozilla/5.0 (compatible; SemrushBot/7~bl; +http://www.semrush.com/bot.html)"
85.208.96.211 - - [06/Jul/2025:01:22:57 -0400] "GET /shop/?filter_cat=117%2C128%2C115%2C135%2C113 HTTP/1.1" 404 1251 "-" "Mozilla/5.0 (compatible; SemrushBot/7~bl; +http://www.semrush.com/bot.html)"
85.208.96.194 - - [06/Jul/2025:01:23:15 -0400] "GET /shop/?filter_cat=137%2C128%2C113%2C124%2C118 HTTP/1.1" 404 1251 "-" "Mozilla/5.0 (compatible; SemrushBot/7~bl; +http://www.semrush.com/bot.html)"
85.208.96.212 - - [06/Jul/2025:01:23:43 -0400] "GET /shop/?filter_cat=137%2C134%2C130%2C120%2C124 HTTP/1.1" 404 1251 "-" "Mozilla/5.0 (compatible; SemrushBot/7~bl; +http://www.semrush.com/bot.html)"
185.191.171.7 - - [06/Jul/2025:01:24:07 -0400] "GET /shop/?filter_cat=112%2C125%2C129%2C124%2C135 HTTP/1.1" 404 1251 "-" "Mozilla/5.0 (compatible; SemrushBot/7~bl; +http://www.semrush.com/bot.html)"
185.191.171.2 - - [06/Jul/2025:01:25:03 -0400] "GET /shop/?filter_cat=135%2C112%2C118%2C122%2C137 HTTP/1.1" 404 1251 "-" "Mozilla/5.0 (compatible; SemrushBot/7~bl; +http://www.semrush.com/bot.html)"
185.191.171.11 - - [06/Jul/2025:01:25:33 -0400] "GET /shop/?filter_cat=137%2C123%2C112%2C127%2C118 HTTP/1.1" 404 1251 "-" "Mozilla/5.0 (compatible; SemrushBot/7~bl; +http://www.semrush.com/bot.html)"
85.208.96.212 - - [06/Jul/2025:01:26:17 -0400] "GET /shop/?filter_cat=115%2C135%2C113%2C131%2C121 HTTP/1.1" 404 1251 "-" "Mozilla/5.0 (compatible; SemrushBot/7~bl; +http://www.semrush.com/bot.html)"
185.191.171.2 - - [06/Jul/2025:01:26:23 -0400] "GET /shop/?filter_cat=123%2C114%2C125%2C135 HTTP/1.1" 404 1251 "-" "Mozilla/5.0 (compatible; SemrushBot/7~bl; +http://www.semrush.com/bot.html)"
185.191.171.11 - - [06/Jul/2025:01:27:00 -0400] "GET /shop/?filter_cat=117%2C121%2C134%2C137%2C131 HTTP/1.1" 404 1251 "-" "Mozilla/5.0 (compatible; SemrushBot/7~bl; +http://www.semrush.com/bot.html)"
114.119.150.65 - - [06/Jul/2025:01:27:01 -0400] "GET /shop/?stock_status=instock&on_sale=onsale&filter_cat=118,119,116,121 HTTP/1.1" 404 1251 "https://mm-deals.com/shop/?stock_status=instock&on_sale=onsale&filter_cat=134%2C118%2C119%2C116%2C121" "Mozilla/5.0 (Linux; Android 7.0;) AppleWebKit/537.36 (KHTML, like Gecko) Mobile Safari/537.36 (compatible; PetalBot;+https://webmaster.petalsearch.com/site/petalbot)"
185.191.171.19 - - [06/Jul/2025:01:27:14 -0400] "GET /shop/?filter_cat=113%2C137%2C115%2C134%2C118 HTTP/1.1" 404 1251 "-" "Mozilla/5.0 (compatible; SemrushBot/7~bl; +http://www.semrush.com/bot.html)"
85.208.96.212 - - [06/Jul/2025:01:27:29 -0400] "GET /shop/?filter_cat=117%2C122%2C115%2C121%2C124 HTTP/1.1" 404 1251 "-" "Mozilla/5.0 (compatible; SemrushBot/7~bl; +http://www.semrush.com/bot.html)"
185.191.171.16 - - [06/Jul/2025:01:27:35 -0400] "GET /shop/?filter_cat=137%2C129%2C130%2C116%2C135 HTTP/1.1" 404 1251 "-" "Mozilla/5.0 (compatible; SemrushBot/7~bl; +http://www.semrush.com/bot.html)"
85.208.96.204 - - [06/Jul/2025:01:28:13 -0400] "GET /shop/?filter_cat=119%2C126%2C125%2C137%2C114 HTTP/1.1" 404 1251 "-" "Mozilla/5.0 (compatible; SemrushBot/7~bl; +http://www.semrush.com/bot.html)"
185.191.171.11 - - [06/Jul/2025:01:29:25 -0400] "GET /shop/?filter_cat=135%2C129%2C116%2C131%2C127 HTTP/1.1" 404 1251 "-" "Mozilla/5.0 (compatible; SemrushBot/7~bl; +http://www.semrush.com/bot.html)"
185.191.171.8 - - [06/Jul/2025:01:30:19 -0400] "GET /shop/?filter_cat=115%2C129%2C131%2C116%2C112 HTTP/1.1" 404 1251 "-" "Mozilla/5.0 (compatible; SemrushBot/7~bl; +http://www.semrush.com/bot.html)"
185.191.171.18 - - [06/Jul/2025:01:30:29 -0400] "GET /shop/?filter_cat=113%2C128%2C114%2C124%2C127 HTTP/1.1" 404 1251 "-" "Mozilla/5.0 (compatible; SemrushBot/7~bl; +http://www.semrush.com/bot.html)"
185.191.171.12 - - [06/Jul/2025:01:30:31 -0400] "GET /shop/?filter_cat=125%2C117%2C120%2C134 HTTP/1.1" 404 1251 "-" "Mozilla/5.0 (compatible; SemrushBot/7~bl; +http://www.semrush.com/bot.html)"
85.208.96.211 - - [06/Jul/2025:01:30:39 -0400] "GET /shop/?filter_cat=114%2C130%2C131%2C122%2C137 HTTP/1.1" 404 1251 "-" "Mozilla/5.0 (compatible; SemrushBot/7~bl; +http://www.semrush.com/bot.html)"
185.191.171.7 - - [06/Jul/2025:01:31:04 -0400] "GET /shop/?filter_cat=116%2C129%2C137%2C112%2C124 HTTP/1.1" 404 1251 "-" "Mozilla/5.0 (compatible; SemrushBot/7~bl; +http://www.semrush.com/bot.html)"
66.249.65.98 - - [06/Jul/2025:01:31:48 -0400] "GET /shop/?perpage=12&filter_cat=134,115,131,123,113,137,112,125,122&column=2&shop_view=grid_view&on_sale=onsale HTTP/1.1" 404 1251 "-" "Mozilla/5.0 (Linux; Android 6.0.1; Nexus 5X Build/MMB29P) AppleWebKit/537.36 (KHTML, like Gecko) Chrome/137.0.7151.103 Mobile Safari/537.36 (compatible; Googlebot/2.1; +http://www.google.com/bot.html)"
85.208.96.204 - - [06/Jul/2025:01:32:00 -0400] "GET /shop/?filter_cat=118%2C112%2C113%2C135 HTTP/1.1" 404 1251 "-" "Mozilla/5.0 (compatible; SemrushBot/7~bl; +http://www.semrush.com/bot.html)"
185.191.171.4 - - [06/Jul/2025:01:33:07 -0400] "GET /shop/?filter_cat=135%2C137%2C115%2C129%2C134 HTTP/1.1" 404 1251 "-" "Mozilla/5.0 (compatible; SemrushBot/7~bl; +http://www.semrush.com/bot.html)"
85.208.96.208 - - [06/Jul/2025:01:33:08 -0400] "GET /shop/?filter_cat=113%2C137%2C117%2C135%2C128 HTTP/1.1" 404 1251 "-" "Mozilla/5.0 (compatible; SemrushBot/7~bl; +http://www.semrush.com/bot.html)"
114.119.133.34 - - [06/Jul/2025:01:33:10 -0400] "GET /shop/?stock_status=instock&on_sale=onsale&filter_cat=118,116,121 HTTP/1.1" 404 1251 "https://mm-deals.com/shop/?stock_status=instock&on_sale=onsale&filter_cat=118%2C119%2C116%2C121" "Mozilla/5.0 (Linux; Android 7.0;) AppleWebKit/537.36 (KHTML, like Gecko) Mobile Safari/537.36 (compatible; PetalBot;+https://webmaster.petalsearch.com/site/petalbot)"
185.191.171.12 - - [06/Jul/2025:01:33:47 -0400] "GET /shop/?filter_cat=115%2C123%2C128%2C126%2C112 HTTP/1.1" 404 1251 "-" "Mozilla/5.0 (compatible; SemrushBot/7~bl; +http://www.semrush.com/bot.html)"
185.191.171.18 - - [06/Jul/2025:01:34:02 -0400] "GET /shop/?filter_cat=112%2C129%2C125%2C135%2C123 HTTP/1.1" 404 1251 "-" "Mozilla/5.0 (compatible; SemrushBot/7~bl; +http://www.semrush.com/bot.html)"
85.208.96.209 - - [06/Jul/2025:01:34:11 -0400] "GET /shop/?filter_cat=128%2C137%2C119%2C129 HTTP/1.1" 404 1251 "-" "Mozilla/5.0 (compatible; SemrushBot/7~bl; +http://www.semrush.com/bot.html)"
85.208.96.202 - - [06/Jul/2025:01:34:29 -0400] "GET /shop/?filter_cat=137%2C135%2C124%2C129%2C128 HTTP/1.1" 404 1251 "-" "Mozilla/5.0 (compatible; SemrushBot/7~bl; +http://www.semrush.com/bot.html)"
85.208.96.195 - - [06/Jul/2025:01:27:27 -0400] "GET /shop/?filter_cat=113%2C121%2C116%2C124%2C128 HTTP/1.1" 404 1251 "-" "Mozilla/5.0 (compatible; SemrushBot/7~bl; +http://www.semrush.com/bot.html)"
185.191.171.2 - - [06/Jul/2025:01:27:58 -0400] "GET /shop/?filter_cat=117%2C113%2C122%2C129%2C120 HTTP/1.1" 404 1251 "-" "Mozilla/5.0 (compatible; SemrushBot/7~bl; +http://www.semrush.com/bot.html)"
85.208.96.204 - - [06/Jul/2025:01:28:06 -0400] "GET /shop/?filter_cat=130%2C131%2C114%2C120%2C129 HTTP/1.1" 404 1251 "-" "Mozilla/5.0 (compatible; SemrushBot/7~bl; +http://www.semrush.com/bot.html)"
185.191.171.16 - - [06/Jul/2025:01:28:57 -0400] "GET /shop/?filter_cat=115%2C116%2C135%2C125%2C130 HTTP/1.1" 404 1251 "-" "Mozilla/5.0 (compatible; SemrushBot/7~bl; +http://www.semrush.com/bot.html)"
185.191.171.6 - - [06/Jul/2025:01:29:05 -0400] "GET /shop/?filter_cat=125%2C130%2C128%2C134 HTTP/1.1" 404 1251 "-" "Mozilla/5.0 (compatible; SemrushBot/7~bl; +http://www.semrush.com/bot.html)"
185.191.171.6 - - [06/Jul/2025:01:29:09 -0400] "GET /shop/?filter_cat=115%2C117%2C123%2C113%2C134 HTTP/1.1" 404 1251 "-" "Mozilla/5.0 (compatible; SemrushBot/7~bl; +http://www.semrush.com/bot.html)"
85.208.96.199 - - [06/Jul/2025:01:29:40 -0400] "GET /shop/?filter_cat=115%2C137%2C119%2C129%2C117 HTTP/1.1" 404 1251 "-" "Mozilla/5.0 (compatible; SemrushBot/7~bl; +http://www.semrush.com/bot.html)"
85.208.96.202 - - [06/Jul/2025:01:29:53 -0400] "GET /shop/?filter_cat=137%2C131%2C125%2C121%2C122 HTTP/1.1" 404 1251 "-" "Mozilla/5.0 (compatible; SemrushBot/7~bl; +http://www.semrush.com/bot.html)"
185.191.171.16 - - [06/Jul/2025:01:30:01 -0400] "GET /shop/?filter_cat=113%2C135%2C116%2C129%2C126 HTTP/1.1" 404 1251 "-" "Mozilla/5.0 (compatible; SemrushBot/7~bl; +http://www.semrush.com/bot.html)"
85.208.96.208 - - [06/Jul/2025:01:30:54 -0400] "GET /shop/?filter_cat=112%2C121%2C137%2C134%2C118 HTTP/1.1" 404 1251 "-" "Mozilla/5.0 (compatible; SemrushBot/7~bl; +http://www.semrush.com/bot.html)"
85.208.96.212 - - [06/Jul/2025:01:31:14 -0400] "GET /shop/?filter_cat=113%2C126%2C124%2C128%2C115 HTTP/1.1" 404 1251 "-" "Mozilla/5.0 (compatible; SemrushBot/7~bl; +http://www.semrush.com/bot.html)"
85.208.96.212 - - [06/Jul/2025:01:31:31 -0400] "GET /shop/?filter_cat=119%2C130%2C129%2C116 HTTP/1.1" 404 1251 "-" "Mozilla/5.0 (compatible; SemrushBot/7~bl; +http://www.semrush.com/bot.html)"
185.191.171.13 - - [06/Jul/2025:01:31:38 -0400] "GET /shop/?filter_cat=113%2C131%2C135%2C116%2C119 HTTP/1.1" 404 1251 "-" "Mozilla/5.0 (compatible; SemrushBot/7~bl; +http://www.semrush.com/bot.html)"
85.208.96.194 - - [06/Jul/2025:01:31:47 -0400] "GET /shop/?filter_cat=137%2C129%2C131%2C121%2C118 HTTP/1.1" 404 1251 "-" "Mozilla/5.0 (compatible; SemrushBot/7~bl; +http://www.semrush.com/bot.html)"
85.208.96.199 - - [06/Jul/2025:01:32:08 -0400] "GET /shop/?filter_cat=116%2C121%2C118%2C114%2C135 HTTP/1.1" 404 1251 "-" "Mozilla/5.0 (compatible; SemrushBot/7~bl; +http://www.semrush.com/bot.html)"
85.208.96.197 - - [06/Jul/2025:01:32:12 -0400] "GET /shop/?filter_cat=135%2C121%2C130%2C127%2C115 HTTP/1.1" 404 1251 "-" "Mozilla/5.0 (compatible; SemrushBot/7~bl; +http://www.semrush.com/bot.html)"
85.208.96.206 - - [06/Jul/2025:01:33:05 -0400] "GET /shop/?filter_cat=112%2C137%2C124%2C113%2C135 HTTP/1.1" 404 1251 "-" "Mozilla/5.0 (compatible; SemrushBot/7~bl; +http://www.semrush.com/bot.html)"
185.191.171.1 - - [06/Jul/2025:01:33:27 -0400] "GET /shop/?filter_cat=114%2C127%2C129%2C117 HTTP/1.1" 404 1251 "-" "Mozilla/5.0 (compatible; SemrushBot/7~bl; +http://www.semrush.com/bot.html)"
85.208.96.199 - - [06/Jul/2025:01:34:19 -0400] "GET /shop/?filter_cat=112%2C127%2C130%2C113%2C122 HTTP/1.1" 404 1251 "-" "Mozilla/5.0 (compatible; SemrushBot/7~bl; +http://www.semrush.com/bot.html)"
85.208.96.211 - - [06/Jul/2025:01:34:38 -0400] "GET /shop/?filter_cat=112%2C134%2C127%2C129%2C135 HTTP/1.1" 404 1251 "-" "Mozilla/5.0 (compatible; SemrushBot/7~bl; +http://www.semrush.com/bot.html)"
216.244.66.235 - - [06/Jul/2025:01:35:19 -0400] "GET /shop/?add-to-cart=7530&filter_cat=118%2C121&on_sale=onsale HTTP/1.1" 404 1251 "-" "Mozilla/5.0 (compatible; DotBot/1.2; +https://opensiteexplorer.org/dotbot; help@moz.com)"
85.208.96.200 - - [06/Jul/2025:01:34:58 -0400] "GET /shop/?filter_cat=115%2C129%2C137%2C121%2C119 HTTP/1.1" 404 1251 "-" "Mozilla/5.0 (compatible; SemrushBot/7~bl; +http://www.semrush.com/bot.html)"
185.191.171.9 - - [06/Jul/2025:01:35:16 -0400] "GET /shop/?filter_cat=115%2C122%2C131%2C130%2C121 HTTP/1.1" 404 1251 "-" "Mozilla/5.0 (compatible; SemrushBot/7~bl; +http://www.semrush.com/bot.html)"
216.244.66.235 - - [06/Jul/2025:01:34:33 -0400] "GET /shop/?column=3&shop_view=grid_view&filter_cat=129,119,114 HTTP/1.1" 404 1251 "-" "Mozilla/5.0 (compatible; DotBot/1.2; +https://opensiteexplorer.org/dotbot; help@moz.com)"
85.208.96.200 - - [06/Jul/2025:01:34:40 -0400] "GET /shop/?filter_cat=135%2C126%2C130%2C119%2C127 HTTP/1.1" 404 1251 "-" "Mozilla/5.0 (compatible; SemrushBot/7~bl; +http://www.semrush.com/bot.html)"
185.191.171.3 - - [06/Jul/2025:01:35:11 -0400] "GET /shop/?filter_cat=114%2C135%2C129%2C130%2C123 HTTP/1.1" 404 1251 "-" "Mozilla/5.0 (compatible; SemrushBot/7~bl; +http://www.semrush.com/bot.html)"
66.249.65.98 - - [06/Jul/2025:01:35:27 -0400] "GET /shop/?perpage=12&filter_cat=128,116,119,125,115,114,123,118,137,112,130&on_sale=onsale&column=2&shop_view=grid_view HTTP/1.1" 404 1251 "-" "Mozilla/5.0 (Linux; Android 6.0.1; Nexus 5X Build/MMB29P) AppleWebKit/537.36 (KHTML, like Gecko) Chrome/137.0.7151.103 Mobile Safari/537.36 (compatible; Googlebot/2.1; +http://www.google.com/bot.html)"
185.191.171.11 - - [06/Jul/2025:01:35:32 -0400] "GET /shop/?filter_cat=137%2C113%2C134%2C116%2C131 HTTP/1.1" 404 1251 "-" "Mozilla/5.0 (compatible; SemrushBot/7~bl; +http://www.semrush.com/bot.html)"
185.191.171.7 - - [06/Jul/2025:01:35:38 -0400] "GET /shop/?filter_cat=137%2C121%2C125%2C122%2C119 HTTP/1.1" 404 1251 "-" "Mozilla/5.0 (compatible; SemrushBot/7~bl; +http://www.semrush.com/bot.html)"
85.208.96.211 - - [06/Jul/2025:01:36:09 -0400] "GET /robots.txt HTTP/1.1" 200 200 "-" "Mozilla/5.0 (compatible; SemrushBot/7~bl; +http://www.semrush.com/bot.html)"
185.191.171.8 - - [06/Jul/2025:01:36:17 -0400] "GET /shop/?filter_cat=113%2C130%2C114%2C117%2C128 HTTP/1.1" 404 1251 "-" "Mozilla/5.0 (compatible; SemrushBot/7~bl; +http://www.semrush.com/bot.html)"
85.208.96.208 - - [06/Jul/2025:01:37:07 -0400] "GET /shop/?filter_cat=112%2C116%2C113%2C115%2C137 HTTP/1.1" 404 1251 "-" "Mozilla/5.0 (compatible; SemrushBot/7~bl; +http://www.semrush.com/bot.html)"
185.191.171.7 - - [06/Jul/2025:01:37:09 -0400] "GET /shop/?filter_cat=115%2C113%2C137%2C120%2C129 HTTP/1.1" 404 1251 "-" "Mozilla/5.0 (compatible; SemrushBot/7~bl; +http://www.semrush.com/bot.html)"
85.208.96.196 - - [06/Jul/2025:01:37:11 -0400] "GET /shop/?filter_cat=137%2C123%2C113%2C126%2C127 HTTP/1.1" 404 1251 "-" "Mozilla/5.0 (compatible; SemrushBot/7~bl; +http://www.semrush.com/bot.html)"
85.208.96.200 - - [06/Jul/2025:01:37:26 -0400] "GET /shop/?filter_cat=137%2C114%2C120%2C118%2C116 HTTP/1.1" 404 1251 "-" "Mozilla/5.0 (compatible; SemrushBot/7~bl; +http://www.semrush.com/bot.html)"
85.208.96.195 - - [06/Jul/2025:01:38:03 -0400] "GET /shop/?filter_cat=114%2C115%2C118%2C117%2C127 HTTP/1.1" 404 1251 "-" "Mozilla/5.0 (compatible; SemrushBot/7~bl; +http://www.semrush.com/bot.html)"
185.191.171.16 - - [06/Jul/2025:01:38:33 -0400] "GET /shop/?filter_cat=115%2C125%2C135%2C112%2C137 HTTP/1.1" 404 1251 "-" "Mozilla/5.0 (compatible; SemrushBot/7~bl; +http://www.semrush.com/bot.html)"
185.191.171.1 - - [06/Jul/2025:01:38:46 -0400] "GET /shop/?filter_cat=135%2C128%2C126%2C134%2C114 HTTP/1.1" 404 1251 "-" "Mozilla/5.0 (compatible; SemrushBot/7~bl; +http://www.semrush.com/bot.html)"
66.249.65.98 - - [06/Jul/2025:01:39:00 -0400] "GET /shop/?perpage=12&filter_cat=119,128,135,125,137,118,113,117,121,115,126,112&column=2&shop_view=list_view&on_sale=onsale HTTP/1.1" 404 1251 "-" "Mozilla/5.0 (Linux; Android 6.0.1; Nexus 5X Build/MMB29P) AppleWebKit/537.36 (KHTML, like Gecko) Chrome/137.0.7151.103 Mobile Safari/537.36 (compatible; Googlebot/2.1; +http://www.google.com/bot.html)"
85.208.96.206 - - [06/Jul/2025:01:39:11 -0400] "GET /shop/?filter_cat=134%2C126%2C114%2C125%2C112 HTTP/1.1" 404 1251 "-" "Mozilla/5.0 (compatible; SemrushBot/7~bl; +http://www.semrush.com/bot.html)"
85.208.96.202 - - [06/Jul/2025:01:39:16 -0400] "GET /shop/?filter_cat=112%2C115%2C131%2C117%2C118 HTTP/1.1" 404 1251 "-" "Mozilla/5.0 (compatible; SemrushBot/7~bl; +http://www.semrush.com/bot.html)"
185.191.171.12 - - [06/Jul/2025:01:40:10 -0400] "GET /shop/?filter_cat=137%2C134%2C130%2C125%2C131 HTTP/1.1" 404 1251 "-" "Mozilla/5.0 (compatible; SemrushBot/7~bl; +http://www.semrush.com/bot.html)"
66.249.65.99 - - [06/Jul/2025:01:40:19 -0400] "GET /shop/?filter_cat=113,134&column=3&shop_view=grid_view&stock_status=instock&on_sale=onsale HTTP/1.1" 404 1251 "-" "Mozilla/5.0 (Linux; Android 6.0.1; Nexus 5X Build/MMB29P) AppleWebKit/537.36 (KHTML, like Gecko) Chrome/137.0.7151.103 Mobile Safari/537.36 (compatible; Googlebot/2.1; +http://www.google.com/bot.html)"
185.191.171.3 - - [06/Jul/2025:01:36:08 -0400] "GET /shop/?filter_cat=115%2C130%2C123%2C114%2C121 HTTP/1.1" 404 1251 "-" "Mozilla/5.0 (compatible; SemrushBot/7~bl; +http://www.semrush.com/bot.html)"
185.191.171.10 - - [06/Jul/2025:01:36:10 -0400] "GET /shop/?filter_cat=116%2C122%2C130%2C120%2C115 HTTP/1.1" 404 1251 "-" "Mozilla/5.0 (compatible; SemrushBot/7~bl; +http://www.semrush.com/bot.html)"
185.191.171.9 - - [06/Jul/2025:01:36:12 -0400] "GET /shop/?filter_cat=134%2C120%2C115%2C116%2C123 HTTP/1.1" 404 1251 "-" "Mozilla/5.0 (compatible; SemrushBot/7~bl; +http://www.semrush.com/bot.html)"
85.208.96.206 - - [06/Jul/2025:01:37:48 -0400] "GET /shop/?filter_cat=137%2C121%2C135%2C125%2C130 HTTP/1.1" 404 1251 "-" "Mozilla/5.0 (compatible; SemrushBot/7~bl; +http://www.semrush.com/bot.html)"
85.208.96.197 - - [06/Jul/2025:01:38:11 -0400] "GET /shop/?filter_cat=131%2C121%2C129%2C130%2C127 HTTP/1.1" 404 1251 "-" "Mozilla/5.0 (compatible; SemrushBot/7~bl; +http://www.semrush.com/bot.html)"
185.191.171.6 - - [06/Jul/2025:01:38:22 -0400] "GET /shop/?filter_cat=115%2C114%2C117%2C131%2C123 HTTP/1.1" 404 1251 "-" "Mozilla/5.0 (compatible; SemrushBot/7~bl; +http://www.semrush.com/bot.html)"
185.191.171.1 - - [06/Jul/2025:01:38:40 -0400] "GET /shop/?filter_cat=131%2C137%2C114%2C124%2C123 HTTP/1.1" 404 1251 "-" "Mozilla/5.0 (compatible; SemrushBot/7~bl; +http://www.semrush.com/bot.html)"
77.75.78.163 - - [06/Jul/2025:01:38:41 -0400] "GET /robots.txt HTTP/1.1" 200 200 "-" "Mozilla/5.0 (compatible; SeznamBot/4.0; +https://o-seznam.cz/napoveda/vyhledavani/en/seznambot-crawler/)"
77.75.78.163 - - [06/Jul/2025:01:38:41 -0400] "GET /sitemap_index_2.xml HTTP/1.1" 404 1251 "-" "Mozilla/5.0 (compatible; SeznamBot/4.0; +https://o-seznam.cz/napoveda/vyhledavani/en/seznambot-crawler/)"
185.191.171.1 - - [06/Jul/2025:01:38:57 -0400] "GET /shop/?filter_cat=116%2C121%2C125%2C128%2C118 HTTP/1.1" 404 1251 "-" "Mozilla/5.0 (compatible; SemrushBot/7~bl; +http://www.semrush.com/bot.html)"
85.208.96.211 - - [06/Jul/2025:01:39:33 -0400] "GET /shop/?filter_cat=135%2C118%2C131%2C121%2C119 HTTP/1.1" 404 1251 "-" "Mozilla/5.0 (compatible; SemrushBot/7~bl; +http://www.semrush.com/bot.html)"
185.191.171.13 - - [06/Jul/2025:01:39:53 -0400] "GET /shop/?filter_cat=112%2C114%2C131%2C135%2C124 HTTP/1.1" 404 1251 "-" "Mozilla/5.0 (compatible; SemrushBot/7~bl; +http://www.semrush.com/bot.html)"
85.208.96.209 - - [06/Jul/2025:01:40:07 -0400] "GET /shop/?filter_cat=116%2C123%2C134%2C130%2C135 HTTP/1.1" 404 1251 "-" "Mozilla/5.0 (compatible; SemrushBot/7~bl; +http://www.semrush.com/bot.html)"
185.191.171.12 - - [06/Jul/2025:01:40:19 -0400] "GET /shop/?filter_cat=137%2C114%2C126%2C128%2C117 HTTP/1.1" 404 1251 "-" "Mozilla/5.0 (compatible; SemrushBot/7~bl; +http://www.semrush.com/bot.html)"
185.191.171.3 - - [06/Jul/2025:01:41:06 -0400] "GET /shop/?filter_cat=117%2C123%2C115%2C135%2C131 HTTP/1.1" 404 1251 "-" "Mozilla/5.0 (compatible; SemrushBot/7~bl; +http://www.semrush.com/bot.html)"
185.191.171.9 - - [06/Jul/2025:01:41:08 -0400] "GET /shop/?filter_cat=113%2C115%2C112%2C127%2C118 HTTP/1.1" 404 1251 "-" "Mozilla/5.0 (compatible; SemrushBot/7~bl; +http://www.semrush.com/bot.html)"
85.208.96.193 - - [06/Jul/2025:01:41:22 -0400] "GET /shop/?filter_cat=130%2C113%2C116%2C127%2C122 HTTP/1.1" 404 1251 "-" "Mozilla/5.0 (compatible; SemrushBot/7~bl; +http://www.semrush.com/bot.html)"
185.191.171.15 - - [06/Jul/2025:01:41:33 -0400] "GET /shop/?filter_cat=115%2C128%2C117%2C114%2C129 HTTP/1.1" 404 1251 "-" "Mozilla/5.0 (compatible; SemrushBot/7~bl; +http://www.semrush.com/bot.html)"
185.191.171.13 - - [06/Jul/2025:01:42:03 -0400] "GET /shop/?filter_cat=116%2C121%2C137%2C117%2C135 HTTP/1.1" 404 1251 "-" "Mozilla/5.0 (compatible; SemrushBot/7~bl; +http://www.semrush.com/bot.html)"
185.191.171.7 - - [06/Jul/2025:01:42:40 -0400] "GET /shop/?filter_cat=114%2C131%2C126%2C115%2C118 HTTP/1.1" 404 1251 "-" "Mozilla/5.0 (compatible; SemrushBot/7~bl; +http://www.semrush.com/bot.html)"
85.208.96.196 - - [06/Jul/2025:01:40:29 -0400] "GET /shop/?filter_cat=113%2C134%2C114%2C115%2C119 HTTP/1.1" 404 1251 "-" "Mozilla/5.0 (compatible; SemrushBot/7~bl; +http://www.semrush.com/bot.html)"
114.119.150.65 - - [06/Jul/2025:01:40:32 -0400] "GET /shop/?stock_status=instock&on_sale=onsale&filter_cat=117,137,134,126,118,121,115,135,131 HTTP/1.1" 404 1251 "https://mm-deals.com/shop/?stock_status=instock&on_sale=onsale&filter_cat=137%2C134%2C126%2C118%2C121%2C115%2C135%2C131" "Mozilla/5.0 (Linux; Android 7.0;) AppleWebKit/537.36 (KHTML, like Gecko) Mobile Safari/537.36 (compatible; PetalBot;+https://webmaster.petalsearch.com/site/petalbot)"
185.191.171.18 - - [06/Jul/2025:01:41:52 -0400] "GET /shop/?filter_cat=135%2C115%2C119%2C131%2C120 HTTP/1.1" 404 1251 "-" "Mozilla/5.0 (compatible; SemrushBot/7~bl; +http://www.semrush.com/bot.html)"
185.191.171.10 - - [06/Jul/2025:01:42:13 -0400] "GET /shop/?filter_cat=131%2C137%2C113%2C120%2C124 HTTP/1.1" 404 1251 "-" "Mozilla/5.0 (compatible; SemrushBot/7~bl; +http://www.semrush.com/bot.html)"
185.191.171.2 - - [06/Jul/2025:01:42:20 -0400] "GET /shop/?filter_cat=125%2C113%2C120%2C137%2C114 HTTP/1.1" 404 1251 "-" "Mozilla/5.0 (compatible; SemrushBot/7~bl; +http://www.semrush.com/bot.html)"
85.208.96.210 - - [06/Jul/2025:01:42:31 -0400] "GET /shop/?filter_cat=116%2C124%2C126%2C130%2C121 HTTP/1.1" 404 1251 "-" "Mozilla/5.0 (compatible; SemrushBot/7~bl; +http://www.semrush.com/bot.html)"
85.208.96.202 - - [06/Jul/2025:01:43:11 -0400] "GET /shop/?filter_cat=134%2C124%2C114%2C120%2C112 HTTP/1.1" 404 1251 "-" "Mozilla/5.0 (compatible; SemrushBot/7~bl; +http://www.semrush.com/bot.html)"
185.191.171.4 - - [06/Jul/2025:01:43:26 -0400] "GET /shop/?filter_cat=127%2C115%2C116%2C121 HTTP/1.1" 404 1251 "-" "Mozilla/5.0 (compatible; SemrushBot/7~bl; +http://www.semrush.com/bot.html)"
185.191.171.8 - - [06/Jul/2025:01:43:35 -0400] "GET /shop/?filter_cat=116%2C117%2C121%2C126%2C113 HTTP/1.1" 404 1251 "-" "Mozilla/5.0 (compatible; SemrushBot/7~bl; +http://www.semrush.com/bot.html)"
85.208.96.212 - - [06/Jul/2025:01:43:54 -0400] "GET /shop/?filter_cat=135%2C121%2C116%2C112 HTTP/1.1" 404 1251 "-" "Mozilla/5.0 (compatible; SemrushBot/7~bl; +http://www.semrush.com/bot.html)"
185.191.171.12 - - [06/Jul/2025:01:42:48 -0400] "GET /shop/?filter_cat=134%2C120%2C130%2C123%2C131 HTTP/1.1" 404 1251 "-" "Mozilla/5.0 (compatible; SemrushBot/7~bl; +http://www.semrush.com/bot.html)"
85.208.96.209 - - [06/Jul/2025:01:43:06 -0400] "GET /shop/?filter_cat=137%2C114%2C126 HTTP/1.1" 404 1251 "-" "Mozilla/5.0 (compatible; SemrushBot/7~bl; +http://www.semrush.com/bot.html)"
66.249.65.97 - - [06/Jul/2025:01:43:13 -0400] "GET /shop/?perpage=12&filter_cat=134,115,131,113,137,112,130,125,122&column=3&shop_view=grid_view&on_sale=onsale HTTP/1.1" 404 1251 "-" "Mozilla/5.0 (Linux; Android 6.0.1; Nexus 5X Build/MMB29P) AppleWebKit/537.36 (KHTML, like Gecko) Chrome/137.0.7151.103 Mobile Safari/537.36 (compatible; Googlebot/2.1; +http://www.google.com/bot.html)"
51.222.253.6 - - [06/Jul/2025:01:43:43 -0400] "GET /sitemap_index_20.xml HTTP/1.1" 404 1251 "-" "Mozilla/5.0 (compatible; AhrefsBot/7.0; +http://ahrefs.com/robot/)"
85.208.96.207 - - [06/Jul/2025:01:44:13 -0400] "GET /shop/?filter_cat=117%2C130%2C124%2C125%2C129 HTTP/1.1" 404 1251 "-" "Mozilla/5.0 (compatible; SemrushBot/7~bl; +http://www.semrush.com/bot.html)"
85.208.96.203 - - [06/Jul/2025:01:44:28 -0400] "GET /shop/?filter_cat=115%2C128%2C130%2C120%2C137 HTTP/1.1" 404 1251 "-" "Mozilla/5.0 (compatible; SemrushBot/7~bl; +http://www.semrush.com/bot.html)"
185.191.171.1 - - [06/Jul/2025:01:44:30 -0400] "GET /shop/?filter_cat=137%2C115%2C122%2C114%2C113 HTTP/1.1" 404 1251 "-" "Mozilla/5.0 (compatible; SemrushBot/7~bl; +http://www.semrush.com/bot.html)"
185.191.171.19 - - [06/Jul/2025:01:44:39 -0400] "GET /shop/?filter_cat=134%2C137%2C126%2C128%2C115 HTTP/1.1" 404 1251 "-" "Mozilla/5.0 (compatible; SemrushBot/7~bl; +http://www.semrush.com/bot.html)"
85.208.96.206 - - [06/Jul/2025:01:45:15 -0400] "GET /shop/?filter_cat=113%2C137%2C126%2C128%2C119 HTTP/1.1" 404 1251 "-" "Mozilla/5.0 (compatible; SemrushBot/7~bl; +http://www.semrush.com/bot.html)"
66.249.65.97 - - [06/Jul/2025:01:45:25 -0400] "GET /shop/?perpage=12&filter_cat=116,119,125,115,114,123,118,137,112&on_sale=onsale&column=2&shop_view=grid_view HTTP/1.1" 404 1251 "-" "Mozilla/5.0 (Linux; Android 6.0.1; Nexus 5X Build/MMB29P) AppleWebKit/537.36 (KHTML, like Gecko) Chrome/137.0.7151.103 Mobile Safari/537.36 (compatible; Googlebot/2.1; +http://www.google.com/bot.html)"
85.208.96.212 - - [06/Jul/2025:01:46:22 -0400] "GET /shop/?filter_cat=137%2C126%2C123%2C119%2C116 HTTP/1.1" 404 1251 "-" "Mozilla/5.0 (compatible; SemrushBot/7~bl; +http://www.semrush.com/bot.html)"
85.208.96.200 - - [06/Jul/2025:01:46:37 -0400] "GET /shop/?filter_cat=116%2C114%2C118%2C124%2C119 HTTP/1.1" 404 1251 "-" "Mozilla/5.0 (compatible; SemrushBot/7~bl; +http://www.semrush.com/bot.html)"
85.208.96.205 - - [06/Jul/2025:01:46:42 -0400] "GET /shop/?filter_cat=137%2C120%2C116%2C112%2C114 HTTP/1.1" 404 1251 "-" "Mozilla/5.0 (compatible; SemrushBot/7~bl; +http://www.semrush.com/bot.html)"
85.208.96.198 - - [06/Jul/2025:01:46:51 -0400] "GET /shop/?filter_cat=137%2C122%2C112%2C114%2C115 HTTP/1.1" 404 1251 "-" "Mozilla/5.0 (compatible; SemrushBot/7~bl; +http://www.semrush.com/bot.html)"
185.191.171.12 - - [06/Jul/2025:01:47:35 -0400] "GET /shop/?filter_cat=114%2C137%2C112%2C117%2C121 HTTP/1.1" 404 1251 "-" "Mozilla/5.0 (compatible; SemrushBot/7~bl; +http://www.semrush.com/bot.html)"
85.208.96.203 - - [06/Jul/2025:01:47:42 -0400] "GET /shop/?filter_cat=117%2C123%2C129%2C115%2C120 HTTP/1.1" 404 1251 "-" "Mozilla/5.0 (compatible; SemrushBot/7~bl; +http://www.semrush.com/bot.html)"
85.208.96.194 - - [06/Jul/2025:01:47:57 -0400] "GET /shop/?filter_cat=137%2C120%2C115%2C112%2C134 HTTP/1.1" 404 1251 "-" "Mozilla/5.0 (compatible; SemrushBot/7~bl; +http://www.semrush.com/bot.html)"
185.191.171.17 - - [06/Jul/2025:01:48:30 -0400] "GET /shop/?filter_cat=116%2C121%2C120%2C130 HTTP/1.1" 404 1251 "-" "Mozilla/5.0 (compatible; SemrushBot/7~bl; +http://www.semrush.com/bot.html)"
66.249.65.97 - - [06/Jul/2025:01:48:36 -0400] "GET /shop/?perpage=12&filter_cat=115,117,120,134,113,112,135&column=4&shop_view=grid_view&on_sale=onsale HTTP/1.1" 404 1251 "-" "Mozilla/5.0 (Linux; Android 6.0.1; Nexus 5X Build/MMB29P) AppleWebKit/537.36 (KHTML, like Gecko) Chrome/137.0.7151.103 Mobile Safari/537.36 (compatible; Googlebot/2.1; +http://www.google.com/bot.html)"
85.208.96.211 - - [06/Jul/2025:01:48:55 -0400] "GET /shop/?filter_cat=112%2C137%2C118%2C127%2C121 HTTP/1.1" 404 1251 "-" "Mozilla/5.0 (compatible; SemrushBot/7~bl; +http://www.semrush.com/bot.html)"
85.208.96.200 - - [06/Jul/2025:01:49:21 -0400] "GET /shop/?filter_cat=120%2C126%2C116%2C113 HTTP/1.1" 404 1251 "-" "Mozilla/5.0 (compatible; SemrushBot/7~bl; +http://www.semrush.com/bot.html)"
85.208.96.203 - - [06/Jul/2025:01:49:29 -0400] "GET /shop/?filter_cat=117%2C118%2C124%2C120%2C127 HTTP/1.1" 404 1251 "-" "Mozilla/5.0 (compatible; SemrushBot/7~bl; +http://www.semrush.com/bot.html)"
85.208.96.194 - - [06/Jul/2025:01:50:00 -0400] "GET /shop/?filter_cat=135%2C121%2C129%2C116%2C127 HTTP/1.1" 404 1251 "-" "Mozilla/5.0 (compatible; SemrushBot/7~bl; +http://www.semrush.com/bot.html)"
85.208.96.198 - - [06/Jul/2025:01:45:08 -0400] "GET /shop/?filter_cat=135%2C112%2C121%2C131 HTTP/1.1" 404 1251 "-" "Mozilla/5.0 (compatible; SemrushBot/7~bl; +http://www.semrush.com/bot.html)"
85.208.96.195 - - [06/Jul/2025:01:45:26 -0400] "GET /shop/?filter_cat=121%2C120%2C112%2C134%2C114 HTTP/1.1" 404 1251 "-" "Mozilla/5.0 (compatible; SemrushBot/7~bl; +http://www.semrush.com/bot.html)"
185.191.171.12 - - [06/Jul/2025:01:45:38 -0400] "GET /shop/?filter_cat=135%2C134%2C126%2C121%2C124 HTTP/1.1" 404 1251 "-" "Mozilla/5.0 (compatible; SemrushBot/7~bl; +http://www.semrush.com/bot.html)"
185.191.171.18 - - [06/Jul/2025:01:45:52 -0400] "GET /shop/?filter_cat=117%2C125%2C131%2C124%2C126 HTTP/1.1" 404 1251 "-" "Mozilla/5.0 (compatible; SemrushBot/7~bl; +http://www.semrush.com/bot.html)"
185.191.171.1 - - [06/Jul/2025:01:46:04 -0400] "GET /shop/?filter_cat=116%2C128%2C127%2C121%2C120 HTTP/1.1" 404 1251 "-" "Mozilla/5.0 (compatible; SemrushBot/7~bl; +http://www.semrush.com/bot.html)"
185.191.171.9 - - [06/Jul/2025:01:46:12 -0400] "GET /shop/?filter_cat=137%2C128%2C134%2C118%2C119 HTTP/1.1" 404 1251 "-" "Mozilla/5.0 (compatible; SemrushBot/7~bl; +http://www.semrush.com/bot.html)"
85.208.96.198 - - [06/Jul/2025:01:47:10 -0400] "GET /shop/?filter_cat=113%2C120%2C115%2C123%2C134 HTTP/1.1" 404 1251 "-" "Mozilla/5.0 (compatible; SemrushBot/7~bl; +http://www.semrush.com/bot.html)"
185.191.171.17 - - [06/Jul/2025:01:47:17 -0400] "GET /shop/?filter_cat=116%2C119%2C112%2C131%2C126 HTTP/1.1" 404 1251 "-" "Mozilla/5.0 (compatible; SemrushBot/7~bl; +http://www.semrush.com/bot.html)"
114.119.140.4 - - [06/Jul/2025:01:47:56 -0400] "GET /shop/?stock_status=instock&on_sale=onsale&filter_cat=117,137,124,129,116,121 HTTP/1.1" 404 1251 "https://mm-deals.com/shop/?stock_status=instock&on_sale=onsale&filter_cat=137%2C124%2C129%2C116%2C121" "Mozilla/5.0 (Linux; Android 7.0;) AppleWebKit/537.36 (KHTML, like Gecko) Mobile Safari/537.36 (compatible; PetalBot;+https://webmaster.petalsearch.com/site/petalbot)"
185.191.171.16 - - [06/Jul/2025:01:48:25 -0400] "GET /shop/?filter_cat=135%2C121%2C114%2C116%2C123 HTTP/1.1" 404 1251 "-" "Mozilla/5.0 (compatible; SemrushBot/7~bl; +http://www.semrush.com/bot.html)"
85.208.96.193 - - [06/Jul/2025:01:48:31 -0400] "GET /shop/?filter_cat=112%2C128%2C131%2C130%2C137 HTTP/1.1" 404 1251 "-" "Mozilla/5.0 (compatible; SemrushBot/7~bl; +http://www.semrush.com/bot.html)"
185.191.171.19 - - [06/Jul/2025:01:49:16 -0400] "GET /shop/?filter_cat=117%2C114%2C112%2C118%2C134 HTTP/1.1" 404 1251 "-" "Mozilla/5.0 (compatible; SemrushBot/7~bl; +http://www.semrush.com/bot.html)"
85.208.96.206 - - [06/Jul/2025:01:49:47 -0400] "GET /shop/?filter_cat=137%2C113%2C128%2C115%2C121 HTTP/1.1" 404 1251 "-" "Mozilla/5.0 (compatible; SemrushBot/7~bl; +http://www.semrush.com/bot.html)"
185.191.171.12 - - [06/Jul/2025:01:50:03 -0400] "GET /shop/?filter_cat=131%2C112%2C117%2C126%2C114 HTTP/1.1" 404 1251 "-" "Mozilla/5.0 (compatible; SemrushBot/7~bl; +http://www.semrush.com/bot.html)"
85.208.96.198 - - [06/Jul/2025:01:50:16 -0400] "GET /shop/?filter_cat=112%2C118%2C120%2C134%2C117 HTTP/1.1" 404 1251 "-" "Mozilla/5.0 (compatible; SemrushBot/7~bl; +http://www.semrush.com/bot.html)"
85.208.96.200 - - [06/Jul/2025:01:50:53 -0400] "GET /shop/?filter_cat=113%2C114%2C120%2C126%2C131 HTTP/1.1" 404 1251 "-" "Mozilla/5.0 (compatible; SemrushBot/7~bl; +http://www.semrush.com/bot.html)"
85.208.96.198 - - [06/Jul/2025:01:50:55 -0400] "GET /shop/?filter_cat=121%2C127%2C128%2C115 HTTP/1.1" 404 1251 "-" "Mozilla/5.0 (compatible; SemrushBot/7~bl; +http://www.semrush.com/bot.html)"
185.191.171.17 - - [06/Jul/2025:01:51:12 -0400] "GET /shop/?filter_cat=116%2C117%2C125%2C134%2C114 HTTP/1.1" 404 1251 "-" "Mozilla/5.0 (compatible; SemrushBot/7~bl; +http://www.semrush.com/bot.html)"
85.208.96.207 - - [06/Jul/2025:01:50:26 -0400] "GET /shop/?filter_cat=115%2C116%2C129%2C125%2C131 HTTP/1.1" 404 1251 "-" "Mozilla/5.0 (compatible; SemrushBot/7~bl; +http://www.semrush.com/bot.html)"
85.208.96.212 - - [06/Jul/2025:01:50:42 -0400] "GET /shop/?filter_cat=115%2C113%2C121%2C120%2C126 HTTP/1.1" 404 1251 "-" "Mozilla/5.0 (compatible; SemrushBot/7~bl; +http://www.semrush.com/bot.html)"
185.191.171.17 - - [06/Jul/2025:01:51:17 -0400] "GET /shop/?filter_cat=114%2C119%2C125%2C130 HTTP/1.1" 404 1251 "-" "Mozilla/5.0 (compatible; SemrushBot/7~bl; +http://www.semrush.com/bot.html)"
85.208.96.208 - - [06/Jul/2025:01:51:53 -0400] "GET /shop/?filter_cat=113%2C121%2C130%2C126%2C116 HTTP/1.1" 404 1251 "-" "Mozilla/5.0 (compatible; SemrushBot/7~bl; +http://www.semrush.com/bot.html)"
85.208.96.212 - - [06/Jul/2025:01:51:56 -0400] "GET /shop/?filter_cat=114%2C137%2C126%2C119%2C112 HTTP/1.1" 404 1251 "-" "Mozilla/5.0 (compatible; SemrushBot/7~bl; +http://www.semrush.com/bot.html)"
185.191.171.10 - - [06/Jul/2025:01:52:31 -0400] "GET /shop/?filter_cat=135%2C134%2C116%2C121%2C127 HTTP/1.1" 404 1251 "-" "Mozilla/5.0 (compatible; SemrushBot/7~bl; +http://www.semrush.com/bot.html)"
66.249.65.97 - - [06/Jul/2025:01:53:21 -0400] "GET /shop/?perpage=12&filter_cat=131,126,117,128,120,113,112,135&stock_status=instock&column=2&shop_view=grid_view&on_sale=onsale HTTP/1.1" 404 1251 "-" "Mozilla/5.0 (Linux; Android 6.0.1; Nexus 5X Build/MMB29P) AppleWebKit/537.36 (KHTML, like Gecko) Chrome/137.0.7151.103 Mobile Safari/537.36 (compatible; Googlebot/2.1; +http://www.google.com/bot.html)"
85.208.96.212 - - [06/Jul/2025:01:53:25 -0400] "GET /shop/?filter_cat=130%2C131%2C112%2C123%2C126 HTTP/1.1" 404 1251 "-" "Mozilla/5.0 (compatible; SemrushBot/7~bl; +http://www.semrush.com/bot.html)"
85.208.96.206 - - [06/Jul/2025:01:53:29 -0400] "GET /shop/?filter_cat=112%2C130%2C121%2C125%2C119 HTTP/1.1" 404 1251 "-" "Mozilla/5.0 (compatible; SemrushBot/7~bl; +http://www.semrush.com/bot.html)"
185.191.171.6 - - [06/Jul/2025:01:54:07 -0400] "GET /shop/?filter_cat=115%2C126%2C121%2C123%2C116 HTTP/1.1" 404 1251 "-" "Mozilla/5.0 (compatible; SemrushBot/7~bl; +http://www.semrush.com/bot.html)"
85.208.96.208 - - [06/Jul/2025:01:54:09 -0400] "GET /shop/?filter_cat=113%2C126%2C116%2C130%2C122 HTTP/1.1" 404 1251 "-" "Mozilla/5.0 (compatible; SemrushBot/7~bl; +http://www.semrush.com/bot.html)"
85.208.96.211 - - [06/Jul/2025:01:54:31 -0400] "GET /shop/?filter_cat=137%2C116%2C126%2C131%2C119 HTTP/1.1" 404 1251 "-" "Mozilla/5.0 (compatible; SemrushBot/7~bl; +http://www.semrush.com/bot.html)"
185.191.171.7 - - [06/Jul/2025:01:54:33 -0400] "GET /shop/?filter_cat=115%2C129%2C121%2C120%2C125 HTTP/1.1" 404 1251 "-" "Mozilla/5.0 (compatible; SemrushBot/7~bl; +http://www.semrush.com/bot.html)"
85.208.96.200 - - [06/Jul/2025:01:55:08 -0400] "GET /shop/?filter_cat=137%2C126%2C125%2C128%2C124 HTTP/1.1" 404 1251 "-" "Mozilla/5.0 (compatible; SemrushBot/7~bl; +http://www.semrush.com/bot.html)"
85.208.96.200 - - [06/Jul/2025:01:55:12 -0400] "GET /shop/?filter_cat=115%2C126%2C124%2C114%2C137 HTTP/1.1" 404 1251 "-" "Mozilla/5.0 (compatible; SemrushBot/7~bl; +http://www.semrush.com/bot.html)"
185.191.171.10 - - [06/Jul/2025:01:55:18 -0400] "GET /shop/?filter_cat=117%2C125%2C114%2C127%2C121 HTTP/1.1" 404 1251 "-" "Mozilla/5.0 (compatible; SemrushBot/7~bl; +http://www.semrush.com/bot.html)"
185.191.171.9 - - [06/Jul/2025:01:55:58 -0400] "GET /shop/?filter_cat=112%2C117%2C128%2C130%2C120 HTTP/1.1" 404 1251 "-" "Mozilla/5.0 (compatible; SemrushBot/7~bl; +http://www.semrush.com/bot.html)"
185.191.171.3 - - [06/Jul/2025:01:56:15 -0400] "GET /shop/?filter_cat=113%2C115%2C137%2C135%2C120 HTTP/1.1" 404 1251 "-" "Mozilla/5.0 (compatible; SemrushBot/7~bl; +http://www.semrush.com/bot.html)"
185.191.171.5 - - [06/Jul/2025:01:56:48 -0400] "GET /shop/?filter_cat=131%2C129%2C121%2C120%2C125 HTTP/1.1" 404 1251 "-" "Mozilla/5.0 (compatible; SemrushBot/7~bl; +http://www.semrush.com/bot.html)"
66.249.65.99 - - [06/Jul/2025:01:51:48 -0400] "GET /shop/?filter_cat=121,134&column=3&shop_view=grid_view&stock_status=instock&on_sale=onsale HTTP/1.1" 404 1251 "-" "Mozilla/5.0 (Linux; Android 6.0.1; Nexus 5X Build/MMB29P) AppleWebKit/537.36 (KHTML, like Gecko) Chrome/137.0.7151.103 Mobile Safari/537.36 (compatible; Googlebot/2.1; +http://www.google.com/bot.html)"
185.191.171.17 - - [06/Jul/2025:01:51:51 -0400] "GET /shop/?filter_cat=117%2C118%2C113%2C134%2C121 HTTP/1.1" 404 1251 "-" "Mozilla/5.0 (compatible; SemrushBot/7~bl; +http://www.semrush.com/bot.html)"
185.191.171.2 - - [06/Jul/2025:01:52:34 -0400] "GET /shop/?filter_cat=115%2C127%2C130%2C121%2C119 HTTP/1.1" 404 1251 "-" "Mozilla/5.0 (compatible; SemrushBot/7~bl; +http://www.semrush.com/bot.html)"
