85.208.96.209 - - [05/Jul/2025:23:02:50 -0400] "GET /shop/?filter_cat=117%2C134%2C122%2C116%2C131 HTTP/1.1" 404 1251 "-" "Mozilla/5.0 (compatible; SemrushBot/7~bl; +http://www.semrush.com/bot.html)"
85.208.96.205 - - [05/Jul/2025:23:03:00 -0400] "GET /shop/?filter_cat=135%2C119%2C126%2C121%2C122 HTTP/1.1" 404 1251 "-" "Mozilla/5.0 (compatible; SemrushBot/7~bl; +http://www.semrush.com/bot.html)"
185.191.171.18 - - [05/Jul/2025:23:03:07 -0400] "GET /shop/?filter_cat=115%2C114%2C128%2C135%2C137 HTTP/1.1" 404 1251 "-" "Mozilla/5.0 (compatible; SemrushBot/7~bl; +http://www.semrush.com/bot.html)"
85.208.96.200 - - [05/Jul/2025:23:03:48 -0400] "GET /shop/?filter_cat=137%2C120%2C127%2C125%2C131 HTTP/1.1" 404 1251 "-" "Mozilla/5.0 (compatible; SemrushBot/7~bl; +http://www.semrush.com/bot.html)"
185.191.171.16 - - [05/Jul/2025:23:04:03 -0400] "GET /shop/?filter_cat=112%2C124%2C128%2C127%2C137 HTTP/1.1" 404 1251 "-" "Mozilla/5.0 (compatible; SemrushBot/7~bl; +http://www.semrush.com/bot.html)"
185.191.171.16 - - [05/Jul/2025:23:05:00 -0400] "GET /shop/?filter_cat=116%2C135%2C126%2C118%2C119 HTTP/1.1" 404 1251 "-" "Mozilla/5.0 (compatible; SemrushBot/7~bl; +http://www.semrush.com/bot.html)"
114.119.133.34 - - [05/Jul/2025:23:05:36 -0400] "GET /shop/?stock_status=instock&on_sale=onsale&filter_cat=119,135,116,129,114 HTTP/1.1" 404 1251 "https://mm-deals.com/shop/?stock_status=instock&on_sale=onsale&filter_cat=135%2C116%2C129%2C114" "Mozilla/5.0 (Linux; Android 7.0;) AppleWebKit/537.36 (KHTML, like Gecko) Mobile Safari/537.36 (compatible; PetalBot;+https://webmaster.petalsearch.com/site/petalbot)"
85.208.96.203 - - [05/Jul/2025:23:05:39 -0400] "GET /shop/?filter_cat=118%2C124%2C121%2C128 HTTP/1.1" 404 1251 "-" "Mozilla/5.0 (compatible; SemrushBot/7~bl; +http://www.semrush.com/bot.html)"
85.208.96.201 - - [05/Jul/2025:23:06:27 -0400] "GET /shop/?filter_cat=135%2C126%2C117%2C114%2C121 HTTP/1.1" 404 1251 "-" "Mozilla/5.0 (compatible; SemrushBot/7~bl; +http://www.semrush.com/bot.html)"
185.191.171.7 - - [05/Jul/2025:23:06:30 -0400] "GET /shop/?filter_cat=137%2C124%2C114%2C131%2C121 HTTP/1.1" 404 1251 "-" "Mozilla/5.0 (compatible; SemrushBot/7~bl; +http://www.semrush.com/bot.html)"
185.191.171.3 - - [05/Jul/2025:23:06:59 -0400] "GET /shop/?filter_cat=112%2C125%2C131%2C117%2C123 HTTP/1.1" 404 1251 "-" "Mozilla/5.0 (compatible; SemrushBot/7~bl; +http://www.semrush.com/bot.html)"
85.208.96.210 - - [05/Jul/2025:23:07:00 -0400] "GET /shop/?filter_cat=131%2C126%2C121%2C113%2C127 HTTP/1.1" 404 1251 "-" "Mozilla/5.0 (compatible; SemrushBot/7~bl; +http://www.semrush.com/bot.html)"
185.191.171.8 - - [05/Jul/2025:23:07:07 -0400] "GET /shop/?filter_cat=116%2C128%2C122%2C131 HTTP/1.1" 404 1251 "-" "Mozilla/5.0 (compatible; SemrushBot/7~bl; +http://www.semrush.com/bot.html)"
85.208.96.204 - - [05/Jul/2025:23:07:09 -0400] "GET /shop/?filter_cat=131%2C130%2C118%2C112%2C113 HTTP/1.1" 404 1251 "-" "Mozilla/5.0 (compatible; SemrushBot/7~bl; +http://www.semrush.com/bot.html)"
185.191.171.3 - - [05/Jul/2025:23:07:48 -0400] "GET /shop/?filter_cat=118%2C124%2C120%2C125 HTTP/1.1" 404 1251 "-" "Mozilla/5.0 (compatible; SemrushBot/7~bl; +http://www.semrush.com/bot.html)"
185.191.171.13 - - [05/Jul/2025:23:07:55 -0400] "GET /shop/?filter_cat=113%2C126%2C123%2C116%2C121 HTTP/1.1" 404 1251 "-" "Mozilla/5.0 (compatible; SemrushBot/7~bl; +http://www.semrush.com/bot.html)"
185.191.171.8 - - [05/Jul/2025:23:08:10 -0400] "GET /shop/?filter_cat=117%2C119%2C124%2C112%2C137 HTTP/1.1" 404 1251 "-" "Mozilla/5.0 (compatible; SemrushBot/7~bl; +http://www.semrush.com/bot.html)"
85.208.96.211 - - [05/Jul/2025:23:08:30 -0400] "GET /shop/?filter_cat=123%2C124%2C114%2C120 HTTP/1.1" 404 1251 "-" "Mozilla/5.0 (compatible; SemrushBot/7~bl; +http://www.semrush.com/bot.html)"
185.191.171.1 - - [05/Jul/2025:23:02:23 -0400] "GET /shop/?filter_cat=113%2C114%2C126%2C137%2C123 HTTP/1.1" 404 1251 "-" "Mozilla/5.0 (compatible; SemrushBot/7~bl; +http://www.semrush.com/bot.html)"
185.191.171.11 - - [05/Jul/2025:23:02:28 -0400] "GET /shop/?filter_cat=137%2C112%2C134%2C122%2C114 HTTP/1.1" 404 1251 "-" "Mozilla/5.0 (compatible; SemrushBot/7~bl; +http://www.semrush.com/bot.html)"
185.191.171.8 - - [05/Jul/2025:23:02:56 -0400] "GET /shop/?filter_cat=137%2C121%2C119%2C117%2C114 HTTP/1.1" 404 1251 "-" "Mozilla/5.0 (compatible; SemrushBot/7~bl; +http://www.semrush.com/bot.html)"
85.208.96.201 - - [05/Jul/2025:23:03:03 -0400] "GET /shop/?filter_cat=116%2C118%2C129%2C126%2C123 HTTP/1.1" 404 1251 "-" "Mozilla/5.0 (compatible; SemrushBot/7~bl; +http://www.semrush.com/bot.html)"
185.191.171.10 - - [05/Jul/2025:23:03:09 -0400] "GET /shop/?filter_cat=135%2C119%2C120%2C115 HTTP/1.1" 404 1251 "-" "Mozilla/5.0 (compatible; SemrushBot/7~bl; +http://www.semrush.com/bot.html)"
85.208.96.193 - - [05/Jul/2025:23:03:10 -0400] "GET /shop/?filter_cat=112%2C126%2C118%2C130%2C117 HTTP/1.1" 404 1251 "-" "Mozilla/5.0 (compatible; SemrushBot/7~bl; +http://www.semrush.com/bot.html)"
185.191.171.7 - - [05/Jul/2025:23:03:45 -0400] "GET /shop/?filter_cat=112%2C116%2C126%2C118%2C125 HTTP/1.1" 404 1251 "-" "Mozilla/5.0 (compatible; SemrushBot/7~bl; +http://www.semrush.com/bot.html)"
85.208.96.206 - - [05/Jul/2025:23:04:01 -0400] "GET /shop/?filter_cat=134%2C135%2C128%2C127%2C129 HTTP/1.1" 404 1251 "-" "Mozilla/5.0 (compatible; SemrushBot/7~bl; +http://www.semrush.com/bot.html)"
185.191.171.14 - - [05/Jul/2025:23:04:25 -0400] "GET /shop/?filter_cat=137%2C126%2C124%2C123%2C118 HTTP/1.1" 404 1251 "-" "Mozilla/5.0 (compatible; SemrushBot/7~bl; +http://www.semrush.com/bot.html)"
85.208.96.200 - - [05/Jul/2025:23:04:56 -0400] "GET /shop/?filter_cat=113%2C118%2C137%2C135%2C127 HTTP/1.1" 404 1251 "-" "Mozilla/5.0 (compatible; SemrushBot/7~bl; +http://www.semrush.com/bot.html)"
85.208.96.193 - - [05/Jul/2025:23:05:54 -0400] "GET /shop/?filter_cat=112%2C125%2C134%2C137%2C115 HTTP/1.1" 404 1251 "-" "Mozilla/5.0 (compatible; SemrushBot/7~bl; +http://www.semrush.com/bot.html)"
85.208.96.196 - - [05/Jul/2025:23:06:37 -0400] "GET /shop/?filter_cat=113%2C117%2C128%2C134%2C137 HTTP/1.1" 404 1251 "-" "Mozilla/5.0 (compatible; SemrushBot/7~bl; +http://www.semrush.com/bot.html)"
185.191.171.3 - - [05/Jul/2025:23:06:39 -0400] "GET /shop/?filter_cat=116%2C137%2C124%2C131%2C121 HTTP/1.1" 404 1251 "-" "Mozilla/5.0 (compatible; SemrushBot/7~bl; +http://www.semrush.com/bot.html)"
85.208.96.204 - - [05/Jul/2025:23:06:52 -0400] "GET /shop/?filter_cat=122%2C129%2C113%2C117 HTTP/1.1" 404 1251 "-" "Mozilla/5.0 (compatible; SemrushBot/7~bl; +http://www.semrush.com/bot.html)"
185.191.171.17 - - [05/Jul/2025:23:07:15 -0400] "GET /shop/?filter_cat=116%2C117%2C128%2C118%2C135 HTTP/1.1" 404 1251 "-" "Mozilla/5.0 (compatible; SemrushBot/7~bl; +http://www.semrush.com/bot.html)"
85.208.96.208 - - [05/Jul/2025:23:07:20 -0400] "GET /shop/?filter_cat=115%2C126%2C124%2C131%2C116 HTTP/1.1" 404 1251 "-" "Mozilla/5.0 (compatible; SemrushBot/7~bl; +http://www.semrush.com/bot.html)"
66.249.65.97 - - [05/Jul/2025:23:07:57 -0400] "GET /shop/page/4/?stock_status=instock&shop_view=grid_view&column=4&filter_cat=130%2C137%2C124%2C112%2C119%2C116%2C118%2C122%2C126 HTTP/1.1" 404 1251 "-" "Mozilla/5.0 (Linux; Android 6.0.1; Nexus 5X Build/MMB29P) AppleWebKit/537.36 (KHTML, like Gecko) Chrome/137.0.7151.103 Mobile Safari/537.36 (compatible; Googlebot/2.1; +http://www.google.com/bot.html)"
185.191.171.4 - - [05/Jul/2025:23:08:04 -0400] "GET /shop/?filter_cat=135%2C131%2C137%2C129 HTTP/1.1" 404 1251 "-" "Mozilla/5.0 (compatible; SemrushBot/7~bl; +http://www.semrush.com/bot.html)"
185.191.171.15 - - [05/Jul/2025:23:09:08 -0400] "GET /shop/?filter_cat=113%2C122%2C128%2C125%2C137 HTTP/1.1" 404 1251 "-" "Mozilla/5.0 (compatible; SemrushBot/7~bl; +http://www.semrush.com/bot.html)"
85.208.96.207 - - [05/Jul/2025:23:08:59 -0400] "GET /shop/?filter_cat=113%2C131%2C134%2C118%2C125 HTTP/1.1" 404 1251 "-" "Mozilla/5.0 (compatible; SemrushBot/7~bl; +http://www.semrush.com/bot.html)"
216.244.66.235 - - [05/Jul/2025:23:09:45 -0400] "GET /shop/?add-to-cart=7520&filter_cat=129,120,122 HTTP/1.1" 404 1251 "-" "Mozilla/5.0 (compatible; DotBot/1.2; +https://opensiteexplorer.org/dotbot; help@moz.com)"
85.208.96.200 - - [05/Jul/2025:23:09:49 -0400] "GET /shop/?filter_cat=116%2C115%2C131%2C112 HTTP/1.1" 404 1251 "-" "Mozilla/5.0 (compatible; SemrushBot/7~bl; +http://www.semrush.com/bot.html)"
216.244.66.235 - - [05/Jul/2025:23:10:17 -0400] "GET /shop/?filter_cat=122,135,127,119&on_sale=onsale HTTP/1.1" 404 1251 "-" "Mozilla/5.0 (compatible; DotBot/1.2; +https://opensiteexplorer.org/dotbot; help@moz.com)"
85.208.96.203 - - [05/Jul/2025:23:10:26 -0400] "GET /shop/?filter_cat=118%2C127%2C123%2C116 HTTP/1.1" 404 1251 "-" "Mozilla/5.0 (compatible; SemrushBot/7~bl; +http://www.semrush.com/bot.html)"
85.208.96.208 - - [05/Jul/2025:23:10:30 -0400] "GET /shop/?filter_cat=117%2C123%2C127%2C120%2C126 HTTP/1.1" 404 1251 "-" "Mozilla/5.0 (compatible; SemrushBot/7~bl; +http://www.semrush.com/bot.html)"
85.208.96.208 - - [05/Jul/2025:23:10:42 -0400] "GET /shop/?filter_cat=135%2C119%2C122%2C114%2C118 HTTP/1.1" 404 1251 "-" "Mozilla/5.0 (compatible; SemrushBot/7~bl; +http://www.semrush.com/bot.html)"
85.208.96.210 - - [05/Jul/2025:23:10:56 -0400] "GET /robots.txt HTTP/1.1" 200 200 "-" "Mozilla/5.0 (compatible; SemrushBot/7~bl; +http://www.semrush.com/bot.html)"
185.191.171.5 - - [05/Jul/2025:23:10:57 -0400] "GET /shop/?filter_cat=135%2C128%2C118%2C125%2C116 HTTP/1.1" 404 1251 "-" "Mozilla/5.0 (compatible; SemrushBot/7~bl; +http://www.semrush.com/bot.html)"
85.208.96.211 - - [05/Jul/2025:23:11:02 -0400] "GET /shop/?filter_cat=128%2C127%2C120%2C112 HTTP/1.1" 404 1251 "-" "Mozilla/5.0 (compatible; SemrushBot/7~bl; +http://www.semrush.com/bot.html)"
185.191.171.2 - - [05/Jul/2025:23:11:10 -0400] "GET /shop/?filter_cat=137%2C115%2C128%2C114%2C113 HTTP/1.1" 404 1251 "-" "Mozilla/5.0 (compatible; SemrushBot/7~bl; +http://www.semrush.com/bot.html)"
85.208.96.208 - - [05/Jul/2025:23:11:12 -0400] "GET /shop/?filter_cat=116%2C119%2C122%2C114%2C128 HTTP/1.1" 404 1251 "-" "Mozilla/5.0 (compatible; SemrushBot/7~bl; +http://www.semrush.com/bot.html)"
185.191.171.2 - - [05/Jul/2025:23:11:21 -0400] "GET /shop/?filter_cat=114%2C131%2C137%2C123%2C117 HTTP/1.1" 404 1251 "-" "Mozilla/5.0 (compatible; SemrushBot/7~bl; +http://www.semrush.com/bot.html)"
185.191.171.14 - - [05/Jul/2025:23:11:36 -0400] "GET /shop/?filter_cat=130%2C134%2C113%2C112%2C119 HTTP/1.1" 404 1251 "-" "Mozilla/5.0 (compatible; SemrushBot/7~bl; +http://www.semrush.com/bot.html)"
85.208.96.212 - - [05/Jul/2025:23:12:02 -0400] "GET /shop/?filter_cat=115%2C128%2C117%2C113%2C130 HTTP/1.1" 404 1251 "-" "Mozilla/5.0 (compatible; SemrushBot/7~bl; +http://www.semrush.com/bot.html)"
185.191.171.5 - - [05/Jul/2025:23:12:05 -0400] "GET /shop/?filter_cat=126%2C129%2C112%2C114 HTTP/1.1" 404 1251 "-" "Mozilla/5.0 (compatible; SemrushBot/7~bl; +http://www.semrush.com/bot.html)"
185.191.171.8 - - [05/Jul/2025:23:09:55 -0400] "GET /shop/?filter_cat=114%2C124%2C115%2C128%2C119 HTTP/1.1" 404 1251 "-" "Mozilla/5.0 (compatible; SemrushBot/7~bl; +http://www.semrush.com/bot.html)"
216.244.66.235 - - [05/Jul/2025:23:10:13 -0400] "GET /shop/?add-to-cart=7516&filter_cat=131,122,129,127 HTTP/1.1" 404 1251 "-" "Mozilla/5.0 (compatible; DotBot/1.2; +https://opensiteexplorer.org/dotbot; help@moz.com)"
185.191.171.8 - - [05/Jul/2025:23:11:06 -0400] "GET /shop/?filter_cat=117%2C112%2C135%2C128%2C129 HTTP/1.1" 404 1251 "-" "Mozilla/5.0 (compatible; SemrushBot/7~bl; +http://www.semrush.com/bot.html)"
85.208.96.208 - - [05/Jul/2025:23:11:08 -0400] "GET /shop/?filter_cat=113%2C114%2C112%2C127%2C129 HTTP/1.1" 404 1251 "-" "Mozilla/5.0 (compatible; SemrushBot/7~bl; +http://www.semrush.com/bot.html)"
185.191.171.6 - - [05/Jul/2025:23:11:52 -0400] "GET /shop/?filter_cat=137%2C124%2C123%2C122%2C129 HTTP/1.1" 404 1251 "-" "Mozilla/5.0 (compatible; SemrushBot/7~bl; +http://www.semrush.com/bot.html)"
185.191.171.11 - - [05/Jul/2025:23:12:10 -0400] "GET /shop/?filter_cat=115%2C121%2C128%2C118%2C119 HTTP/1.1" 404 1251 "-" "Mozilla/5.0 (compatible; SemrushBot/7~bl; +http://www.semrush.com/bot.html)"
85.208.96.200 - - [05/Jul/2025:23:12:36 -0400] "GET /shop/?filter_cat=137%2C131%2C129%2C117%2C115 HTTP/1.1" 404 1251 "-" "Mozilla/5.0 (compatible; SemrushBot/7~bl; +http://www.semrush.com/bot.html)"
114.119.143.119 - - [05/Jul/2025:23:13:00 -0400] "GET /shop/?stock_status=instock&on_sale=onsale&filter_cat=119,134,135,137,118,121 HTTP/1.1" 404 1251 "https://mm-deals.com/shop/?stock_status=instock&on_sale=onsale&filter_cat=134%2C135%2C137%2C118%2C121" "Mozilla/5.0 (Linux; Android 7.0;) AppleWebKit/537.36 (KHTML, like Gecko) Mobile Safari/537.36 (compatible; PetalBot;+https://webmaster.petalsearch.com/site/petalbot)"
185.191.171.14 - - [05/Jul/2025:23:13:17 -0400] "GET /shop/?filter_cat=137%2C126%2C116%2C127%2C120 HTTP/1.1" 404 1251 "-" "Mozilla/5.0 (compatible; SemrushBot/7~bl; +http://www.semrush.com/bot.html)"
85.208.96.209 - - [05/Jul/2025:23:13:55 -0400] "GET /shop/?filter_cat=135%2C134%2C121%2C118%2C115 HTTP/1.1" 404 1251 "-" "Mozilla/5.0 (compatible; SemrushBot/7~bl; +http://www.semrush.com/bot.html)"
185.191.171.12 - - [05/Jul/2025:23:14:01 -0400] "GET /shop/?filter_cat=117%2C115%2C122%2C118%2C114 HTTP/1.1" 404 1251 "-" "Mozilla/5.0 (compatible; SemrushBot/7~bl; +http://www.semrush.com/bot.html)"
185.191.171.10 - - [05/Jul/2025:23:14:33 -0400] "GET /shop/?filter_cat=116%2C123%2C137%2C134%2C118 HTTP/1.1" 404 1251 "-" "Mozilla/5.0 (compatible; SemrushBot/7~bl; +http://www.semrush.com/bot.html)"
185.191.171.10 - - [05/Jul/2025:23:14:51 -0400] "GET /shop/?filter_cat=114%2C125%2C122%2C128%2C127 HTTP/1.1" 404 1251 "-" "Mozilla/5.0 (compatible; SemrushBot/7~bl; +http://www.semrush.com/bot.html)"
85.208.96.205 - - [05/Jul/2025:23:15:00 -0400] "GET /shop/?filter_cat=135%2C112%2C114%2C125%2C116 HTTP/1.1" 404 1251 "-" "Mozilla/5.0 (compatible; SemrushBot/7~bl; +http://www.semrush.com/bot.html)"
85.208.96.206 - - [05/Jul/2025:23:15:04 -0400] "GET /shop/?filter_cat=117%2C118%2C120%2C127%2C116 HTTP/1.1" 404 1251 "-" "Mozilla/5.0 (compatible; SemrushBot/7~bl; +http://www.semrush.com/bot.html)"
85.208.96.202 - - [05/Jul/2025:23:15:10 -0400] "GET /shop/?filter_cat=120%2C134%2C113%2C125%2C129 HTTP/1.1" 404 1251 "-" "Mozilla/5.0 (compatible; SemrushBot/7~bl; +http://www.semrush.com/bot.html)"
85.208.96.204 - - [05/Jul/2025:23:15:16 -0400] "GET /shop/?filter_cat=117%2C126%2C112%2C128%2C130 HTTP/1.1" 404 1251 "-" "Mozilla/5.0 (compatible; SemrushBot/7~bl; +http://www.semrush.com/bot.html)"
185.191.171.19 - - [05/Jul/2025:23:15:18 -0400] "GET /shop/?filter_cat=116%2C124%2C129%2C123%2C126 HTTP/1.1" 404 1251 "-" "Mozilla/5.0 (compatible; SemrushBot/7~bl; +http://www.semrush.com/bot.html)"
85.208.96.209 - - [05/Jul/2025:23:15:29 -0400] "GET /shop/?filter_cat=116%2C122%2C112%2C117%2C118 HTTP/1.1" 404 1251 "-" "Mozilla/5.0 (compatible; SemrushBot/7~bl; +http://www.semrush.com/bot.html)"
185.191.171.17 - - [05/Jul/2025:23:16:03 -0400] "GET /shop/?filter_cat=114%2C137%2C135%2C112%2C128 HTTP/1.1" 404 1251 "-" "Mozilla/5.0 (compatible; SemrushBot/7~bl; +http://www.semrush.com/bot.html)"
85.208.96.205 - - [05/Jul/2025:23:16:09 -0400] "GET /shop/?filter_cat=137%2C122%2C123%2C134%2C112 HTTP/1.1" 404 1251 "-" "Mozilla/5.0 (compatible; SemrushBot/7~bl; +http://www.semrush.com/bot.html)"
185.191.171.18 - - [05/Jul/2025:23:16:16 -0400] "GET /shop/?filter_cat=116%2C131%2C117%2C118%2C125 HTTP/1.1" 404 1251 "-" "Mozilla/5.0 (compatible; SemrushBot/7~bl; +http://www.semrush.com/bot.html)"
85.208.96.202 - - [05/Jul/2025:23:17:15 -0400] "GET /shop/?filter_cat=137%2C135%2C121%2C114%2C126 HTTP/1.1" 404 1251 "-" "Mozilla/5.0 (compatible; SemrushBot/7~bl; +http://www.semrush.com/bot.html)"
85.208.96.210 - - [05/Jul/2025:23:17:34 -0400] "GET /shop/?filter_cat=117%2C116%2C134%2C129%2C126 HTTP/1.1" 404 1251 "-" "Mozilla/5.0 (compatible; SemrushBot/7~bl; +http://www.semrush.com/bot.html)"
85.208.96.194 - - [05/Jul/2025:23:18:32 -0400] "GET /shop/?filter_cat=115%2C124%2C127%2C126%2C112 HTTP/1.1" 404 1251 "-" "Mozilla/5.0 (compatible; SemrushBot/7~bl; +http://www.semrush.com/bot.html)"
188.239.41.209 - - [05/Jul/2025:23:12:13 -0400] "GET /product-category/baby_toys/page/2/?shop_view=grid_view&column=2 HTTP/1.1" 404 1251 "https://mm-deals.com/product-category/baby_toys/page/2/?shop_view=grid_view&column=2" "Mozilla/5.0 (Windows NT 10.0; Win64; x64) AppleWebKit/537.36 (KHTML, like Gecko) Chrome/107.0.0.0 Safari/537.36"
185.191.171.13 - - [05/Jul/2025:23:13:19 -0400] "GET /shop/?filter_cat=137%2C126%2C130%2C124%2C127 HTTP/1.1" 404 1251 "-" "Mozilla/5.0 (compatible; SemrushBot/7~bl; +http://www.semrush.com/bot.html)"
185.191.171.12 - - [05/Jul/2025:23:14:31 -0400] "GET /shop/?filter_cat=112%2C124%2C122%2C123%2C114 HTTP/1.1" 404 1251 "-" "Mozilla/5.0 (compatible; SemrushBot/7~bl; +http://www.semrush.com/bot.html)"
85.208.96.210 - - [05/Jul/2025:23:15:24 -0400] "GET /shop/?filter_cat=137%2C126%2C125%2C119%2C128 HTTP/1.1" 404 1251 "-" "Mozilla/5.0 (compatible; SemrushBot/7~bl; +http://www.semrush.com/bot.html)"
85.208.96.210 - - [05/Jul/2025:23:15:49 -0400] "GET /shop/?filter_cat=119%2C126%2C123%2C112%2C128 HTTP/1.1" 404 1251 "-" "Mozilla/5.0 (compatible; SemrushBot/7~bl; +http://www.semrush.com/bot.html)"
185.191.171.14 - - [05/Jul/2025:23:15:57 -0400] "GET /shop/?filter_cat=137%2C114%2C126%2C127%2C115 HTTP/1.1" 404 1251 "-" "Mozilla/5.0 (compatible; SemrushBot/7~bl; +http://www.semrush.com/bot.html)"
85.208.96.199 - - [05/Jul/2025:23:16:37 -0400] "GET /shop/?filter_cat=131%2C118%2C117%2C119%2C126 HTTP/1.1" 404 1251 "-" "Mozilla/5.0 (compatible; SemrushBot/7~bl; +http://www.semrush.com/bot.html)"
85.208.96.194 - - [05/Jul/2025:23:18:02 -0400] "GET /shop/?filter_cat=113%2C115%2C114%2C118%2C123 HTTP/1.1" 404 1251 "-" "Mozilla/5.0 (compatible; SemrushBot/7~bl; +http://www.semrush.com/bot.html)"
85.208.96.193 - - [05/Jul/2025:23:18:04 -0400] "GET /shop/?filter_cat=126%2C123%2C127%2C115 HTTP/1.1" 404 1251 "-" "Mozilla/5.0 (compatible; SemrushBot/7~bl; +http://www.semrush.com/bot.html)"
216.244.66.235 - - [05/Jul/2025:23:18:49 -0400] "GET /shop/?column=3&shop_view=list_view&filter_cat=125,129 HTTP/1.1" 404 1251 "-" "Mozilla/5.0 (compatible; DotBot/1.2; +https://opensiteexplorer.org/dotbot; help@moz.com)"
185.191.171.7 - - [05/Jul/2025:23:18:51 -0400] "GET /shop/?filter_cat=115%2C134%2C112%2C126%2C114 HTTP/1.1" 404 1251 "-" "Mozilla/5.0 (compatible; SemrushBot/7~bl; +http://www.semrush.com/bot.html)"
185.191.171.14 - - [05/Jul/2025:23:18:54 -0400] "GET /shop/?filter_cat=129%2C122%2C121%2C135 HTTP/1.1" 404 1251 "-" "Mozilla/5.0 (compatible; SemrushBot/7~bl; +http://www.semrush.com/bot.html)"
85.208.96.205 - - [05/Jul/2025:23:19:12 -0400] "GET /shop/?filter_cat=137%2C126%2C127%2C113%2C135 HTTP/1.1" 404 1251 "-" "Mozilla/5.0 (compatible; SemrushBot/7~bl; +http://www.semrush.com/bot.html)"
185.191.171.13 - - [05/Jul/2025:23:19:24 -0400] "GET /shop/?filter_cat=137%2C115%2C134%2C118%2C112 HTTP/1.1" 404 1251 "-" "Mozilla/5.0 (compatible; SemrushBot/7~bl; +http://www.semrush.com/bot.html)"
85.208.96.205 - - [05/Jul/2025:23:19:47 -0400] "GET /shop/?filter_cat=116%2C127%2C134%2C120%2C121 HTTP/1.1" 404 1251 "-" "Mozilla/5.0 (compatible; SemrushBot/7~bl; +http://www.semrush.com/bot.html)"
85.208.96.196 - - [05/Jul/2025:23:20:23 -0400] "GET /shop/?filter_cat=137%2C125%2C131%2C116%2C127 HTTP/1.1" 404 1251 "-" "Mozilla/5.0 (compatible; SemrushBot/7~bl; +http://www.semrush.com/bot.html)"
85.208.96.201 - - [05/Jul/2025:23:20:39 -0400] "GET /shop/?filter_cat=114%2C128%2C118%2C123%2C127 HTTP/1.1" 404 1251 "-" "Mozilla/5.0 (compatible; SemrushBot/7~bl; +http://www.semrush.com/bot.html)"
85.208.96.210 - - [05/Jul/2025:23:22:04 -0400] "GET /shop/?filter_cat=117%2C135%2C116%2C121%2C128 HTTP/1.1" 404 1251 "-" "Mozilla/5.0 (compatible; SemrushBot/7~bl; +http://www.semrush.com/bot.html)"
216.244.66.235 - - [05/Jul/2025:23:22:29 -0400] "GET /shop/?filter_cat=125,131&on_sale=onsale HTTP/1.1" 404 1251 "-" "Mozilla/5.0 (compatible; DotBot/1.2; +https://opensiteexplorer.org/dotbot; help@moz.com)"
85.208.96.198 - - [05/Jul/2025:23:19:01 -0400] "GET /shop/?filter_cat=115%2C114%2C131%2C123%2C120 HTTP/1.1" 404 1251 "-" "Mozilla/5.0 (compatible; SemrushBot/7~bl; +http://www.semrush.com/bot.html)"
85.208.96.194 - - [05/Jul/2025:23:19:10 -0400] "GET /shop/?filter_cat=117%2C126%2C128%2C119%2C124 HTTP/1.1" 404 1251 "-" "Mozilla/5.0 (compatible; SemrushBot/7~bl; +http://www.semrush.com/bot.html)"
85.208.96.203 - - [05/Jul/2025:23:19:17 -0400] "GET /shop/?filter_cat=130%2C128%2C125%2C137 HTTP/1.1" 404 1251 "-" "Mozilla/5.0 (compatible; SemrushBot/7~bl; +http://www.semrush.com/bot.html)"
185.191.171.19 - - [05/Jul/2025:23:19:26 -0400] "GET /shop/?filter_cat=112%2C123%2C135%2C134%2C129 HTTP/1.1" 404 1251 "-" "Mozilla/5.0 (compatible; SemrushBot/7~bl; +http://www.semrush.com/bot.html)"
85.208.96.198 - - [05/Jul/2025:23:19:49 -0400] "GET /shop/?filter_cat=130%2C135%2C112%2C113%2C123 HTTP/1.1" 404 1251 "-" "Mozilla/5.0 (compatible; SemrushBot/7~bl; +http://www.semrush.com/bot.html)"
85.208.96.201 - - [05/Jul/2025:23:20:04 -0400] "GET /shop/?filter_cat=135%2C113%2C120%2C114%2C125 HTTP/1.1" 404 1251 "-" "Mozilla/5.0 (compatible; SemrushBot/7~bl; +http://www.semrush.com/bot.html)"
85.208.96.195 - - [05/Jul/2025:23:20:06 -0400] "GET /shop/?filter_cat=117%2C137%2C116%2C122%2C124 HTTP/1.1" 404 1251 "-" "Mozilla/5.0 (compatible; SemrushBot/7~bl; +http://www.semrush.com/bot.html)"
185.191.171.15 - - [05/Jul/2025:23:20:17 -0400] "GET /shop/?filter_cat=115%2C135%2C126%2C130%2C119 HTTP/1.1" 404 1251 "-" "Mozilla/5.0 (compatible; SemrushBot/7~bl; +http://www.semrush.com/bot.html)"
114.119.134.212 - - [05/Jul/2025:23:20:21 -0400] "GET /shop/?stock_status=instock&on_sale=onsale&filter_cat=119,130,131,127,128 HTTP/1.1" 404 1251 "https://mm-deals.com/shop/?stock_status=instock&on_sale=onsale&filter_cat=130%2C131%2C127%2C128" "Mozilla/5.0 (Linux; Android 7.0;) AppleWebKit/537.36 (KHTML, like Gecko) Mobile Safari/537.36 (compatible; PetalBot;+https://webmaster.petalsearch.com/site/petalbot)"
185.191.171.15 - - [05/Jul/2025:23:21:15 -0400] "GET /shop/?filter_cat=117%2C131%2C121%2C134%2C130 HTTP/1.1" 404 1251 "-" "Mozilla/5.0 (compatible; SemrushBot/7~bl; +http://www.semrush.com/bot.html)"
85.208.96.196 - - [05/Jul/2025:23:21:53 -0400] "GET /shop/?filter_cat=137%2C114%2C117%2C121%2C130 HTTP/1.1" 404 1251 "-" "Mozilla/5.0 (compatible; SemrushBot/7~bl; +http://www.semrush.com/bot.html)"
85.208.96.195 - - [05/Jul/2025:23:22:08 -0400] "GET /shop/?filter_cat=117%2C112%2C129%2C119%2C125 HTTP/1.1" 404 1251 "-" "Mozilla/5.0 (compatible; SemrushBot/7~bl; +http://www.semrush.com/bot.html)"
85.208.96.196 - - [05/Jul/2025:23:23:13 -0400] "GET /shop/?filter_cat=117%2C119%2C123%2C122%2C128 HTTP/1.1" 404 1251 "-" "Mozilla/5.0 (compatible; SemrushBot/7~bl; +http://www.semrush.com/bot.html)"
185.191.171.15 - - [05/Jul/2025:23:23:26 -0400] "GET /shop/?filter_cat=112%2C124%2C128%2C118%2C137 HTTP/1.1" 404 1251 "-" "Mozilla/5.0 (compatible; SemrushBot/7~bl; +http://www.semrush.com/bot.html)"
185.191.171.11 - - [05/Jul/2025:23:23:30 -0400] "GET /shop/?filter_cat=134%2C113%2C129%2C130%2C120 HTTP/1.1" 404 1251 "-" "Mozilla/5.0 (compatible; SemrushBot/7~bl; +http://www.semrush.com/bot.html)"
85.208.96.203 - - [05/Jul/2025:23:24:28 -0400] "GET /shop/?filter_cat=135%2C116%2C118%2C129%2C131 HTTP/1.1" 404 1251 "-" "Mozilla/5.0 (compatible; SemrushBot/7~bl; +http://www.semrush.com/bot.html)"
85.208.96.193 - - [05/Jul/2025:23:25:15 -0400] "GET /shop/?filter_cat=137%2C126%2C130%2C118%2C131 HTTP/1.1" 404 1251 "-" "Mozilla/5.0 (compatible; SemrushBot/7~bl; +http://www.semrush.com/bot.html)"
185.191.171.7 - - [05/Jul/2025:23:26:04 -0400] "GET /shop/?filter_cat=117%2C118%2C128%2C129%2C126 HTTP/1.1" 404 1251 "-" "Mozilla/5.0 (compatible; SemrushBot/7~bl; +http://www.semrush.com/bot.html)"
85.208.96.210 - - [05/Jul/2025:23:26:14 -0400] "GET /shop/?filter_cat=112%2C121%2C120%2C119%2C124 HTTP/1.1" 404 1251 "-" "Mozilla/5.0 (compatible; SemrushBot/7~bl; +http://www.semrush.com/bot.html)"
185.191.171.17 - - [05/Jul/2025:23:22:33 -0400] "GET /shop/?filter_cat=137%2C125%2C135%2C131%2C117 HTTP/1.1" 404 1251 "-" "Mozilla/5.0 (compatible; SemrushBot/7~bl; +http://www.semrush.com/bot.html)"
185.191.171.13 - - [05/Jul/2025:23:22:49 -0400] "GET /shop/?filter_cat=113%2C118%2C122%2C115%2C112 HTTP/1.1" 404 1251 "-" "Mozilla/5.0 (compatible; SemrushBot/7~bl; +http://www.semrush.com/bot.html)"
85.208.96.194 - - [05/Jul/2025:23:22:53 -0400] "GET /shop/?filter_cat=116%2C129%2C126%2C119%2C130 HTTP/1.1" 404 1251 "-" "Mozilla/5.0 (compatible; SemrushBot/7~bl; +http://www.semrush.com/bot.html)"
85.208.96.210 - - [05/Jul/2025:23:23:08 -0400] "GET /shop/?filter_cat=137%2C123%2C115%2C124%2C130 HTTP/1.1" 404 1251 "-" "Mozilla/5.0 (compatible; SemrushBot/7~bl; +http://www.semrush.com/bot.html)"
85.208.96.196 - - [05/Jul/2025:23:23:11 -0400] "GET /shop/?filter_cat=112%2C126%2C113%2C131%2C121 HTTP/1.1" 404 1251 "-" "Mozilla/5.0 (compatible; SemrushBot/7~bl; +http://www.semrush.com/bot.html)"
185.191.171.12 - - [05/Jul/2025:23:23:18 -0400] "GET /shop/?filter_cat=113%2C135%2C125%2C137%2C128 HTTP/1.1" 404 1251 "-" "Mozilla/5.0 (compatible; SemrushBot/7~bl; +http://www.semrush.com/bot.html)"
185.191.171.12 - - [05/Jul/2025:23:23:48 -0400] "GET /shop/?filter_cat=122%2C124%2C117%2C137 HTTP/1.1" 404 1251 "-" "Mozilla/5.0 (compatible; SemrushBot/7~bl; +http://www.semrush.com/bot.html)"
185.191.171.11 - - [05/Jul/2025:23:24:08 -0400] "GET /shop/?filter_cat=127%2C114%2C130%2C128 HTTP/1.1" 404 1251 "-" "Mozilla/5.0 (compatible; SemrushBot/7~bl; +http://www.semrush.com/bot.html)"
85.208.96.207 - - [05/Jul/2025:23:24:10 -0400] "GET /shop/?filter_cat=116%2C124%2C122%2C126%2C113 HTTP/1.1" 404 1251 "-" "Mozilla/5.0 (compatible; SemrushBot/7~bl; +http://www.semrush.com/bot.html)"
85.208.96.207 - - [05/Jul/2025:23:24:22 -0400] "GET /shop/?filter_cat=130%2C129%2C116%2C134%2C120 HTTP/1.1" 404 1251 "-" "Mozilla/5.0 (compatible; SemrushBot/7~bl; +http://www.semrush.com/bot.html)"
185.191.171.12 - - [05/Jul/2025:23:24:25 -0400] "GET /shop/?filter_cat=114%2C128%2C126%2C127%2C115 HTTP/1.1" 404 1251 "-" "Mozilla/5.0 (compatible; SemrushBot/7~bl; +http://www.semrush.com/bot.html)"
85.208.96.198 - - [05/Jul/2025:23:24:44 -0400] "GET /shop/?filter_cat=137%2C135%2C124%2C131%2C125 HTTP/1.1" 404 1251 "-" "Mozilla/5.0 (compatible; SemrushBot/7~bl; +http://www.semrush.com/bot.html)"
85.208.96.210 - - [05/Jul/2025:23:27:16 -0400] "GET /shop/?filter_cat=131%2C119%2C121%2C127%2C122 HTTP/1.1" 404 1251 "-" "Mozilla/5.0 (compatible; SemrushBot/7~bl; +http://www.semrush.com/bot.html)"
185.191.171.19 - - [05/Jul/2025:23:27:21 -0400] "GET /shop/?filter_cat=137%2C122%2C115%2C118%2C131 HTTP/1.1" 404 1251 "-" "Mozilla/5.0 (compatible; SemrushBot/7~bl; +http://www.semrush.com/bot.html)"
114.119.157.111 - - [05/Jul/2025:23:27:43 -0400] "GET /shop/?stock_status=instock&on_sale=onsale&filter_cat=119,127,124,114,123,120,117,116,121 HTTP/1.1" 404 1251 "https://mm-deals.com/shop/?stock_status=instock&on_sale=onsale&filter_cat=127%2C124%2C114%2C123%2C120%2C117%2C116%2C121" "Mozilla/5.0 (Linux; Android 7.0;) AppleWebKit/537.36 (KHTML, like Gecko) Mobile Safari/537.36 (compatible; PetalBot;+https://webmaster.petalsearch.com/site/petalbot)"
185.191.171.7 - - [05/Jul/2025:23:28:14 -0400] "GET /shop/?filter_cat=135%2C125%2C124%2C128%2C114 HTTP/1.1" 404 1251 "-" "Mozilla/5.0 (compatible; SemrushBot/7~bl; +http://www.semrush.com/bot.html)"
185.191.171.11 - - [05/Jul/2025:23:28:25 -0400] "GET /shop/?filter_cat=137%2C118%2C122%2C125%2C126 HTTP/1.1" 404 1251 "-" "Mozilla/5.0 (compatible; SemrushBot/7~bl; +http://www.semrush.com/bot.html)"
185.191.171.1 - - [05/Jul/2025:23:28:27 -0400] "GET /shop/?filter_cat=131%2C134%2C116%2C120%2C112 HTTP/1.1" 404 1251 "-" "Mozilla/5.0 (compatible; SemrushBot/7~bl; +http://www.semrush.com/bot.html)"
85.208.96.195 - - [05/Jul/2025:23:28:51 -0400] "GET /shop/?filter_cat=137%2C117%2C135%2C120%2C115 HTTP/1.1" 404 1251 "-" "Mozilla/5.0 (compatible; SemrushBot/7~bl; +http://www.semrush.com/bot.html)"
185.191.171.15 - - [05/Jul/2025:23:26:27 -0400] "GET /shop/?filter_cat=112%2C137%2C120%2C115%2C123 HTTP/1.1" 404 1251 "-" "Mozilla/5.0 (compatible; SemrushBot/7~bl; +http://www.semrush.com/bot.html)"
185.191.171.10 - - [05/Jul/2025:23:26:34 -0400] "GET /shop/?filter_cat=112%2C124%2C127%2C118%2C116 HTTP/1.1" 404 1251 "-" "Mozilla/5.0 (compatible; SemrushBot/7~bl; +http://www.semrush.com/bot.html)"
185.191.171.2 - - [05/Jul/2025:23:26:50 -0400] "GET /shop/?filter_cat=130%2C116%2C117%2C118%2C123 HTTP/1.1" 404 1251 "-" "Mozilla/5.0 (compatible; SemrushBot/7~bl; +http://www.semrush.com/bot.html)"
185.191.171.6 - - [05/Jul/2025:23:26:54 -0400] "GET /shop/?filter_cat=137%2C134%2C123%2C124%2C129 HTTP/1.1" 404 1251 "-" "Mozilla/5.0 (compatible; SemrushBot/7~bl; +http://www.semrush.com/bot.html)"
185.191.171.7 - - [05/Jul/2025:23:27:11 -0400] "GET /shop/?filter_cat=135%2C112%2C134%2C122%2C126 HTTP/1.1" 404 1251 "-" "Mozilla/5.0 (compatible; SemrushBot/7~bl; +http://www.semrush.com/bot.html)"
185.191.171.11 - - [05/Jul/2025:23:27:19 -0400] "GET /shop/?filter_cat=119%2C137%2C134%2C135 HTTP/1.1" 404 1251 "-" "Mozilla/5.0 (compatible; SemrushBot/7~bl; +http://www.semrush.com/bot.html)"
185.191.171.16 - - [05/Jul/2025:23:27:27 -0400] "GET /shop/?filter_cat=115%2C119%2C114%2C123%2C122 HTTP/1.1" 404 1251 "-" "Mozilla/5.0 (compatible; SemrushBot/7~bl; +http://www.semrush.com/bot.html)"
85.208.96.195 - - [05/Jul/2025:23:27:28 -0400] "GET /shop/?filter_cat=115%2C124%2C129%2C119%2C131 HTTP/1.1" 404 1251 "-" "Mozilla/5.0 (compatible; SemrushBot/7~bl; +http://www.semrush.com/bot.html)"
185.191.171.2 - - [05/Jul/2025:23:27:49 -0400] "GET /shop/?filter_cat=113%2C115%2C117%2C112%2C122 HTTP/1.1" 404 1251 "-" "Mozilla/5.0 (compatible; SemrushBot/7~bl; +http://www.semrush.com/bot.html)"
185.191.171.15 - - [05/Jul/2025:23:28:07 -0400] "GET /shop/?filter_cat=113%2C125%2C134%2C131%2C124 HTTP/1.1" 404 1251 "-" "Mozilla/5.0 (compatible; SemrushBot/7~bl; +http://www.semrush.com/bot.html)"
85.208.96.198 - - [05/Jul/2025:23:28:30 -0400] "GET /shop/?filter_cat=134%2C115%2C114%2C119%2C118 HTTP/1.1" 404 1251 "-" "Mozilla/5.0 (compatible; SemrushBot/7~bl; +http://www.semrush.com/bot.html)"
185.191.171.2 - - [05/Jul/2025:23:29:16 -0400] "GET /shop/?filter_cat=113%2C134%2C137%2C112%2C122 HTTP/1.1" 404 1251 "-" "Mozilla/5.0 (compatible; SemrushBot/7~bl; +http://www.semrush.com/bot.html)"
85.208.96.196 - - [05/Jul/2025:23:30:04 -0400] "GET /shop/?filter_cat=137%2C113%2C135%2C130%2C123 HTTP/1.1" 404 1251 "-" "Mozilla/5.0 (compatible; SemrushBot/7~bl; +http://www.semrush.com/bot.html)"
66.249.65.99 - - [05/Jul/2025:23:30:16 -0400] "GET /shop/page/3/?perpage=12&filter_cat=120%2C114%2C127%2C119%2C121%2C135%2C137%2C113%2C125&on_sale=onsale&shop_view=list_view&column=2 HTTP/1.1" 404 1251 "-" "Mozilla/5.0 (Linux; Android 6.0.1; Nexus 5X Build/MMB29P) AppleWebKit/537.36 (KHTML, like Gecko) Chrome/137.0.7151.103 Mobile Safari/537.36 (compatible; Googlebot/2.1; +http://www.google.com/bot.html)"
185.191.171.6 - - [05/Jul/2025:23:30:35 -0400] "GET /shop/?filter_cat=120%2C137%2C134%2C127%2C130 HTTP/1.1" 404 1251 "-" "Mozilla/5.0 (compatible; SemrushBot/7~bl; +http://www.semrush.com/bot.html)"
185.191.171.7 - - [05/Jul/2025:23:30:56 -0400] "GET /shop/?filter_cat=134%2C131%2C124%2C115%2C114 HTTP/1.1" 404 1251 "-" "Mozilla/5.0 (compatible; SemrushBot/7~bl; +http://www.semrush.com/bot.html)"
85.208.96.205 - - [05/Jul/2025:23:31:14 -0400] "GET /shop/?filter_cat=134%2C115%2C113%2C122%2C123 HTTP/1.1" 404 1251 "-" "Mozilla/5.0 (compatible; SemrushBot/7~bl; +http://www.semrush.com/bot.html)"
85.208.96.201 - - [05/Jul/2025:23:31:17 -0400] "GET /shop/?filter_cat=114%2C124%2C115%2C117%2C127 HTTP/1.1" 404 1251 "-" "Mozilla/5.0 (compatible; SemrushBot/7~bl; +http://www.semrush.com/bot.html)"
185.191.171.7 - - [05/Jul/2025:23:31:21 -0400] "GET /shop/?filter_cat=135%2C126%2C129%2C119%2C114 HTTP/1.1" 404 1251 "-" "Mozilla/5.0 (compatible; SemrushBot/7~bl; +http://www.semrush.com/bot.html)"
185.191.171.2 - - [05/Jul/2025:23:31:30 -0400] "GET /shop/?filter_cat=125%2C115%2C119%2C127 HTTP/1.1" 404 1251 "-" "Mozilla/5.0 (compatible; SemrushBot/7~bl; +http://www.semrush.com/bot.html)"
185.191.171.7 - - [05/Jul/2025:23:31:33 -0400] "GET /shop/?filter_cat=116%2C128%2C113%2C129%2C115 HTTP/1.1" 404 1251 "-" "Mozilla/5.0 (compatible; SemrushBot/7~bl; +http://www.semrush.com/bot.html)"
185.191.171.13 - - [05/Jul/2025:23:31:57 -0400] "GET /shop/?filter_cat=113%2C129%2C128%2C131%2C116 HTTP/1.1" 404 1251 "-" "Mozilla/5.0 (compatible; SemrushBot/7~bl; +http://www.semrush.com/bot.html)"
85.208.96.205 - - [05/Jul/2025:23:32:27 -0400] "GET /shop/?filter_cat=115%2C124%2C135%2C117%2C137 HTTP/1.1" 404 1251 "-" "Mozilla/5.0 (compatible; SemrushBot/7~bl; +http://www.semrush.com/bot.html)"
85.208.96.208 - - [05/Jul/2025:23:32:32 -0400] "GET /shop/?filter_cat=129%2C131%2C128%2C135%2C125 HTTP/1.1" 404 1251 "-" "Mozilla/5.0 (compatible; SemrushBot/7~bl; +http://www.semrush.com/bot.html)"
85.208.96.208 - - [05/Jul/2025:23:32:44 -0400] "GET /shop/?filter_cat=137%2C131%2C134%2C123%2C124 HTTP/1.1" 404 1251 "-" "Mozilla/5.0 (compatible; SemrushBot/7~bl; +http://www.semrush.com/bot.html)"
85.208.96.211 - - [05/Jul/2025:23:32:57 -0400] "GET /shop/?filter_cat=112%2C127%2C120%2C115%2C121 HTTP/1.1" 404 1251 "-" "Mozilla/5.0 (compatible; SemrushBot/7~bl; +http://www.semrush.com/bot.html)"
185.191.171.16 - - [05/Jul/2025:23:34:06 -0400] "GET /shop/?filter_cat=117%2C125%2C113%2C135 HTTP/1.1" 404 1251 "-" "Mozilla/5.0 (compatible; SemrushBot/7~bl; +http://www.semrush.com/bot.html)"
85.208.96.201 - - [05/Jul/2025:23:35:03 -0400] "GET /shop/?filter_cat=117%2C127%2C126%2C120%2C135 HTTP/1.1" 404 1251 "-" "Mozilla/5.0 (compatible; SemrushBot/7~bl; +http://www.semrush.com/bot.html)"
85.208.96.202 - - [05/Jul/2025:23:35:12 -0400] "GET /shop/?filter_cat=135%2C115%2C112%2C130%2C134 HTTP/1.1" 404 1251 "-" "Mozilla/5.0 (compatible; SemrushBot/7~bl; +http://www.semrush.com/bot.html)"
85.208.96.194 - - [05/Jul/2025:23:35:16 -0400] "GET /shop/?filter_cat=116%2C121%2C113%2C126%2C130 HTTP/1.1" 404 1251 "-" "Mozilla/5.0 (compatible; SemrushBot/7~bl; +http://www.semrush.com/bot.html)"
185.191.171.13 - - [05/Jul/2025:23:30:37 -0400] "GET /shop/?filter_cat=116%2C121%2C117%2C135%2C137 HTTP/1.1" 404 1251 "-" "Mozilla/5.0 (compatible; SemrushBot/7~bl; +http://www.semrush.com/bot.html)"
185.191.171.1 - - [05/Jul/2025:23:30:39 -0400] "GET /shop/?filter_cat=116%2C134%2C113%2C137%2C120 HTTP/1.1" 404 1251 "-" "Mozilla/5.0 (compatible; SemrushBot/7~bl; +http://www.semrush.com/bot.html)"
185.191.171.2 - - [05/Jul/2025:23:30:52 -0400] "GET /shop/?filter_cat=137%2C117%2C112%2C124%2C121 HTTP/1.1" 404 1251 "-" "Mozilla/5.0 (compatible; SemrushBot/7~bl; +http://www.semrush.com/bot.html)"
185.191.171.16 - - [05/Jul/2025:23:31:18 -0400] "GET /robots.txt HTTP/1.1" 200 200 "-" "Mozilla/5.0 (compatible; SemrushBot/7~bl; +http://www.semrush.com/bot.html)"
185.191.171.19 - - [05/Jul/2025:23:31:19 -0400] "GET /shop/?filter_cat=112%2C137%2C127%2C120%2C134 HTTP/1.1" 404 1251 "-" "Mozilla/5.0 (compatible; SemrushBot/7~bl; +http://www.semrush.com/bot.html)"
185.191.171.5 - - [05/Jul/2025:23:32:10 -0400] "GET /shop/?filter_cat=134%2C125%2C123%2C137%2C127 HTTP/1.1" 404 1251 "-" "Mozilla/5.0 (compatible; SemrushBot/7~bl; +http://www.semrush.com/bot.html)"
85.208.96.195 - - [05/Jul/2025:23:32:16 -0400] "GET /shop/?filter_cat=116%2C115%2C131%2C135%2C127 HTTP/1.1" 404 1251 "-" "Mozilla/5.0 (compatible; SemrushBot/7~bl; +http://www.semrush.com/bot.html)"
85.208.96.205 - - [05/Jul/2025:23:33:16 -0400] "GET /shop/?filter_cat=114%2C135%2C128%2C131%2C127 HTTP/1.1" 404 1251 "-" "Mozilla/5.0 (compatible; SemrushBot/7~bl; +http://www.semrush.com/bot.html)"
85.208.96.195 - - [05/Jul/2025:23:34:36 -0400] "GET /shop/?filter_cat=135%2C123%2C131%2C137%2C128 HTTP/1.1" 404 1251 "-" "Mozilla/5.0 (compatible; SemrushBot/7~bl; +http://www.semrush.com/bot.html)"
185.191.171.15 - - [05/Jul/2025:23:34:38 -0400] "GET /shop/?filter_cat=137%2C135%2C120%2C128%2C114 HTTP/1.1" 404 1251 "-" "Mozilla/5.0 (compatible; SemrushBot/7~bl; +http://www.semrush.com/bot.html)"
185.191.171.8 - - [05/Jul/2025:23:34:54 -0400] "GET /shop/?filter_cat=113%2C115%2C114%2C130%2C131 HTTP/1.1" 404 1251 "-" "Mozilla/5.0 (compatible; SemrushBot/7~bl; +http://www.semrush.com/bot.html)"
185.191.171.9 - - [05/Jul/2025:23:34:56 -0400] "GET /shop/?filter_cat=137%2C113%2C116%2C114%2C117 HTTP/1.1" 404 1251 "-" "Mozilla/5.0 (compatible; SemrushBot/7~bl; +http://www.semrush.com/bot.html)"
114.119.134.212 - - [05/Jul/2025:23:35:06 -0400] "GET /shop/?stock_status=instock&on_sale=onsale&filter_cat=119,125 HTTP/1.1" 404 1251 "https://mm-deals.com/shop/?stock_status=instock&on_sale=onsale&filter_cat=125" "Mozilla/5.0 (Linux; Android 7.0;) AppleWebKit/537.36 (KHTML, like Gecko) Mobile Safari/537.36 (compatible; PetalBot;+https://webmaster.petalsearch.com/site/petalbot)"
185.191.171.10 - - [05/Jul/2025:23:36:10 -0400] "GET /shop/?filter_cat=116%2C128%2C122%2C130%2C129 HTTP/1.1" 404 1251 "-" "Mozilla/5.0 (compatible; SemrushBot/7~bl; +http://www.semrush.com/bot.html)"
185.191.171.13 - - [05/Jul/2025:23:36:19 -0400] "GET /shop/?filter_cat=130%2C119%2C117%2C123%2C137 HTTP/1.1" 404 1251 "-" "Mozilla/5.0 (compatible; SemrushBot/7~bl; +http://www.semrush.com/bot.html)"
85.208.96.195 - - [05/Jul/2025:23:36:36 -0400] "GET /shop/?filter_cat=137%2C116%2C114%2C121%2C130 HTTP/1.1" 404 1251 "-" "Mozilla/5.0 (compatible; SemrushBot/7~bl; +http://www.semrush.com/bot.html)"
185.191.171.6 - - [05/Jul/2025:23:36:45 -0400] "GET /shop/?filter_cat=113%2C126%2C118%2C134%2C117 HTTP/1.1" 404 1251 "-" "Mozilla/5.0 (compatible; SemrushBot/7~bl; +http://www.semrush.com/bot.html)"
85.208.96.194 - - [05/Jul/2025:23:37:19 -0400] "GET /shop/?filter_cat=117%2C129%2C127%2C137%2C123 HTTP/1.1" 404 1251 "-" "Mozilla/5.0 (compatible; SemrushBot/7~bl; +http://www.semrush.com/bot.html)"
85.208.96.210 - - [05/Jul/2025:23:38:37 -0400] "GET /shop/?filter_cat=112%2C117%2C129%2C124%2C126 HTTP/1.1" 404 1251 "-" "Mozilla/5.0 (compatible; SemrushBot/7~bl; +http://www.semrush.com/bot.html)"
85.208.96.212 - - [05/Jul/2025:23:38:55 -0400] "GET /shop/?filter_cat=116%2C128%2C124%2C126%2C113 HTTP/1.1" 404 1251 "-" "Mozilla/5.0 (compatible; SemrushBot/7~bl; +http://www.semrush.com/bot.html)"
85.208.96.193 - - [05/Jul/2025:23:39:14 -0400] "GET /shop/?filter_cat=137%2C135%2C128%2C119%2C129 HTTP/1.1" 404 1251 "-" "Mozilla/5.0 (compatible; SemrushBot/7~bl; +http://www.semrush.com/bot.html)"
85.208.96.205 - - [05/Jul/2025:23:39:16 -0400] "GET /shop/?filter_cat=112%2C119%2C126%2C130%2C115 HTTP/1.1" 404 1251 "-" "Mozilla/5.0 (compatible; SemrushBot/7~bl; +http://www.semrush.com/bot.html)"
85.208.96.197 - - [05/Jul/2025:23:39:25 -0400] "GET /shop/?filter_cat=135%2C129%2C120%2C123%2C113 HTTP/1.1" 404 1251 "-" "Mozilla/5.0 (compatible; SemrushBot/7~bl; +http://www.semrush.com/bot.html)"
185.191.171.3 - - [05/Jul/2025:23:35:21 -0400] "GET /shop/?filter_cat=116%2C137%2C126%2C113 HTTP/1.1" 404 1251 "-" "Mozilla/5.0 (compatible; SemrushBot/7~bl; +http://www.semrush.com/bot.html)"
185.191.171.16 - - [05/Jul/2025:23:35:24 -0400] "GET /shop/?filter_cat=116%2C129%2C112%2C120%2C121 HTTP/1.1" 404 1251 "-" "Mozilla/5.0 (compatible; SemrushBot/7~bl; +http://www.semrush.com/bot.html)"
185.191.171.2 - - [05/Jul/2025:23:35:30 -0400] "GET /shop/?filter_cat=137%2C115%2C127%2C134%2C121 HTTP/1.1" 404 1251 "-" "Mozilla/5.0 (compatible; SemrushBot/7~bl; +http://www.semrush.com/bot.html)"
66.249.65.98 - - [05/Jul/2025:23:35:33 -0400] "GET /shop/?perpage=12&filter_cat=122,114,115,128,117,113,112,135&column=4&shop_view=grid_view&on_sale=onsale HTTP/1.1" 404 1251 "-" "Mozilla/5.0 (Linux; Android 6.0.1; Nexus 5X Build/MMB29P) AppleWebKit/537.36 (KHTML, like Gecko) Chrome/137.0.7151.103 Mobile Safari/537.36 (compatible; Googlebot/2.1; +http://www.google.com/bot.html)"
185.191.171.9 - - [05/Jul/2025:23:35:47 -0400] "GET /shop/?filter_cat=112%2C114%2C129%2C119 HTTP/1.1" 404 1251 "-" "Mozilla/5.0 (compatible; SemrushBot/7~bl; +http://www.semrush.com/bot.html)"
85.208.96.194 - - [05/Jul/2025:23:36:08 -0400] "GET /shop/?filter_cat=115%2C124%2C122%2C135%2C123 HTTP/1.1" 404 1251 "-" "Mozilla/5.0 (compatible; SemrushBot/7~bl; +http://www.semrush.com/bot.html)"
85.208.96.205 - - [05/Jul/2025:23:36:43 -0400] "GET /shop/?filter_cat=116%2C131%2C126%2C118%2C115 HTTP/1.1" 404 1251 "-" "Mozilla/5.0 (compatible; SemrushBot/7~bl; +http://www.semrush.com/bot.html)"
66.249.65.99 - - [05/Jul/2025:23:37:03 -0400] "GET /shop/?perpage=12&filter_cat=126,131,123,115,113,120,112,130,125,122&shop_view=list_view&stock_status=instock&on_sale=onsale HTTP/1.1" 404 1251 "-" "Mozilla/5.0 (Linux; Android 6.0.1; Nexus 5X Build/MMB29P) AppleWebKit/537.36 (KHTML, like Gecko) Chrome/137.0.7151.103 Mobile Safari/537.36 (compatible; Googlebot/2.1; +http://www.google.com/bot.html)"
85.208.96.195 - - [05/Jul/2025:23:37:04 -0400] "GET /shop/?filter_cat=134%2C118%2C127%2C123%2C122 HTTP/1.1" 404 1251 "-" "Mozilla/5.0 (compatible; SemrushBot/7~bl; +http://www.semrush.com/bot.html)"
85.208.96.206 - - [05/Jul/2025:23:38:06 -0400] "GET /shop/?filter_cat=116%2C137%2C127%2C118%2C115 HTTP/1.1" 404 1251 "-" "Mozilla/5.0 (compatible; SemrushBot/7~bl; +http://www.semrush.com/bot.html)"
66.249.65.98 - - [05/Jul/2025:23:38:21 -0400] "GET /shop/?perpage=12&filter_cat=128,134,115,131,123,113,137,112,130,125,122&column=3&shop_view=grid_view&on_sale=onsale HTTP/1.1" 404 1251 "-" "Mozilla/5.0 (Linux; Android 6.0.1; Nexus 5X Build/MMB29P) AppleWebKit/537.36 (KHTML, like Gecko) Chrome/137.0.7151.103 Mobile Safari/537.36 (compatible; Googlebot/2.1; +http://www.google.com/bot.html)"
85.208.96.204 - - [05/Jul/2025:23:38:46 -0400] "GET /shop/?filter_cat=137%2C115%2C114%2C130%2C116 HTTP/1.1" 404 1251 "-" "Mozilla/5.0 (compatible; SemrushBot/7~bl; +http://www.semrush.com/bot.html)"
185.191.171.9 - - [05/Jul/2025:23:39:06 -0400] "GET /shop/?filter_cat=112%2C128%2C122%2C135%2C120 HTTP/1.1" 404 1251 "-" "Mozilla/5.0 (compatible; SemrushBot/7~bl; +http://www.semrush.com/bot.html)"
85.208.96.195 - - [05/Jul/2025:23:39:12 -0400] "GET /shop/?filter_cat=125%2C129%2C116%2C112 HTTP/1.1" 404 1251 "-" "Mozilla/5.0 (compatible; SemrushBot/7~bl; +http://www.semrush.com/bot.html)"
185.191.171.1 - - [05/Jul/2025:23:39:31 -0400] "GET /shop/?filter_cat=116%2C121%2C120%2C127%2C137 HTTP/1.1" 404 1251 "-" "Mozilla/5.0 (compatible; SemrushBot/7~bl; +http://www.semrush.com/bot.html)"
185.191.171.9 - - [05/Jul/2025:23:39:36 -0400] "GET /shop/?filter_cat=137%2C135%2C126%2C114%2C116 HTTP/1.1" 404 1251 "-" "Mozilla/5.0 (compatible; SemrushBot/7~bl; +http://www.semrush.com/bot.html)"
66.249.65.98 - - [05/Jul/2025:23:39:51 -0400] "GET /shop/?perpage=12&filter_cat=131,134,127,114,119,125,116,128,135,120,123,113&column=3&shop_view=list_view&on_sale=onsale&stock_status=instock HTTP/1.1" 404 1251 "-" "Mozilla/5.0 (Linux; Android 6.0.1; Nexus 5X Build/MMB29P) AppleWebKit/537.36 (KHTML, like Gecko) Chrome/137.0.7151.103 Mobile Safari/537.36 (compatible; Googlebot/2.1; +http://www.google.com/bot.html)"
85.208.96.195 - - [05/Jul/2025:23:40:08 -0400] "GET /shop/?filter_cat=135%2C127%2C117%2C123%2C131 HTTP/1.1" 404 1251 "-" "Mozilla/5.0 (compatible; SemrushBot/7~bl; +http://www.semrush.com/bot.html)"
185.191.171.7 - - [05/Jul/2025:23:40:40 -0400] "GET /shop/?filter_cat=116%2C134%2C124%2C121%2C130 HTTP/1.1" 404 1251 "-" "Mozilla/5.0 (compatible; SemrushBot/7~bl; +http://www.semrush.com/bot.html)"
185.191.171.5 - - [05/Jul/2025:23:40:47 -0400] "GET /shop/?filter_cat=113%2C135%2C114%2C129%2C112 HTTP/1.1" 404 1251 "-" "Mozilla/5.0 (compatible; SemrushBot/7~bl; +http://www.semrush.com/bot.html)"
85.208.96.194 - - [05/Jul/2025:23:41:19 -0400] "GET /shop/?filter_cat=113%2C116%2C117%2C130%2C134 HTTP/1.1" 404 1251 "-" "Mozilla/5.0 (compatible; SemrushBot/7~bl; +http://www.semrush.com/bot.html)"
66.249.65.98 - - [05/Jul/2025:23:42:28 -0400] "GET /shop/?perpage=12&filter_cat=126,127,130,115,128,117,120,121,134,112&column=3&shop_view=grid_view&on_sale=onsale HTTP/1.1" 404 1251 "-" "Mozilla/5.0 (Linux; Android 6.0.1; Nexus 5X Build/MMB29P) AppleWebKit/537.36 (KHTML, like Gecko) Chrome/137.0.7151.103 Mobile Safari/537.36 (compatible; Googlebot/2.1; +http://www.google.com/bot.html)"
114.119.155.44 - - [05/Jul/2025:23:42:30 -0400] "GET /shop/?stock_status=instock&on_sale=onsale&filter_cat=118,137,131,115,135 HTTP/1.1" 404 1251 "https://mm-deals.com/shop/?stock_status=instock&on_sale=onsale&filter_cat=137%2C131%2C115%2C135" "Mozilla/5.0 (Linux; Android 7.0;) AppleWebKit/537.36 (KHTML, like Gecko) Mobile Safari/537.36 (compatible; PetalBot;+https://webmaster.petalsearch.com/site/petalbot)"
185.191.171.4 - - [05/Jul/2025:23:42:38 -0400] "GET /shop/?filter_cat=113%2C117%2C112%2C135%2C114 HTTP/1.1" 404 1251 "-" "Mozilla/5.0 (compatible; SemrushBot/7~bl; +http://www.semrush.com/bot.html)"
185.191.171.19 - - [05/Jul/2025:23:42:56 -0400] "GET /shop/?filter_cat=112%2C124%2C113%2C128%2C115 HTTP/1.1" 404 1251 "-" "Mozilla/5.0 (compatible; SemrushBot/7~bl; +http://www.semrush.com/bot.html)"
85.208.96.206 - - [05/Jul/2025:23:42:58 -0400] "GET /shop/?filter_cat=125%2C116%2C128%2C121 HTTP/1.1" 404 1251 "-" "Mozilla/5.0 (compatible; SemrushBot/7~bl; +http://www.semrush.com/bot.html)"
85.208.96.206 - - [05/Jul/2025:23:43:13 -0400] "GET /shop/?filter_cat=116%2C135%2C137%2C124%2C131 HTTP/1.1" 404 1251 "-" "Mozilla/5.0 (compatible; SemrushBot/7~bl; +http://www.semrush.com/bot.html)"
185.191.171.15 - - [05/Jul/2025:23:43:17 -0400] "GET /shop/?filter_cat=128%2C135%2C130%2C137 HTTP/1.1" 404 1251 "-" "Mozilla/5.0 (compatible; SemrushBot/7~bl; +http://www.semrush.com/bot.html)"
185.191.171.11 - - [05/Jul/2025:23:43:23 -0400] "GET /shop/?filter_cat=114%2C128%2C135%2C113%2C125 HTTP/1.1" 404 1251 "-" "Mozilla/5.0 (compatible; SemrushBot/7~bl; +http://www.semrush.com/bot.html)"
216.244.66.235 - - [05/Jul/2025:23:43:40 -0400] "GET /robots.txt HTTP/1.1" 200 1980 "-" "Mozilla/5.0 (compatible; DotBot/1.2; +https://opensiteexplorer.org/dotbot; help@moz.com)"
185.191.171.8 - - [05/Jul/2025:23:43:41 -0400] "GET /shop/?filter_cat=134%2C137%2C119%2C120%2C135 HTTP/1.1" 404 1251 "-" "Mozilla/5.0 (compatible; SemrushBot/7~bl; +http://www.semrush.com/bot.html)"
66.249.65.98 - - [05/Jul/2025:23:45:04 -0400] "GET /shop/?filter_cat=112,131,134&column=3&shop_view=grid_view&stock_status=instock&on_sale=onsale HTTP/1.1" 404 1251 "-" "Mozilla/5.0 (Linux; Android 6.0.1; Nexus 5X Build/MMB29P) AppleWebKit/537.36 (KHTML, like Gecko) Chrome/137.0.7151.103 Mobile Safari/537.36 (compatible; Googlebot/2.1; +http://www.google.com/bot.html)"
185.191.171.11 - - [05/Jul/2025:23:45:19 -0400] "GET /shop/?filter_cat=116%2C115%2C112%2C114%2C124 HTTP/1.1" 404 1251 "-" "Mozilla/5.0 (compatible; SemrushBot/7~bl; +http://www.semrush.com/bot.html)"
185.191.171.19 - - [05/Jul/2025:23:45:21 -0400] "GET /shop/?filter_cat=134%2C113%2C120%2C116%2C114 HTTP/1.1" 404 1251 "-" "Mozilla/5.0 (compatible; SemrushBot/7~bl; +http://www.semrush.com/bot.html)"
85.208.96.202 - - [05/Jul/2025:23:40:01 -0400] "GET /shop/?filter_cat=135%2C120%2C112%2C119%2C117 HTTP/1.1" 404 1251 "-" "Mozilla/5.0 (compatible; SemrushBot/7~bl; +http://www.semrush.com/bot.html)"
85.208.96.195 - - [05/Jul/2025:23:40:17 -0400] "GET /shop/?filter_cat=114%2C125%2C121%2C115%2C123 HTTP/1.1" 404 1251 "-" "Mozilla/5.0 (compatible; SemrushBot/7~bl; +http://www.semrush.com/bot.html)"
185.191.171.18 - - [05/Jul/2025:23:40:20 -0400] "GET /shop/?filter_cat=112%2C134%2C118%2C124%2C120 HTTP/1.1" 404 1251 "-" "Mozilla/5.0 (compatible; SemrushBot/7~bl; +http://www.semrush.com/bot.html)"
185.191.171.14 - - [05/Jul/2025:23:40:52 -0400] "GET /shop/?filter_cat=116%2C135%2C127%2C134%2C121 HTTP/1.1" 404 1251 "-" "Mozilla/5.0 (compatible; SemrushBot/7~bl; +http://www.semrush.com/bot.html)"
85.208.96.201 - - [05/Jul/2025:23:41:08 -0400] "GET /shop/?filter_cat=137%2C127%2C135%2C128%2C134 HTTP/1.1" 404 1251 "-" "Mozilla/5.0 (compatible; SemrushBot/7~bl; +http://www.semrush.com/bot.html)"
185.191.171.11 - - [05/Jul/2025:23:42:08 -0400] "GET /shop/?filter_cat=137%2C130%2C127%2C118%2C115 HTTP/1.1" 404 1251 "-" "Mozilla/5.0 (compatible; SemrushBot/7~bl; +http://www.semrush.com/bot.html)"
85.208.96.206 - - [05/Jul/2025:23:43:20 -0400] "GET /shop/?filter_cat=135%2C134%2C124%2C118%2C119 HTTP/1.1" 404 1251 "-" "Mozilla/5.0 (compatible; SemrushBot/7~bl; +http://www.semrush.com/bot.html)"
185.191.171.8 - - [05/Jul/2025:23:43:39 -0400] "GET /shop/?filter_cat=117%2C120%2C130%2C112%2C119 HTTP/1.1" 404 1251 "-" "Mozilla/5.0 (compatible; SemrushBot/7~bl; +http://www.semrush.com/bot.html)"
85.208.96.206 - - [05/Jul/2025:23:43:43 -0400] "GET /shop/?filter_cat=115%2C123%2C112%2C129%2C125 HTTP/1.1" 404 1251 "-" "Mozilla/5.0 (compatible; SemrushBot/7~bl; +http://www.semrush.com/bot.html)"
85.208.96.197 - - [05/Jul/2025:23:44:05 -0400] "GET /shop/?filter_cat=113%2C125%2C127%2C130%2C120 HTTP/1.1" 404 1251 "-" "Mozilla/5.0 (compatible; SemrushBot/7~bl; +http://www.semrush.com/bot.html)"
85.208.96.196 - - [05/Jul/2025:23:44:08 -0400] "GET /shop/?filter_cat=137%2C130%2C124%2C134%2C126 HTTP/1.1" 404 1251 "-" "Mozilla/5.0 (compatible; SemrushBot/7~bl; +http://www.semrush.com/bot.html)"
185.191.171.13 - - [05/Jul/2025:23:44:21 -0400] "GET /shop/?filter_cat=112%2C127%2C137%2C123%2C129 HTTP/1.1" 404 1251 "-" "Mozilla/5.0 (compatible; SemrushBot/7~bl; +http://www.semrush.com/bot.html)"
185.191.171.18 - - [05/Jul/2025:23:44:31 -0400] "GET /shop/?filter_cat=112%2C128%2C114%2C137%2C131 HTTP/1.1" 404 1251 "-" "Mozilla/5.0 (compatible; SemrushBot/7~bl; +http://www.semrush.com/bot.html)"
85.208.96.206 - - [05/Jul/2025:23:44:45 -0400] "GET /shop/?filter_cat=117%2C128%2C135%2C126%2C119 HTTP/1.1" 404 1251 "-" "Mozilla/5.0 (compatible; SemrushBot/7~bl; +http://www.semrush.com/bot.html)"
