20.171.207.201 - - [05/Jul/2025:08:34:55 -0400] "GET /item.php?filesrc=%2Fhome%2Fmmdealscpanel%2Flscache%2F5%2F6%2Fb%2F56bbda7229e8bf28&path=%2Fhome%2Fmmdealscpanel%2Flscache%2F5%2F6%2Fb HTTP/1.1" 200 25436 "-" "Mozilla/5.0 AppleWebKit/537.36 (KHTML, like Gecko; compatible; GPTBot/1.2; +https://openai.com/gptbot)"
20.171.207.201 - - [05/Jul/2025:08:34:56 -0400] "GET /item.php?filesrc=%2Fhome%2Fmmdealscpanel%2Flscache%2F5%2F6%2Fb%2F56b8f8898d5a6e0e&path=%2Fhome%2Fmmdealscpanel%2Flscache%2F5%2F6%2Fb HTTP/1.1" 200 25490 "-" "Mozilla/5.0 AppleWebKit/537.36 (KHTML, like Gecko; compatible; GPTBot/1.2; +https://openai.com/gptbot)"
20.171.207.201 - - [05/Jul/2025:08:34:58 -0400] "GET /item.php?filesrc=%2Fhome%2Fmmdealscpanel%2Flscache%2F9%2F4%2Fa%2F94a8fad0e61001cb&path=%2Fhome%2Fmmdealscpanel%2Flscache%2F9%2F4%2Fa HTTP/1.1" 200 20306 "-" "Mozilla/5.0 AppleWebKit/537.36 (KHTML, like Gecko; compatible; GPTBot/1.2; +https://openai.com/gptbot)"
20.171.207.201 - - [05/Jul/2025:08:35:02 -0400] "GET /item.php?filesrc=%2Fhome%2Fmmdealscpanel%2Flscache%2F5%2F6%2Fb%2F56b9fc40f4e2b64d&path=%2Fhome%2Fmmdealscpanel%2Flscache%2F5%2F6%2Fb HTTP/1.1" 200 20308 "-" "Mozilla/5.0 AppleWebKit/537.36 (KHTML, like Gecko; compatible; GPTBot/1.2; +https://openai.com/gptbot)"
172.207.228.140 - - [05/Jul/2025:08:35:04 -0400] "GET /wp-includes/sitemaps/ HTTP/1.1" 200 1314 "binance.com" "Mozilla/5.0 (Windows NT 10.0; Win64; x64) AppleWebKit/537.36 (KHTML, like Gecko) Chrome/90.0.4430.85 Safari/537.36"
20.171.207.201 - - [05/Jul/2025:08:35:08 -0400] "GET /item.php?aksi=buatfile&path=%2Fhome%2Fmmdealscpanel%2Flscache%2F5%2F6%2Fb HTTP/1.1" 200 3506 "-" "Mozilla/5.0 AppleWebKit/537.36 (KHTML, like Gecko; compatible; GPTBot/1.2; +https://openai.com/gptbot)"
20.171.207.201 - - [05/Jul/2025:08:35:09 -0400] "GET /item.php?filesrc=%2Fhome%2Fmmdealscpanel%2Flscache%2F7%2F3%2F3%2F733ebb681226b1ee&path=%2Fhome%2Fmmdealscpanel%2Flscache%2F7%2F3%2F3 HTTP/1.1" 200 26174 "-" "Mozilla/5.0 AppleWebKit/537.36 (KHTML, like Gecko; compatible; GPTBot/1.2; +https://openai.com/gptbot)"
20.171.207.201 - - [05/Jul/2025:08:35:12 -0400] "GET /item.php?filesrc=%2Fhome%2Fmmdealscpanel%2Flscache%2F7%2F3%2F3%2F733e36bfa3b4c7b3&path=%2Fhome%2Fmmdealscpanel%2Flscache%2F7%2F3%2F3 HTTP/1.1" 200 25921 "-" "Mozilla/5.0 AppleWebKit/537.36 (KHTML, like Gecko; compatible; GPTBot/1.2; +https://openai.com/gptbot)"
20.171.207.201 - - [05/Jul/2025:08:35:13 -0400] "GET /item.php?filesrc=%2Fhome%2Fmmdealscpanel%2Flscache%2F9%2F4%2Fa%2F94a9fe323c61e595&path=%2Fhome%2Fmmdealscpanel%2Flscache%2F9%2F4%2Fa HTTP/1.1" 200 25691 "-" "Mozilla/5.0 AppleWebKit/537.36 (KHTML, like Gecko; compatible; GPTBot/1.2; +https://openai.com/gptbot)"
20.171.207.201 - - [05/Jul/2025:08:35:14 -0400] "GET /item.php?filesrc=%2Fhome%2Fmmdealscpanel%2Flscache%2F7%2F3%2F3%2F7330ae1be17710c7&path=%2Fhome%2Fmmdealscpanel%2Flscache%2F7%2F3%2F3 HTTP/1.1" 200 25512 "-" "Mozilla/5.0 AppleWebKit/537.36 (KHTML, like Gecko; compatible; GPTBot/1.2; +https://openai.com/gptbot)"
20.171.207.201 - - [05/Jul/2025:08:35:18 -0400] "GET /item.php?filesrc=%2Fhome%2Fmmdealscpanel%2Flscache%2F7%2F3%2F3%2F73322480dd2d0bcc&path=%2Fhome%2Fmmdealscpanel%2Flscache%2F7%2F3%2F3 HTTP/1.1" 200 26042 "-" "Mozilla/5.0 AppleWebKit/537.36 (KHTML, like Gecko; compatible; GPTBot/1.2; +https://openai.com/gptbot)"
20.171.207.201 - - [05/Jul/2025:08:35:25 -0400] "GET /item.php?filesrc=%2Fhome%2Fmmdealscpanel%2Flscache%2F9%2F4%2Fa%2F94aa9d7aae5eb0ae&path=%2Fhome%2Fmmdealscpanel%2Flscache%2F9%2F4%2Fa HTTP/1.1" 200 3280 "-" "Mozilla/5.0 AppleWebKit/537.36 (KHTML, like Gecko; compatible; GPTBot/1.2; +https://openai.com/gptbot)"
20.171.207.201 - - [05/Jul/2025:08:35:16 -0400] "GET /item.php?filesrc=%2Fhome%2Fmmdealscpanel%2Flscache%2F7%2F3%2F3%2F73386d73623eb1e6&path=%2Fhome%2Fmmdealscpanel%2Flscache%2F7%2F3%2F3 HTTP/1.1" 200 26170 "-" "Mozilla/5.0 AppleWebKit/537.36 (KHTML, like Gecko; compatible; GPTBot/1.2; +https://openai.com/gptbot)"
20.171.207.201 - - [05/Jul/2025:08:35:17 -0400] "GET /item.php?filesrc=%2Fhome%2Fmmdealscpanel%2Flscache%2F5%2F6%2Fb%2F56b2597922fc2857&path=%2Fhome%2Fmmdealscpanel%2Flscache%2F5%2F6%2Fb HTTP/1.1" 200 20294 "-" "Mozilla/5.0 AppleWebKit/537.36 (KHTML, like Gecko; compatible; GPTBot/1.2; +https://openai.com/gptbot)"
172.207.228.140 - - [05/Jul/2025:08:35:17 -0400] "GET /wp-includes/sitemaps/ HTTP/1.1" 200 1314 "binance.com" "Mozilla/5.0 (Windows NT 10.0; Win64; x64) AppleWebKit/537.36 (KHTML, like Gecko) Chrome/90.0.4430.85 Safari/537.36"
20.171.207.201 - - [05/Jul/2025:08:35:19 -0400] "GET /item.php?filesrc=%2Fhome%2Fmmdealscpanel%2Flscache%2F9%2F4%2Fa%2F94a429723ad128b4&path=%2Fhome%2Fmmdealscpanel%2Flscache%2F9%2F4%2Fa HTTP/1.1" 200 25661 "-" "Mozilla/5.0 AppleWebKit/537.36 (KHTML, like Gecko; compatible; GPTBot/1.2; +https://openai.com/gptbot)"
20.171.207.201 - - [05/Jul/2025:08:35:20 -0400] "GET /item.php?filesrc=%2Fhome%2Fmmdealscpanel%2Flscache%2F7%2F3%2F3%2F7338173a6373da08&path=%2Fhome%2Fmmdealscpanel%2Flscache%2F7%2F3%2F3 HTTP/1.1" 200 18141 "-" "Mozilla/5.0 AppleWebKit/537.36 (KHTML, like Gecko; compatible; GPTBot/1.2; +https://openai.com/gptbot)"
20.171.207.201 - - [05/Jul/2025:08:35:21 -0400] "GET /item.php?filesrc=%2Fhome%2Fmmdealscpanel%2Flscache%2F7%2F3%2F3%2F733d421cde5378c4&path=%2Fhome%2Fmmdealscpanel%2Flscache%2F7%2F3%2F3 HTTP/1.1" 200 26120 "-" "Mozilla/5.0 AppleWebKit/537.36 (KHTML, like Gecko; compatible; GPTBot/1.2; +https://openai.com/gptbot)"
20.171.207.201 - - [05/Jul/2025:08:35:23 -0400] "GET /item.php?filesrc=%2Fhome%2Fmmdealscpanel%2Flscache%2F7%2F3%2F3%2F7337f2d5a12d98cc&path=%2Fhome%2Fmmdealscpanel%2Flscache%2F7%2F3%2F3 HTTP/1.1" 200 26858 "-" "Mozilla/5.0 AppleWebKit/537.36 (KHTML, like Gecko; compatible; GPTBot/1.2; +https://openai.com/gptbot)"
20.171.207.201 - - [05/Jul/2025:08:35:24 -0400] "GET /item.php?filesrc=%2Fhome%2Fmmdealscpanel%2Flscache%2F7%2F3%2F3%2F7335cd5a47297b73&path=%2Fhome%2Fmmdealscpanel%2Flscache%2F7%2F3%2F3 HTTP/1.1" 200 26911 "-" "Mozilla/5.0 AppleWebKit/537.36 (KHTML, like Gecko; compatible; GPTBot/1.2; +https://openai.com/gptbot)"
20.171.207.201 - - [05/Jul/2025:08:35:27 -0400] "GET /item.php?aksi=buatfolder&path=%2Fhome%2Fmmdealscpanel%2Flscache%2F7%2F3%2F3 HTTP/1.1" 200 2081 "-" "Mozilla/5.0 AppleWebKit/537.36 (KHTML, like Gecko; compatible; GPTBot/1.2; +https://openai.com/gptbot)"
20.171.207.201 - - [05/Jul/2025:08:35:32 -0400] "GET /item.php?filesrc=%2Fhome%2Fmmdealscpanel%2Flscache%2F7%2F3%2F3%2F733b63a63ee9c3b3&path=%2Fhome%2Fmmdealscpanel%2Flscache%2F7%2F3%2F3 HTTP/1.1" 200 20312 "-" "Mozilla/5.0 AppleWebKit/537.36 (KHTML, like Gecko; compatible; GPTBot/1.2; +https://openai.com/gptbot)"
172.207.228.140 - - [05/Jul/2025:08:35:35 -0400] "GET /wp-includes/sitemaps/providers/ HTTP/1.1" 200 921 "binance.com" "Mozilla/5.0 (Windows NT 10.0; Win64; x64) AppleWebKit/537.36 (KHTML, like Gecko) Chrome/90.0.4430.85 Safari/537.36"
20.171.207.201 - - [05/Jul/2025:08:35:36 -0400] "GET /item.php?filesrc=%2Fhome%2Fmmdealscpanel%2Flscache%2F5%2F7%2Fe%2F57e124ebda6d03e3&path=%2Fhome%2Fmmdealscpanel%2Flscache%2F5%2F7%2Fe HTTP/1.1" 200 20615 "-" "Mozilla/5.0 AppleWebKit/537.36 (KHTML, like Gecko; compatible; GPTBot/1.2; +https://openai.com/gptbot)"
20.171.207.201 - - [05/Jul/2025:08:35:38 -0400] "GET /?p=15421 HTTP/1.1" 200 334391 "-" "Mozilla/5.0 AppleWebKit/537.36 (KHTML, like Gecko; compatible; GPTBot/1.2; +https://openai.com/gptbot)"
20.171.207.201 - - [05/Jul/2025:08:35:39 -0400] "GET /item.php?filesrc=%2Fhome%2Fmmdealscpanel%2Flscache%2F5%2F7%2Fe%2F57e70d1b9a908322&path=%2Fhome%2Fmmdealscpanel%2Flscache%2F5%2F7%2Fe HTTP/1.1" 200 26396 "-" "Mozilla/5.0 AppleWebKit/537.36 (KHTML, like Gecko; compatible; GPTBot/1.2; +https://openai.com/gptbot)"
20.171.207.201 - - [05/Jul/2025:08:35:26 -0400] "GET /item.php?filesrc=%2Fhome%2Fmmdealscpanel%2Flscache%2F9%2F4%2Fa%2F94adee9e917f8aaf&path=%2Fhome%2Fmmdealscpanel%2Flscache%2F9%2F4%2Fa HTTP/1.1" 200 25284 "-" "Mozilla/5.0 AppleWebKit/537.36 (KHTML, like Gecko; compatible; GPTBot/1.2; +https://openai.com/gptbot)"
20.171.207.164 - - [05/Jul/2025:08:34:57 -0400] "GET /nope.php?gzfile=L2hvbWUvbW1kZWFsc2NwYW5lbC9sc2NhY2hlL2QvNy84L2Q3ODE5Y2JhYjU5NWFkZDg%3D HTTP/1.1" 200 48505 "-" "Mozilla/5.0 AppleWebKit/537.36 (KHTML, like Gecko; compatible; GPTBot/1.2; +https://openai.com/gptbot)"
20.171.207.201 - - [05/Jul/2025:08:35:28 -0400] "GET /item.php?filesrc=%2Fhome%2Fmmdealscpanel%2Flscache%2F9%2F4%2Fa%2F94a91f2f44552fdd&path=%2Fhome%2Fmmdealscpanel%2Flscache%2F9%2F4%2Fa HTTP/1.1" 200 25316 "-" "Mozilla/5.0 AppleWebKit/537.36 (KHTML, like Gecko; compatible; GPTBot/1.2; +https://openai.com/gptbot)"
20.171.207.201 - - [05/Jul/2025:08:35:30 -0400] "GET /item.php?filesrc=%2Fhome%2Fmmdealscpanel%2Flscache%2F9%2F4%2Fa%2F94a2819cba52e7a9&path=%2Fhome%2Fmmdealscpanel%2Flscache%2F9%2F4%2Fa HTTP/1.1" 200 25787 "-" "Mozilla/5.0 AppleWebKit/537.36 (KHTML, like Gecko; compatible; GPTBot/1.2; +https://openai.com/gptbot)"
20.171.207.201 - - [05/Jul/2025:08:35:31 -0400] "GET /item.php?filesrc=%2Fhome%2Fmmdealscpanel%2Flscache%2F9%2Fd%2Fc%2F9dce439e5493993b&path=%2Fhome%2Fmmdealscpanel%2Flscache%2F9%2Fd%2Fc HTTP/1.1" 200 17051 "-" "Mozilla/5.0 AppleWebKit/537.36 (KHTML, like Gecko; compatible; GPTBot/1.2; +https://openai.com/gptbot)"
20.171.207.201 - - [05/Jul/2025:08:35:33 -0400] "GET /item.php?filesrc=%2Fhome%2Fmmdealscpanel%2Flscache%2F7%2F3%2F3%2F733ee939fcb1fab8&path=%2Fhome%2Fmmdealscpanel%2Flscache%2F7%2F3%2F3 HTTP/1.1" 200 26207 "-" "Mozilla/5.0 AppleWebKit/537.36 (KHTML, like Gecko; compatible; GPTBot/1.2; +https://openai.com/gptbot)"
20.171.207.201 - - [05/Jul/2025:08:35:34 -0400] "GET /item.php?filesrc=%2Fhome%2Fmmdealscpanel%2Flscache%2F9%2F4%2Fa%2F94a3ac138fc0b3cb&path=%2Fhome%2Fmmdealscpanel%2Flscache%2F9%2F4%2Fa HTTP/1.1" 200 25695 "-" "Mozilla/5.0 AppleWebKit/537.36 (KHTML, like Gecko; compatible; GPTBot/1.2; +https://openai.com/gptbot)"
20.171.207.201 - - [05/Jul/2025:08:35:35 -0400] "GET /item.php?filesrc=%2Fhome%2Fmmdealscpanel%2Flscache%2F5%2F7%2Fe%2F57eff9d784324b5e&path=%2Fhome%2Fmmdealscpanel%2Flscache%2F5%2F7%2Fe HTTP/1.1" 200 26040 "-" "Mozilla/5.0 AppleWebKit/537.36 (KHTML, like Gecko; compatible; GPTBot/1.2; +https://openai.com/gptbot)"
20.171.207.201 - - [05/Jul/2025:08:35:41 -0400] "GET /item.php?filesrc=%2Fhome%2Fmmdealscpanel%2Flscache%2F7%2F3%2F3%2F733f661cc51b12f1&path=%2Fhome%2Fmmdealscpanel%2Flscache%2F7%2F3%2F3 HTTP/1.1" 200 26860 "-" "Mozilla/5.0 AppleWebKit/537.36 (KHTML, like Gecko; compatible; GPTBot/1.2; +https://openai.com/gptbot)"
20.171.207.201 - - [05/Jul/2025:08:35:42 -0400] "GET /item.php?filesrc=%2Fhome%2Fmmdealscpanel%2Flscache%2F7%2F3%2F3%2F7336e1c989e8bba3&path=%2Fhome%2Fmmdealscpanel%2Flscache%2F7%2F3%2F3 HTTP/1.1" 200 25331 "-" "Mozilla/5.0 AppleWebKit/537.36 (KHTML, like Gecko; compatible; GPTBot/1.2; +https://openai.com/gptbot)"
20.171.207.201 - - [05/Jul/2025:08:35:43 -0400] "GET /item.php?filesrc=%2Fhome%2Fmmdealscpanel%2Flscache%2F9%2F4%2Fa%2F94a72e61cd3f1156&path=%2Fhome%2Fmmdealscpanel%2Flscache%2F9%2F4%2Fa HTTP/1.1" 200 25972 "-" "Mozilla/5.0 AppleWebKit/537.36 (KHTML, like Gecko; compatible; GPTBot/1.2; +https://openai.com/gptbot)"
20.171.207.201 - - [05/Jul/2025:08:35:46 -0400] "GET /item.php?filesrc=%2Fhome%2Fmmdealscpanel%2Flscache%2F9%2F4%2Fa%2F94a054395ad57d96&path=%2Fhome%2Fmmdealscpanel%2Flscache%2F9%2F4%2Fa HTTP/1.1" 200 25955 "-" "Mozilla/5.0 AppleWebKit/537.36 (KHTML, like Gecko; compatible; GPTBot/1.2; +https://openai.com/gptbot)"
20.171.207.201 - - [05/Jul/2025:08:35:47 -0400] "GET /item.php?filesrc=%2Fhome%2Fmmdealscpanel%2Flscache%2F7%2F3%2F3%2F733690f337dfa24b&path=%2Fhome%2Fmmdealscpanel%2Flscache%2F7%2F3%2F3 HTTP/1.1" 200 20327 "-" "Mozilla/5.0 AppleWebKit/537.36 (KHTML, like Gecko; compatible; GPTBot/1.2; +https://openai.com/gptbot)"
20.171.207.201 - - [05/Jul/2025:08:35:40 -0400] "GET /item.php?filesrc=%2Fhome%2Fmmdealscpanel%2Flscache%2F7%2F3%2F3%2F7336cbe6a5d79f9d&path=%2Fhome%2Fmmdealscpanel%2Flscache%2F7%2F3%2F3 HTTP/1.1" 200 25897 "-" "Mozilla/5.0 AppleWebKit/537.36 (KHTML, like Gecko; compatible; GPTBot/1.2; +https://openai.com/gptbot)"
20.171.207.201 - - [05/Jul/2025:08:35:45 -0400] "GET /item.php?filesrc=%2Fhome%2Fmmdealscpanel%2Flscache%2F7%2F3%2F3%2F733fe9b32441b307&path=%2Fhome%2Fmmdealscpanel%2Flscache%2F7%2F3%2F3 HTTP/1.1" 200 26990 "-" "Mozilla/5.0 AppleWebKit/537.36 (KHTML, like Gecko; compatible; GPTBot/1.2; +https://openai.com/gptbot)"
20.171.207.201 - - [05/Jul/2025:08:35:48 -0400] "GET /item.php?filesrc=%2Fhome%2Fmmdealscpanel%2Flscache%2F5%2F6%2Fb%2F56ba17a5179e2642&path=%2Fhome%2Fmmdealscpanel%2Flscache%2F5%2F6%2Fb HTTP/1.1" 200 25293 "-" "Mozilla/5.0 AppleWebKit/537.36 (KHTML, like Gecko; compatible; GPTBot/1.2; +https://openai.com/gptbot)"
20.171.207.201 - - [05/Jul/2025:08:35:49 -0400] "GET /item.php?filesrc=%2Fhome%2Fmmdealscpanel%2Flscache%2F5%2F6%2Fb%2F56bcc380c94e5224&path=%2Fhome%2Fmmdealscpanel%2Flscache%2F5%2F6%2Fb HTTP/1.1" 200 20302 "-" "Mozilla/5.0 AppleWebKit/537.36 (KHTML, like Gecko; compatible; GPTBot/1.2; +https://openai.com/gptbot)"
20.171.207.201 - - [05/Jul/2025:08:35:53 -0400] "GET /item.php?filesrc=%2Fhome%2Fmmdealscpanel%2Flscache%2F7%2F3%2F3%2F733f661cc51b12f1&path=%2Fhome%2Fmmdealscpanel%2Flscache%2F7%2F3%2F3 HTTP/1.1" 200 26860 "-" "Mozilla/5.0 AppleWebKit/537.36 (KHTML, like Gecko; compatible; GPTBot/1.2; +https://openai.com/gptbot)"
20.171.207.201 - - [05/Jul/2025:08:35:54 -0400] "GET /d780b30091ec76cd.tar.gz HTTP/1.1" 200 23778 "-" "Mozilla/5.0 AppleWebKit/537.36 (KHTML, like Gecko; compatible; GPTBot/1.2; +https://openai.com/gptbot)"
20.171.207.201 - - [05/Jul/2025:08:35:55 -0400] "GET /d894c9a87867779c.tar HTTP/1.1" 200 29184 "-" "Mozilla/5.0 AppleWebKit/537.36 (KHTML, like Gecko; compatible; GPTBot/1.2; +https://openai.com/gptbot)"
20.171.207.201 - - [05/Jul/2025:08:35:57 -0400] "GET /c83d9bb969b56557.tar HTTP/1.1" 200 28672 "-" "Mozilla/5.0 AppleWebKit/537.36 (KHTML, like Gecko; compatible; GPTBot/1.2; +https://openai.com/gptbot)"
20.171.207.201 - - [05/Jul/2025:08:36:00 -0400] "GET /d7815622c8721ef7.tar HTTP/1.1" 200 29696 "-" "Mozilla/5.0 AppleWebKit/537.36 (KHTML, like Gecko; compatible; GPTBot/1.2; +https://openai.com/gptbot)"
172.207.228.140 - - [05/Jul/2025:08:36:01 -0400] "GET /wp-includes/sitemaps/providers/ HTTP/1.1" 200 921 "binance.com" "Mozilla/5.0 (Windows NT 10.0; Win64; x64) AppleWebKit/537.36 (KHTML, like Gecko) Chrome/90.0.4430.85 Safari/537.36"
20.171.207.201 - - [05/Jul/2025:08:36:02 -0400] "GET /d89ac2f40588452a.tar HTTP/1.1" 200 24064 "-" "Mozilla/5.0 AppleWebKit/537.36 (KHTML, like Gecko; compatible; GPTBot/1.2; +https://openai.com/gptbot)"
20.171.207.201 - - [05/Jul/2025:08:36:03 -0400] "GET /d899858a8437deb3.tar HTTP/1.1" 200 28672 "-" "Mozilla/5.0 AppleWebKit/537.36 (KHTML, like Gecko; compatible; GPTBot/1.2; +https://openai.com/gptbot)"
20.171.207.201 - - [05/Jul/2025:08:36:04 -0400] "GET /d787c640d57245da.tar HTTP/1.1" 200 29184 "-" "Mozilla/5.0 AppleWebKit/537.36 (KHTML, like Gecko; compatible; GPTBot/1.2; +https://openai.com/gptbot)"
20.171.207.201 - - [05/Jul/2025:08:36:05 -0400] "GET /e486ab44c6499338.tar HTTP/1.1" 200 22528 "-" "Mozilla/5.0 AppleWebKit/537.36 (KHTML, like Gecko; compatible; GPTBot/1.2; +https://openai.com/gptbot)"
20.171.207.201 - - [05/Jul/2025:08:36:06 -0400] "GET /d89f8281d01988b1.tar HTTP/1.1" 200 28672 "-" "Mozilla/5.0 AppleWebKit/537.36 (KHTML, like Gecko; compatible; GPTBot/1.2; +https://openai.com/gptbot)"
20.171.207.201 - - [05/Jul/2025:08:36:08 -0400] "GET /d893aa74a5599d25.tar HTTP/1.1" 200 29184 "-" "Mozilla/5.0 AppleWebKit/537.36 (KHTML, like Gecko; compatible; GPTBot/1.2; +https://openai.com/gptbot)"
20.171.207.201 - - [05/Jul/2025:08:36:11 -0400] "GET /e48319f9028cb321.tar HTTP/1.1" 200 24576 "-" "Mozilla/5.0 AppleWebKit/537.36 (KHTML, like Gecko; compatible; GPTBot/1.2; +https://openai.com/gptbot)"
20.171.207.201 - - [05/Jul/2025:08:35:50 -0400] "GET /item.php?filesrc=%2Fhome%2Fmmdealscpanel%2Flscache%2F5%2F6%2Fb%2F56bd7bca32200456&path=%2Fhome%2Fmmdealscpanel%2Flscache%2F5%2F6%2Fb HTTP/1.1" 200 20295 "-" "Mozilla/5.0 AppleWebKit/537.36 (KHTML, like Gecko; compatible; GPTBot/1.2; +https://openai.com/gptbot)"
20.171.207.201 - - [05/Jul/2025:08:35:52 -0400] "GET /d76582a1d356a7c8.tar HTTP/1.1" 200 29184 "-" "Mozilla/5.0 AppleWebKit/537.36 (KHTML, like Gecko; compatible; GPTBot/1.2; +https://openai.com/gptbot)"
20.171.207.201 - - [05/Jul/2025:08:35:56 -0400] "GET /yummmdeals.com.zip HTTP/1.1" 200 4063232 "-" "Mozilla/5.0 AppleWebKit/537.36 (KHTML, like Gecko; compatible; GPTBot/1.2; +https://openai.com/gptbot)"
20.171.207.201 - - [05/Jul/2025:08:35:58 -0400] "GET /d762871bae79d784.tar HTTP/1.1" 200 22528 "-" "Mozilla/5.0 AppleWebKit/537.36 (KHTML, like Gecko; compatible; GPTBot/1.2; +https://openai.com/gptbot)"
20.171.207.201 - - [05/Jul/2025:08:36:01 -0400] "GET /d37a29a8e9916233.tar HTTP/1.1" 200 28160 "-" "Mozilla/5.0 AppleWebKit/537.36 (KHTML, like Gecko; compatible; GPTBot/1.2; +https://openai.com/gptbot)"
20.171.207.201 - - [05/Jul/2025:08:36:09 -0400] "GET /e4825b87c418fd18.tar HTTP/1.1" 200 29696 "-" "Mozilla/5.0 AppleWebKit/537.36 (KHTML, like Gecko; compatible; GPTBot/1.2; +https://openai.com/gptbot)"
20.171.207.201 - - [05/Jul/2025:08:36:10 -0400] "GET /d76e49ab83517460.tar HTTP/1.1" 200 28672 "-" "Mozilla/5.0 AppleWebKit/537.36 (KHTML, like Gecko; compatible; GPTBot/1.2; +https://openai.com/gptbot)"
172.207.228.140 - - [05/Jul/2025:08:36:13 -0400] "GET /wp-includes/widgets/ HTTP/1.1" 200 0 "binance.com" "Mozilla/5.0 (Windows NT 10.0; Win64; x64) AppleWebKit/537.36 (KHTML, like Gecko) Chrome/90.0.4430.85 Safari/537.36"
20.171.207.201 - - [05/Jul/2025:08:36:13 -0400] "GET /d76e586321f4f53a.tar HTTP/1.1" 200 28160 "-" "Mozilla/5.0 AppleWebKit/537.36 (KHTML, like Gecko; compatible; GPTBot/1.2; +https://openai.com/gptbot)"
20.171.207.201 - - [05/Jul/2025:08:36:15 -0400] "GET /d89a865703e4a22b.tar HTTP/1.1" 200 29184 "-" "Mozilla/5.0 AppleWebKit/537.36 (KHTML, like Gecko; compatible; GPTBot/1.2; +https://openai.com/gptbot)"
20.171.207.201 - - [05/Jul/2025:08:36:19 -0400] "GET /d78e7225918b98f1.tar HTTP/1.1" 200 28160 "-" "Mozilla/5.0 AppleWebKit/537.36 (KHTML, like Gecko; compatible; GPTBot/1.2; +https://openai.com/gptbot)"
20.171.207.201 - - [05/Jul/2025:08:36:20 -0400] "GET /e4826cbb541295ce.tar HTTP/1.1" 200 29184 "-" "Mozilla/5.0 AppleWebKit/537.36 (KHTML, like Gecko; compatible; GPTBot/1.2; +https://openai.com/gptbot)"
20.171.207.201 - - [05/Jul/2025:08:36:23 -0400] "GET /d37e36e753cb5828.tar HTTP/1.1" 200 147456 "-" "Mozilla/5.0 AppleWebKit/537.36 (KHTML, like Gecko; compatible; GPTBot/1.2; +https://openai.com/gptbot)"
20.171.207.201 - - [05/Jul/2025:08:36:24 -0400] "GET /d76a65f5814d59c8.tar HTTP/1.1" 200 22528 "-" "Mozilla/5.0 AppleWebKit/537.36 (KHTML, like Gecko; compatible; GPTBot/1.2; +https://openai.com/gptbot)"
20.171.207.201 - - [05/Jul/2025:08:36:26 -0400] "GET /d78a56846d0eeab8.tar HTTP/1.1" 200 28672 "-" "Mozilla/5.0 AppleWebKit/537.36 (KHTML, like Gecko; compatible; GPTBot/1.2; +https://openai.com/gptbot)"
20.171.207.201 - - [05/Jul/2025:08:36:27 -0400] "GET /e489a0bb8272f4af.tar HTTP/1.1" 200 29184 "-" "Mozilla/5.0 AppleWebKit/537.36 (KHTML, like Gecko; compatible; GPTBot/1.2; +https://openai.com/gptbot)"
20.171.207.201 - - [05/Jul/2025:08:36:32 -0400] "GET /d78680278d9930e6.tar HTTP/1.1" 200 28672 "-" "Mozilla/5.0 AppleWebKit/537.36 (KHTML, like Gecko; compatible; GPTBot/1.2; +https://openai.com/gptbot)"
20.171.207.201 - - [05/Jul/2025:08:36:33 -0400] "GET /d89748434576f70a.tar HTTP/1.1" 200 28160 "-" "Mozilla/5.0 AppleWebKit/537.36 (KHTML, like Gecko; compatible; GPTBot/1.2; +https://openai.com/gptbot)"
20.171.207.201 - - [05/Jul/2025:08:36:34 -0400] "GET /wp-config-sample.php HTTP/1.1" 500 905 "-" "Mozilla/5.0 AppleWebKit/537.36 (KHTML, like Gecko; compatible; GPTBot/1.2; +https://openai.com/gptbot)"
20.171.207.201 - - [05/Jul/2025:08:36:12 -0400] "GET /e480792a687381ff.tar HTTP/1.1" 200 22016 "-" "Mozilla/5.0 AppleWebKit/537.36 (KHTML, like Gecko; compatible; GPTBot/1.2; +https://openai.com/gptbot)"
20.171.207.201 - - [05/Jul/2025:08:36:16 -0400] "GET /e48c884c775da47a.tar HTTP/1.1" 200 28160 "-" "Mozilla/5.0 AppleWebKit/537.36 (KHTML, like Gecko; compatible; GPTBot/1.2; +https://openai.com/gptbot)"
20.171.207.201 - - [05/Jul/2025:08:36:17 -0400] "GET /d890a44556ac44ec.tar HTTP/1.1" 200 29184 "-" "Mozilla/5.0 AppleWebKit/537.36 (KHTML, like Gecko; compatible; GPTBot/1.2; +https://openai.com/gptbot)"
20.171.207.201 - - [05/Jul/2025:08:36:18 -0400] "GET /d760f9f1026697e8.tar HTTP/1.1" 200 28672 "-" "Mozilla/5.0 AppleWebKit/537.36 (KHTML, like Gecko; compatible; GPTBot/1.2; +https://openai.com/gptbot)"
20.171.207.201 - - [05/Jul/2025:08:36:22 -0400] "GET /d780b30091ec76cd.tar HTTP/1.1" 200 25600 "-" "Mozilla/5.0 AppleWebKit/537.36 (KHTML, like Gecko; compatible; GPTBot/1.2; +https://openai.com/gptbot)"
20.171.207.201 - - [05/Jul/2025:08:36:25 -0400] "GET /d37a58b52e4f788d.tar HTTP/1.1" 200 28160 "-" "Mozilla/5.0 AppleWebKit/537.36 (KHTML, like Gecko; compatible; GPTBot/1.2; +https://openai.com/gptbot)"
172.207.228.140 - - [05/Jul/2025:08:36:26 -0400] "GET /wp-includes/css/ HTTP/1.1" 200 2214 "binance.com" "Mozilla/5.0 (Windows NT 10.0; Win64; x64) AppleWebKit/537.36 (KHTML, like Gecko) Chrome/90.0.4430.85 Safari/537.36"
20.171.207.201 - - [05/Jul/2025:08:36:28 -0400] "GET /d76e5233d3a3dbb7.tar HTTP/1.1" 200 28672 "-" "Mozilla/5.0 AppleWebKit/537.36 (KHTML, like Gecko; compatible; GPTBot/1.2; +https://openai.com/gptbot)"
20.171.207.164 - - [05/Jul/2025:08:35:59 -0400] "GET /nope.php?gzfile=L2hvbWUvbW1kZWFsc2NwYW5lbC9sc2NhY2hlL2QvOC85L2Q4OTZiZGU5YWM4YTJmODg%3D HTTP/1.1" 200 48734 "-" "Mozilla/5.0 AppleWebKit/537.36 (KHTML, like Gecko; compatible; GPTBot/1.2; +https://openai.com/gptbot)"
20.171.207.201 - - [05/Jul/2025:08:36:30 -0400] "GET /e4885ccf466e99fe.tar HTTP/1.1" 200 22528 "-" "Mozilla/5.0 AppleWebKit/537.36 (KHTML, like Gecko; compatible; GPTBot/1.2; +https://openai.com/gptbot)"
20.171.207.201 - - [05/Jul/2025:08:36:31 -0400] "GET /d37cfe87b04f1eb9.tar HTTP/1.1" 200 29696 "-" "Mozilla/5.0 AppleWebKit/537.36 (KHTML, like Gecko; compatible; GPTBot/1.2; +https://openai.com/gptbot)"
172.207.228.140 - - [05/Jul/2025:08:36:38 -0400] "GET /wp-includes/css/dist/ HTTP/1.1" 200 1369 "binance.com" "Mozilla/5.0 (Windows NT 10.0; Win64; x64) AppleWebKit/537.36 (KHTML, like Gecko) Chrome/90.0.4430.85 Safari/537.36"
172.207.228.140 - - [05/Jul/2025:08:37:16 -0400] "GET /wp-includes/fonts/ HTTP/1.1" 200 1454 "binance.com" "Mozilla/5.0 (Windows NT 10.0; Win64; x64) AppleWebKit/537.36 (KHTML, like Gecko) Chrome/90.0.4430.85 Safari/537.36"
20.171.207.201 - - [05/Jul/2025:08:37:21 -0400] "GET /e489a0bb8272f4af.tar.gz HTTP/1.1" 200 27060 "-" "Mozilla/5.0 AppleWebKit/537.36 (KHTML, like Gecko; compatible; GPTBot/1.2; +https://openai.com/gptbot)"
20.171.207.201 - - [05/Jul/2025:08:37:27 -0400] "GET /d78a56846d0eeab8.tar.gz HTTP/1.1" 200 26971 "-" "Mozilla/5.0 AppleWebKit/537.36 (KHTML, like Gecko; compatible; GPTBot/1.2; +https://openai.com/gptbot)"
20.171.207.164 - - [05/Jul/2025:08:37:01 -0400] "GET /nope.php?gzfile=L2hvbWUvbW1kZWFsc2NwYW5lbC9sc2NhY2hlL2QvNy84L2Q3OGQxMzg0NWVlM2U3MDQ%3D HTTP/1.1" 200 51402 "-" "Mozilla/5.0 AppleWebKit/537.36 (KHTML, like Gecko; compatible; GPTBot/1.2; +https://openai.com/gptbot)"
20.171.207.201 - - [05/Jul/2025:08:37:33 -0400] "GET /e4885ccf466e99fe.tar.gz HTTP/1.1" 200 20469 "-" "Mozilla/5.0 AppleWebKit/537.36 (KHTML, like Gecko; compatible; GPTBot/1.2; +https://openai.com/gptbot)"
20.171.207.201 - - [05/Jul/2025:08:37:39 -0400] "GET /d89f8281d01988b1.tar.gz HTTP/1.1" 200 26997 "-" "Mozilla/5.0 AppleWebKit/537.36 (KHTML, like Gecko; compatible; GPTBot/1.2; +https://openai.com/gptbot)"
20.171.207.201 - - [05/Jul/2025:08:36:35 -0400] "GET /e.zip HTTP/1.1" 200 9434958 "-" "Mozilla/5.0 AppleWebKit/537.36 (KHTML, like Gecko; compatible; GPTBot/1.2; +https://openai.com/gptbot)"
20.171.207.201 - - [05/Jul/2025:08:36:39 -0400] "GET /d.zip HTTP/1.1" 200 6352381 "-" "Mozilla/5.0 AppleWebKit/537.36 (KHTML, like Gecko; compatible; GPTBot/1.2; +https://openai.com/gptbot)"
20.171.207.201 - - [05/Jul/2025:08:36:42 -0400] "GET /wp-settings.php HTTP/1.1" 500 0 "-" "Mozilla/5.0 AppleWebKit/537.36 (KHTML, like Gecko; compatible; GPTBot/1.2; +https://openai.com/gptbot)"
20.171.207.201 - - [05/Jul/2025:08:36:46 -0400] "GET /d76e5233d3a3dbb7.tar.gz HTTP/1.1" 200 26918 "-" "Mozilla/5.0 AppleWebKit/537.36 (KHTML, like Gecko; compatible; GPTBot/1.2; +https://openai.com/gptbot)"
20.171.207.201 - - [05/Jul/2025:08:36:56 -0400] "GET /d7819cbab595add8.tar HTTP/1.1" 200 28160 "-" "Mozilla/5.0 AppleWebKit/537.36 (KHTML, like Gecko; compatible; GPTBot/1.2; +https://openai.com/gptbot)"
172.207.228.140 - - [05/Jul/2025:08:37:02 -0400] "GET /wp-includes/fonts/ HTTP/1.1" 200 1454 "binance.com" "Mozilla/5.0 (Windows NT 10.0; Win64; x64) AppleWebKit/537.36 (KHTML, like Gecko) Chrome/90.0.4430.85 Safari/537.36"
20.171.207.201 - - [05/Jul/2025:08:37:05 -0400] "GET /d894c9a87867779c.tar.gz HTTP/1.1" 200 27198 "-" "Mozilla/5.0 AppleWebKit/537.36 (KHTML, like Gecko; compatible; GPTBot/1.2; +https://openai.com/gptbot)"
20.171.207.201 - - [05/Jul/2025:08:37:13 -0400] "GET /d37cfe87b04f1eb9.tar HTTP/1.1" 200 29696 "-" "Mozilla/5.0 AppleWebKit/537.36 (KHTML, like Gecko; compatible; GPTBot/1.2; +https://openai.com/gptbot)"
172.207.228.140 - - [05/Jul/2025:08:37:29 -0400] "GET /wp-includes/fonts/class-wp-font-collection.php HTTP/1.1" 200 0 "binance.com" "Mozilla/5.0 (Windows NT 10.0; Win64; x64) AppleWebKit/537.36 (KHTML, like Gecko) Chrome/90.0.4430.85 Safari/537.36"
20.171.207.201 - - [05/Jul/2025:08:37:44 -0400] "GET /d37cfe87b04f1eb9.tar.gz HTTP/1.1" 200 27716 "-" "Mozilla/5.0 AppleWebKit/537.36 (KHTML, like Gecko; compatible; GPTBot/1.2; +https://openai.com/gptbot)"
20.171.207.201 - - [05/Jul/2025:08:37:56 -0400] "GET /e48c884c775da47a.tar.gz HTTP/1.1" 200 26462 "-" "Mozilla/5.0 AppleWebKit/537.36 (KHTML, like Gecko; compatible; GPTBot/1.2; +https://openai.com/gptbot)"
172.207.228.140 - - [05/Jul/2025:08:38:03 -0400] "GET /wp-includes/fonts/class-wp-font-face.php HTTP/1.1" 200 0 "binance.com" "Mozilla/5.0 (Windows NT 10.0; Win64; x64) AppleWebKit/537.36 (KHTML, like Gecko) Chrome/90.0.4430.85 Safari/537.36"
20.171.207.201 - - [05/Jul/2025:08:38:05 -0400] "GET /e486ab44c6499338.tar.gz HTTP/1.1" 200 20601 "-" "Mozilla/5.0 AppleWebKit/537.36 (KHTML, like Gecko; compatible; GPTBot/1.2; +https://openai.com/gptbot)"
20.171.207.201 - - [05/Jul/2025:08:38:10 -0400] "GET /d78680278d9930e6.tar.gz HTTP/1.1" 200 26982 "-" "Mozilla/5.0 AppleWebKit/537.36 (KHTML, like Gecko; compatible; GPTBot/1.2; +https://openai.com/gptbot)"
20.171.207.201 - - [05/Jul/2025:08:38:18 -0400] "GET /d762871bae79d784.tar.gz HTTP/1.1" 200 20555 "-" "Mozilla/5.0 AppleWebKit/537.36 (KHTML, like Gecko; compatible; GPTBot/1.2; +https://openai.com/gptbot)"
20.171.207.201 - - [05/Jul/2025:08:38:22 -0400] "GET /d76582a1d356a7c8.tar.gz HTTP/1.1" 200 27402 "-" "Mozilla/5.0 AppleWebKit/537.36 (KHTML, like Gecko; compatible; GPTBot/1.2; +https://openai.com/gptbot)"
20.171.207.201 - - [05/Jul/2025:08:38:24 -0400] "GET /c83d9bb969b56557.tar.gz HTTP/1.1" 200 27127 "-" "Mozilla/5.0 AppleWebKit/537.36 (KHTML, like Gecko; compatible; GPTBot/1.2; +https://openai.com/gptbot)"
20.171.207.201 - - [05/Jul/2025:08:38:25 -0400] "GET /d37e36e753cb5828.tar.gz HTTP/1.1" 200 23439 "-" "Mozilla/5.0 AppleWebKit/537.36 (KHTML, like Gecko; compatible; GPTBot/1.2; +https://openai.com/gptbot)"
20.171.207.201 - - [05/Jul/2025:08:38:26 -0400] "GET /e4825b87c418fd18.tar.gz HTTP/1.1" 200 27888 "-" "Mozilla/5.0 AppleWebKit/537.36 (KHTML, like Gecko; compatible; GPTBot/1.2; +https://openai.com/gptbot)"
172.207.228.140 - - [05/Jul/2025:08:37:46 -0400] "GET /wp-includes/fonts/class-wp-font-face-resolver.php HTTP/1.1" 200 0 "binance.com" "Mozilla/5.0 (Windows NT 10.0; Win64; x64) AppleWebKit/537.36 (KHTML, like Gecko) Chrome/90.0.4430.85 Safari/537.36"
20.171.207.201 - - [05/Jul/2025:08:37:49 -0400] "GET /d893aa74a5599d25.tar.gz HTTP/1.1" 200 27026 "-" "Mozilla/5.0 AppleWebKit/537.36 (KHTML, like Gecko; compatible; GPTBot/1.2; +https://openai.com/gptbot)"
20.171.207.201 - - [05/Jul/2025:08:37:53 -0400] "GET /d7819cbab595add8.tar.gz HTTP/1.1" 200 26383 "-" "Mozilla/5.0 AppleWebKit/537.36 (KHTML, like Gecko; compatible; GPTBot/1.2; +https://openai.com/gptbot)"
20.171.207.201 - - [05/Jul/2025:08:38:00 -0400] "GET /d760f9f1026697e8.tar.gz HTTP/1.1" 200 27129 "-" "Mozilla/5.0 AppleWebKit/537.36 (KHTML, like Gecko; compatible; GPTBot/1.2; +https://openai.com/gptbot)"
20.171.207.201 - - [05/Jul/2025:08:38:03 -0400] "GET /e48319f9028cb321.tar.gz HTTP/1.1" 200 22474 "-" "Mozilla/5.0 AppleWebKit/537.36 (KHTML, like Gecko; compatible; GPTBot/1.2; +https://openai.com/gptbot)"
20.171.207.201 - - [05/Jul/2025:08:38:08 -0400] "GET /d37a29a8e9916233.tar.gz HTTP/1.1" 200 26166 "-" "Mozilla/5.0 AppleWebKit/537.36 (KHTML, like Gecko; compatible; GPTBot/1.2; +https://openai.com/gptbot)"
20.171.207.201 - - [05/Jul/2025:08:38:12 -0400] "GET /d78e7225918b98f1.tar.gz HTTP/1.1" 200 26484 "-" "Mozilla/5.0 AppleWebKit/537.36 (KHTML, like Gecko; compatible; GPTBot/1.2; +https://openai.com/gptbot)"
20.171.207.201 - - [05/Jul/2025:08:38:14 -0400] "GET /e480792a687381ff.tar.gz HTTP/1.1" 200 19998 "-" "Mozilla/5.0 AppleWebKit/537.36 (KHTML, like Gecko; compatible; GPTBot/1.2; +https://openai.com/gptbot)"
20.171.207.201 - - [05/Jul/2025:08:38:15 -0400] "GET /d89748434576f70a.tar.gz HTTP/1.1" 200 26293 "-" "Mozilla/5.0 AppleWebKit/537.36 (KHTML, like Gecko; compatible; GPTBot/1.2; +https://openai.com/gptbot)"
20.171.207.201 - - [05/Jul/2025:08:38:17 -0400] "GET /d7815622c8721ef7.tar.gz HTTP/1.1" 200 27846 "-" "Mozilla/5.0 AppleWebKit/537.36 (KHTML, like Gecko; compatible; GPTBot/1.2; +https://openai.com/gptbot)"
20.171.207.201 - - [05/Jul/2025:08:38:19 -0400] "GET /d76e586321f4f53a.tar.gz HTTP/1.1" 200 26256 "-" "Mozilla/5.0 AppleWebKit/537.36 (KHTML, like Gecko; compatible; GPTBot/1.2; +https://openai.com/gptbot)"
20.171.207.201 - - [05/Jul/2025:08:38:20 -0400] "GET /d76a65f5814d59c8.tar.gz HTTP/1.1" 200 20417 "-" "Mozilla/5.0 AppleWebKit/537.36 (KHTML, like Gecko; compatible; GPTBot/1.2; +https://openai.com/gptbot)"
20.171.207.201 - - [05/Jul/2025:08:38:23 -0400] "GET /d89ac2f40588452a.tar.gz HTTP/1.1" 200 22242 "-" "Mozilla/5.0 AppleWebKit/537.36 (KHTML, like Gecko; compatible; GPTBot/1.2; +https://openai.com/gptbot)"
172.207.228.140 - - [05/Jul/2025:08:38:24 -0400] "GET /wp-includes/fonts/class-wp-font-library.php HTTP/1.1" 200 0 "binance.com" "Mozilla/5.0 (Windows NT 10.0; Win64; x64) AppleWebKit/537.36 (KHTML, like Gecko) Chrome/90.0.4430.85 Safari/537.36"
20.171.207.201 - - [05/Jul/2025:08:38:27 -0400] "GET /d89a865703e4a22b.tar.gz HTTP/1.1" 200 27463 "-" "Mozilla/5.0 AppleWebKit/537.36 (KHTML, like Gecko; compatible; GPTBot/1.2; +https://openai.com/gptbot)"
20.171.207.201 - - [05/Jul/2025:08:38:30 -0400] "GET /d899858a8437deb3.tar.gz HTTP/1.1" 200 27029 "-" "Mozilla/5.0 AppleWebKit/537.36 (KHTML, like Gecko; compatible; GPTBot/1.2; +https://openai.com/gptbot)"
20.171.207.201 - - [05/Jul/2025:08:38:31 -0400] "GET /d76e49ab83517460.tar.gz HTTP/1.1" 200 26942 "-" "Mozilla/5.0 AppleWebKit/537.36 (KHTML, like Gecko; compatible; GPTBot/1.2; +https://openai.com/gptbot)"
20.171.207.201 - - [05/Jul/2025:08:38:32 -0400] "GET /d37a58b52e4f788d.tar.gz HTTP/1.1" 200 26493 "-" "Mozilla/5.0 AppleWebKit/537.36 (KHTML, like Gecko; compatible; GPTBot/1.2; +https://openai.com/gptbot)"
20.171.207.201 - - [05/Jul/2025:08:38:33 -0400] "GET /d890a44556ac44ec.tar.gz HTTP/1.1" 200 27304 "-" "Mozilla/5.0 AppleWebKit/537.36 (KHTML, like Gecko; compatible; GPTBot/1.2; +https://openai.com/gptbot)"
20.171.207.201 - - [05/Jul/2025:08:38:28 -0400] "GET /d787c640d57245da.tar.gz HTTP/1.1" 200 26966 "-" "Mozilla/5.0 AppleWebKit/537.36 (KHTML, like Gecko; compatible; GPTBot/1.2; +https://openai.com/gptbot)"
20.171.207.201 - - [05/Jul/2025:08:38:34 -0400] "GET /e4826cbb541295ce.tar.gz HTTP/1.1" 200 27394 "-" "Mozilla/5.0 AppleWebKit/537.36 (KHTML, like Gecko; compatible; GPTBot/1.2; +https://openai.com/gptbot)"
20.171.207.164 - - [05/Jul/2025:08:38:05 -0400] "GET /nope.php?gzfile=L2hvbWUvbW1kZWFsc2NwYW5lbC9sc2NhY2hlL2QvMy83L2QzNzc0M2VmNjA3NTgwNGI%3D HTTP/1.1" 200 44561 "-" "Mozilla/5.0 AppleWebKit/537.36 (KHTML, like Gecko; compatible; GPTBot/1.2; +https://openai.com/gptbot)"
20.171.207.201 - - [05/Jul/2025:08:38:35 -0400] "GET /item.php?filesrc=%2Fhome%2Fmmdealscpanel%2Flscache%2F5%2F6%2Fb%2F56b1d6272d617bc0&path=%2Fhome%2Fmmdealscpanel%2Flscache%2F5%2F6%2Fb HTTP/1.1" 200 21719 "-" "Mozilla/5.0 AppleWebKit/537.36 (KHTML, like Gecko; compatible; GPTBot/1.2; +https://openai.com/gptbot)"
20.171.207.201 - - [05/Jul/2025:08:38:36 -0400] "GET /item.php?filesrc=%2Fhome%2Fmmdealscpanel%2Flscache%2F5%2F7%2Fe%2F57e5d8020b66fd40&path=%2Fhome%2Fmmdealscpanel%2Flscache%2F5%2F7%2Fe HTTP/1.1" 200 26174 "-" "Mozilla/5.0 AppleWebKit/537.36 (KHTML, like Gecko; compatible; GPTBot/1.2; +https://openai.com/gptbot)"
20.171.207.201 - - [05/Jul/2025:08:38:40 -0400] "GET /item.php?filesrc=%2Fhome%2Fmmdealscpanel%2Flscache%2F5%2F6%2Fb%2F56b5a249239e8362&path=%2Fhome%2Fmmdealscpanel%2Flscache%2F5%2F6%2Fb HTTP/1.1" 200 20184 "-" "Mozilla/5.0 AppleWebKit/537.36 (KHTML, like Gecko; compatible; GPTBot/1.2; +https://openai.com/gptbot)"
20.171.207.201 - - [05/Jul/2025:08:38:41 -0400] "GET /item.php?filesrc=%2Fhome%2Fmmdealscpanel%2Flscache%2F5%2F7%2Fe%2F57ea70e6505b5f91&path=%2Fhome%2Fmmdealscpanel%2Flscache%2F5%2F7%2Fe HTTP/1.1" 200 25577 "-" "Mozilla/5.0 AppleWebKit/537.36 (KHTML, like Gecko; compatible; GPTBot/1.2; +https://openai.com/gptbot)"
20.171.207.201 - - [05/Jul/2025:08:38:42 -0400] "GET /item.php?filesrc=%2Fhome%2Fmmdealscpanel%2Flscache%2F7%2F3%2F3%2F733e17b062a2f05e&path=%2Fhome%2Fmmdealscpanel%2Flscache%2F7%2F3%2F3 HTTP/1.1" 200 25599 "-" "Mozilla/5.0 AppleWebKit/537.36 (KHTML, like Gecko; compatible; GPTBot/1.2; +https://openai.com/gptbot)"
20.171.207.201 - - [05/Jul/2025:08:38:43 -0400] "GET /item.php?filesrc=%2Fhome%2Fmmdealscpanel%2Flscache%2F7%2F3%2F3%2F73398a98e8b8a8df&path=%2Fhome%2Fmmdealscpanel%2Flscache%2F7%2F3%2F3 HTTP/1.1" 200 26436 "-" "Mozilla/5.0 AppleWebKit/537.36 (KHTML, like Gecko; compatible; GPTBot/1.2; +https://openai.com/gptbot)"
20.171.207.201 - - [05/Jul/2025:08:38:46 -0400] "GET /item.php?filesrc=%2Fhome%2Fmmdealscpanel%2Flscache%2F7%2F3%2F3%2F7335ed534db9f2c7&path=%2Fhome%2Fmmdealscpanel%2Flscache%2F7%2F3%2F3 HTTP/1.1" 200 25432 "-" "Mozilla/5.0 AppleWebKit/537.36 (KHTML, like Gecko; compatible; GPTBot/1.2; +https://openai.com/gptbot)"
20.171.207.201 - - [05/Jul/2025:08:38:47 -0400] "GET /item.php?filesrc=%2Fhome%2Fmmdealscpanel%2Flscache%2F9%2F4%2Fa%2F94ac1e57717e641d&path=%2Fhome%2Fmmdealscpanel%2Flscache%2F9%2F4%2Fa HTTP/1.1" 200 25922 "-" "Mozilla/5.0 AppleWebKit/537.36 (KHTML, like Gecko; compatible; GPTBot/1.2; +https://openai.com/gptbot)"
20.171.207.201 - - [05/Jul/2025:08:38:48 -0400] "GET /item.php?filesrc=%2Fhome%2Fmmdealscpanel%2Flscache%2F5%2F7%2Fe%2F57ef864a4124fa69&path=%2Fhome%2Fmmdealscpanel%2Flscache%2F5%2F7%2Fe HTTP/1.1" 200 26572 "-" "Mozilla/5.0 AppleWebKit/537.36 (KHTML, like Gecko; compatible; GPTBot/1.2; +https://openai.com/gptbot)"
20.171.207.201 - - [05/Jul/2025:08:38:53 -0400] "GET /item.php?filesrc=%2Fhome%2Fmmdealscpanel%2Flscache%2F9%2F4%2Fa%2F94a53d645833e191&path=%2Fhome%2Fmmdealscpanel%2Flscache%2F9%2F4%2Fa HTTP/1.1" 200 26078 "-" "Mozilla/5.0 AppleWebKit/537.36 (KHTML, like Gecko; compatible; GPTBot/1.2; +https://openai.com/gptbot)"
20.171.207.201 - - [05/Jul/2025:08:38:38 -0400] "GET /item.php?filesrc=%2Fhome%2Fmmdealscpanel%2Flscache%2F7%2F3%2F3%2F73379556bb3e9655&path=%2Fhome%2Fmmdealscpanel%2Flscache%2F7%2F3%2F3 HTTP/1.1" 200 20396 "-" "Mozilla/5.0 AppleWebKit/537.36 (KHTML, like Gecko; compatible; GPTBot/1.2; +https://openai.com/gptbot)"
20.171.207.201 - - [05/Jul/2025:08:38:39 -0400] "GET /item.php?filesrc=%2Fhome%2Fmmdealscpanel%2Flscache%2F5%2F6%2Fb%2F56b07dd27b37a8a6&path=%2Fhome%2Fmmdealscpanel%2Flscache%2F5%2F6%2Fb HTTP/1.1" 200 26052 "-" "Mozilla/5.0 AppleWebKit/537.36 (KHTML, like Gecko; compatible; GPTBot/1.2; +https://openai.com/gptbot)"
172.207.228.140 - - [05/Jul/2025:08:38:41 -0400] "GET /wp-includes/fonts/class-wp-font-utils.php HTTP/1.1" 200 0 "binance.com" "Mozilla/5.0 (Windows NT 10.0; Win64; x64) AppleWebKit/537.36 (KHTML, like Gecko) Chrome/90.0.4430.85 Safari/537.36"
20.171.207.201 - - [05/Jul/2025:08:38:45 -0400] "GET /item.php?filesrc=%2Fhome%2Fmmdealscpanel%2Flscache%2F5%2F7%2Fe%2F57eb71f9022c83c1&path=%2Fhome%2Fmmdealscpanel%2Flscache%2F5%2F7%2Fe HTTP/1.1" 200 20261 "-" "Mozilla/5.0 AppleWebKit/537.36 (KHTML, like Gecko; compatible; GPTBot/1.2; +https://openai.com/gptbot)"
20.171.207.201 - - [05/Jul/2025:08:38:49 -0400] "GET /item.php?filesrc=%2Fhome%2Fmmdealscpanel%2Flscache%2F9%2F4%2Fa%2F94aba42960b63d84&path=%2Fhome%2Fmmdealscpanel%2Flscache%2F9%2F4%2Fa HTTP/1.1" 200 26078 "-" "Mozilla/5.0 AppleWebKit/537.36 (KHTML, like Gecko; compatible; GPTBot/1.2; +https://openai.com/gptbot)"
20.171.207.201 - - [05/Jul/2025:08:38:50 -0400] "GET /item.php?filesrc=%2Fhome%2Fmmdealscpanel%2Flscache%2F9%2Fd%2Fc%2F9dc9a94c91949ff6&path=%2Fhome%2Fmmdealscpanel%2Flscache%2F9%2Fd%2Fc HTTP/1.1" 200 20336 "-" "Mozilla/5.0 AppleWebKit/537.36 (KHTML, like Gecko; compatible; GPTBot/1.2; +https://openai.com/gptbot)"
20.171.207.201 - - [05/Jul/2025:08:38:52 -0400] "GET /item.php?filesrc=%2Fhome%2Fmmdealscpanel%2Flscache%2F9%2F4%2Fa%2F94ae396f3c99dcfe&path=%2Fhome%2Fmmdealscpanel%2Flscache%2F9%2F4%2Fa HTTP/1.1" 200 23494 "-" "Mozilla/5.0 AppleWebKit/537.36 (KHTML, like Gecko; compatible; GPTBot/1.2; +https://openai.com/gptbot)"
20.171.207.201 - - [05/Jul/2025:08:38:55 -0400] "GET /item.php?filesrc=%2Fhome%2Fmmdealscpanel%2Flscache%2F5%2F6%2Fb%2F56b61067462fe161&path=%2Fhome%2Fmmdealscpanel%2Flscache%2F5%2F6%2Fb HTTP/1.1" 200 26689 "-" "Mozilla/5.0 AppleWebKit/537.36 (KHTML, like Gecko; compatible; GPTBot/1.2; +https://openai.com/gptbot)"
20.171.207.201 - - [05/Jul/2025:08:38:56 -0400] "GET /item.php?aksi=ransom&path=%2Fhome%2Fmmdealscpanel%2Flscache%2F7%2F3%2F3 HTTP/1.1" 200 3399 "-" "Mozilla/5.0 AppleWebKit/537.36 (KHTML, like Gecko; compatible; GPTBot/1.2; +https://openai.com/gptbot)"
20.171.207.201 - - [05/Jul/2025:08:39:03 -0400] "GET /item.php?filesrc=%2Fhome%2Fmmdealscpanel%2Flscache%2F7%2F3%2F3%2F733dee0c5554293c&path=%2Fhome%2Fmmdealscpanel%2Flscache%2F7%2F3%2F3 HTTP/1.1" 200 25392 "-" "Mozilla/5.0 AppleWebKit/537.36 (KHTML, like Gecko; compatible; GPTBot/1.2; +https://openai.com/gptbot)"
20.171.207.201 - - [05/Jul/2025:08:39:05 -0400] "GET /item.php?filesrc=%2Fhome%2Fmmdealscpanel%2Flscache%2F7%2F3%2F3%2F73325d7e349e555d&path=%2Fhome%2Fmmdealscpanel%2Flscache%2F7%2F3%2F3 HTTP/1.1" 200 26419 "-" "Mozilla/5.0 AppleWebKit/537.36 (KHTML, like Gecko; compatible; GPTBot/1.2; +https://openai.com/gptbot)"
20.171.207.201 - - [05/Jul/2025:08:39:06 -0400] "GET /item.php?filesrc=%2Fhome%2Fmmdealscpanel%2Flscache%2F5%2F6%2Fb%2F56b72ef4e2803b67&path=%2Fhome%2Fmmdealscpanel%2Flscache%2F5%2F6%2Fb HTTP/1.1" 200 26604 "-" "Mozilla/5.0 AppleWebKit/537.36 (KHTML, like Gecko; compatible; GPTBot/1.2; +https://openai.com/gptbot)"
20.171.207.201 - - [05/Jul/2025:08:39:08 -0400] "GET /item.php?filesrc=%2Fhome%2Fmmdealscpanel%2Flscache%2F5%2F6%2Fb%2F56b7a97830f979e3&path=%2Fhome%2Fmmdealscpanel%2Flscache%2F5%2F6%2Fb HTTP/1.1" 200 20374 "-" "Mozilla/5.0 AppleWebKit/537.36 (KHTML, like Gecko; compatible; GPTBot/1.2; +https://openai.com/gptbot)"
20.171.207.201 - - [05/Jul/2025:08:38:54 -0400] "GET /item.php?filesrc=%2Fhome%2Fmmdealscpanel%2Flscache%2F9%2F4%2Fa%2F94a0734f8c5d059d&path=%2Fhome%2Fmmdealscpanel%2Flscache%2F9%2F4%2Fa HTTP/1.1" 200 25513 "-" "Mozilla/5.0 AppleWebKit/537.36 (KHTML, like Gecko; compatible; GPTBot/1.2; +https://openai.com/gptbot)"
20.171.207.201 - - [05/Jul/2025:08:38:57 -0400] "GET /item.php?filesrc=%2Fhome%2Fmmdealscpanel%2Flscache%2F9%2Fd%2Fc%2F9dc3b3163cccef7f&path=%2Fhome%2Fmmdealscpanel%2Flscache%2F9%2Fd%2Fc HTTP/1.1" 200 21675 "-" "Mozilla/5.0 AppleWebKit/537.36 (KHTML, like Gecko; compatible; GPTBot/1.2; +https://openai.com/gptbot)"
20.171.207.201 - - [05/Jul/2025:08:38:59 -0400] "GET /item.php?filesrc=%2Fhome%2Fmmdealscpanel%2Flscache%2F5%2F6%2Fb%2F56bcccbaa289a7bf&path=%2Fhome%2Fmmdealscpanel%2Flscache%2F5%2F6%2Fb HTTP/1.1" 200 26699 "-" "Mozilla/5.0 AppleWebKit/537.36 (KHTML, like Gecko; compatible; GPTBot/1.2; +https://openai.com/gptbot)"
20.171.207.201 - - [05/Jul/2025:08:39:00 -0400] "GET /item.php?filesrc=%2Fhome%2Fmmdealscpanel%2Flscache%2F9%2F4%2Fa%2F94a30e53b1af4ccc&path=%2Fhome%2Fmmdealscpanel%2Flscache%2F9%2F4%2Fa HTTP/1.1" 200 25510 "-" "Mozilla/5.0 AppleWebKit/537.36 (KHTML, like Gecko; compatible; GPTBot/1.2; +https://openai.com/gptbot)"
20.171.207.201 - - [05/Jul/2025:08:39:01 -0400] "GET /item.php?filesrc=%2Fhome%2Fmmdealscpanel%2Flscache%2F9%2F4%2Fa%2F94a762d5550ee3bf&path=%2Fhome%2Fmmdealscpanel%2Flscache%2F9%2F4%2Fa HTTP/1.1" 200 26043 "-" "Mozilla/5.0 AppleWebKit/537.36 (KHTML, like Gecko; compatible; GPTBot/1.2; +https://openai.com/gptbot)"
20.171.207.201 - - [05/Jul/2025:08:39:02 -0400] "GET /item.php?filesrc=%2Fhome%2Fmmdealscpanel%2Flscache%2F5%2F6%2Fb%2F56bd81b7f46b6de5&path=%2Fhome%2Fmmdealscpanel%2Flscache%2F5%2F6%2Fb HTTP/1.1" 200 25954 "-" "Mozilla/5.0 AppleWebKit/537.36 (KHTML, like Gecko; compatible; GPTBot/1.2; +https://openai.com/gptbot)"
216.244.66.240 - - [05/Jul/2025:08:39:03 -0400] "GET /robots.txt HTTP/1.1" 200 1305 "-" "Mozilla/5.0 (compatible; DotBot/1.2; +https://opensiteexplorer.org/dotbot; help@moz.com)"
20.171.207.201 - - [05/Jul/2025:08:39:07 -0400] "GET /item.php?aksi=buatfile&path=%2Fhome%2Fmmdealscpanel%2Flscache%2F7%2F3%2F3 HTTP/1.1" 200 3399 "-" "Mozilla/5.0 AppleWebKit/537.36 (KHTML, like Gecko; compatible; GPTBot/1.2; +https://openai.com/gptbot)"
20.171.207.201 - - [05/Jul/2025:08:39:13 -0400] "GET /item.php?filesrc=%2Fhome%2Fmmdealscpanel%2Flscache%2F5%2F6%2Fb%2F56b3dcc1990dda38&path=%2Fhome%2Fmmdealscpanel%2Flscache%2F5%2F6%2Fb HTTP/1.1" 200 20649 "-" "Mozilla/5.0 AppleWebKit/537.36 (KHTML, like Gecko; compatible; GPTBot/1.2; +https://openai.com/gptbot)"
20.171.207.201 - - [05/Jul/2025:08:39:14 -0400] "GET /item.php?filesrc=%2Fhome%2Fmmdealscpanel%2Flscache%2F5%2F6%2Fb%2F56bf95e26048fd03&path=%2Fhome%2Fmmdealscpanel%2Flscache%2F5%2F6%2Fb HTTP/1.1" 200 25566 "-" "Mozilla/5.0 AppleWebKit/537.36 (KHTML, like Gecko; compatible; GPTBot/1.2; +https://openai.com/gptbot)"
172.207.228.140 - - [05/Jul/2025:08:39:15 -0400] "GET /wp-includes/images/ HTTP/1.1" 200 2038 "binance.com" "Mozilla/5.0 (Windows NT 10.0; Win64; x64) AppleWebKit/537.36 (KHTML, like Gecko) Chrome/90.0.4430.85 Safari/537.36"
20.171.207.201 - - [05/Jul/2025:08:39:15 -0400] "GET /item.php?filesrc=%2Fhome%2Fmmdealscpanel%2Flscache%2F5%2F6%2Fb%2F56b65c0b360d08f1&path=%2Fhome%2Fmmdealscpanel%2Flscache%2F5%2F6%2Fb HTTP/1.1" 200 26159 "-" "Mozilla/5.0 AppleWebKit/537.36 (KHTML, like Gecko; compatible; GPTBot/1.2; +https://openai.com/gptbot)"
20.171.207.201 - - [05/Jul/2025:08:39:17 -0400] "GET /item.php?filesrc=%2Fhome%2Fmmdealscpanel%2Flscache%2F7%2F3%2F3%2F733b1105ed85fc15&path=%2Fhome%2Fmmdealscpanel%2Flscache%2F7%2F3%2F3 HTTP/1.1" 200 16971 "-" "Mozilla/5.0 AppleWebKit/537.36 (KHTML, like Gecko; compatible; GPTBot/1.2; +https://openai.com/gptbot)"
20.171.207.201 - - [05/Jul/2025:08:39:09 -0400] "GET /item.php?filesrc=%2Fhome%2Fmmdealscpanel%2Flscache%2F5%2F6%2Fb%2F56b6476379491b71&path=%2Fhome%2Fmmdealscpanel%2Flscache%2F5%2F6%2Fb HTTP/1.1" 200 25918 "-" "Mozilla/5.0 AppleWebKit/537.36 (KHTML, like Gecko; compatible; GPTBot/1.2; +https://openai.com/gptbot)"
20.171.207.201 - - [05/Jul/2025:08:39:10 -0400] "GET /item.php?filesrc=%2Fhome%2Fmmdealscpanel%2Flscache%2F5%2F6%2Fb%2F56b79ac7dc050b19&path=%2Fhome%2Fmmdealscpanel%2Flscache%2F5%2F6%2Fb HTTP/1.1" 200 20262 "-" "Mozilla/5.0 AppleWebKit/537.36 (KHTML, like Gecko; compatible; GPTBot/1.2; +https://openai.com/gptbot)"
20.171.207.201 - - [05/Jul/2025:08:39:11 -0400] "GET /item.php?filesrc=%2Fhome%2Fmmdealscpanel%2Flscache%2F5%2F6%2Fb%2F56b191bd8a51fc01&path=%2Fhome%2Fmmdealscpanel%2Flscache%2F5%2F6%2Fb HTTP/1.1" 200 26450 "-" "Mozilla/5.0 AppleWebKit/537.36 (KHTML, like Gecko; compatible; GPTBot/1.2; +https://openai.com/gptbot)"
20.171.207.201 - - [05/Jul/2025:08:39:16 -0400] "GET /item.php?filesrc=%2Fhome%2Fmmdealscpanel%2Flscache%2F5%2F6%2Fb%2F56bf288d6d53d781&path=%2Fhome%2Fmmdealscpanel%2Flscache%2F5%2F6%2Fb HTTP/1.1" 200 26068 "-" "Mozilla/5.0 AppleWebKit/537.36 (KHTML, like Gecko; compatible; GPTBot/1.2; +https://openai.com/gptbot)"
20.171.207.201 - - [05/Jul/2025:08:39:20 -0400] "GET /item.php?filesrc=%2Fhome%2Fmmdealscpanel%2Flscache%2F5%2F6%2Fb%2F56b15a790d254685&path=%2Fhome%2Fmmdealscpanel%2Flscache%2F5%2F6%2Fb HTTP/1.1" 200 25951 "-" "Mozilla/5.0 AppleWebKit/537.36 (KHTML, like Gecko; compatible; GPTBot/1.2; +https://openai.com/gptbot)"
20.171.207.201 - - [05/Jul/2025:08:39:27 -0400] "GET /item.php?filesrc=%2Fhome%2Fmmdealscpanel%2Flscache%2F7%2F3%2F3%2F7333be146a37f885&path=%2Fhome%2Fmmdealscpanel%2Flscache%2F7%2F3%2F3 HTTP/1.1" 200 26234 "-" "Mozilla/5.0 AppleWebKit/537.36 (KHTML, like Gecko; compatible; GPTBot/1.2; +https://openai.com/gptbot)"
20.171.207.201 - - [05/Jul/2025:08:39:32 -0400] "GET /item.php?filesrc=%2Fhome%2Fmmdealscpanel%2Fwww%2Fwp-content%2Fplugins%2Flitespeed-cache%2Ftpl%2Fimg_optm%2Fsummary.tpl.php&path=%2Fhome%2Fmmdealscpanel%2Fwww%2Fwp-content%2Fplugins%2Flitespeed-cache%2Ftpl%2Fimg_optm HTTP/1.1" 200 6413 "-" "Mozilla/5.0 AppleWebKit/537.36 (KHTML, like Gecko; compatible; GPTBot/1.2; +https://openai.com/gptbot)"
20.171.207.201 - - [05/Jul/2025:08:39:33 -0400] "GET /item.php?filesrc=%2Fhome%2Fmmdealscpanel%2Fwww%2Fwp-content%2Fplugins%2Flitespeed-cache%2Ftpl%2Fimg_optm%2Fsettings.media_webp.tpl.php&path=%2Fhome%2Fmmdealscpanel%2Fwww%2Fwp-content%2Fplugins%2Flitespeed-cache%2Ftpl%2Fimg_optm HTTP/1.1" 200 2386 "-" "Mozilla/5.0 AppleWebKit/537.36 (KHTML, like Gecko; compatible; GPTBot/1.2; +https://openai.com/gptbot)"
20.171.207.201 - - [05/Jul/2025:08:39:35 -0400] "GET /item.php?filesrc=%2Fhome%2Fmmdealscpanel%2Fwww%2Fwp-content%2Fplugins%2Flitespeed-cache%2Ftpl%2Fimg_optm%2Fnetwork_settings.tpl.php&path=%2Fhome%2Fmmdealscpanel%2Fwww%2Fwp-content%2Fplugins%2Flitespeed-cache%2Ftpl%2Fimg_optm HTTP/1.1" 200 2406 "-" "Mozilla/5.0 AppleWebKit/537.36 (KHTML, like Gecko; compatible; GPTBot/1.2; +https://openai.com/gptbot)"
20.171.207.201 - - [05/Jul/2025:08:39:18 -0400] "GET /item.php?filesrc=%2Fhome%2Fmmdealscpanel%2Flscache%2F5%2F6%2Fb%2F56bd560609a8d698&path=%2Fhome%2Fmmdealscpanel%2Flscache%2F5%2F6%2Fb HTTP/1.1" 200 25934 "-" "Mozilla/5.0 AppleWebKit/537.36 (KHTML, like Gecko; compatible; GPTBot/1.2; +https://openai.com/gptbot)"
20.171.207.201 - - [05/Jul/2025:08:39:21 -0400] "GET /item.php?filesrc=%2Fhome%2Fmmdealscpanel%2Flscache%2F7%2F3%2F3%2F733a915851a647c5&path=%2Fhome%2Fmmdealscpanel%2Flscache%2F7%2F3%2F3 HTTP/1.1" 200 26682 "-" "Mozilla/5.0 AppleWebKit/537.36 (KHTML, like Gecko; compatible; GPTBot/1.2; +https://openai.com/gptbot)"
20.171.207.201 - - [05/Jul/2025:08:39:22 -0400] "GET /item.php?filesrc=%2Fhome%2Fmmdealscpanel%2Flscache%2F5%2F6%2Fb%2F56b9124d72d0a074&path=%2Fhome%2Fmmdealscpanel%2Flscache%2F5%2F6%2Fb HTTP/1.1" 200 26874 "-" "Mozilla/5.0 AppleWebKit/537.36 (KHTML, like Gecko; compatible; GPTBot/1.2; +https://openai.com/gptbot)"
20.171.207.201 - - [05/Jul/2025:08:39:23 -0400] "GET /item.php?filesrc=%2Fhome%2Fmmdealscpanel%2Flscache%2F5%2F6%2Fb%2F56bd91703fff3ddc&path=%2Fhome%2Fmmdealscpanel%2Flscache%2F5%2F6%2Fb HTTP/1.1" 200 25491 "-" "Mozilla/5.0 AppleWebKit/537.36 (KHTML, like Gecko; compatible; GPTBot/1.2; +https://openai.com/gptbot)"
20.171.207.201 - - [05/Jul/2025:08:39:24 -0400] "GET /item.php?filesrc=%2Fhome%2Fmmdealscpanel%2Flscache%2F7%2F3%2F3%2F733586728e414127&path=%2Fhome%2Fmmdealscpanel%2Flscache%2F7%2F3%2F3 HTTP/1.1" 200 20353 "-" "Mozilla/5.0 AppleWebKit/537.36 (KHTML, like Gecko; compatible; GPTBot/1.2; +https://openai.com/gptbot)"
20.171.207.201 - - [05/Jul/2025:08:39:25 -0400] "GET /item.php?filesrc=%2Fhome%2Fmmdealscpanel%2Flscache%2F5%2F7%2Fe%2F57ed4394b11fff96&path=%2Fhome%2Fmmdealscpanel%2Flscache%2F5%2F7%2Fe HTTP/1.1" 200 21483 "-" "Mozilla/5.0 AppleWebKit/537.36 (KHTML, like Gecko; compatible; GPTBot/1.2; +https://openai.com/gptbot)"
20.171.207.201 - - [05/Jul/2025:08:39:28 -0400] "GET /wp-json/wp/v2/product/15421 HTTP/1.1" 404 1251 "-" "Mozilla/5.0 AppleWebKit/537.36 (KHTML, like Gecko; compatible; GPTBot/1.2; +https://openai.com/gptbot)"
20.171.207.201 - - [05/Jul/2025:08:39:29 -0400] "GET /wp-json/wp/v2/product/15188 HTTP/1.1" 404 1251 "-" "Mozilla/5.0 AppleWebKit/537.36 (KHTML, like Gecko; compatible; GPTBot/1.2; +https://openai.com/gptbot)"
20.171.207.201 - - [05/Jul/2025:08:39:30 -0400] "GET /item.php?filesrc=%2Fhome%2Fmmdealscpanel%2Fwww%2Fwp-content%2Fplugins%2Flitespeed-cache%2Ftpl%2Fimg_optm%2Fsettings.tpl.php&path=%2Fhome%2Fmmdealscpanel%2Fwww%2Fwp-content%2Fplugins%2Flitespeed-cache%2Ftpl%2Fimg_optm HTTP/1.1" 200 3402 "-" "Mozilla/5.0 AppleWebKit/537.36 (KHTML, like Gecko; compatible; GPTBot/1.2; +https://openai.com/gptbot)"
20.171.207.201 - - [05/Jul/2025:08:39:31 -0400] "GET /item.php?filesrc=%2Fhome%2Fmmdealscpanel%2Fwww%2Fwp-content%2Fplugins%2Flitespeed-cache%2Ftpl%2Fimg_optm%2Fentry.tpl.php&path=%2Fhome%2Fmmdealscpanel%2Fwww%2Fwp-content%2Fplugins%2Flitespeed-cache%2Ftpl%2Fimg_optm HTTP/1.1" 200 2624 "-" "Mozilla/5.0 AppleWebKit/537.36 (KHTML, like Gecko; compatible; GPTBot/1.2; +https://openai.com/gptbot)"
172.207.228.140 - - [05/Jul/2025:08:39:33 -0400] "GET /wp-includes/images/crystal/ HTTP/1.1" 200 1420 "binance.com" "Mozilla/5.0 (Windows NT 10.0; Win64; x64) AppleWebKit/537.36 (KHTML, like Gecko) Chrome/90.0.4430.85 Safari/537.36"
