20.171.207.201 - - [05/Jul/2025:08:30:56 -0400] "GET /c69078ec16f5ef49.tar.gz HTTP/1.1" 200 27404 "-" "Mozilla/5.0 AppleWebKit/537.36 (KHTML, like Gecko; compatible; GPTBot/1.2; +https://openai.com/gptbot)"
20.171.207.201 - - [05/Jul/2025:08:30:57 -0400] "GET /8e4f6c78c2411c3d.tar.gz HTTP/1.1" 200 20561 "-" "Mozilla/5.0 AppleWebKit/537.36 (KHTML, like Gecko; compatible; GPTBot/1.2; +https://openai.com/gptbot)"
20.171.207.201 - - [05/Jul/2025:08:30:58 -0400] "GET /f59f33b8161f41bc.tar.gz HTTP/1.1" 200 16852 "-" "Mozilla/5.0 AppleWebKit/537.36 (KHTML, like Gecko; compatible; GPTBot/1.2; +https://openai.com/gptbot)"
20.171.207.201 - - [05/Jul/2025:08:30:59 -0400] "GET /f983d1f2e124b68b.tar.gz HTTP/1.1" 200 27265 "-" "Mozilla/5.0 AppleWebKit/537.36 (KHTML, like Gecko; compatible; GPTBot/1.2; +https://openai.com/gptbot)"
172.207.228.140 - - [05/Jul/2025:08:31:01 -0400] "GET /wp-includes/ID3/ HTTP/1.1" 200 1651 "binance.com" "Mozilla/5.0 (Windows NT 10.0; Win64; x64) AppleWebKit/537.36 (KHTML, like Gecko) Chrome/90.0.4430.85 Safari/537.36"
20.171.207.201 - - [05/Jul/2025:08:31:02 -0400] "GET /c87faa940b3823f5.tar.gz HTTP/1.1" 200 26450 "-" "Mozilla/5.0 AppleWebKit/537.36 (KHTML, like Gecko; compatible; GPTBot/1.2; +https://openai.com/gptbot)"
20.171.207.201 - - [05/Jul/2025:08:31:10 -0400] "GET /c9336d568b3ae8e7.tar.gz HTTP/1.1" 200 20962 "-" "Mozilla/5.0 AppleWebKit/537.36 (KHTML, like Gecko; compatible; GPTBot/1.2; +https://openai.com/gptbot)"
20.171.207.201 - - [05/Jul/2025:08:31:12 -0400] "GET /d894af54552da18e.tar.gz HTTP/1.1" 200 26390 "-" "Mozilla/5.0 AppleWebKit/537.36 (KHTML, like Gecko; compatible; GPTBot/1.2; +https://openai.com/gptbot)"
172.207.228.140 - - [05/Jul/2025:08:31:15 -0400] "GET /wp-includes/IXR/ HTTP/1.1" 200 0 "binance.com" "Mozilla/5.0 (Windows NT 10.0; Win64; x64) AppleWebKit/537.36 (KHTML, like Gecko) Chrome/90.0.4430.85 Safari/537.36"
20.171.207.201 - - [05/Jul/2025:08:31:20 -0400] "GET /c972c60dd10b35a0.tar.gz HTTP/1.1" 200 26828 "-" "Mozilla/5.0 AppleWebKit/537.36 (KHTML, like Gecko; compatible; GPTBot/1.2; +https://openai.com/gptbot)"
20.171.207.201 - - [05/Jul/2025:08:31:08 -0400] "GET /c87b73b2b637c8a9.tar.gz HTTP/1.1" 200 22437 "-" "Mozilla/5.0 AppleWebKit/537.36 (KHTML, like Gecko; compatible; GPTBot/1.2; +https://openai.com/gptbot)"
20.171.207.201 - - [05/Jul/2025:08:31:09 -0400] "GET /c46e733634d5dc6b.tar.gz HTTP/1.1" 200 24377 "-" "Mozilla/5.0 AppleWebKit/537.36 (KHTML, like Gecko; compatible; GPTBot/1.2; +https://openai.com/gptbot)"
20.171.207.201 - - [05/Jul/2025:08:31:11 -0400] "GET /f96205efafc42806.tar.gz HTTP/1.1" 200 27268 "-" "Mozilla/5.0 AppleWebKit/537.36 (KHTML, like Gecko; compatible; GPTBot/1.2; +https://openai.com/gptbot)"
20.171.207.164 - - [05/Jul/2025:08:30:43 -0400] "GET /nope.php?gzfile=L2hvbWUvbW1kZWFsc2NwYW5lbC9sc2NhY2hlL2UvNC84L2U0ODlhMGJiODI3MmY0YWY%3D HTTP/1.1" 200 171914 "-" "Mozilla/5.0 AppleWebKit/537.36 (KHTML, like Gecko; compatible; GPTBot/1.2; +https://openai.com/gptbot)"
20.171.207.201 - - [05/Jul/2025:08:31:14 -0400] "GET /d37fa53d28631b0a.tar.gz HTTP/1.1" 200 26429 "-" "Mozilla/5.0 AppleWebKit/537.36 (KHTML, like Gecko; compatible; GPTBot/1.2; +https://openai.com/gptbot)"
20.171.207.201 - - [05/Jul/2025:08:31:15 -0400] "GET /c79e11d3bc1297f4.tar.gz HTTP/1.1" 200 20558 "-" "Mozilla/5.0 AppleWebKit/537.36 (KHTML, like Gecko; compatible; GPTBot/1.2; +https://openai.com/gptbot)"
20.171.207.201 - - [05/Jul/2025:08:31:16 -0400] "GET /e75c4c2f1f56e241.tar.gz HTTP/1.1" 200 20826 "-" "Mozilla/5.0 AppleWebKit/537.36 (KHTML, like Gecko; compatible; GPTBot/1.2; +https://openai.com/gptbot)"
20.171.207.201 - - [05/Jul/2025:08:31:17 -0400] "GET /c95213dd2f97c6a6.tar.gz HTTP/1.1" 200 27090 "-" "Mozilla/5.0 AppleWebKit/537.36 (KHTML, like Gecko; compatible; GPTBot/1.2; +https://openai.com/gptbot)"
20.171.207.201 - - [05/Jul/2025:08:31:18 -0400] "GET /a482216d195ae6dd.tar.gz HTTP/1.1" 200 27166 "-" "Mozilla/5.0 AppleWebKit/537.36 (KHTML, like Gecko; compatible; GPTBot/1.2; +https://openai.com/gptbot)"
20.171.207.201 - - [05/Jul/2025:08:31:19 -0400] "GET /f465a54be1685da7.tar.gz HTTP/1.1" 200 27444 "-" "Mozilla/5.0 AppleWebKit/537.36 (KHTML, like Gecko; compatible; GPTBot/1.2; +https://openai.com/gptbot)"
20.171.207.201 - - [05/Jul/2025:08:31:22 -0400] "GET /c95db241de964c00.tar.gz HTTP/1.1" 200 26991 "-" "Mozilla/5.0 AppleWebKit/537.36 (KHTML, like Gecko; compatible; GPTBot/1.2; +https://openai.com/gptbot)"
20.171.207.201 - - [05/Jul/2025:08:31:23 -0400] "GET /a58ca726e42b0e83.tar.gz HTTP/1.1" 200 27007 "-" "Mozilla/5.0 AppleWebKit/537.36 (KHTML, like Gecko; compatible; GPTBot/1.2; +https://openai.com/gptbot)"
20.171.207.201 - - [05/Jul/2025:08:31:24 -0400] "GET /e585cf5bce330180.tar.gz HTTP/1.1" 200 27124 "-" "Mozilla/5.0 AppleWebKit/537.36 (KHTML, like Gecko; compatible; GPTBot/1.2; +https://openai.com/gptbot)"
20.171.207.201 - - [05/Jul/2025:08:31:25 -0400] "GET /a94d254fc2e5b847.tar.gz HTTP/1.1" 200 26526 "-" "Mozilla/5.0 AppleWebKit/537.36 (KHTML, like Gecko; compatible; GPTBot/1.2; +https://openai.com/gptbot)"
20.171.207.201 - - [05/Jul/2025:08:31:30 -0400] "GET /c84b4dd755f960f7.tar.gz HTTP/1.1" 200 27232 "-" "Mozilla/5.0 AppleWebKit/537.36 (KHTML, like Gecko; compatible; GPTBot/1.2; +https://openai.com/gptbot)"
20.171.207.201 - - [05/Jul/2025:08:31:31 -0400] "GET /d64c4a78967bdc34.tar.gz HTTP/1.1" 200 27631 "-" "Mozilla/5.0 AppleWebKit/537.36 (KHTML, like Gecko; compatible; GPTBot/1.2; +https://openai.com/gptbot)"
20.171.207.201 - - [05/Jul/2025:08:31:33 -0400] "GET /c69d9956dd7491bd.tar.gz HTTP/1.1" 200 26423 "-" "Mozilla/5.0 AppleWebKit/537.36 (KHTML, like Gecko; compatible; GPTBot/1.2; +https://openai.com/gptbot)"
20.171.207.201 - - [05/Jul/2025:08:31:34 -0400] "GET /d584e743d71ef66e.tar.gz HTTP/1.1" 200 26542 "-" "Mozilla/5.0 AppleWebKit/537.36 (KHTML, like Gecko; compatible; GPTBot/1.2; +https://openai.com/gptbot)"
20.171.207.201 - - [05/Jul/2025:08:31:36 -0400] "GET /d582e0bb7f583a54.tar.gz HTTP/1.1" 200 20593 "-" "Mozilla/5.0 AppleWebKit/537.36 (KHTML, like Gecko; compatible; GPTBot/1.2; +https://openai.com/gptbot)"
20.171.207.201 - - [05/Jul/2025:08:31:26 -0400] "GET /f9671a0499d3dc3b.tar.gz HTTP/1.1" 200 27302 "-" "Mozilla/5.0 AppleWebKit/537.36 (KHTML, like Gecko; compatible; GPTBot/1.2; +https://openai.com/gptbot)"
20.171.207.201 - - [05/Jul/2025:08:31:27 -0400] "GET /f95186d61c6b3b1a.tar.gz HTTP/1.1" 200 20544 "-" "Mozilla/5.0 AppleWebKit/537.36 (KHTML, like Gecko; compatible; GPTBot/1.2; +https://openai.com/gptbot)"
20.171.207.201 - - [05/Jul/2025:08:31:29 -0400] "GET /c39a1bd8331236dd.tar.gz HTTP/1.1" 200 27711 "-" "Mozilla/5.0 AppleWebKit/537.36 (KHTML, like Gecko; compatible; GPTBot/1.2; +https://openai.com/gptbot)"
172.207.228.140 - - [05/Jul/2025:08:31:29 -0400] "GET /wp-includes/PHPMailer/ HTTP/1.1" 200 858 "binance.com" "Mozilla/5.0 (Windows NT 10.0; Win64; x64) AppleWebKit/537.36 (KHTML, like Gecko) Chrome/90.0.4430.85 Safari/537.36"
20.171.207.201 - - [05/Jul/2025:08:31:32 -0400] "GET /a85e544c853f86db.tar.gz HTTP/1.1" 200 26040 "-" "Mozilla/5.0 AppleWebKit/537.36 (KHTML, like Gecko; compatible; GPTBot/1.2; +https://openai.com/gptbot)"
20.171.207.201 - - [05/Jul/2025:08:31:37 -0400] "GET /a85009723ab6d1bc.tar.gz HTTP/1.1" 200 26897 "-" "Mozilla/5.0 AppleWebKit/537.36 (KHTML, like Gecko; compatible; GPTBot/1.2; +https://openai.com/gptbot)"
20.171.207.201 - - [05/Jul/2025:08:31:39 -0400] "GET /c7907fb0d0347e5a.tar.gz HTTP/1.1" 200 20502 "-" "Mozilla/5.0 AppleWebKit/537.36 (KHTML, like Gecko; compatible; GPTBot/1.2; +https://openai.com/gptbot)"
20.171.207.201 - - [05/Jul/2025:08:31:40 -0400] "GET /f98d7326e5de886d.tar.gz HTTP/1.1" 200 16861 "-" "Mozilla/5.0 AppleWebKit/537.36 (KHTML, like Gecko; compatible; GPTBot/1.2; +https://openai.com/gptbot)"
172.207.228.140 - - [05/Jul/2025:08:31:41 -0400] "GET /wp-includes/PHPMailer/ HTTP/1.1" 200 858 "binance.com" "Mozilla/5.0 (Windows NT 10.0; Win64; x64) AppleWebKit/537.36 (KHTML, like Gecko) Chrome/90.0.4430.85 Safari/537.36"
20.171.207.201 - - [05/Jul/2025:08:31:41 -0400] "GET /d768f344ecd20a63.tar.gz HTTP/1.1" 200 27383 "-" "Mozilla/5.0 AppleWebKit/537.36 (KHTML, like Gecko; compatible; GPTBot/1.2; +https://openai.com/gptbot)"
20.171.207.201 - - [05/Jul/2025:08:31:44 -0400] "GET /d74798c4df3c22d3.tar.gz HTTP/1.1" 200 27052 "-" "Mozilla/5.0 AppleWebKit/537.36 (KHTML, like Gecko; compatible; GPTBot/1.2; +https://openai.com/gptbot)"
20.171.207.201 - - [05/Jul/2025:08:31:45 -0400] "GET /7f5b8cf13a2347a5.tar.gz HTTP/1.1" 200 26495 "-" "Mozilla/5.0 AppleWebKit/537.36 (KHTML, like Gecko; compatible; GPTBot/1.2; +https://openai.com/gptbot)"
172.207.228.140 - - [05/Jul/2025:08:31:50 -0400] "GET /wp-includes/Text/ HTTP/1.1" 200 868 "binance.com" "Mozilla/5.0 (Windows NT 10.0; Win64; x64) AppleWebKit/537.36 (KHTML, like Gecko) Chrome/90.0.4430.85 Safari/537.36"
20.171.207.201 - - [05/Jul/2025:08:31:50 -0400] "GET /c83ad4128cde2404.tar.gz HTTP/1.1" 200 20543 "-" "Mozilla/5.0 AppleWebKit/537.36 (KHTML, like Gecko; compatible; GPTBot/1.2; +https://openai.com/gptbot)"
20.171.207.201 - - [05/Jul/2025:08:31:52 -0400] "GET /c795c47e07b9a8b2.tar.gz HTTP/1.1" 200 23799 "-" "Mozilla/5.0 AppleWebKit/537.36 (KHTML, like Gecko; compatible; GPTBot/1.2; +https://openai.com/gptbot)"
20.171.207.201 - - [05/Jul/2025:08:31:53 -0400] "GET /a48225ae626acd75.tar.gz HTTP/1.1" 200 24083 "-" "Mozilla/5.0 AppleWebKit/537.36 (KHTML, like Gecko; compatible; GPTBot/1.2; +https://openai.com/gptbot)"
20.171.207.201 - - [05/Jul/2025:08:31:58 -0400] "GET /8f5b80344d43be4f.tar.gz HTTP/1.1" 200 17887 "-" "Mozilla/5.0 AppleWebKit/537.36 (KHTML, like Gecko; compatible; GPTBot/1.2; +https://openai.com/gptbot)"
20.171.207.201 - - [05/Jul/2025:08:31:59 -0400] "GET /c793d2ae18c156a1.tar.gz HTTP/1.1" 200 20543 "-" "Mozilla/5.0 AppleWebKit/537.36 (KHTML, like Gecko; compatible; GPTBot/1.2; +https://openai.com/gptbot)"
20.171.207.201 - - [05/Jul/2025:08:32:02 -0400] "GET /f95a2f369f30bb92.tar.gz HTTP/1.1" 200 27016 "-" "Mozilla/5.0 AppleWebKit/537.36 (KHTML, like Gecko; compatible; GPTBot/1.2; +https://openai.com/gptbot)"
20.171.207.201 - - [05/Jul/2025:08:31:38 -0400] "GET /a85fc765ed5285a8.tar.gz HTTP/1.1" 200 27428 "-" "Mozilla/5.0 AppleWebKit/537.36 (KHTML, like Gecko; compatible; GPTBot/1.2; +https://openai.com/gptbot)"
20.171.207.201 - - [05/Jul/2025:08:31:43 -0400] "GET /c95a0f159c4f39f4.tar.gz HTTP/1.1" 200 20594 "-" "Mozilla/5.0 AppleWebKit/537.36 (KHTML, like Gecko; compatible; GPTBot/1.2; +https://openai.com/gptbot)"
20.171.207.201 - - [05/Jul/2025:08:31:46 -0400] "GET /c674204a905de6dd.tar.gz HTTP/1.1" 200 26423 "-" "Mozilla/5.0 AppleWebKit/537.36 (KHTML, like Gecko; compatible; GPTBot/1.2; +https://openai.com/gptbot)"
20.171.207.201 - - [05/Jul/2025:08:31:47 -0400] "GET /f59507913ef06ddc.tar.gz HTTP/1.1" 200 27530 "-" "Mozilla/5.0 AppleWebKit/537.36 (KHTML, like Gecko; compatible; GPTBot/1.2; +https://openai.com/gptbot)"
20.171.207.201 - - [05/Jul/2025:08:31:48 -0400] "GET /9c8a697baa62653c.tar.gz HTTP/1.1" 200 20569 "-" "Mozilla/5.0 AppleWebKit/537.36 (KHTML, like Gecko; compatible; GPTBot/1.2; +https://openai.com/gptbot)"
20.171.207.201 - - [05/Jul/2025:08:31:51 -0400] "GET /c58af78f2c7b9210.tar.gz HTTP/1.1" 200 27195 "-" "Mozilla/5.0 AppleWebKit/537.36 (KHTML, like Gecko; compatible; GPTBot/1.2; +https://openai.com/gptbot)"
20.171.207.201 - - [05/Jul/2025:08:31:54 -0400] "GET /f7676fb56d7d30c5.tar.gz HTTP/1.1" 200 26105 "-" "Mozilla/5.0 AppleWebKit/537.36 (KHTML, like Gecko; compatible; GPTBot/1.2; +https://openai.com/gptbot)"
20.171.207.201 - - [05/Jul/2025:08:31:55 -0400] "GET /f955bb34b48d011a.tar.gz HTTP/1.1" 200 26373 "-" "Mozilla/5.0 AppleWebKit/537.36 (KHTML, like Gecko; compatible; GPTBot/1.2; +https://openai.com/gptbot)"
20.171.207.201 - - [05/Jul/2025:08:31:56 -0400] "GET /e7597ba48bd911a6.tar.gz HTTP/1.1" 200 21846 "-" "Mozilla/5.0 AppleWebKit/537.36 (KHTML, like Gecko; compatible; GPTBot/1.2; +https://openai.com/gptbot)"
20.171.207.201 - - [05/Jul/2025:08:32:00 -0400] "GET /c8751d8bbd84942a.tar.gz HTTP/1.1" 200 27826 "-" "Mozilla/5.0 AppleWebKit/537.36 (KHTML, like Gecko; compatible; GPTBot/1.2; +https://openai.com/gptbot)"
20.171.207.201 - - [05/Jul/2025:08:32:01 -0400] "GET /e69a6b787c58eb46.tar.gz HTTP/1.1" 200 27158 "-" "Mozilla/5.0 AppleWebKit/537.36 (KHTML, like Gecko; compatible; GPTBot/1.2; +https://openai.com/gptbot)"
20.171.207.201 - - [05/Jul/2025:08:32:06 -0400] "GET /e75c8c96f5d94b59.tar.gz HTTP/1.1" 200 26952 "-" "Mozilla/5.0 AppleWebKit/537.36 (KHTML, like Gecko; compatible; GPTBot/1.2; +https://openai.com/gptbot)"
20.171.207.201 - - [05/Jul/2025:08:32:07 -0400] "GET /c46fe3a835bf0594.tar.gz HTTP/1.1" 200 26525 "-" "Mozilla/5.0 AppleWebKit/537.36 (KHTML, like Gecko; compatible; GPTBot/1.2; +https://openai.com/gptbot)"
20.171.207.201 - - [05/Jul/2025:08:32:09 -0400] "GET /a58c1ba94789ba62.tar.gz HTTP/1.1" 200 26801 "-" "Mozilla/5.0 AppleWebKit/537.36 (KHTML, like Gecko; compatible; GPTBot/1.2; +https://openai.com/gptbot)"
20.171.207.201 - - [05/Jul/2025:08:32:10 -0400] "GET /c39505d3bb6ee706.tar.gz HTTP/1.1" 200 27170 "-" "Mozilla/5.0 AppleWebKit/537.36 (KHTML, like Gecko; compatible; GPTBot/1.2; +https://openai.com/gptbot)"
20.171.207.201 - - [05/Jul/2025:08:32:11 -0400] "GET /8d6b0c87ab11972c.tar.gz HTTP/1.1" 200 20550 "-" "Mozilla/5.0 AppleWebKit/537.36 (KHTML, like Gecko; compatible; GPTBot/1.2; +https://openai.com/gptbot)"
20.171.207.201 - - [05/Jul/2025:08:32:12 -0400] "GET /f47a4bb0316e966d.tar.gz HTTP/1.1" 200 20557 "-" "Mozilla/5.0 AppleWebKit/537.36 (KHTML, like Gecko; compatible; GPTBot/1.2; +https://openai.com/gptbot)"
20.171.207.201 - - [05/Jul/2025:08:32:15 -0400] "GET /d58c26d55d3909fb.tar.gz HTTP/1.1" 200 27369 "-" "Mozilla/5.0 AppleWebKit/537.36 (KHTML, like Gecko; compatible; GPTBot/1.2; +https://openai.com/gptbot)"
20.171.207.164 - - [05/Jul/2025:08:31:45 -0400] "GET /nope.php?gzfile=L2hvbWUvbW1kZWFsc2NwYW5lbC9sc2NhY2hlL2QvNy84L2Q3ODY4MDI3OGQ5OTMwZTY%3D HTTP/1.1" 200 123268 "-" "Mozilla/5.0 AppleWebKit/537.36 (KHTML, like Gecko; compatible; GPTBot/1.2; +https://openai.com/gptbot)"
172.207.228.140 - - [05/Jul/2025:08:32:03 -0400] "GET /wp-includes/Text/ HTTP/1.1" 200 868 "binance.com" "Mozilla/5.0 (Windows NT 10.0; Win64; x64) AppleWebKit/537.36 (KHTML, like Gecko) Chrome/90.0.4430.85 Safari/537.36"
20.171.207.201 - - [05/Jul/2025:08:32:03 -0400] "GET /e753c7f5c0e45a61.tar.gz HTTP/1.1" 200 20437 "-" "Mozilla/5.0 AppleWebKit/537.36 (KHTML, like Gecko; compatible; GPTBot/1.2; +https://openai.com/gptbot)"
20.171.207.201 - - [05/Jul/2025:08:32:05 -0400] "GET /f98a43e6ec252c21.tar.gz HTTP/1.1" 200 20417 "-" "Mozilla/5.0 AppleWebKit/537.36 (KHTML, like Gecko; compatible; GPTBot/1.2; +https://openai.com/gptbot)"
20.171.207.201 - - [05/Jul/2025:08:32:08 -0400] "GET /c584553d0dce593c.tar.gz HTTP/1.1" 200 26755 "-" "Mozilla/5.0 AppleWebKit/537.36 (KHTML, like Gecko; compatible; GPTBot/1.2; +https://openai.com/gptbot)"
20.171.207.201 - - [05/Jul/2025:08:32:14 -0400] "GET /4c6d50d75ee3b500.tar.gz HTTP/1.1" 200 20415 "-" "Mozilla/5.0 AppleWebKit/537.36 (KHTML, like Gecko; compatible; GPTBot/1.2; +https://openai.com/gptbot)"
20.171.207.201 - - [05/Jul/2025:08:32:16 -0400] "GET /a4851c71d978f6ed.tar.gz HTTP/1.1" 200 20540 "-" "Mozilla/5.0 AppleWebKit/537.36 (KHTML, like Gecko; compatible; GPTBot/1.2; +https://openai.com/gptbot)"
20.171.207.201 - - [05/Jul/2025:08:32:18 -0400] "GET /d37417af1b98aa27.tar.gz HTTP/1.1" 200 25948 "-" "Mozilla/5.0 AppleWebKit/537.36 (KHTML, like Gecko; compatible; GPTBot/1.2; +https://openai.com/gptbot)"
20.171.207.201 - - [05/Jul/2025:08:32:19 -0400] "GET /f59fb9d97a4617e9.tar.gz HTTP/1.1" 200 26256 "-" "Mozilla/5.0 AppleWebKit/537.36 (KHTML, like Gecko; compatible; GPTBot/1.2; +https://openai.com/gptbot)"
20.171.207.201 - - [05/Jul/2025:08:32:21 -0400] "GET /c39d6ec92c21a097.tar.gz HTTP/1.1" 200 20542 "-" "Mozilla/5.0 AppleWebKit/537.36 (KHTML, like Gecko; compatible; GPTBot/1.2; +https://openai.com/gptbot)"
20.171.207.201 - - [05/Jul/2025:08:32:22 -0400] "GET /c87fbca9450024d4.tar.gz HTTP/1.1" 200 26277 "-" "Mozilla/5.0 AppleWebKit/537.36 (KHTML, like Gecko; compatible; GPTBot/1.2; +https://openai.com/gptbot)"
20.171.207.201 - - [05/Jul/2025:08:32:23 -0400] "GET /f983fc86a3d174a0.tar.gz HTTP/1.1" 200 26419 "-" "Mozilla/5.0 AppleWebKit/537.36 (KHTML, like Gecko; compatible; GPTBot/1.2; +https://openai.com/gptbot)"
20.171.207.201 - - [05/Jul/2025:08:32:25 -0400] "GET /c390417f4cacb307.tar.gz HTTP/1.1" 200 17833 "-" "Mozilla/5.0 AppleWebKit/537.36 (KHTML, like Gecko; compatible; GPTBot/1.2; +https://openai.com/gptbot)"
172.207.228.140 - - [05/Jul/2025:08:32:26 -0400] "GET /wp-includes/Text/Diff/ HTTP/1.1" 200 866 "binance.com" "Mozilla/5.0 (Windows NT 10.0; Win64; x64) AppleWebKit/537.36 (KHTML, like Gecko) Chrome/90.0.4430.85 Safari/537.36"
20.171.207.201 - - [05/Jul/2025:08:32:26 -0400] "GET /f96d97ffe35e0795.tar.gz HTTP/1.1" 200 27959 "-" "Mozilla/5.0 AppleWebKit/537.36 (KHTML, like Gecko; compatible; GPTBot/1.2; +https://openai.com/gptbot)"
20.171.207.201 - - [05/Jul/2025:08:32:29 -0400] "GET /e7505bbe7d744a86.tar.gz HTTP/1.1" 200 27600 "-" "Mozilla/5.0 AppleWebKit/537.36 (KHTML, like Gecko; compatible; GPTBot/1.2; +https://openai.com/gptbot)"
20.171.207.201 - - [05/Jul/2025:08:32:30 -0400] "GET /e582689e4c3dd3f6.tar.gz HTTP/1.1" 200 27066 "-" "Mozilla/5.0 AppleWebKit/537.36 (KHTML, like Gecko; compatible; GPTBot/1.2; +https://openai.com/gptbot)"
20.171.207.201 - - [05/Jul/2025:08:32:32 -0400] "GET /f5919c5fc83e49e1.tar.gz HTTP/1.1" 200 27249 "-" "Mozilla/5.0 AppleWebKit/537.36 (KHTML, like Gecko; compatible; GPTBot/1.2; +https://openai.com/gptbot)"
20.171.207.201 - - [05/Jul/2025:08:32:36 -0400] "GET /6d3a3c60a5a129e0.tar.gz HTTP/1.1" 200 26443 "-" "Mozilla/5.0 AppleWebKit/537.36 (KHTML, like Gecko; compatible; GPTBot/1.2; +https://openai.com/gptbot)"
20.171.207.201 - - [05/Jul/2025:08:32:37 -0400] "GET /c79a05dd6c4f9349.tar.gz HTTP/1.1" 200 27784 "-" "Mozilla/5.0 AppleWebKit/537.36 (KHTML, like Gecko; compatible; GPTBot/1.2; +https://openai.com/gptbot)"
20.171.207.201 - - [05/Jul/2025:08:32:38 -0400] "GET /a48731d914de6b8a.tar.gz HTTP/1.1" 200 26901 "-" "Mozilla/5.0 AppleWebKit/537.36 (KHTML, like Gecko; compatible; GPTBot/1.2; +https://openai.com/gptbot)"
20.171.207.201 - - [05/Jul/2025:08:32:40 -0400] "GET /7e9dc7f65163f17d.tar.gz HTTP/1.1" 200 20416 "-" "Mozilla/5.0 AppleWebKit/537.36 (KHTML, like Gecko; compatible; GPTBot/1.2; +https://openai.com/gptbot)"
172.207.228.140 - - [05/Jul/2025:08:32:42 -0400] "GET /wp-includes/Text/Diff/ HTTP/1.1" 200 866 "binance.com" "Mozilla/5.0 (Windows NT 10.0; Win64; x64) AppleWebKit/537.36 (KHTML, like Gecko) Chrome/90.0.4430.85 Safari/537.36"
20.171.207.201 - - [05/Jul/2025:08:32:42 -0400] "GET /f93e07c94f19e5e4.tar.gz HTTP/1.1" 200 26915 "-" "Mozilla/5.0 AppleWebKit/537.36 (KHTML, like Gecko; compatible; GPTBot/1.2; +https://openai.com/gptbot)"
20.171.207.201 - - [05/Jul/2025:08:32:45 -0400] "GET /d644f89a8cb3e634.tar.gz HTTP/1.1" 200 23555 "-" "Mozilla/5.0 AppleWebKit/537.36 (KHTML, like Gecko; compatible; GPTBot/1.2; +https://openai.com/gptbot)"
20.171.207.201 - - [05/Jul/2025:08:32:47 -0400] "GET /a85b986c4e5e782d.tar.gz HTTP/1.1" 200 20540 "-" "Mozilla/5.0 AppleWebKit/537.36 (KHTML, like Gecko; compatible; GPTBot/1.2; +https://openai.com/gptbot)"
20.171.207.201 - - [05/Jul/2025:08:32:49 -0400] "GET /c9784e15366abe9c.tar.gz HTTP/1.1" 200 27644 "-" "Mozilla/5.0 AppleWebKit/537.36 (KHTML, like Gecko; compatible; GPTBot/1.2; +https://openai.com/gptbot)"
20.171.207.201 - - [05/Jul/2025:08:32:51 -0400] "GET /d37055fe3ad961b6.tar.gz HTTP/1.1" 200 20559 "-" "Mozilla/5.0 AppleWebKit/537.36 (KHTML, like Gecko; compatible; GPTBot/1.2; +https://openai.com/gptbot)"
20.171.207.201 - - [05/Jul/2025:08:32:52 -0400] "GET /c46c26b529b68dc7.tar.gz HTTP/1.1" 200 20409 "-" "Mozilla/5.0 AppleWebKit/537.36 (KHTML, like Gecko; compatible; GPTBot/1.2; +https://openai.com/gptbot)"
20.171.207.201 - - [05/Jul/2025:08:32:54 -0400] "GET /a5886a7605ac99fc.tar.gz HTTP/1.1" 200 27031 "-" "Mozilla/5.0 AppleWebKit/537.36 (KHTML, like Gecko; compatible; GPTBot/1.2; +https://openai.com/gptbot)"
20.171.207.201 - - [05/Jul/2025:08:32:55 -0400] "GET /f7395f4e0f0f64e2.tar.gz HTTP/1.1" 200 26088 "-" "Mozilla/5.0 AppleWebKit/537.36 (KHTML, like Gecko; compatible; GPTBot/1.2; +https://openai.com/gptbot)"
172.207.228.140 - - [05/Jul/2025:08:32:57 -0400] "GET /wp-includes/Text/Diff/Engine/ HTTP/1.1" 200 875 "binance.com" "Mozilla/5.0 (Windows NT 10.0; Win64; x64) AppleWebKit/537.36 (KHTML, like Gecko) Chrome/90.0.4430.85 Safari/537.36"
20.171.207.201 - - [05/Jul/2025:08:32:57 -0400] "GET /c67c5c941f9601dd.tar.gz HTTP/1.1" 200 27213 "-" "Mozilla/5.0 AppleWebKit/537.36 (KHTML, like Gecko; compatible; GPTBot/1.2; +https://openai.com/gptbot)"
20.171.207.201 - - [05/Jul/2025:08:32:59 -0400] "GET /f9857dff53e62b21.tar.gz HTTP/1.1" 200 20507 "-" "Mozilla/5.0 AppleWebKit/537.36 (KHTML, like Gecko; compatible; GPTBot/1.2; +https://openai.com/gptbot)"
20.171.207.201 - - [05/Jul/2025:08:33:01 -0400] "GET /f8605af64e3dd046.tar.gz HTTP/1.1" 200 20410 "-" "Mozilla/5.0 AppleWebKit/537.36 (KHTML, like Gecko; compatible; GPTBot/1.2; +https://openai.com/gptbot)"
20.171.207.201 - - [05/Jul/2025:08:33:02 -0400] "GET /d78e36d72915cc9d.tar.gz HTTP/1.1" 200 27127 "-" "Mozilla/5.0 AppleWebKit/537.36 (KHTML, like Gecko; compatible; GPTBot/1.2; +https://openai.com/gptbot)"
20.171.207.201 - - [05/Jul/2025:08:33:04 -0400] "GET /e47d946bab3412b9.tar.gz HTTP/1.1" 200 26470 "-" "Mozilla/5.0 AppleWebKit/537.36 (KHTML, like Gecko; compatible; GPTBot/1.2; +https://openai.com/gptbot)"
20.171.207.201 - - [05/Jul/2025:08:33:06 -0400] "GET /f9593b9e568db95e.tar.gz HTTP/1.1" 200 424 "-" "Mozilla/5.0 AppleWebKit/537.36 (KHTML, like Gecko; compatible; GPTBot/1.2; +https://openai.com/gptbot)"
20.171.207.201 - - [05/Jul/2025:08:33:08 -0400] "GET /a9421c4ecfd33149.tar.gz HTTP/1.1" 200 26828 "-" "Mozilla/5.0 AppleWebKit/537.36 (KHTML, like Gecko; compatible; GPTBot/1.2; +https://openai.com/gptbot)"
20.171.207.201 - - [05/Jul/2025:08:32:17 -0400] "GET /d76e219d05779bde.tar.gz HTTP/1.1" 200 20468 "-" "Mozilla/5.0 AppleWebKit/537.36 (KHTML, like Gecko; compatible; GPTBot/1.2; +https://openai.com/gptbot)"
20.171.207.201 - - [05/Jul/2025:08:32:24 -0400] "GET /a481b801d56fea52.tar.gz HTTP/1.1" 200 26611 "-" "Mozilla/5.0 AppleWebKit/537.36 (KHTML, like Gecko; compatible; GPTBot/1.2; +https://openai.com/gptbot)"
20.171.207.201 - - [05/Jul/2025:08:32:28 -0400] "GET /9a7f97d1564fcc01.tar.gz HTTP/1.1" 200 24586 "-" "Mozilla/5.0 AppleWebKit/537.36 (KHTML, like Gecko; compatible; GPTBot/1.2; +https://openai.com/gptbot)"
20.171.207.201 - - [05/Jul/2025:08:32:31 -0400] "GET /d74d48bbe86549f5.tar.gz HTTP/1.1" 200 20598 "-" "Mozilla/5.0 AppleWebKit/537.36 (KHTML, like Gecko; compatible; GPTBot/1.2; +https://openai.com/gptbot)"
20.171.207.201 - - [05/Jul/2025:08:32:33 -0400] "GET /e48802279ebd3df2.tar.gz HTTP/1.1" 200 27704 "-" "Mozilla/5.0 AppleWebKit/537.36 (KHTML, like Gecko; compatible; GPTBot/1.2; +https://openai.com/gptbot)"
20.171.207.201 - - [05/Jul/2025:08:32:34 -0400] "GET /c976649f1db030ad.tar.gz HTTP/1.1" 200 20551 "-" "Mozilla/5.0 AppleWebKit/537.36 (KHTML, like Gecko; compatible; GPTBot/1.2; +https://openai.com/gptbot)"
20.171.207.201 - - [05/Jul/2025:08:32:39 -0400] "GET /d8784324d0eefe31.tar.gz HTTP/1.1" 200 26572 "-" "Mozilla/5.0 AppleWebKit/537.36 (KHTML, like Gecko; compatible; GPTBot/1.2; +https://openai.com/gptbot)"
20.171.207.201 - - [05/Jul/2025:08:32:41 -0400] "GET /f7307e07ac6486fc.tar.gz HTTP/1.1" 200 26443 "-" "Mozilla/5.0 AppleWebKit/537.36 (KHTML, like Gecko; compatible; GPTBot/1.2; +https://openai.com/gptbot)"
20.171.207.201 - - [05/Jul/2025:08:32:44 -0400] "GET /d789c2595e00dc8b.tar.gz HTTP/1.1" 200 26926 "-" "Mozilla/5.0 AppleWebKit/537.36 (KHTML, like Gecko; compatible; GPTBot/1.2; +https://openai.com/gptbot)"
20.171.207.201 - - [05/Jul/2025:08:32:46 -0400] "GET /a940c9c6a27a0f52.tar.gz HTTP/1.1" 200 27139 "-" "Mozilla/5.0 AppleWebKit/537.36 (KHTML, like Gecko; compatible; GPTBot/1.2; +https://openai.com/gptbot)"
20.171.207.201 - - [05/Jul/2025:08:32:48 -0400] "GET /c955b39d4e7c0c49.tar.gz HTTP/1.1" 200 27016 "-" "Mozilla/5.0 AppleWebKit/537.36 (KHTML, like Gecko; compatible; GPTBot/1.2; +https://openai.com/gptbot)"
20.171.207.201 - - [05/Jul/2025:08:32:53 -0400] "GET /c5866db27ba7624e.tar.gz HTTP/1.1" 200 23620 "-" "Mozilla/5.0 AppleWebKit/537.36 (KHTML, like Gecko; compatible; GPTBot/1.2; +https://openai.com/gptbot)"
20.171.207.201 - - [05/Jul/2025:08:32:56 -0400] "GET /f39284ae9a2c45b6.tar.gz HTTP/1.1" 200 26781 "-" "Mozilla/5.0 AppleWebKit/537.36 (KHTML, like Gecko; compatible; GPTBot/1.2; +https://openai.com/gptbot)"
20.171.207.201 - - [05/Jul/2025:08:33:00 -0400] "GET /f4781c0ee6d8d774.tar.gz HTTP/1.1" 200 22360 "-" "Mozilla/5.0 AppleWebKit/537.36 (KHTML, like Gecko; compatible; GPTBot/1.2; +https://openai.com/gptbot)"
20.171.207.201 - - [05/Jul/2025:08:33:03 -0400] "GET /f98944b2db0b1b19.tar.gz HTTP/1.1" 200 20595 "-" "Mozilla/5.0 AppleWebKit/537.36 (KHTML, like Gecko; compatible; GPTBot/1.2; +https://openai.com/gptbot)"
20.171.207.201 - - [05/Jul/2025:08:33:07 -0400] "GET /c959c7d72633ba3f.tar.gz HTTP/1.1" 200 26274 "-" "Mozilla/5.0 AppleWebKit/537.36 (KHTML, like Gecko; compatible; GPTBot/1.2; +https://openai.com/gptbot)"
20.171.207.201 - - [05/Jul/2025:08:33:12 -0400] "GET /f47a9041c779ee0c.tar.gz HTTP/1.1" 200 26351 "-" "Mozilla/5.0 AppleWebKit/537.36 (KHTML, like Gecko; compatible; GPTBot/1.2; +https://openai.com/gptbot)"
20.171.207.201 - - [05/Jul/2025:08:33:13 -0400] "GET /c5891403bdcc14f4.tar.gz HTTP/1.1" 200 27344 "-" "Mozilla/5.0 AppleWebKit/537.36 (KHTML, like Gecko; compatible; GPTBot/1.2; +https://openai.com/gptbot)"
20.171.207.201 - - [05/Jul/2025:08:33:14 -0400] "GET /c583387e0e29ea7a.tar.gz HTTP/1.1" 200 20414 "-" "Mozilla/5.0 AppleWebKit/537.36 (KHTML, like Gecko; compatible; GPTBot/1.2; +https://openai.com/gptbot)"
20.171.207.201 - - [05/Jul/2025:08:33:09 -0400] "GET /d781ed0bbc381430.tar.gz HTTP/1.1" 200 20547 "-" "Mozilla/5.0 AppleWebKit/537.36 (KHTML, like Gecko; compatible; GPTBot/1.2; +https://openai.com/gptbot)"
20.171.207.201 - - [05/Jul/2025:08:33:10 -0400] "GET /c69944dd1096e8db.tar.gz HTTP/1.1" 200 27017 "-" "Mozilla/5.0 AppleWebKit/537.36 (KHTML, like Gecko; compatible; GPTBot/1.2; +https://openai.com/gptbot)"
20.171.207.201 - - [05/Jul/2025:08:33:18 -0400] "GET /6f4358a9a1a3b6a8.tar.gz HTTP/1.1" 200 26835 "-" "Mozilla/5.0 AppleWebKit/537.36 (KHTML, like Gecko; compatible; GPTBot/1.2; +https://openai.com/gptbot)"
20.171.207.201 - - [05/Jul/2025:08:33:20 -0400] "GET /f595eb86131e9e1b.tar.gz HTTP/1.1" 200 20540 "-" "Mozilla/5.0 AppleWebKit/537.36 (KHTML, like Gecko; compatible; GPTBot/1.2; +https://openai.com/gptbot)"
20.171.207.201 - - [05/Jul/2025:08:33:21 -0400] "GET /e86dde87ae426657.tar.gz HTTP/1.1" 200 26843 "-" "Mozilla/5.0 AppleWebKit/537.36 (KHTML, like Gecko; compatible; GPTBot/1.2; +https://openai.com/gptbot)"
20.171.207.201 - - [05/Jul/2025:08:33:22 -0400] "GET /c8327820de550fbd.tar.gz HTTP/1.1" 200 26928 "-" "Mozilla/5.0 AppleWebKit/537.36 (KHTML, like Gecko; compatible; GPTBot/1.2; +https://openai.com/gptbot)"
20.171.207.201 - - [05/Jul/2025:08:33:23 -0400] "GET /f983f73c47eb87d8.tar.gz HTTP/1.1" 200 27127 "-" "Mozilla/5.0 AppleWebKit/537.36 (KHTML, like Gecko; compatible; GPTBot/1.2; +https://openai.com/gptbot)"
20.171.207.201 - - [05/Jul/2025:08:33:24 -0400] "GET /c9523cc0d126d52f.tar.gz HTTP/1.1" 200 20543 "-" "Mozilla/5.0 AppleWebKit/537.36 (KHTML, like Gecko; compatible; GPTBot/1.2; +https://openai.com/gptbot)"
20.171.207.201 - - [05/Jul/2025:08:33:28 -0400] "GET /e6929cbc62948e6b.tar.gz HTTP/1.1" 200 27264 "-" "Mozilla/5.0 AppleWebKit/537.36 (KHTML, like Gecko; compatible; GPTBot/1.2; +https://openai.com/gptbot)"
20.171.207.201 - - [05/Jul/2025:08:33:29 -0400] "GET /e58a32f2c5889ec4.tar.gz HTTP/1.1" 200 27745 "-" "Mozilla/5.0 AppleWebKit/537.36 (KHTML, like Gecko; compatible; GPTBot/1.2; +https://openai.com/gptbot)"
20.171.207.201 - - [05/Jul/2025:08:33:30 -0400] "GET /c8759e3ca328eb06.tar.gz HTTP/1.1" 200 20542 "-" "Mozilla/5.0 AppleWebKit/537.36 (KHTML, like Gecko; compatible; GPTBot/1.2; +https://openai.com/gptbot)"
20.171.207.201 - - [05/Jul/2025:08:33:32 -0400] "GET /d74c9b95185ead56.tar.gz HTTP/1.1" 200 27181 "-" "Mozilla/5.0 AppleWebKit/537.36 (KHTML, like Gecko; compatible; GPTBot/1.2; +https://openai.com/gptbot)"
20.171.207.201 - - [05/Jul/2025:08:33:34 -0400] "GET /c9759e731ff7de39.tar.gz HTTP/1.1" 200 27258 "-" "Mozilla/5.0 AppleWebKit/537.36 (KHTML, like Gecko; compatible; GPTBot/1.2; +https://openai.com/gptbot)"
172.207.228.140 - - [05/Jul/2025:08:33:36 -0400] "GET /wp-includes/Text/Diff/Renderer/ HTTP/1.1" 200 789 "binance.com" "Mozilla/5.0 (Windows NT 10.0; Win64; x64) AppleWebKit/537.36 (KHTML, like Gecko) Chrome/90.0.4430.85 Safari/537.36"
20.171.207.201 - - [05/Jul/2025:08:33:37 -0400] "GET /a9440bcd9df67926.tar.gz HTTP/1.1" 200 27260 "-" "Mozilla/5.0 AppleWebKit/537.36 (KHTML, like Gecko; compatible; GPTBot/1.2; +https://openai.com/gptbot)"
20.171.207.201 - - [05/Jul/2025:08:33:38 -0400] "GET /f46e6a16d260a28f.tar.gz HTTP/1.1" 200 27140 "-" "Mozilla/5.0 AppleWebKit/537.36 (KHTML, like Gecko; compatible; GPTBot/1.2; +https://openai.com/gptbot)"
20.171.207.201 - - [05/Jul/2025:08:33:39 -0400] "GET /f76c9f600bd8231f.tar.gz HTTP/1.1" 200 26766 "-" "Mozilla/5.0 AppleWebKit/537.36 (KHTML, like Gecko; compatible; GPTBot/1.2; +https://openai.com/gptbot)"
20.171.207.201 - - [05/Jul/2025:08:33:42 -0400] "GET /c877d929a22fe1e5.tar.gz HTTP/1.1" 200 27112 "-" "Mozilla/5.0 AppleWebKit/537.36 (KHTML, like Gecko; compatible; GPTBot/1.2; +https://openai.com/gptbot)"
20.171.207.201 - - [05/Jul/2025:08:33:43 -0400] "GET /a587caa692f7861f.tar.gz HTTP/1.1" 200 27016 "-" "Mozilla/5.0 AppleWebKit/537.36 (KHTML, like Gecko; compatible; GPTBot/1.2; +https://openai.com/gptbot)"
20.171.207.201 - - [05/Jul/2025:08:33:15 -0400] "GET /c586158bdbc7d351.tar.gz HTTP/1.1" 200 27106 "-" "Mozilla/5.0 AppleWebKit/537.36 (KHTML, like Gecko; compatible; GPTBot/1.2; +https://openai.com/gptbot)"
20.171.207.201 - - [05/Jul/2025:08:33:16 -0400] "GET /e580f385b7eaa983.tar.gz HTTP/1.1" 200 26178 "-" "Mozilla/5.0 AppleWebKit/537.36 (KHTML, like Gecko; compatible; GPTBot/1.2; +https://openai.com/gptbot)"
20.171.207.164 - - [05/Jul/2025:08:32:47 -0400] "GET /nope.php?gzfile=L2hvbWUvbW1kZWFsc2NwYW5lbC9sc2NhY2hlL2QvOC85L2Q4OWY4MjgxZDAxOTg4YjE%3D HTTP/1.1" 200 166937 "-" "Mozilla/5.0 AppleWebKit/537.36 (KHTML, like Gecko; compatible; GPTBot/1.2; +https://openai.com/gptbot)"
20.171.207.201 - - [05/Jul/2025:08:33:17 -0400] "GET /f98ee040c38e175c.tar.gz HTTP/1.1" 200 26869 "-" "Mozilla/5.0 AppleWebKit/537.36 (KHTML, like Gecko; compatible; GPTBot/1.2; +https://openai.com/gptbot)"
172.207.228.140 - - [05/Jul/2025:08:33:24 -0400] "GET /wp-includes/Text/Diff/Engine/ HTTP/1.1" 200 875 "binance.com" "Mozilla/5.0 (Windows NT 10.0; Win64; x64) AppleWebKit/537.36 (KHTML, like Gecko) Chrome/90.0.4430.85 Safari/537.36"
20.171.207.201 - - [05/Jul/2025:08:33:25 -0400] "GET /f98e7ce3631ca746.tar.gz HTTP/1.1" 200 26790 "-" "Mozilla/5.0 AppleWebKit/537.36 (KHTML, like Gecko; compatible; GPTBot/1.2; +https://openai.com/gptbot)"
20.171.207.201 - - [05/Jul/2025:08:33:26 -0400] "GET /c9306a3c8e83f4e0.tar.gz HTTP/1.1" 200 20420 "-" "Mozilla/5.0 AppleWebKit/537.36 (KHTML, like Gecko; compatible; GPTBot/1.2; +https://openai.com/gptbot)"
20.171.207.201 - - [05/Jul/2025:08:33:31 -0400] "GET /c69003dfa20419ff.tar.gz HTTP/1.1" 200 27104 "-" "Mozilla/5.0 AppleWebKit/537.36 (KHTML, like Gecko; compatible; GPTBot/1.2; +https://openai.com/gptbot)"
20.171.207.201 - - [05/Jul/2025:08:33:35 -0400] "GET /f59bc368c3e89b12.tar.gz HTTP/1.1" 200 27276 "-" "Mozilla/5.0 AppleWebKit/537.36 (KHTML, like Gecko; compatible; GPTBot/1.2; +https://openai.com/gptbot)"
20.171.207.201 - - [05/Jul/2025:08:33:36 -0400] "GET /c876a63a1f310b3a.tar.gz HTTP/1.1" 200 24161 "-" "Mozilla/5.0 AppleWebKit/537.36 (KHTML, like Gecko; compatible; GPTBot/1.2; +https://openai.com/gptbot)"
20.171.207.201 - - [05/Jul/2025:08:33:41 -0400] "GET /a4894f77de610dc1.tar.gz HTTP/1.1" 200 27326 "-" "Mozilla/5.0 AppleWebKit/537.36 (KHTML, like Gecko; compatible; GPTBot/1.2; +https://openai.com/gptbot)"
20.171.207.201 - - [05/Jul/2025:08:33:50 -0400] "GET /c69af2a89a792e35.tar.gz HTTP/1.1" 200 27172 "-" "Mozilla/5.0 AppleWebKit/537.36 (KHTML, like Gecko; compatible; GPTBot/1.2; +https://openai.com/gptbot)"
20.171.207.201 - - [05/Jul/2025:08:33:52 -0400] "GET /e47fa52e623ec960.tar.gz HTTP/1.1" 200 27146 "-" "Mozilla/5.0 AppleWebKit/537.36 (KHTML, like Gecko; compatible; GPTBot/1.2; +https://openai.com/gptbot)"
172.207.228.140 - - [05/Jul/2025:08:33:54 -0400] "GET /wp-includes/Text/Diff/Renderer/ HTTP/1.1" 200 789 "binance.com" "Mozilla/5.0 (Windows NT 10.0; Win64; x64) AppleWebKit/537.36 (KHTML, like Gecko) Chrome/90.0.4430.85 Safari/537.36"
20.171.207.201 - - [05/Jul/2025:08:33:56 -0400] "GET /f5969acded905901.tar.gz HTTP/1.1" 200 26399 "-" "Mozilla/5.0 AppleWebKit/537.36 (KHTML, like Gecko; compatible; GPTBot/1.2; +https://openai.com/gptbot)"
20.171.207.201 - - [05/Jul/2025:08:33:57 -0400] "GET /c6946cab356bc718.tar.gz HTTP/1.1" 200 17850 "-" "Mozilla/5.0 AppleWebKit/537.36 (KHTML, like Gecko; compatible; GPTBot/1.2; +https://openai.com/gptbot)"
20.171.207.201 - - [05/Jul/2025:08:33:58 -0400] "GET /f46803ce42c2a6a9.tar.gz HTTP/1.1" 200 20598 "-" "Mozilla/5.0 AppleWebKit/537.36 (KHTML, like Gecko; compatible; GPTBot/1.2; +https://openai.com/gptbot)"
20.171.207.201 - - [05/Jul/2025:08:34:00 -0400] "GET /f9563bc52bc7c141.tar.gz HTTP/1.1" 200 17934 "-" "Mozilla/5.0 AppleWebKit/537.36 (KHTML, like Gecko; compatible; GPTBot/1.2; +https://openai.com/gptbot)"
20.171.207.201 - - [05/Jul/2025:08:34:03 -0400] "GET /c7971d80e282afc0.tar.gz HTTP/1.1" 200 17827 "-" "Mozilla/5.0 AppleWebKit/537.36 (KHTML, like Gecko; compatible; GPTBot/1.2; +https://openai.com/gptbot)"
20.171.207.201 - - [05/Jul/2025:08:33:44 -0400] "GET /d87b19a92974dc0d.tar.gz HTTP/1.1" 200 27014 "-" "Mozilla/5.0 AppleWebKit/537.36 (KHTML, like Gecko; compatible; GPTBot/1.2; +https://openai.com/gptbot)"
20.171.207.201 - - [05/Jul/2025:08:33:45 -0400] "GET /f9826ac3f3b85f58.tar.gz HTTP/1.1" 200 20541 "-" "Mozilla/5.0 AppleWebKit/537.36 (KHTML, like Gecko; compatible; GPTBot/1.2; +https://openai.com/gptbot)"
20.171.207.201 - - [05/Jul/2025:08:33:47 -0400] "GET /e488325f9f439dfd.tar.gz HTTP/1.1" 200 27158 "-" "Mozilla/5.0 AppleWebKit/537.36 (KHTML, like Gecko; compatible; GPTBot/1.2; +https://openai.com/gptbot)"
20.171.207.201 - - [05/Jul/2025:08:33:48 -0400] "GET /f393ca01b95007cd.tar.gz HTTP/1.1" 200 23505 "-" "Mozilla/5.0 AppleWebKit/537.36 (KHTML, like Gecko; compatible; GPTBot/1.2; +https://openai.com/gptbot)"
20.171.207.201 - - [05/Jul/2025:08:33:49 -0400] "GET /f95738b59c2b24cd.tar.gz HTTP/1.1" 200 27285 "-" "Mozilla/5.0 AppleWebKit/537.36 (KHTML, like Gecko; compatible; GPTBot/1.2; +https://openai.com/gptbot)"
20.171.207.201 - - [05/Jul/2025:08:33:51 -0400] "GET /f597502c967eefb3.tar.gz HTTP/1.1" 200 27306 "-" "Mozilla/5.0 AppleWebKit/537.36 (KHTML, like Gecko; compatible; GPTBot/1.2; +https://openai.com/gptbot)"
20.171.207.201 - - [05/Jul/2025:08:33:54 -0400] "GET /c93369db5f9ff916.tar.gz HTTP/1.1" 200 26314 "-" "Mozilla/5.0 AppleWebKit/537.36 (KHTML, like Gecko; compatible; GPTBot/1.2; +https://openai.com/gptbot)"
20.171.207.201 - - [05/Jul/2025:08:33:55 -0400] "GET /a587caa692f7861f.tar.gz HTTP/1.1" 200 27016 "-" "Mozilla/5.0 AppleWebKit/537.36 (KHTML, like Gecko; compatible; GPTBot/1.2; +https://openai.com/gptbot)"
20.171.207.201 - - [05/Jul/2025:08:33:59 -0400] "GET /f98fde609e537f52.tar.gz HTTP/1.1" 200 26694 "-" "Mozilla/5.0 AppleWebKit/537.36 (KHTML, like Gecko; compatible; GPTBot/1.2; +https://openai.com/gptbot)"
20.171.207.201 - - [05/Jul/2025:08:34:02 -0400] "GET /d644e3a591bb38a9.tar.gz HTTP/1.1" 200 465 "-" "Mozilla/5.0 AppleWebKit/537.36 (KHTML, like Gecko; compatible; GPTBot/1.2; +https://openai.com/gptbot)"
20.171.207.201 - - [05/Jul/2025:08:34:05 -0400] "GET /f768709f4cda74f2.tar.gz HTTP/1.1" 200 27115 "-" "Mozilla/5.0 AppleWebKit/537.36 (KHTML, like Gecko; compatible; GPTBot/1.2; +https://openai.com/gptbot)"
20.171.207.201 - - [05/Jul/2025:08:34:07 -0400] "GET /f3813c8afe6d0475.tar.gz HTTP/1.1" 200 27419 "-" "Mozilla/5.0 AppleWebKit/537.36 (KHTML, like Gecko; compatible; GPTBot/1.2; +https://openai.com/gptbot)"
20.171.207.201 - - [05/Jul/2025:08:34:08 -0400] "GET /f9650f3c0e7211eb.tar.gz HTTP/1.1" 200 20817 "-" "Mozilla/5.0 AppleWebKit/537.36 (KHTML, like Gecko; compatible; GPTBot/1.2; +https://openai.com/gptbot)"
20.171.207.201 - - [05/Jul/2025:08:34:10 -0400] "GET /d7488e572f20cb6e.tar.gz HTTP/1.1" 200 26948 "-" "Mozilla/5.0 AppleWebKit/537.36 (KHTML, like Gecko; compatible; GPTBot/1.2; +https://openai.com/gptbot)"
20.171.207.201 - - [05/Jul/2025:08:34:12 -0400] "GET /f95bb98274d135cf.tar.gz HTTP/1.1" 200 26516 "-" "Mozilla/5.0 AppleWebKit/537.36 (KHTML, like Gecko; compatible; GPTBot/1.2; +https://openai.com/gptbot)"
172.207.228.140 - - [05/Jul/2025:08:34:12 -0400] "GET /wp-includes/blocks/ HTTP/1.1" 200 22 "binance.com" "Mozilla/5.0 (Windows NT 10.0; Win64; x64) AppleWebKit/537.36 (KHTML, like Gecko) Chrome/90.0.4430.85 Safari/537.36"
20.171.207.201 - - [05/Jul/2025:08:34:13 -0400] "GET /d74573ca4000ec44.tar.gz HTTP/1.1" 200 24036 "-" "Mozilla/5.0 AppleWebKit/537.36 (KHTML, like Gecko; compatible; GPTBot/1.2; +https://openai.com/gptbot)"
20.171.207.201 - - [05/Jul/2025:08:34:14 -0400] "GET /f59adaeb7af55ef7.tar HTTP/1.1" 200 27648 "-" "Mozilla/5.0 AppleWebKit/537.36 (KHTML, like Gecko; compatible; GPTBot/1.2; +https://openai.com/gptbot)"
20.171.207.201 - - [05/Jul/2025:08:34:16 -0400] "GET /c87fe67e7fddfcc6.tar HTTP/1.1" 200 28672 "-" "Mozilla/5.0 AppleWebKit/537.36 (KHTML, like Gecko; compatible; GPTBot/1.2; +https://openai.com/gptbot)"
20.171.207.201 - - [05/Jul/2025:08:34:04 -0400] "GET /c9796bd253b7df73.tar.gz HTTP/1.1" 200 27171 "-" "Mozilla/5.0 AppleWebKit/537.36 (KHTML, like Gecko; compatible; GPTBot/1.2; +https://openai.com/gptbot)"
20.171.207.201 - - [05/Jul/2025:08:34:06 -0400] "GET /f39d65a37f7f70f4.tar.gz HTTP/1.1" 200 26426 "-" "Mozilla/5.0 AppleWebKit/537.36 (KHTML, like Gecko; compatible; GPTBot/1.2; +https://openai.com/gptbot)"
20.171.207.201 - - [05/Jul/2025:08:34:11 -0400] "GET /d7404b72ce53de89.tar.gz HTTP/1.1" 200 22502 "-" "Mozilla/5.0 AppleWebKit/537.36 (KHTML, like Gecko; compatible; GPTBot/1.2; +https://openai.com/gptbot)"
20.171.207.201 - - [05/Jul/2025:08:34:15 -0400] "GET /f98db4bc8bff99ff.tar HTTP/1.1" 200 29184 "-" "Mozilla/5.0 AppleWebKit/537.36 (KHTML, like Gecko; compatible; GPTBot/1.2; +https://openai.com/gptbot)"
20.171.207.201 - - [05/Jul/2025:08:34:19 -0400] "GET /f4604f4aaf73bebb.tar HTTP/1.1" 200 28160 "-" "Mozilla/5.0 AppleWebKit/537.36 (KHTML, like Gecko; compatible; GPTBot/1.2; +https://openai.com/gptbot)"
20.171.207.201 - - [05/Jul/2025:08:34:21 -0400] "GET /a8584b4d9eb9beda.tar HTTP/1.1" 200 28672 "-" "Mozilla/5.0 AppleWebKit/537.36 (KHTML, like Gecko; compatible; GPTBot/1.2; +https://openai.com/gptbot)"
20.171.207.201 - - [05/Jul/2025:08:34:22 -0400] "GET /a48fada3a9a7bf67.tar HTTP/1.1" 200 28160 "-" "Mozilla/5.0 AppleWebKit/537.36 (KHTML, like Gecko; compatible; GPTBot/1.2; +https://openai.com/gptbot)"
20.171.207.201 - - [05/Jul/2025:08:34:24 -0400] "GET /f5949fff7896018b.tar.gz HTTP/1.1" 200 17825 "-" "Mozilla/5.0 AppleWebKit/537.36 (KHTML, like Gecko; compatible; GPTBot/1.2; +https://openai.com/gptbot)"
20.171.207.201 - - [05/Jul/2025:08:34:27 -0400] "GET /d89bdf8e14333741.tar.gz HTTP/1.1" 200 27604 "-" "Mozilla/5.0 AppleWebKit/537.36 (KHTML, like Gecko; compatible; GPTBot/1.2; +https://openai.com/gptbot)"
20.171.207.201 - - [05/Jul/2025:08:34:29 -0400] "GET /c6797cf75ef5aaec.tar HTTP/1.1" 200 22528 "-" "Mozilla/5.0 AppleWebKit/537.36 (KHTML, like Gecko; compatible; GPTBot/1.2; +https://openai.com/gptbot)"
20.171.207.201 - - [05/Jul/2025:08:34:33 -0400] "GET /f38124e6d5c704b1.tar.gz HTTP/1.1" 200 20551 "-" "Mozilla/5.0 AppleWebKit/537.36 (KHTML, like Gecko; compatible; GPTBot/1.2; +https://openai.com/gptbot)"
172.207.228.140 - - [05/Jul/2025:08:34:33 -0400] "GET /wp-includes/pomo/ HTTP/1.1" 200 1242 "binance.com" "Mozilla/5.0 (Windows NT 10.0; Win64; x64) AppleWebKit/537.36 (KHTML, like Gecko) Chrome/90.0.4430.85 Safari/537.36"
20.171.207.201 - - [05/Jul/2025:08:34:34 -0400] "GET /c46dee6f6f674bbf.tar HTTP/1.1" 200 29184 "-" "Mozilla/5.0 AppleWebKit/537.36 (KHTML, like Gecko; compatible; GPTBot/1.2; +https://openai.com/gptbot)"
20.171.207.201 - - [05/Jul/2025:08:34:35 -0400] "GET /6d789520cb63fe1b.tar.gz HTTP/1.1" 200 27639 "-" "Mozilla/5.0 AppleWebKit/537.36 (KHTML, like Gecko; compatible; GPTBot/1.2; +https://openai.com/gptbot)"
20.171.207.201 - - [05/Jul/2025:08:34:36 -0400] "GET /f86c572340bd9ec8.tar.gz HTTP/1.1" 200 27072 "-" "Mozilla/5.0 AppleWebKit/537.36 (KHTML, like Gecko; compatible; GPTBot/1.2; +https://openai.com/gptbot)"
20.171.207.201 - - [05/Jul/2025:08:34:38 -0400] "GET /item.php?aksi=ransom&path=%2Fhome%2Fmmdealscpanel%2Flscache%2F5%2F6%2Fb HTTP/1.1" 200 3506 "-" "Mozilla/5.0 AppleWebKit/537.36 (KHTML, like Gecko; compatible; GPTBot/1.2; +https://openai.com/gptbot)"
20.171.207.201 - - [05/Jul/2025:08:34:43 -0400] "GET /e69a9e7bdd3ea7d9.tar HTTP/1.1" 200 24064 "-" "Mozilla/5.0 AppleWebKit/537.36 (KHTML, like Gecko; compatible; GPTBot/1.2; +https://openai.com/gptbot)"
20.171.207.201 - - [05/Jul/2025:08:34:45 -0400] "GET /item.php?aksi=ransom&path=%2Fhome%2Fmmdealscpanel%2Fwww%2Fwp-content%2Fplugins%2Flitespeed-cache%2Ftpl%2Fimg_optm HTTP/1.1" 200 2641 "-" "Mozilla/5.0 AppleWebKit/537.36 (KHTML, like Gecko; compatible; GPTBot/1.2; +https://openai.com/gptbot)"
20.171.207.201 - - [05/Jul/2025:08:34:18 -0400] "GET /d87d7f75ea9cc8aa.tar HTTP/1.1" 200 22528 "-" "Mozilla/5.0 AppleWebKit/537.36 (KHTML, like Gecko; compatible; GPTBot/1.2; +https://openai.com/gptbot)"
20.171.207.201 - - [05/Jul/2025:08:34:20 -0400] "GET /f73df88d7c5ccfc0.tar HTTP/1.1" 200 22528 "-" "Mozilla/5.0 AppleWebKit/537.36 (KHTML, like Gecko; compatible; GPTBot/1.2; +https://openai.com/gptbot)"
20.171.207.164 - - [05/Jul/2025:08:33:52 -0400] "GET /nope.php?gzfile=L2hvbWUvbW1kZWFsc2NwYW5lbC9sc2NhY2hlL2QvNy84L2Q3OGU3MjI1OTE4Yjk4ZjE%3D HTTP/1.1" 200 51613 "-" "Mozilla/5.0 AppleWebKit/537.36 (KHTML, like Gecko; compatible; GPTBot/1.2; +https://openai.com/gptbot)"
20.171.207.201 - - [05/Jul/2025:08:34:23 -0400] "GET /c679f5b8e230f34c.tar.gz HTTP/1.1" 200 20541 "-" "Mozilla/5.0 AppleWebKit/537.36 (KHTML, like Gecko; compatible; GPTBot/1.2; +https://openai.com/gptbot)"
20.171.207.201 - - [05/Jul/2025:08:34:26 -0400] "GET /c83aba487000a127.tar.gz HTTP/1.1" 200 17906 "-" "Mozilla/5.0 AppleWebKit/537.36 (KHTML, like Gecko; compatible; GPTBot/1.2; +https://openai.com/gptbot)"
20.171.207.201 - - [05/Jul/2025:08:34:28 -0400] "GET /c87fe67e7fddfcc6.tar HTTP/1.1" 200 28672 "-" "Mozilla/5.0 AppleWebKit/537.36 (KHTML, like Gecko; compatible; GPTBot/1.2; +https://openai.com/gptbot)"
20.171.207.201 - - [05/Jul/2025:08:34:30 -0400] "GET /f867a4bb49fbb6fb.tar HTTP/1.1" 200 28672 "-" "Mozilla/5.0 AppleWebKit/537.36 (KHTML, like Gecko; compatible; GPTBot/1.2; +https://openai.com/gptbot)"
20.171.207.201 - - [05/Jul/2025:08:34:31 -0400] "GET /e69a9e7bdd3ea7d9.tar HTTP/1.1" 200 24064 "-" "Mozilla/5.0 AppleWebKit/537.36 (KHTML, like Gecko; compatible; GPTBot/1.2; +https://openai.com/gptbot)"
20.171.207.201 - - [05/Jul/2025:08:34:37 -0400] "GET /c953fbd28e80641c.tar.gz HTTP/1.1" 200 26316 "-" "Mozilla/5.0 AppleWebKit/537.36 (KHTML, like Gecko; compatible; GPTBot/1.2; +https://openai.com/gptbot)"
20.171.207.201 - - [05/Jul/2025:08:34:40 -0400] "GET /item.php?aksi=ransom&path=%2Fhome%2Fmmdealscpanel%2Flscache%2F9%2F4%2Fa HTTP/1.1" 200 3234 "-" "Mozilla/5.0 AppleWebKit/537.36 (KHTML, like Gecko; compatible; GPTBot/1.2; +https://openai.com/gptbot)"
20.171.207.201 - - [05/Jul/2025:08:34:41 -0400] "GET /item.php?aksi=buatfile&path=%2Fhome%2Fmmdealscpanel%2Fwww%2Fwp-content%2Fplugins%2Flitespeed-cache%2Ftpl%2Fimg_optm HTTP/1.1" 200 2626 "-" "Mozilla/5.0 AppleWebKit/537.36 (KHTML, like Gecko; compatible; GPTBot/1.2; +https://openai.com/gptbot)"
20.171.207.201 - - [05/Jul/2025:08:34:42 -0400] "GET /item.php?aksi=buatfolder&path=%2Fhome%2Fmmdealscpanel%2Fwww%2Fwp-content%2Fplugins%2Flitespeed-cache%2Ftpl%2Fimg_optm HTTP/1.1" 200 2128 "-" "Mozilla/5.0 AppleWebKit/537.36 (KHTML, like Gecko; compatible; GPTBot/1.2; +https://openai.com/gptbot)"
20.171.207.201 - - [05/Jul/2025:08:34:44 -0400] "GET /item.php?aksi=buatfolder&path=%2Fhome%2Fmmdealscpanel%2Flscache%2F5%2F6%2Fb HTTP/1.1" 200 2082 "-" "Mozilla/5.0 AppleWebKit/537.36 (KHTML, like Gecko; compatible; GPTBot/1.2; +https://openai.com/gptbot)"
20.171.207.201 - - [05/Jul/2025:08:34:48 -0400] "GET /item.php?aksi=buatfile&path=%2Fhome%2Fmmdealscpanel%2Flscache%2F9%2F4%2Fa HTTP/1.1" 200 3213 "-" "Mozilla/5.0 AppleWebKit/537.36 (KHTML, like Gecko; compatible; GPTBot/1.2; +https://openai.com/gptbot)"
20.171.207.201 - - [05/Jul/2025:08:34:49 -0400] "GET /item.php?aksi=buatfolder&path=%2Fhome%2Fmmdealscpanel%2Flscache%2F9%2F4%2Fa HTTP/1.1" 200 2085 "-" "Mozilla/5.0 AppleWebKit/537.36 (KHTML, like Gecko; compatible; GPTBot/1.2; +https://openai.com/gptbot)"
20.171.207.201 - - [05/Jul/2025:08:34:50 -0400] "GET /item.php?filesrc=%2Fhome%2Fmmdealscpanel%2Flscache%2F5%2F6%2Fb%2F56b7b2fc5abe28ac&path=%2Fhome%2Fmmdealscpanel%2Flscache%2F5%2F6%2Fb HTTP/1.1" 200 20169 "-" "Mozilla/5.0 AppleWebKit/537.36 (KHTML, like Gecko; compatible; GPTBot/1.2; +https://openai.com/gptbot)"
20.171.207.201 - - [05/Jul/2025:08:34:46 -0400] "GET /item.php?filesrc=%2Fhome%2Fmmdealscpanel%2Flscache%2F5%2F6%2Fb%2F56bebaaddc3ae9b9&path=%2Fhome%2Fmmdealscpanel%2Flscache%2F5%2F6%2Fb HTTP/1.1" 200 25257 "-" "Mozilla/5.0 AppleWebKit/537.36 (KHTML, like Gecko; compatible; GPTBot/1.2; +https://openai.com/gptbot)"
172.207.228.140 - - [05/Jul/2025:08:34:47 -0400] "GET /wp-includes/pomo/ HTTP/1.1" 200 1242 "binance.com" "Mozilla/5.0 (Windows NT 10.0; Win64; x64) AppleWebKit/537.36 (KHTML, like Gecko) Chrome/90.0.4430.85 Safari/537.36"
20.171.207.201 - - [05/Jul/2025:08:34:52 -0400] "GET /item.php?filesrc=%2Fhome%2Fmmdealscpanel%2Flscache%2F9%2F4%2Fa%2F94a5ca5afcf8006a&path=%2Fhome%2Fmmdealscpanel%2Flscache%2F9%2F4%2Fa HTTP/1.1" 200 25328 "-" "Mozilla/5.0 AppleWebKit/537.36 (KHTML, like Gecko; compatible; GPTBot/1.2; +https://openai.com/gptbot)"
20.171.207.201 - - [05/Jul/2025:08:34:54 -0400] "GET /item.php?filesrc=%2Fhome%2Fmmdealscpanel%2Flscache%2F5%2F6%2Fb%2F56b2d0af8cda2a06&path=%2Fhome%2Fmmdealscpanel%2Flscache%2F5%2F6%2Fb HTTP/1.1" 200 26448 "-" "Mozilla/5.0 AppleWebKit/537.36 (KHTML, like Gecko; compatible; GPTBot/1.2; +https://openai.com/gptbot)"
20.171.207.201 - - [05/Jul/2025:08:34:57 -0400] "GET /item.php?filesrc=%2Fhome%2Fmmdealscpanel%2Flscache%2F9%2F4%2Fa%2F94ade81e376cdb09&path=%2Fhome%2Fmmdealscpanel%2Flscache%2F9%2F4%2Fa HTTP/1.1" 200 25308 "-" "Mozilla/5.0 AppleWebKit/537.36 (KHTML, like Gecko; compatible; GPTBot/1.2; +https://openai.com/gptbot)"
20.171.207.201 - - [05/Jul/2025:08:34:59 -0400] "GET /item.php?filesrc=%2Fhome%2Fmmdealscpanel%2Flscache%2F9%2F4%2Fa%2F94abb40830c5a1ba&path=%2Fhome%2Fmmdealscpanel%2Flscache%2F9%2F4%2Fa HTTP/1.1" 200 20323 "-" "Mozilla/5.0 AppleWebKit/537.36 (KHTML, like Gecko; compatible; GPTBot/1.2; +https://openai.com/gptbot)"
20.171.207.201 - - [05/Jul/2025:08:35:01 -0400] "GET /item.php?filesrc=%2Fhome%2Fmmdealscpanel%2Flscache%2F5%2F6%2Fb%2F56b8503ccbd7ce56&path=%2Fhome%2Fmmdealscpanel%2Flscache%2F5%2F6%2Fb HTTP/1.1" 200 20258 "-" "Mozilla/5.0 AppleWebKit/537.36 (KHTML, like Gecko; compatible; GPTBot/1.2; +https://openai.com/gptbot)"
20.171.207.201 - - [05/Jul/2025:08:35:03 -0400] "GET /item.php?filesrc=%2Fhome%2Fmmdealscpanel%2Flscache%2F5%2F6%2Fb%2F56ba8e0c94fae77e&path=%2Fhome%2Fmmdealscpanel%2Flscache%2F5%2F6%2Fb HTTP/1.1" 200 26186 "-" "Mozilla/5.0 AppleWebKit/537.36 (KHTML, like Gecko; compatible; GPTBot/1.2; +https://openai.com/gptbot)"
20.171.207.201 - - [05/Jul/2025:08:35:04 -0400] "GET /item.php?filesrc=%2Fhome%2Fmmdealscpanel%2Flscache%2F7%2F3%2F3%2F73326bea5dbbfb59&path=%2Fhome%2Fmmdealscpanel%2Flscache%2F7%2F3%2F3 HTTP/1.1" 200 20274 "-" "Mozilla/5.0 AppleWebKit/537.36 (KHTML, like Gecko; compatible; GPTBot/1.2; +https://openai.com/gptbot)"
20.171.207.201 - - [05/Jul/2025:08:35:05 -0400] "GET /item.php?filesrc=%2Fhome%2Fmmdealscpanel%2Flscache%2F5%2F6%2Fb%2F56ba8edf23962e34&path=%2Fhome%2Fmmdealscpanel%2Flscache%2F5%2F6%2Fb HTTP/1.1" 200 18079 "-" "Mozilla/5.0 AppleWebKit/537.36 (KHTML, like Gecko; compatible; GPTBot/1.2; +https://openai.com/gptbot)"
20.171.207.201 - - [05/Jul/2025:08:35:06 -0400] "GET /item.php?filesrc=%2Fhome%2Fmmdealscpanel%2Flscache%2F9%2F4%2Fa%2F94ae901eb3b528b8&path=%2Fhome%2Fmmdealscpanel%2Flscache%2F9%2F4%2Fa HTTP/1.1" 200 25888 "-" "Mozilla/5.0 AppleWebKit/537.36 (KHTML, like Gecko; compatible; GPTBot/1.2; +https://openai.com/gptbot)"
20.171.207.201 - - [05/Jul/2025:08:35:10 -0400] "GET /item.php?filesrc=%2Fhome%2Fmmdealscpanel%2Flscache%2F7%2F3%2F3%2F733d5ec84833cd30&path=%2Fhome%2Fmmdealscpanel%2Flscache%2F7%2F3%2F3 HTTP/1.1" 200 25620 "-" "Mozilla/5.0 AppleWebKit/537.36 (KHTML, like Gecko; compatible; GPTBot/1.2; +https://openai.com/gptbot)"
20.171.207.201 - - [05/Jul/2025:08:35:11 -0400] "GET /item.php?filesrc=%2Fhome%2Fmmdealscpanel%2Flscache%2F9%2F4%2Fa%2F94a390973941da7e&path=%2Fhome%2Fmmdealscpanel%2Flscache%2F9%2F4%2Fa HTTP/1.1" 200 26071 "-" "Mozilla/5.0 AppleWebKit/537.36 (KHTML, like Gecko; compatible; GPTBot/1.2; +https://openai.com/gptbot)"
20.171.207.201 - - [05/Jul/2025:08:34:51 -0400] "GET /item.php?filesrc=%2Fhome%2Fmmdealscpanel%2Flscache%2F9%2F4%2Fa%2F94aaf80f82d2d583&path=%2Fhome%2Fmmdealscpanel%2Flscache%2F9%2F4%2Fa HTTP/1.1" 200 23857 "-" "Mozilla/5.0 AppleWebKit/537.36 (KHTML, like Gecko; compatible; GPTBot/1.2; +https://openai.com/gptbot)"
