185.191.171.1 - - [06/Jul/2025:00:29:37 -0400] "GET /shop/?filter_cat=137%2C131%2C120%2C114%2C125 HTTP/1.1" 404 1251 "-" "Mozilla/5.0 (compatible; SemrushBot/7~bl; +http://www.semrush.com/bot.html)"
185.191.171.13 - - [06/Jul/2025:00:29:39 -0400] "GET /shop/?filter_cat=137%2C113%2C135%2C124%2C118 HTTP/1.1" 404 1251 "-" "Mozilla/5.0 (compatible; SemrushBot/7~bl; +http://www.semrush.com/bot.html)"
185.191.171.16 - - [06/Jul/2025:00:29:55 -0400] "GET /shop/?filter_cat=115%2C130%2C116%2C125%2C113 HTTP/1.1" 404 1251 "-" "Mozilla/5.0 (compatible; SemrushBot/7~bl; +http://www.semrush.com/bot.html)"
85.208.96.195 - - [06/Jul/2025:00:30:09 -0400] "GET /shop/?filter_cat=116%2C113%2C124%2C137%2C117 HTTP/1.1" 404 1251 "-" "Mozilla/5.0 (compatible; SemrushBot/7~bl; +http://www.semrush.com/bot.html)"
185.191.171.3 - - [06/Jul/2025:00:30:33 -0400] "GET /shop/?filter_cat=137%2C135%2C125%2C128%2C115 HTTP/1.1" 404 1251 "-" "Mozilla/5.0 (compatible; SemrushBot/7~bl; +http://www.semrush.com/bot.html)"
185.191.171.7 - - [06/Jul/2025:00:31:27 -0400] "GET /shop/?filter_cat=114%2C119%2C134%2C115%2C113 HTTP/1.1" 404 1251 "-" "Mozilla/5.0 (compatible; SemrushBot/7~bl; +http://www.semrush.com/bot.html)"
85.208.96.200 - - [06/Jul/2025:00:32:01 -0400] "GET /shop/?filter_cat=114%2C122%2C137%2C131%2C135 HTTP/1.1" 404 1251 "-" "Mozilla/5.0 (compatible; SemrushBot/7~bl; +http://www.semrush.com/bot.html)"
85.208.96.195 - - [06/Jul/2025:00:32:16 -0400] "GET /shop/?filter_cat=130%2C116%2C127%2C135 HTTP/1.1" 404 1251 "-" "Mozilla/5.0 (compatible; SemrushBot/7~bl; +http://www.semrush.com/bot.html)"
85.208.96.204 - - [06/Jul/2025:00:32:29 -0400] "GET /shop/?filter_cat=115%2C128%2C122%2C116%2C117 HTTP/1.1" 404 1251 "-" "Mozilla/5.0 (compatible; SemrushBot/7~bl; +http://www.semrush.com/bot.html)"
85.208.96.202 - - [06/Jul/2025:00:25:08 -0400] "GET /shop/?filter_cat=113%2C125%2C127%2C115%2C120 HTTP/1.1" 404 1251 "-" "Mozilla/5.0 (compatible; SemrushBot/7~bl; +http://www.semrush.com/bot.html)"
85.208.96.201 - - [06/Jul/2025:00:25:29 -0400] "GET /shop/?filter_cat=130%2C135%2C116%2C131%2C117 HTTP/1.1" 404 1251 "-" "Mozilla/5.0 (compatible; SemrushBot/7~bl; +http://www.semrush.com/bot.html)"
185.191.171.18 - - [06/Jul/2025:00:25:31 -0400] "GET /shop/?filter_cat=137%2C120%2C126%2C130%2C114 HTTP/1.1" 404 1251 "-" "Mozilla/5.0 (compatible; SemrushBot/7~bl; +http://www.semrush.com/bot.html)"
185.191.171.12 - - [06/Jul/2025:00:25:33 -0400] "GET /shop/?filter_cat=114%2C124%2C131%2C121%2C116 HTTP/1.1" 404 1251 "-" "Mozilla/5.0 (compatible; SemrushBot/7~bl; +http://www.semrush.com/bot.html)"
185.191.171.11 - - [06/Jul/2025:00:26:08 -0400] "GET /shop/?filter_cat=116%2C117%2C114%2C128%2C121 HTTP/1.1" 404 1251 "-" "Mozilla/5.0 (compatible; SemrushBot/7~bl; +http://www.semrush.com/bot.html)"
85.208.96.199 - - [06/Jul/2025:00:26:25 -0400] "GET /shop/?filter_cat=131%2C117%2C135%2C115 HTTP/1.1" 404 1251 "-" "Mozilla/5.0 (compatible; SemrushBot/7~bl; +http://www.semrush.com/bot.html)"
216.244.66.235 - - [06/Jul/2025:00:27:09 -0400] "GET /robots.txt HTTP/1.1" 200 1980 "-" "Mozilla/5.0 (compatible; DotBot/1.2; +https://opensiteexplorer.org/dotbot; help@moz.com)"
185.191.171.16 - - [06/Jul/2025:00:27:58 -0400] "GET /shop/?filter_cat=135%2C113%2C128%2C114%2C131 HTTP/1.1" 404 1251 "-" "Mozilla/5.0 (compatible; SemrushBot/7~bl; +http://www.semrush.com/bot.html)"
185.191.171.15 - - [06/Jul/2025:00:28:02 -0400] "GET /shop/?filter_cat=114%2C137%2C127%2C135%2C123 HTTP/1.1" 404 1251 "-" "Mozilla/5.0 (compatible; SemrushBot/7~bl; +http://www.semrush.com/bot.html)"
85.208.96.211 - - [06/Jul/2025:00:28:14 -0400] "GET /shop/?filter_cat=120%2C125%2C112%2C130 HTTP/1.1" 404 1251 "-" "Mozilla/5.0 (compatible; SemrushBot/7~bl; +http://www.semrush.com/bot.html)"
185.191.171.14 - - [06/Jul/2025:00:29:26 -0400] "GET /shop/?filter_cat=115%2C134%2C125%2C135%2C137 HTTP/1.1" 404 1251 "-" "Mozilla/5.0 (compatible; SemrushBot/7~bl; +http://www.semrush.com/bot.html)"
85.208.96.203 - - [06/Jul/2025:00:29:30 -0400] "GET /shop/?filter_cat=134%2C127%2C130%2C115%2C120 HTTP/1.1" 404 1251 "-" "Mozilla/5.0 (compatible; SemrushBot/7~bl; +http://www.semrush.com/bot.html)"
185.191.171.5 - - [06/Jul/2025:00:30:26 -0400] "GET /shop/?filter_cat=134%2C114%2C118%2C123%2C129 HTTP/1.1" 404 1251 "-" "Mozilla/5.0 (compatible; SemrushBot/7~bl; +http://www.semrush.com/bot.html)"
85.208.96.193 - - [06/Jul/2025:00:32:05 -0400] "GET /shop/?filter_cat=115%2C112%2C113%2C119%2C135 HTTP/1.1" 404 1251 "-" "Mozilla/5.0 (compatible; SemrushBot/7~bl; +http://www.semrush.com/bot.html)"
85.208.96.211 - - [06/Jul/2025:00:32:08 -0400] "GET /shop/?filter_cat=114%2C125%2C113%2C134%2C122 HTTP/1.1" 404 1251 "-" "Mozilla/5.0 (compatible; SemrushBot/7~bl; +http://www.semrush.com/bot.html)"
185.191.171.6 - - [06/Jul/2025:00:32:26 -0400] "GET /shop/?filter_cat=113%2C137%2C118%2C116%2C126 HTTP/1.1" 404 1251 "-" "Mozilla/5.0 (compatible; SemrushBot/7~bl; +http://www.semrush.com/bot.html)"
66.249.65.97 - - [06/Jul/2025:00:32:26 -0400] "GET /shop/page/18/?perpage=12&filter_cat=125%2C126%2C129%2C127%2C123%2C115%2C128%2C117%2C120%2C121%2C134%2C113%2C112%2C135&column=3&shop_view=list_view&on_sale=onsale HTTP/1.1" 404 1251 "-" "Mozilla/5.0 (Linux; Android 6.0.1; Nexus 5X Build/MMB29P) AppleWebKit/537.36 (KHTML, like Gecko) Chrome/137.0.7151.103 Mobile Safari/537.36 (compatible; Googlebot/2.1; +http://www.google.com/bot.html)"
85.208.96.199 - - [06/Jul/2025:00:32:59 -0400] "GET /shop/?filter_cat=135%2C115%2C128%2C122%2C114 HTTP/1.1" 404 1251 "-" "Mozilla/5.0 (compatible; SemrushBot/7~bl; +http://www.semrush.com/bot.html)"
85.208.96.212 - - [06/Jul/2025:00:33:21 -0400] "GET /shop/?filter_cat=137%2C125%2C124%2C135%2C116 HTTP/1.1" 404 1251 "-" "Mozilla/5.0 (compatible; SemrushBot/7~bl; +http://www.semrush.com/bot.html)"
185.191.171.12 - - [06/Jul/2025:00:33:34 -0400] "GET /shop/?filter_cat=115%2C112%2C117%2C119%2C118 HTTP/1.1" 404 1251 "-" "Mozilla/5.0 (compatible; SemrushBot/7~bl; +http://www.semrush.com/bot.html)"
85.208.96.199 - - [06/Jul/2025:00:33:56 -0400] "GET /shop/?filter_cat=137%2C123%2C122%2C113%2C131 HTTP/1.1" 404 1251 "-" "Mozilla/5.0 (compatible; SemrushBot/7~bl; +http://www.semrush.com/bot.html)"
185.191.171.17 - - [06/Jul/2025:00:34:42 -0400] "GET /shop/?filter_cat=137%2C123%2C127%2C117%2C122 HTTP/1.1" 404 1251 "-" "Mozilla/5.0 (compatible; SemrushBot/7~bl; +http://www.semrush.com/bot.html)"
216.244.66.235 - - [06/Jul/2025:00:35:29 -0400] "GET /shop/?add-to-cart=7520&filter_cat=125,120,122 HTTP/1.1" 404 1251 "-" "Mozilla/5.0 (compatible; DotBot/1.2; +https://opensiteexplorer.org/dotbot; help@moz.com)"
185.191.171.7 - - [06/Jul/2025:00:35:33 -0400] "GET /shop/?filter_cat=112%2C125%2C130%2C134%2C137 HTTP/1.1" 404 1251 "-" "Mozilla/5.0 (compatible; SemrushBot/7~bl; +http://www.semrush.com/bot.html)"
216.244.66.235 - - [06/Jul/2025:00:35:38 -0400] "GET /shop/?add-to-cart=7537&filter_cat=123,127,125 HTTP/1.1" 404 1251 "-" "Mozilla/5.0 (compatible; DotBot/1.2; +https://opensiteexplorer.org/dotbot; help@moz.com)"
85.208.96.204 - - [06/Jul/2025:00:33:11 -0400] "GET /shop/?filter_cat=134%2C124%2C121%2C112%2C120 HTTP/1.1" 404 1251 "-" "Mozilla/5.0 (compatible; SemrushBot/7~bl; +http://www.semrush.com/bot.html)"
85.208.96.204 - - [06/Jul/2025:00:33:13 -0400] "GET /shop/?filter_cat=112%2C129%2C113%2C116%2C115 HTTP/1.1" 404 1251 "-" "Mozilla/5.0 (compatible; SemrushBot/7~bl; +http://www.semrush.com/bot.html)"
185.191.171.3 - - [06/Jul/2025:00:33:38 -0400] "GET /shop/?filter_cat=115%2C113%2C129%2C125%2C134 HTTP/1.1" 404 1251 "-" "Mozilla/5.0 (compatible; SemrushBot/7~bl; +http://www.semrush.com/bot.html)"
185.191.171.10 - - [06/Jul/2025:00:33:41 -0400] "GET /robots.txt HTTP/1.1" 200 200 "-" "Mozilla/5.0 (compatible; SemrushBot/7~bl; +http://www.semrush.com/bot.html)"
85.208.96.210 - - [06/Jul/2025:00:33:41 -0400] "GET /shop/?filter_cat=112%2C129%2C131%2C113%2C119 HTTP/1.1" 404 1251 "-" "Mozilla/5.0 (compatible; SemrushBot/7~bl; +http://www.semrush.com/bot.html)"
85.208.96.198 - - [06/Jul/2025:00:33:52 -0400] "GET /shop/?filter_cat=117%2C124%2C126%2C137%2C135 HTTP/1.1" 404 1251 "-" "Mozilla/5.0 (compatible; SemrushBot/7~bl; +http://www.semrush.com/bot.html)"
185.191.171.19 - - [06/Jul/2025:00:33:54 -0400] "GET /shop/?filter_cat=117%2C129%2C124%2C135%2C121 HTTP/1.1" 404 1251 "-" "Mozilla/5.0 (compatible; SemrushBot/7~bl; +http://www.semrush.com/bot.html)"
114.119.157.111 - - [06/Jul/2025:00:34:08 -0400] "GET /shop/?stock_status=instock&on_sale=onsale&filter_cat=118,135,131,112,119,116,121 HTTP/1.1" 404 1251 "https://mm-deals.com/shop/?stock_status=instock&on_sale=onsale&filter_cat=135%2C131%2C112%2C119%2C116%2C121" "Mozilla/5.0 (Linux; Android 7.0;) AppleWebKit/537.36 (KHTML, like Gecko) Mobile Safari/537.36 (compatible; PetalBot;+https://webmaster.petalsearch.com/site/petalbot)"
85.208.96.199 - - [06/Jul/2025:00:34:09 -0400] "GET /shop/?filter_cat=114%2C121%2C113%2C131%2C128 HTTP/1.1" 404 1251 "-" "Mozilla/5.0 (compatible; SemrushBot/7~bl; +http://www.semrush.com/bot.html)"
185.191.171.17 - - [06/Jul/2025:00:34:26 -0400] "GET /shop/?filter_cat=117%2C119%2C128%2C126%2C129 HTTP/1.1" 404 1251 "-" "Mozilla/5.0 (compatible; SemrushBot/7~bl; +http://www.semrush.com/bot.html)"
216.244.66.235 - - [06/Jul/2025:00:35:34 -0400] "GET /shop/?add-to-cart=7534&filter_cat=137,119,130 HTTP/1.1" 404 1251 "-" "Mozilla/5.0 (compatible; DotBot/1.2; +https://opensiteexplorer.org/dotbot; help@moz.com)"
216.244.66.235 - - [06/Jul/2025:00:35:51 -0400] "GET /shop/?filter_cat=118,112,131,130&on_sale=onsale HTTP/1.1" 404 1251 "-" "Mozilla/5.0 (compatible; DotBot/1.2; +https://opensiteexplorer.org/dotbot; help@moz.com)"
216.244.66.235 - - [06/Jul/2025:00:35:54 -0400] "GET /shop/?filter_cat=123,135,127,119&on_sale=onsale HTTP/1.1" 404 1251 "-" "Mozilla/5.0 (compatible; DotBot/1.2; +https://opensiteexplorer.org/dotbot; help@moz.com)"
185.191.171.1 - - [06/Jul/2025:00:36:06 -0400] "GET /shop/?filter_cat=134%2C112%2C137%2C122%2C125 HTTP/1.1" 404 1251 "-" "Mozilla/5.0 (compatible; SemrushBot/7~bl; +http://www.semrush.com/bot.html)"
85.208.96.197 - - [06/Jul/2025:00:37:03 -0400] "GET /shop/?filter_cat=112%2C125%2C129%2C113%2C123 HTTP/1.1" 404 1251 "-" "Mozilla/5.0 (compatible; SemrushBot/7~bl; +http://www.semrush.com/bot.html)"
85.208.96.212 - - [06/Jul/2025:00:37:13 -0400] "GET /shop/?filter_cat=137%2C116%2C130%2C127%2C124 HTTP/1.1" 404 1251 "-" "Mozilla/5.0 (compatible; SemrushBot/7~bl; +http://www.semrush.com/bot.html)"
85.208.96.207 - - [06/Jul/2025:00:37:20 -0400] "GET /shop/?filter_cat=117%2C130%2C124%2C126%2C134 HTTP/1.1" 404 1251 "-" "Mozilla/5.0 (compatible; SemrushBot/7~bl; +http://www.semrush.com/bot.html)"
85.208.96.207 - - [06/Jul/2025:00:37:26 -0400] "GET /shop/?filter_cat=134%2C128%2C113%2C115%2C120 HTTP/1.1" 404 1251 "-" "Mozilla/5.0 (compatible; SemrushBot/7~bl; +http://www.semrush.com/bot.html)"
85.208.96.197 - - [06/Jul/2025:00:37:34 -0400] "GET /shop/?filter_cat=131%2C130%2C116%2C113%2C121 HTTP/1.1" 404 1251 "-" "Mozilla/5.0 (compatible; SemrushBot/7~bl; +http://www.semrush.com/bot.html)"
85.208.96.204 - - [06/Jul/2025:00:37:58 -0400] "GET /shop/?filter_cat=124%2C119%2C135%2C118 HTTP/1.1" 404 1251 "-" "Mozilla/5.0 (compatible; SemrushBot/7~bl; +http://www.semrush.com/bot.html)"
185.191.171.16 - - [06/Jul/2025:00:38:08 -0400] "GET /shop/?filter_cat=115%2C118%2C127%2C112%2C130 HTTP/1.1" 404 1251 "-" "Mozilla/5.0 (compatible; SemrushBot/7~bl; +http://www.semrush.com/bot.html)"
66.249.65.99 - - [06/Jul/2025:00:38:11 -0400] "GET /shop/?perpage=12&filter_cat=127,122,115,128,120,121,134,113,112&column=2&shop_view=grid_view&on_sale=onsale HTTP/1.1" 404 1251 "-" "Mozilla/5.0 (Linux; Android 6.0.1; Nexus 5X Build/MMB29P) AppleWebKit/537.36 (KHTML, like Gecko) Chrome/137.0.7151.103 Mobile Safari/537.36 (compatible; Googlebot/2.1; +http://www.google.com/bot.html)"
185.191.171.8 - - [06/Jul/2025:00:38:11 -0400] "GET /shop/?filter_cat=137%2C118%2C112%2C123%2C113 HTTP/1.1" 404 1251 "-" "Mozilla/5.0 (compatible; SemrushBot/7~bl; +http://www.semrush.com/bot.html)"
185.191.171.9 - - [06/Jul/2025:00:38:26 -0400] "GET /shop/?filter_cat=116%2C117%2C135%2C134%2C131 HTTP/1.1" 404 1251 "-" "Mozilla/5.0 (compatible; SemrushBot/7~bl; +http://www.semrush.com/bot.html)"
185.191.171.2 - - [06/Jul/2025:00:38:31 -0400] "GET /shop/?filter_cat=116%2C115%2C119%2C114%2C135 HTTP/1.1" 404 1251 "-" "Mozilla/5.0 (compatible; SemrushBot/7~bl; +http://www.semrush.com/bot.html)"
185.191.171.14 - - [06/Jul/2025:00:38:49 -0400] "GET /shop/?filter_cat=116%2C135%2C127%2C131%2C113 HTTP/1.1" 404 1251 "-" "Mozilla/5.0 (compatible; SemrushBot/7~bl; +http://www.semrush.com/bot.html)"
216.244.66.235 - - [06/Jul/2025:00:39:54 -0400] "GET /shop/?add-to-cart=7520&filter_cat=126,123&on_sale=onsale HTTP/1.1" 404 1251 "-" "Mozilla/5.0 (compatible; DotBot/1.2; +https://opensiteexplorer.org/dotbot; help@moz.com)"
216.244.66.235 - - [06/Jul/2025:00:39:56 -0400] "GET /shop/?column=3&shop_view=list_view&filter_cat=135,129 HTTP/1.1" 404 1251 "-" "Mozilla/5.0 (compatible; DotBot/1.2; +https://opensiteexplorer.org/dotbot; help@moz.com)"
85.208.96.203 - - [06/Jul/2025:00:40:10 -0400] "GET /shop/?filter_cat=137%2C125%2C135%2C120%2C131 HTTP/1.1" 404 1251 "-" "Mozilla/5.0 (compatible; SemrushBot/7~bl; +http://www.semrush.com/bot.html)"
185.191.171.8 - - [06/Jul/2025:00:40:16 -0400] "GET /shop/?filter_cat=126%2C130%2C122%2C114 HTTP/1.1" 404 1251 "-" "Mozilla/5.0 (compatible; SemrushBot/7~bl; +http://www.semrush.com/bot.html)"
85.208.96.199 - - [06/Jul/2025:00:41:33 -0400] "GET /shop/?filter_cat=114%2C128%2C120%2C126%2C125 HTTP/1.1" 404 1251 "-" "Mozilla/5.0 (compatible; SemrushBot/7~bl; +http://www.semrush.com/bot.html)"
85.208.96.199 - - [06/Jul/2025:00:40:21 -0400] "GET /shop/?filter_cat=137%2C128%2C120%2C115%2C129 HTTP/1.1" 404 1251 "-" "Mozilla/5.0 (compatible; SemrushBot/7~bl; +http://www.semrush.com/bot.html)"
185.191.171.12 - - [06/Jul/2025:00:40:30 -0400] "GET /shop/?filter_cat=137%2C131%2C127%2C115%2C114 HTTP/1.1" 404 1251 "-" "Mozilla/5.0 (compatible; SemrushBot/7~bl; +http://www.semrush.com/bot.html)"
85.208.96.195 - - [06/Jul/2025:00:40:35 -0400] "GET /shop/?filter_cat=112%2C117%2C131%2C130%2C137 HTTP/1.1" 404 1251 "-" "Mozilla/5.0 (compatible; SemrushBot/7~bl; +http://www.semrush.com/bot.html)"
185.191.171.15 - - [06/Jul/2025:00:40:50 -0400] "GET /shop/?filter_cat=137%2C134%2C112%2C124%2C135 HTTP/1.1" 404 1251 "-" "Mozilla/5.0 (compatible; SemrushBot/7~bl; +http://www.semrush.com/bot.html)"
85.208.96.201 - - [06/Jul/2025:00:41:13 -0400] "GET /shop/?filter_cat=130%2C137%2C117%2C116%2C114 HTTP/1.1" 404 1251 "-" "Mozilla/5.0 (compatible; SemrushBot/7~bl; +http://www.semrush.com/bot.html)"
85.208.96.196 - - [06/Jul/2025:00:41:17 -0400] "GET /shop/?filter_cat=116%2C119%2C112%2C130%2C123 HTTP/1.1" 404 1251 "-" "Mozilla/5.0 (compatible; SemrushBot/7~bl; +http://www.semrush.com/bot.html)"
114.119.143.119 - - [06/Jul/2025:00:41:31 -0400] "GET /shop/?stock_status=instock&on_sale=onsale&filter_cat=118,135,124,130,129,116,121 HTTP/1.1" 404 1251 "https://mm-deals.com/shop/?stock_status=instock&on_sale=onsale&filter_cat=135%2C124%2C130%2C129%2C116%2C121" "Mozilla/5.0 (Linux; Android 7.0;) AppleWebKit/537.36 (KHTML, like Gecko) Mobile Safari/537.36 (compatible; PetalBot;+https://webmaster.petalsearch.com/site/petalbot)"
216.244.66.235 - - [06/Jul/2025:00:35:48 -0400] "GET /shop/?add-to-cart=7514&filter_cat=127,116,129,115 HTTP/1.1" 404 1251 "-" "Mozilla/5.0 (compatible; DotBot/1.2; +https://opensiteexplorer.org/dotbot; help@moz.com)"
185.191.171.2 - - [06/Jul/2025:00:36:04 -0400] "GET /shop/?filter_cat=117%2C134%2C116%2C130%2C120 HTTP/1.1" 404 1251 "-" "Mozilla/5.0 (compatible; SemrushBot/7~bl; +http://www.semrush.com/bot.html)"
85.208.96.210 - - [06/Jul/2025:00:36:10 -0400] "GET /shop/?filter_cat=112%2C115%2C120%2C124%2C125 HTTP/1.1" 404 1251 "-" "Mozilla/5.0 (compatible; SemrushBot/7~bl; +http://www.semrush.com/bot.html)"
85.208.96.200 - - [06/Jul/2025:00:36:23 -0400] "GET /shop/?filter_cat=116%2C134%2C127%2C122%2C117 HTTP/1.1" 404 1251 "-" "Mozilla/5.0 (compatible; SemrushBot/7~bl; +http://www.semrush.com/bot.html)"
185.191.171.2 - - [06/Jul/2025:00:36:32 -0400] "GET /shop/?filter_cat=113%2C114%2C126%2C112%2C130 HTTP/1.1" 404 1251 "-" "Mozilla/5.0 (compatible; SemrushBot/7~bl; +http://www.semrush.com/bot.html)"
185.191.171.14 - - [06/Jul/2025:00:36:41 -0400] "GET /shop/?filter_cat=112%2C118%2C125%2C119%2C113 HTTP/1.1" 404 1251 "-" "Mozilla/5.0 (compatible; SemrushBot/7~bl; +http://www.semrush.com/bot.html)"
185.191.171.2 - - [06/Jul/2025:00:37:43 -0400] "GET /shop/?filter_cat=130%2C122%2C118%2C124%2C112 HTTP/1.1" 404 1251 "-" "Mozilla/5.0 (compatible; SemrushBot/7~bl; +http://www.semrush.com/bot.html)"
185.191.171.19 - - [06/Jul/2025:00:37:47 -0400] "GET /shop/?filter_cat=116%2C127%2C130%2C128%2C122 HTTP/1.1" 404 1251 "-" "Mozilla/5.0 (compatible; SemrushBot/7~bl; +http://www.semrush.com/bot.html)"
185.191.171.2 - - [06/Jul/2025:00:39:42 -0400] "GET /shop/?filter_cat=124%2C117%2C125%2C114 HTTP/1.1" 404 1251 "-" "Mozilla/5.0 (compatible; SemrushBot/7~bl; +http://www.semrush.com/bot.html)"
216.244.66.235 - - [06/Jul/2025:00:39:58 -0400] "GET /shop/?filter_cat=127,134&shop_view=grid_view&column=2 HTTP/1.1" 404 1251 "-" "Mozilla/5.0 (compatible; DotBot/1.2; +https://opensiteexplorer.org/dotbot; help@moz.com)"
185.153.199.135 - - [06/Jul/2025:00:41:11 -0400] "GET /sites/all/libraries/elfinder/php/connector.php HTTP/1.1" 404 1251 "-" "ALittle Client"
185.191.171.4 - - [06/Jul/2025:00:41:43 -0400] "GET /shop/?filter_cat=129%2C122%2C118%2C130 HTTP/1.1" 404 1251 "-" "Mozilla/5.0 (compatible; SemrushBot/7~bl; +http://www.semrush.com/bot.html)"
85.208.96.199 - - [06/Jul/2025:00:41:47 -0400] "GET /shop/?filter_cat=115%2C112%2C114%2C121%2C135 HTTP/1.1" 404 1251 "-" "Mozilla/5.0 (compatible; SemrushBot/7~bl; +http://www.semrush.com/bot.html)"
185.191.171.15 - - [06/Jul/2025:00:42:06 -0400] "GET /shop/?filter_cat=115%2C137%2C113%2C124%2C120 HTTP/1.1" 404 1251 "-" "Mozilla/5.0 (compatible; SemrushBot/7~bl; +http://www.semrush.com/bot.html)"
85.208.96.202 - - [06/Jul/2025:00:42:08 -0400] "GET /shop/?filter_cat=135%2C128%2C118%2C125%2C117 HTTP/1.1" 404 1251 "-" "Mozilla/5.0 (compatible; SemrushBot/7~bl; +http://www.semrush.com/bot.html)"
185.191.171.9 - - [06/Jul/2025:00:42:49 -0400] "GET /shop/?filter_cat=137%2C130%2C122%2C112%2C123 HTTP/1.1" 404 1251 "-" "Mozilla/5.0 (compatible; SemrushBot/7~bl; +http://www.semrush.com/bot.html)"
185.191.171.13 - - [06/Jul/2025:00:43:42 -0400] "GET /shop/?filter_cat=135%2C117%2C134 HTTP/1.1" 404 1251 "-" "Mozilla/5.0 (compatible; SemrushBot/7~bl; +http://www.semrush.com/bot.html)"
185.191.171.12 - - [06/Jul/2025:00:41:40 -0400] "GET /shop/?filter_cat=115%2C117%2C129%2C121%2C118 HTTP/1.1" 404 1251 "-" "Mozilla/5.0 (compatible; SemrushBot/7~bl; +http://www.semrush.com/bot.html)"
85.208.96.194 - - [06/Jul/2025:00:41:41 -0400] "GET /shop/?filter_cat=114%2C113%2C126%2C134%2C130 HTTP/1.1" 404 1251 "-" "Mozilla/5.0 (compatible; SemrushBot/7~bl; +http://www.semrush.com/bot.html)"
185.191.171.6 - - [06/Jul/2025:00:42:22 -0400] "GET /shop/?filter_cat=115%2C130%2C119%2C120%2C116 HTTP/1.1" 404 1251 "-" "Mozilla/5.0 (compatible; SemrushBot/7~bl; +http://www.semrush.com/bot.html)"
185.191.171.18 - - [06/Jul/2025:00:42:26 -0400] "GET /shop/?filter_cat=134%2C128%2C129%2C131%2C117 HTTP/1.1" 404 1251 "-" "Mozilla/5.0 (compatible; SemrushBot/7~bl; +http://www.semrush.com/bot.html)"
185.191.171.4 - - [06/Jul/2025:00:42:51 -0400] "GET /shop/?filter_cat=114%2C112%2C128%2C125 HTTP/1.1" 404 1251 "-" "Mozilla/5.0 (compatible; SemrushBot/7~bl; +http://www.semrush.com/bot.html)"
185.191.171.7 - - [06/Jul/2025:00:44:17 -0400] "GET /shop/?filter_cat=117%2C129%2C112%2C123 HTTP/1.1" 404 1251 "-" "Mozilla/5.0 (compatible; SemrushBot/7~bl; +http://www.semrush.com/bot.html)"
185.191.171.8 - - [06/Jul/2025:00:44:30 -0400] "GET /shop/?filter_cat=135%2C114%2C123%2C113 HTTP/1.1" 404 1251 "-" "Mozilla/5.0 (compatible; SemrushBot/7~bl; +http://www.semrush.com/bot.html)"
185.191.171.8 - - [06/Jul/2025:00:44:48 -0400] "GET /shop/?filter_cat=118%2C113%2C120%2C115%2C137 HTTP/1.1" 404 1251 "-" "Mozilla/5.0 (compatible; SemrushBot/7~bl; +http://www.semrush.com/bot.html)"
85.208.96.203 - - [06/Jul/2025:00:45:17 -0400] "GET /shop/?filter_cat=131%2C137%2C122%2C127%2C123 HTTP/1.1" 404 1251 "-" "Mozilla/5.0 (compatible; SemrushBot/7~bl; +http://www.semrush.com/bot.html)"
85.208.96.199 - - [06/Jul/2025:00:46:08 -0400] "GET /shop/?filter_cat=113%2C120%2C121%2C118%2C122 HTTP/1.1" 404 1251 "-" "Mozilla/5.0 (compatible; SemrushBot/7~bl; +http://www.semrush.com/bot.html)"
185.191.171.18 - - [06/Jul/2025:00:46:28 -0400] "GET /shop/?filter_cat=115%2C125%2C119%2C123%2C116 HTTP/1.1" 404 1251 "-" "Mozilla/5.0 (compatible; SemrushBot/7~bl; +http://www.semrush.com/bot.html)"
185.191.171.10 - - [06/Jul/2025:00:46:30 -0400] "GET /shop/?filter_cat=117%2C114%2C128%2C131%2C137 HTTP/1.1" 404 1251 "-" "Mozilla/5.0 (compatible; SemrushBot/7~bl; +http://www.semrush.com/bot.html)"
85.208.96.201 - - [06/Jul/2025:00:46:50 -0400] "GET /shop/?filter_cat=116%2C113%2C126%2C114%2C129 HTTP/1.1" 404 1251 "-" "Mozilla/5.0 (compatible; SemrushBot/7~bl; +http://www.semrush.com/bot.html)"
85.208.96.200 - - [06/Jul/2025:00:47:08 -0400] "GET /shop/?filter_cat=115%2C137%2C123%2C131%2C112 HTTP/1.1" 404 1251 "-" "Mozilla/5.0 (compatible; SemrushBot/7~bl; +http://www.semrush.com/bot.html)"
121.91.172.10 - - [06/Jul/2025:00:48:12 -0400] "GET /product-category/automotive/page/3/?shop_view=grid_view&column=2 HTTP/1.1" 404 1251 "https://mm-deals.com/product-category/automotive/page/3/?shop_view=grid_view&column=2" "Mozilla/5.0 (Windows NT 10.0; Win64; x64) AppleWebKit/537.36 (KHTML, like Gecko) Chrome/110.0.0.0 Safari/537.36"
185.191.171.2 - - [06/Jul/2025:00:48:19 -0400] "GET /shop/?filter_cat=130%2C128%2C112%2C137%2C134 HTTP/1.1" 404 1251 "-" "Mozilla/5.0 (compatible; SemrushBot/7~bl; +http://www.semrush.com/bot.html)"
85.208.96.196 - - [06/Jul/2025:00:48:23 -0400] "GET /shop/?filter_cat=137%2C117%2C128%2C131%2C127 HTTP/1.1" 404 1251 "-" "Mozilla/5.0 (compatible; SemrushBot/7~bl; +http://www.semrush.com/bot.html)"
85.208.96.199 - - [06/Jul/2025:00:48:28 -0400] "GET /shop/?filter_cat=114%2C112%2C113%2C115%2C125 HTTP/1.1" 404 1251 "-" "Mozilla/5.0 (compatible; SemrushBot/7~bl; +http://www.semrush.com/bot.html)"
185.191.171.19 - - [06/Jul/2025:00:48:37 -0400] "GET /shop/?filter_cat=113%2C118%2C137%2C122%2C134 HTTP/1.1" 404 1251 "-" "Mozilla/5.0 (compatible; SemrushBot/7~bl; +http://www.semrush.com/bot.html)"
185.191.171.14 - - [06/Jul/2025:00:48:39 -0400] "GET /shop/?filter_cat=115%2C123%2C112%2C125%2C126 HTTP/1.1" 404 1251 "-" "Mozilla/5.0 (compatible; SemrushBot/7~bl; +http://www.semrush.com/bot.html)"
85.208.96.199 - - [06/Jul/2025:00:49:19 -0400] "GET /shop/?filter_cat=113%2C131%2C123%2C126%2C120 HTTP/1.1" 404 1251 "-" "Mozilla/5.0 (compatible; SemrushBot/7~bl; +http://www.semrush.com/bot.html)"
185.191.171.13 - - [06/Jul/2025:00:49:42 -0400] "GET /shop/?filter_cat=134%2C127%2C131%2C129%2C119 HTTP/1.1" 404 1251 "-" "Mozilla/5.0 (compatible; SemrushBot/7~bl; +http://www.semrush.com/bot.html)"
185.191.171.8 - - [06/Jul/2025:00:49:51 -0400] "GET /shop/?filter_cat=131%2C135%2C134%2C119%2C112 HTTP/1.1" 404 1251 "-" "Mozilla/5.0 (compatible; SemrushBot/7~bl; +http://www.semrush.com/bot.html)"
66.249.65.98 - - [06/Jul/2025:00:50:13 -0400] "GET / HTTP/1.1" 200 1833 "-" "Mozilla/5.0 (Linux; Android 6.0.1; Nexus 5X Build/MMB29P) AppleWebKit/537.36 (KHTML, like Gecko) Chrome/137.0.7151.103 Mobile Safari/537.36 (compatible; Googlebot/2.1; +http://www.google.com/bot.html)"
185.191.171.3 - - [06/Jul/2025:00:44:21 -0400] "GET /shop/?filter_cat=117%2C113%2C115%2C135%2C131 HTTP/1.1" 404 1251 "-" "Mozilla/5.0 (compatible; SemrushBot/7~bl; +http://www.semrush.com/bot.html)"
85.208.96.210 - - [06/Jul/2025:00:44:24 -0400] "GET /shop/?filter_cat=137%2C123%2C129%2C124%2C119 HTTP/1.1" 404 1251 "-" "Mozilla/5.0 (compatible; SemrushBot/7~bl; +http://www.semrush.com/bot.html)"
185.191.171.8 - - [06/Jul/2025:00:44:39 -0400] "GET /shop/?filter_cat=114%2C129%2C122%2C126%2C112 HTTP/1.1" 404 1251 "-" "Mozilla/5.0 (compatible; SemrushBot/7~bl; +http://www.semrush.com/bot.html)"
185.191.171.13 - - [06/Jul/2025:00:45:34 -0400] "GET /shop/?filter_cat=135%2C125%2C121%2C127%2C122 HTTP/1.1" 404 1251 "-" "Mozilla/5.0 (compatible; SemrushBot/7~bl; +http://www.semrush.com/bot.html)"
85.208.96.206 - - [06/Jul/2025:00:45:37 -0400] "GET /shop/?filter_cat=134%2C135%2C130%2C122 HTTP/1.1" 404 1251 "-" "Mozilla/5.0 (compatible; SemrushBot/7~bl; +http://www.semrush.com/bot.html)"
185.191.171.4 - - [06/Jul/2025:00:45:50 -0400] "GET /shop/?filter_cat=112%2C127%2C120%2C126%2C137 HTTP/1.1" 404 1251 "-" "Mozilla/5.0 (compatible; SemrushBot/7~bl; +http://www.semrush.com/bot.html)"
185.191.171.12 - - [06/Jul/2025:00:45:53 -0400] "GET /shop/?filter_cat=130%2C114%2C124%2C131%2C127 HTTP/1.1" 404 1251 "-" "Mozilla/5.0 (compatible; SemrushBot/7~bl; +http://www.semrush.com/bot.html)"
85.208.96.206 - - [06/Jul/2025:00:45:59 -0400] "GET /shop/?filter_cat=116%2C126%2C130%2C128%2C112 HTTP/1.1" 404 1251 "-" "Mozilla/5.0 (compatible; SemrushBot/7~bl; +http://www.semrush.com/bot.html)"
85.208.96.209 - - [06/Jul/2025:00:46:03 -0400] "GET /shop/?filter_cat=137%2C121%2C114%2C122%2C119 HTTP/1.1" 404 1251 "-" "Mozilla/5.0 (compatible; SemrushBot/7~bl; +http://www.semrush.com/bot.html)"
216.244.66.235 - - [06/Jul/2025:00:46:04 -0400] "GET /shop/?filter_cat=112,120&on_sale=onsale HTTP/1.1" 404 1251 "-" "Mozilla/5.0 (compatible; DotBot/1.2; +https://opensiteexplorer.org/dotbot; help@moz.com)"
85.208.96.195 - - [06/Jul/2025:00:46:11 -0400] "GET /shop/?filter_cat=117%2C126%2C131%2C118%2C130 HTTP/1.1" 404 1251 "-" "Mozilla/5.0 (compatible; SemrushBot/7~bl; +http://www.semrush.com/bot.html)"
85.208.96.193 - - [06/Jul/2025:00:47:44 -0400] "GET /shop/?filter_cat=113%2C118%2C125%2C130%2C122 HTTP/1.1" 404 1251 "-" "Mozilla/5.0 (compatible; SemrushBot/7~bl; +http://www.semrush.com/bot.html)"
85.208.96.209 - - [06/Jul/2025:00:48:49 -0400] "GET /shop/?filter_cat=126%2C123%2C137%2C131 HTTP/1.1" 404 1251 "-" "Mozilla/5.0 (compatible; SemrushBot/7~bl; +http://www.semrush.com/bot.html)"
114.119.150.65 - - [06/Jul/2025:00:48:54 -0400] "GET /shop/?stock_status=instock&on_sale=onsale&filter_cat=118,135,124 HTTP/1.1" 404 1251 "https://mm-deals.com/shop/?stock_status=instock&on_sale=onsale&filter_cat=135%2C124" "Mozilla/5.0 (Linux; Android 7.0;) AppleWebKit/537.36 (KHTML, like Gecko) Mobile Safari/537.36 (compatible; PetalBot;+https://webmaster.petalsearch.com/site/petalbot)"
185.191.171.2 - - [06/Jul/2025:00:49:56 -0400] "GET /shop/?filter_cat=116%2C129%2C113%2C121%2C127 HTTP/1.1" 404 1251 "-" "Mozilla/5.0 (compatible; SemrushBot/7~bl; +http://www.semrush.com/bot.html)"
85.208.96.202 - - [06/Jul/2025:00:49:58 -0400] "GET /shop/?filter_cat=113%2C124%2C117%2C129%2C125 HTTP/1.1" 404 1251 "-" "Mozilla/5.0 (compatible; SemrushBot/7~bl; +http://www.semrush.com/bot.html)"
185.191.171.16 - - [06/Jul/2025:00:50:10 -0400] "GET /shop/?filter_cat=129%2C127%2C112%2C130%2C120 HTTP/1.1" 404 1251 "-" "Mozilla/5.0 (compatible; SemrushBot/7~bl; +http://www.semrush.com/bot.html)"
185.191.171.5 - - [06/Jul/2025:00:50:19 -0400] "GET /shop/?filter_cat=113%2C130%2C123%2C127%2C119 HTTP/1.1" 404 1251 "-" "Mozilla/5.0 (compatible; SemrushBot/7~bl; +http://www.semrush.com/bot.html)"
185.191.171.8 - - [06/Jul/2025:00:50:32 -0400] "GET /shop/?filter_cat=116%2C121%2C114%2C127%2C129 HTTP/1.1" 404 1251 "-" "Mozilla/5.0 (compatible; SemrushBot/7~bl; +http://www.semrush.com/bot.html)"
185.191.171.14 - - [06/Jul/2025:00:51:45 -0400] "GET /shop/?filter_cat=112%2C118%2C117%2C135%2C119 HTTP/1.1" 404 1251 "-" "Mozilla/5.0 (compatible; SemrushBot/7~bl; +http://www.semrush.com/bot.html)"
185.191.171.11 - - [06/Jul/2025:00:50:13 -0400] "GET /shop/?filter_cat=131%2C120%2C121%2C130%2C113 HTTP/1.1" 404 1251 "-" "Mozilla/5.0 (compatible; SemrushBot/7~bl; +http://www.semrush.com/bot.html)"
66.249.65.97 - - [06/Jul/2025:00:50:15 -0400] "GET /nc_assets/css/style.css HTTP/1.1" 200 1970 "https://mm-deals.com/" "Mozilla/5.0 (Linux; Android 6.0.1; Nexus 5X Build/MMB29P) AppleWebKit/537.36 (KHTML, like Gecko) Chrome/137.0.7151.119 Mobile Safari/537.36 (compatible; Googlebot/2.1; +http://www.google.com/bot.html)"
185.191.171.16 - - [06/Jul/2025:00:50:21 -0400] "GET /shop/?filter_cat=116%2C122%2C113%2C129%2C137 HTTP/1.1" 404 1251 "-" "Mozilla/5.0 (compatible; SemrushBot/7~bl; +http://www.semrush.com/bot.html)"
185.191.171.15 - - [06/Jul/2025:00:50:37 -0400] "GET /shop/?filter_cat=112%2C125%2C113%2C130%2C119 HTTP/1.1" 404 1251 "-" "Mozilla/5.0 (compatible; SemrushBot/7~bl; +http://www.semrush.com/bot.html)"
185.191.171.9 - - [06/Jul/2025:00:51:05 -0400] "GET /shop/?filter_cat=113%2C137%2C135%2C124%2C123 HTTP/1.1" 404 1251 "-" "Mozilla/5.0 (compatible; SemrushBot/7~bl; +http://www.semrush.com/bot.html)"
185.191.171.16 - - [06/Jul/2025:00:51:07 -0400] "GET /shop/?filter_cat=137%2C123%2C135%2C114%2C126 HTTP/1.1" 404 1251 "-" "Mozilla/5.0 (compatible; SemrushBot/7~bl; +http://www.semrush.com/bot.html)"
85.208.96.202 - - [06/Jul/2025:00:52:19 -0400] "GET /shop/?filter_cat=115%2C127%2C130%2C129%2C117 HTTP/1.1" 404 1251 "-" "Mozilla/5.0 (compatible; SemrushBot/7~bl; +http://www.semrush.com/bot.html)"
185.191.171.13 - - [06/Jul/2025:00:52:38 -0400] "GET /shop/?filter_cat=117%2C115%2C134%2C129%2C122 HTTP/1.1" 404 1251 "-" "Mozilla/5.0 (compatible; SemrushBot/7~bl; +http://www.semrush.com/bot.html)"
185.191.171.15 - - [06/Jul/2025:00:52:51 -0400] "GET /shop/?filter_cat=112%2C121%2C124%2C114%2C115 HTTP/1.1" 404 1251 "-" "Mozilla/5.0 (compatible; SemrushBot/7~bl; +http://www.semrush.com/bot.html)"
185.191.171.5 - - [06/Jul/2025:00:53:19 -0400] "GET /shop/?filter_cat=135%2C116%2C123%2C119%2C118 HTTP/1.1" 404 1251 "-" "Mozilla/5.0 (compatible; SemrushBot/7~bl; +http://www.semrush.com/bot.html)"
85.208.96.211 - - [06/Jul/2025:00:53:45 -0400] "GET /shop/?filter_cat=115%2C130%2C121%2C123%2C131 HTTP/1.1" 404 1251 "-" "Mozilla/5.0 (compatible; SemrushBot/7~bl; +http://www.semrush.com/bot.html)"
185.191.171.10 - - [06/Jul/2025:00:54:19 -0400] "GET /shop/?filter_cat=131%2C130%2C120%2C125%2C116 HTTP/1.1" 404 1251 "-" "Mozilla/5.0 (compatible; SemrushBot/7~bl; +http://www.semrush.com/bot.html)"
185.191.171.5 - - [06/Jul/2025:00:54:27 -0400] "GET /shop/?filter_cat=112%2C124%2C131%2C125%2C130 HTTP/1.1" 404 1251 "-" "Mozilla/5.0 (compatible; SemrushBot/7~bl; +http://www.semrush.com/bot.html)"
185.191.171.18 - - [06/Jul/2025:00:54:37 -0400] "GET /robots.txt HTTP/1.1" 200 200 "-" "Mozilla/5.0 (compatible; SemrushBot/7~bl; +http://www.semrush.com/bot.html)"
85.208.96.208 - - [06/Jul/2025:00:54:43 -0400] "GET /shop/?filter_cat=130%2C119%2C124%2C116%2C114 HTTP/1.1" 404 1251 "-" "Mozilla/5.0 (compatible; SemrushBot/7~bl; +http://www.semrush.com/bot.html)"
85.208.96.209 - - [06/Jul/2025:00:54:44 -0400] "GET /shop/?filter_cat=117%2C114%2C113%2C135%2C130 HTTP/1.1" 404 1251 "-" "Mozilla/5.0 (compatible; SemrushBot/7~bl; +http://www.semrush.com/bot.html)"
85.208.96.209 - - [06/Jul/2025:00:55:09 -0400] "GET /shop/?filter_cat=137%2C120%2C131%2C123%2C121 HTTP/1.1" 404 1251 "-" "Mozilla/5.0 (compatible; SemrushBot/7~bl; +http://www.semrush.com/bot.html)"
85.208.96.201 - - [06/Jul/2025:00:52:31 -0400] "GET /shop/?filter_cat=116%2C119%2C128%2C118 HTTP/1.1" 404 1251 "-" "Mozilla/5.0 (compatible; SemrushBot/7~bl; +http://www.semrush.com/bot.html)"
85.208.96.202 - - [06/Jul/2025:00:52:37 -0400] "GET /shop/?filter_cat=115%2C137%2C121%2C124%2C135 HTTP/1.1" 404 1251 "-" "Mozilla/5.0 (compatible; SemrushBot/7~bl; +http://www.semrush.com/bot.html)"
185.191.171.13 - - [06/Jul/2025:00:53:05 -0400] "GET /shop/?filter_cat=117%2C123%2C115%2C127%2C128 HTTP/1.1" 404 1251 "-" "Mozilla/5.0 (compatible; SemrushBot/7~bl; +http://www.semrush.com/bot.html)"
185.191.171.8 - - [06/Jul/2025:00:53:52 -0400] "GET /shop/?filter_cat=134%2C135%2C130%2C113%2C127 HTTP/1.1" 404 1251 "-" "Mozilla/5.0 (compatible; SemrushBot/7~bl; +http://www.semrush.com/bot.html)"
185.191.171.10 - - [06/Jul/2025:00:54:03 -0400] "GET /shop/?filter_cat=127%2C128%2C131%2C115 HTTP/1.1" 404 1251 "-" "Mozilla/5.0 (compatible; SemrushBot/7~bl; +http://www.semrush.com/bot.html)"
85.208.96.206 - - [06/Jul/2025:00:54:15 -0400] "GET /shop/?filter_cat=115%2C119%2C114%2C123%2C120 HTTP/1.1" 404 1251 "-" "Mozilla/5.0 (compatible; SemrushBot/7~bl; +http://www.semrush.com/bot.html)"
85.208.96.206 - - [06/Jul/2025:00:54:16 -0400] "GET /shop/?filter_cat=134%2C114%2C120%2C118%2C129 HTTP/1.1" 404 1251 "-" "Mozilla/5.0 (compatible; SemrushBot/7~bl; +http://www.semrush.com/bot.html)"
185.191.171.14 - - [06/Jul/2025:00:54:39 -0400] "GET /shop/?filter_cat=116%2C135%2C137%2C120%2C123 HTTP/1.1" 404 1251 "-" "Mozilla/5.0 (compatible; SemrushBot/7~bl; +http://www.semrush.com/bot.html)"
85.208.96.209 - - [06/Jul/2025:00:55:08 -0400] "GET /shop/?filter_cat=137%2C134%2C128%2C123%2C118 HTTP/1.1" 404 1251 "-" "Mozilla/5.0 (compatible; SemrushBot/7~bl; +http://www.semrush.com/bot.html)"
185.191.171.9 - - [06/Jul/2025:00:55:47 -0400] "GET /shop/?filter_cat=135%2C121%2C123%2C125%2C124 HTTP/1.1" 404 1251 "-" "Mozilla/5.0 (compatible; SemrushBot/7~bl; +http://www.semrush.com/bot.html)"
114.119.155.44 - - [06/Jul/2025:00:56:17 -0400] "GET /shop/?stock_status=instock&on_sale=onsale&filter_cat=118,134,137,135,124,130,115,129,116 HTTP/1.1" 404 1251 "https://mm-deals.com/shop/?stock_status=instock&on_sale=onsale&filter_cat=134%2C137%2C135%2C124%2C130%2C115%2C129%2C116" "Mozilla/5.0 (Linux; Android 7.0;) AppleWebKit/537.36 (KHTML, like Gecko) Mobile Safari/537.36 (compatible; PetalBot;+https://webmaster.petalsearch.com/site/petalbot)"
185.191.171.1 - - [06/Jul/2025:00:56:22 -0400] "GET /shop/?filter_cat=113%2C112%2C119%2C135%2C134 HTTP/1.1" 404 1251 "-" "Mozilla/5.0 (compatible; SemrushBot/7~bl; +http://www.semrush.com/bot.html)"
85.208.96.208 - - [06/Jul/2025:00:56:33 -0400] "GET /shop/?filter_cat=117%2C123%2C122%2C115%2C129 HTTP/1.1" 404 1251 "-" "Mozilla/5.0 (compatible; SemrushBot/7~bl; +http://www.semrush.com/bot.html)"
85.208.96.209 - - [06/Jul/2025:00:56:42 -0400] "GET /shop/?filter_cat=134%2C131%2C121%2C135%2C123 HTTP/1.1" 404 1251 "-" "Mozilla/5.0 (compatible; SemrushBot/7~bl; +http://www.semrush.com/bot.html)"
85.208.96.208 - - [06/Jul/2025:00:57:08 -0400] "GET /shop/?filter_cat=114%2C117%2C122%2C124%2C135 HTTP/1.1" 404 1251 "-" "Mozilla/5.0 (compatible; SemrushBot/7~bl; +http://www.semrush.com/bot.html)"
85.208.96.207 - - [06/Jul/2025:00:57:20 -0400] "GET /shop/?filter_cat=112%2C126%2C127%2C129%2C124 HTTP/1.1" 404 1251 "-" "Mozilla/5.0 (compatible; SemrushBot/7~bl; +http://www.semrush.com/bot.html)"
85.208.96.194 - - [06/Jul/2025:00:57:53 -0400] "GET /shop/?filter_cat=131%2C137%2C112%2C116%2C134 HTTP/1.1" 404 1251 "-" "Mozilla/5.0 (compatible; SemrushBot/7~bl; +http://www.semrush.com/bot.html)"
85.208.96.212 - - [06/Jul/2025:00:58:05 -0400] "GET /shop/?filter_cat=112%2C127%2C117%2C137%2C135 HTTP/1.1" 404 1251 "-" "Mozilla/5.0 (compatible; SemrushBot/7~bl; +http://www.semrush.com/bot.html)"
185.191.171.11 - - [06/Jul/2025:00:58:49 -0400] "GET /shop/?filter_cat=117%2C122%2C123%2C137%2C135 HTTP/1.1" 404 1251 "-" "Mozilla/5.0 (compatible; SemrushBot/7~bl; +http://www.semrush.com/bot.html)"
185.191.171.16 - - [06/Jul/2025:01:00:03 -0400] "GET /shop/?filter_cat=113%2C125%2C126%2C123%2C134 HTTP/1.1" 404 1251 "-" "Mozilla/5.0 (compatible; SemrushBot/7~bl; +http://www.semrush.com/bot.html)"
85.208.96.206 - - [06/Jul/2025:01:00:41 -0400] "GET /shop/?filter_cat=135%2C117%2C131%2C137%2C126 HTTP/1.1" 404 1251 "-" "Mozilla/5.0 (compatible; SemrushBot/7~bl; +http://www.semrush.com/bot.html)"
85.208.96.211 - - [06/Jul/2025:01:00:43 -0400] "GET /shop/?filter_cat=113%2C127%2C123%2C122%2C120 HTTP/1.1" 404 1251 "-" "Mozilla/5.0 (compatible; SemrushBot/7~bl; +http://www.semrush.com/bot.html)"
85.208.96.194 - - [06/Jul/2025:00:56:40 -0400] "GET /shop/?filter_cat=112%2C118%2C127%2C126%2C129 HTTP/1.1" 404 1251 "-" "Mozilla/5.0 (compatible; SemrushBot/7~bl; +http://www.semrush.com/bot.html)"
185.191.171.14 - - [06/Jul/2025:00:56:52 -0400] "GET /shop/?filter_cat=116%2C126%2C131%2C135%2C130 HTTP/1.1" 404 1251 "-" "Mozilla/5.0 (compatible; SemrushBot/7~bl; +http://www.semrush.com/bot.html)"
85.208.96.209 - - [06/Jul/2025:00:57:49 -0400] "GET /shop/?filter_cat=115%2C113%2C122%2C129 HTTP/1.1" 404 1251 "-" "Mozilla/5.0 (compatible; SemrushBot/7~bl; +http://www.semrush.com/bot.html)"
185.191.171.13 - - [06/Jul/2025:00:58:14 -0400] "GET /shop/?filter_cat=114%2C121%2C128%2C117%2C112 HTTP/1.1" 404 1251 "-" "Mozilla/5.0 (compatible; SemrushBot/7~bl; +http://www.semrush.com/bot.html)"
85.208.96.205 - - [06/Jul/2025:00:58:27 -0400] "GET /shop/?filter_cat=135%2C125%2C126%2C119%2C121 HTTP/1.1" 404 1251 "-" "Mozilla/5.0 (compatible; SemrushBot/7~bl; +http://www.semrush.com/bot.html)"
85.208.96.200 - - [06/Jul/2025:00:58:30 -0400] "GET /shop/?filter_cat=130%2C137%2C125%2C117%2C116 HTTP/1.1" 404 1251 "-" "Mozilla/5.0 (compatible; SemrushBot/7~bl; +http://www.semrush.com/bot.html)"
185.191.171.2 - - [06/Jul/2025:00:58:34 -0400] "GET /shop/?filter_cat=118%2C126%2C114%2C122 HTTP/1.1" 404 1251 "-" "Mozilla/5.0 (compatible; SemrushBot/7~bl; +http://www.semrush.com/bot.html)"
85.208.96.205 - - [06/Jul/2025:00:58:50 -0400] "GET /shop/?filter_cat=116%2C125%2C123%2C126%2C130 HTTP/1.1" 404 1251 "-" "Mozilla/5.0 (compatible; SemrushBot/7~bl; +http://www.semrush.com/bot.html)"
185.191.171.6 - - [06/Jul/2025:00:58:57 -0400] "GET /shop/?filter_cat=131%2C134%2C118%2C119%2C135 HTTP/1.1" 404 1251 "-" "Mozilla/5.0 (compatible; SemrushBot/7~bl; +http://www.semrush.com/bot.html)"
185.191.171.13 - - [06/Jul/2025:00:59:09 -0400] "GET /shop/?filter_cat=116%2C129%2C130%2C127%2C124 HTTP/1.1" 404 1251 "-" "Mozilla/5.0 (compatible; SemrushBot/7~bl; +http://www.semrush.com/bot.html)"
185.191.171.16 - - [06/Jul/2025:00:59:27 -0400] "GET /shop/?filter_cat=131%2C134%2C130%2C116%2C122 HTTP/1.1" 404 1251 "-" "Mozilla/5.0 (compatible; SemrushBot/7~bl; +http://www.semrush.com/bot.html)"
185.191.171.1 - - [06/Jul/2025:01:00:31 -0400] "GET /shop/?filter_cat=115%2C130%2C112%2C113%2C122 HTTP/1.1" 404 1251 "-" "Mozilla/5.0 (compatible; SemrushBot/7~bl; +http://www.semrush.com/bot.html)"
85.208.96.206 - - [06/Jul/2025:01:00:34 -0400] "GET /shop/?filter_cat=112%2C121%2C130%2C124%2C131 HTTP/1.1" 404 1251 "-" "Mozilla/5.0 (compatible; SemrushBot/7~bl; +http://www.semrush.com/bot.html)"
85.208.96.199 - - [06/Jul/2025:01:00:52 -0400] "GET /shop/?filter_cat=134%2C135%2C131%2C119%2C115 HTTP/1.1" 404 1251 "-" "Mozilla/5.0 (compatible; SemrushBot/7~bl; +http://www.semrush.com/bot.html)"
185.191.171.16 - - [06/Jul/2025:01:01:21 -0400] "GET /shop/?filter_cat=137%2C120%2C129%2C127%2C112 HTTP/1.1" 404 1251 "-" "Mozilla/5.0 (compatible; SemrushBot/7~bl; +http://www.semrush.com/bot.html)"
85.208.96.211 - - [06/Jul/2025:01:01:56 -0400] "GET /shop/?filter_cat=134%2C128%2C112%2C113%2C118 HTTP/1.1" 404 1251 "-" "Mozilla/5.0 (compatible; SemrushBot/7~bl; +http://www.semrush.com/bot.html)"
185.191.171.5 - - [06/Jul/2025:01:02:04 -0400] "GET /shop/?filter_cat=137%2C118%2C135%2C134%2C121 HTTP/1.1" 404 1251 "-" "Mozilla/5.0 (compatible; SemrushBot/7~bl; +http://www.semrush.com/bot.html)"
185.191.171.8 - - [06/Jul/2025:01:02:33 -0400] "GET /shop/?filter_cat=115%2C117%2C135%2C125%2C123 HTTP/1.1" 404 1251 "-" "Mozilla/5.0 (compatible; SemrushBot/7~bl; +http://www.semrush.com/bot.html)"
85.208.96.197 - - [06/Jul/2025:01:02:56 -0400] "GET /shop/?filter_cat=112%2C131%2C123%2C114%2C113 HTTP/1.1" 404 1251 "-" "Mozilla/5.0 (compatible; SemrushBot/7~bl; +http://www.semrush.com/bot.html)"
85.208.96.200 - - [06/Jul/2025:01:03:10 -0400] "GET /shop/?filter_cat=114%2C118%2C123%2C113%2C121 HTTP/1.1" 404 1251 "-" "Mozilla/5.0 (compatible; SemrushBot/7~bl; +http://www.semrush.com/bot.html)"
185.191.171.1 - - [06/Jul/2025:01:03:20 -0400] "GET /shop/?filter_cat=116%2C137%2C135%2C129%2C113 HTTP/1.1" 404 1251 "-" "Mozilla/5.0 (compatible; SemrushBot/7~bl; +http://www.semrush.com/bot.html)"
114.119.143.119 - - [06/Jul/2025:01:03:41 -0400] "GET /shop/?stock_status=instock&on_sale=onsale&filter_cat=118,130,113,119,121 HTTP/1.1" 404 1251 "https://mm-deals.com/shop/?stock_status=instock&on_sale=onsale&filter_cat=130%2C113%2C119%2C121" "Mozilla/5.0 (Linux; Android 7.0;) AppleWebKit/537.36 (KHTML, like Gecko) Mobile Safari/537.36 (compatible; PetalBot;+https://webmaster.petalsearch.com/site/petalbot)"
85.208.96.207 - - [06/Jul/2025:01:04:03 -0400] "GET /shop/?filter_cat=116%2C112%2C120%2C122%2C124 HTTP/1.1" 404 1251 "-" "Mozilla/5.0 (compatible; SemrushBot/7~bl; +http://www.semrush.com/bot.html)"
85.208.96.196 - - [06/Jul/2025:01:04:59 -0400] "GET /shop/?filter_cat=112%2C123%2C130%2C119%2C126 HTTP/1.1" 404 1251 "-" "Mozilla/5.0 (compatible; SemrushBot/7~bl; +http://www.semrush.com/bot.html)"
185.191.171.5 - - [06/Jul/2025:01:01:19 -0400] "GET /shop/?filter_cat=131%2C137%2C125%2C129%2C130 HTTP/1.1" 404 1251 "-" "Mozilla/5.0 (compatible; SemrushBot/7~bl; +http://www.semrush.com/bot.html)"
85.208.96.200 - - [06/Jul/2025:01:02:08 -0400] "GET /shop/?filter_cat=135%2C126%2C134%2C130%2C120 HTTP/1.1" 404 1251 "-" "Mozilla/5.0 (compatible; SemrushBot/7~bl; +http://www.semrush.com/bot.html)"
85.208.96.199 - - [06/Jul/2025:01:02:20 -0400] "GET /shop/?filter_cat=130%2C115%2C112%2C135%2C116 HTTP/1.1" 404 1251 "-" "Mozilla/5.0 (compatible; SemrushBot/7~bl; +http://www.semrush.com/bot.html)"
185.191.171.6 - - [06/Jul/2025:01:02:31 -0400] "GET /shop/?filter_cat=112%2C125%2C115%2C117%2C122 HTTP/1.1" 404 1251 "-" "Mozilla/5.0 (compatible; SemrushBot/7~bl; +http://www.semrush.com/bot.html)"
185.191.171.2 - - [06/Jul/2025:01:02:48 -0400] "GET /shop/?filter_cat=112%2C134%2C116%2C125%2C117 HTTP/1.1" 404 1251 "-" "Mozilla/5.0 (compatible; SemrushBot/7~bl; +http://www.semrush.com/bot.html)"
85.208.96.203 - - [06/Jul/2025:01:02:51 -0400] "GET /shop/?filter_cat=115%2C113%2C128%2C121%2C137 HTTP/1.1" 404 1251 "-" "Mozilla/5.0 (compatible; SemrushBot/7~bl; +http://www.semrush.com/bot.html)"
85.208.96.193 - - [06/Jul/2025:01:03:42 -0400] "GET /shop/?filter_cat=115%2C118%2C116%2C135%2C125 HTTP/1.1" 404 1251 "-" "Mozilla/5.0 (compatible; SemrushBot/7~bl; +http://www.semrush.com/bot.html)"
85.208.96.212 - - [06/Jul/2025:01:04:39 -0400] "GET /shop/?filter_cat=134%2C123%2C114%2C135 HTTP/1.1" 404 1251 "-" "Mozilla/5.0 (compatible; SemrushBot/7~bl; +http://www.semrush.com/bot.html)"
85.208.96.212 - - [06/Jul/2025:01:04:43 -0400] "GET /shop/?filter_cat=135%2C126%2C119%2C131%2C114 HTTP/1.1" 404 1251 "-" "Mozilla/5.0 (compatible; SemrushBot/7~bl; +http://www.semrush.com/bot.html)"
85.208.96.200 - - [06/Jul/2025:01:04:44 -0400] "GET /shop/?filter_cat=128%2C126%2C114%2C130 HTTP/1.1" 404 1251 "-" "Mozilla/5.0 (compatible; SemrushBot/7~bl; +http://www.semrush.com/bot.html)"
85.208.96.210 - - [06/Jul/2025:01:04:46 -0400] "GET /shop/?filter_cat=112%2C128%2C131%2C125%2C126 HTTP/1.1" 404 1251 "-" "Mozilla/5.0 (compatible; SemrushBot/7~bl; +http://www.semrush.com/bot.html)"
85.208.96.211 - - [06/Jul/2025:01:05:19 -0400] "GET /shop/?filter_cat=113%2C118%2C126%2C124%2C122 HTTP/1.1" 404 1251 "-" "Mozilla/5.0 (compatible; SemrushBot/7~bl; +http://www.semrush.com/bot.html)"
185.191.171.16 - - [06/Jul/2025:01:05:28 -0400] "GET /shop/?filter_cat=134%2C126%2C128%2C118%2C113 HTTP/1.1" 404 1251 "-" "Mozilla/5.0 (compatible; SemrushBot/7~bl; +http://www.semrush.com/bot.html)"
85.208.96.211 - - [06/Jul/2025:01:06:01 -0400] "GET /shop/?filter_cat=115%2C122%2C124%2C127%2C121 HTTP/1.1" 404 1251 "-" "Mozilla/5.0 (compatible; SemrushBot/7~bl; +http://www.semrush.com/bot.html)"
185.191.171.7 - - [06/Jul/2025:01:06:13 -0400] "GET /shop/?filter_cat=134%2C129%2C119%2C112%2C125 HTTP/1.1" 404 1251 "-" "Mozilla/5.0 (compatible; SemrushBot/7~bl; +http://www.semrush.com/bot.html)"
185.191.171.7 - - [06/Jul/2025:01:06:36 -0400] "GET /shop/?filter_cat=116%2C119%2C118%2C113%2C131 HTTP/1.1" 404 1251 "-" "Mozilla/5.0 (compatible; SemrushBot/7~bl; +http://www.semrush.com/bot.html)"
185.191.171.14 - - [06/Jul/2025:01:06:55 -0400] "GET /shop/?filter_cat=128%2C112%2C117%2C129 HTTP/1.1" 404 1251 "-" "Mozilla/5.0 (compatible; SemrushBot/7~bl; +http://www.semrush.com/bot.html)"
185.191.171.16 - - [06/Jul/2025:01:07:05 -0400] "GET /shop/?filter_cat=137%2C129%2C134%2C125%2C119 HTTP/1.1" 404 1251 "-" "Mozilla/5.0 (compatible; SemrushBot/7~bl; +http://www.semrush.com/bot.html)"
185.191.171.10 - - [06/Jul/2025:01:07:16 -0400] "GET /shop/?filter_cat=129%2C123%2C128%2C112 HTTP/1.1" 404 1251 "-" "Mozilla/5.0 (compatible; SemrushBot/7~bl; +http://www.semrush.com/bot.html)"
85.208.96.194 - - [06/Jul/2025:01:07:18 -0400] "GET /shop/?filter_cat=137%2C135%2C131%2C130%2C126 HTTP/1.1" 404 1251 "-" "Mozilla/5.0 (compatible; SemrushBot/7~bl; +http://www.semrush.com/bot.html)"
185.191.171.4 - - [06/Jul/2025:01:08:44 -0400] "GET /shop/?filter_cat=117%2C120%2C124%2C129%2C122 HTTP/1.1" 404 1251 "-" "Mozilla/5.0 (compatible; SemrushBot/7~bl; +http://www.semrush.com/bot.html)"
185.191.171.10 - - [06/Jul/2025:01:08:52 -0400] "GET /shop/?filter_cat=117%2C129%2C115%2C135%2C125 HTTP/1.1" 404 1251 "-" "Mozilla/5.0 (compatible; SemrushBot/7~bl; +http://www.semrush.com/bot.html)"
85.208.96.193 - - [06/Jul/2025:01:08:53 -0400] "GET /shop/?filter_cat=112%2C121%2C120%2C137%2C116 HTTP/1.1" 404 1251 "-" "Mozilla/5.0 (compatible; SemrushBot/7~bl; +http://www.semrush.com/bot.html)"
85.208.96.212 - - [06/Jul/2025:01:09:26 -0400] "GET /shop/?filter_cat=112%2C120%2C118%2C117%2C121 HTTP/1.1" 404 1251 "-" "Mozilla/5.0 (compatible; SemrushBot/7~bl; +http://www.semrush.com/bot.html)"
216.244.66.235 - - [06/Jul/2025:01:10:38 -0400] "GET /robots.txt HTTP/1.1" 200 1980 "-" "Mozilla/5.0 (compatible; DotBot/1.2; +https://opensiteexplorer.org/dotbot; help@moz.com)"
185.191.171.17 - - [06/Jul/2025:01:06:11 -0400] "GET /shop/?filter_cat=114%2C119%2C113%2C125%2C127 HTTP/1.1" 404 1251 "-" "Mozilla/5.0 (compatible; SemrushBot/7~bl; +http://www.semrush.com/bot.html)"
85.208.96.202 - - [06/Jul/2025:01:06:33 -0400] "GET /shop/?filter_cat=128%2C113%2C130%2C116 HTTP/1.1" 404 1251 "-" "Mozilla/5.0 (compatible; SemrushBot/7~bl; +http://www.semrush.com/bot.html)"
85.208.96.212 - - [06/Jul/2025:01:06:38 -0400] "GET /shop/?filter_cat=137%2C114%2C117%2C124%2C113 HTTP/1.1" 404 1251 "-" "Mozilla/5.0 (compatible; SemrushBot/7~bl; +http://www.semrush.com/bot.html)"
185.191.171.3 - - [06/Jul/2025:01:07:13 -0400] "GET /shop/?filter_cat=137%2C125%2C135%2C127%2C128 HTTP/1.1" 404 1251 "-" "Mozilla/5.0 (compatible; SemrushBot/7~bl; +http://www.semrush.com/bot.html)"
85.208.96.202 - - [06/Jul/2025:01:07:43 -0400] "GET /shop/?filter_cat=135%2C125%2C128%2C137%2C127 HTTP/1.1" 404 1251 "-" "Mozilla/5.0 (compatible; SemrushBot/7~bl; +http://www.semrush.com/bot.html)"
85.208.96.211 - - [06/Jul/2025:01:08:06 -0400] "GET /shop/?filter_cat=116%2C118%2C134%2C127%2C131 HTTP/1.1" 404 1251 "-" "Mozilla/5.0 (compatible; SemrushBot/7~bl; +http://www.semrush.com/bot.html)"
85.208.96.193 - - [06/Jul/2025:01:08:39 -0400] "GET /shop/?filter_cat=112%2C130%2C116%2C135%2C129 HTTP/1.1" 404 1251 "-" "Mozilla/5.0 (compatible; SemrushBot/7~bl; +http://www.semrush.com/bot.html)"
85.208.96.193 - - [06/Jul/2025:01:09:06 -0400] "GET /shop/?filter_cat=117%2C126%2C116%2C127%2C112 HTTP/1.1" 404 1251 "-" "Mozilla/5.0 (compatible; SemrushBot/7~bl; +http://www.semrush.com/bot.html)"
85.208.96.197 - - [06/Jul/2025:01:09:23 -0400] "GET /shop/?filter_cat=113%2C135%2C112%2C127%2C123 HTTP/1.1" 404 1251 "-" "Mozilla/5.0 (compatible; SemrushBot/7~bl; +http://www.semrush.com/bot.html)"
185.191.171.1 - - [06/Jul/2025:01:10:05 -0400] "GET /shop/?filter_cat=118%2C113%2C124%2C125%2C122 HTTP/1.1" 404 1251 "-" "Mozilla/5.0 (compatible; SemrushBot/7~bl; +http://www.semrush.com/bot.html)"
185.191.171.1 - - [06/Jul/2025:01:10:10 -0400] "GET /shop/?filter_cat=113%2C134%2C137%2C128%2C123 HTTP/1.1" 404 1251 "-" "Mozilla/5.0 (compatible; SemrushBot/7~bl; +http://www.semrush.com/bot.html)"
85.208.96.208 - - [06/Jul/2025:01:10:14 -0400] "GET /shop/?filter_cat=137%2C128%2C135%2C118%2C120 HTTP/1.1" 404 1251 "-" "Mozilla/5.0 (compatible; SemrushBot/7~bl; +http://www.semrush.com/bot.html)"
85.208.96.210 - - [06/Jul/2025:01:10:33 -0400] "GET /shop/?filter_cat=137%2C114%2C129%2C115 HTTP/1.1" 404 1251 "-" "Mozilla/5.0 (compatible; SemrushBot/7~bl; +http://www.semrush.com/bot.html)"
185.191.171.18 - - [06/Jul/2025:01:10:35 -0400] "GET /shop/?filter_cat=116%2C121%2C120%2C115%2C129 HTTP/1.1" 404 1251 "-" "Mozilla/5.0 (compatible; SemrushBot/7~bl; +http://www.semrush.com/bot.html)"
85.208.96.207 - - [06/Jul/2025:01:11:13 -0400] "GET /shop/?filter_cat=130%2C115%2C121%2C119%2C124 HTTP/1.1" 404 1251 "-" "Mozilla/5.0 (compatible; SemrushBot/7~bl; +http://www.semrush.com/bot.html)"
185.191.171.18 - - [06/Jul/2025:01:10:46 -0400] "GET /shop/?filter_cat=117%2C126%2C122%2C113%2C129 HTTP/1.1" 404 1251 "-" "Mozilla/5.0 (compatible; SemrushBot/7~bl; +http://www.semrush.com/bot.html)"
185.191.171.18 - - [06/Jul/2025:01:10:53 -0400] "GET /shop/?filter_cat=115%2C128%2C116%2C130%2C125 HTTP/1.1" 404 1251 "-" "Mozilla/5.0 (compatible; SemrushBot/7~bl; +http://www.semrush.com/bot.html)"
114.119.150.65 - - [06/Jul/2025:01:11:02 -0400] "GET /shop/?stock_status=instock&on_sale=onsale&filter_cat=118,127,137,135,130,120,126,121 HTTP/1.1" 404 1251 "https://mm-deals.com/shop/?stock_status=instock&on_sale=onsale&filter_cat=127%2C137%2C135%2C130%2C120%2C126%2C121" "Mozilla/5.0 (Linux; Android 7.0;) AppleWebKit/537.36 (KHTML, like Gecko) Mobile Safari/537.36 (compatible; PetalBot;+https://webmaster.petalsearch.com/site/petalbot)"
185.191.171.1 - - [06/Jul/2025:01:11:07 -0400] "GET /shop/?filter_cat=137%2C122%2C119%2C125%2C134 HTTP/1.1" 404 1251 "-" "Mozilla/5.0 (compatible; SemrushBot/7~bl; +http://www.semrush.com/bot.html)"
