85.208.96.211 - - [05/Jul/2025:23:44:47 -0400] "GET /shop/?filter_cat=113%2C135%2C125%2C115%2C131 HTTP/1.1" 404 1251 "-" "Mozilla/5.0 (compatible; SemrushBot/7~bl; +http://www.semrush.com/bot.html)"
85.208.96.208 - - [05/Jul/2025:23:45:05 -0400] "GET /shop/?filter_cat=116%2C137%2C123%2C117%2C131 HTTP/1.1" 404 1251 "-" "Mozilla/5.0 (compatible; SemrushBot/7~bl; +http://www.semrush.com/bot.html)"
85.208.96.202 - - [05/Jul/2025:23:46:38 -0400] "GET /shop/?filter_cat=137%2C131%2C112%2C116%2C130 HTTP/1.1" 404 1251 "-" "Mozilla/5.0 (compatible; SemrushBot/7~bl; +http://www.semrush.com/bot.html)"
85.208.96.211 - - [05/Jul/2025:23:46:57 -0400] "GET /shop/?filter_cat=116%2C113%2C120%2C135%2C117 HTTP/1.1" 404 1251 "-" "Mozilla/5.0 (compatible; SemrushBot/7~bl; +http://www.semrush.com/bot.html)"
85.208.96.198 - - [05/Jul/2025:23:47:03 -0400] "GET /shop/?filter_cat=114%2C134%2C130%2C127%2C116 HTTP/1.1" 404 1251 "-" "Mozilla/5.0 (compatible; SemrushBot/7~bl; +http://www.semrush.com/bot.html)"
85.208.96.205 - - [05/Jul/2025:23:47:15 -0400] "GET /shop/?filter_cat=129%2C135%2C120%2C131%2C125 HTTP/1.1" 404 1251 "-" "Mozilla/5.0 (compatible; SemrushBot/7~bl; +http://www.semrush.com/bot.html)"
185.191.171.13 - - [05/Jul/2025:23:47:25 -0400] "GET /shop/?filter_cat=113%2C127%2C135%2C130%2C129 HTTP/1.1" 404 1251 "-" "Mozilla/5.0 (compatible; SemrushBot/7~bl; +http://www.semrush.com/bot.html)"
85.208.96.195 - - [05/Jul/2025:23:47:34 -0400] "GET /shop/?filter_cat=113%2C130%2C119%2C115%2C116 HTTP/1.1" 404 1251 "-" "Mozilla/5.0 (compatible; SemrushBot/7~bl; +http://www.semrush.com/bot.html)"
66.249.65.97 - - [05/Jul/2025:23:47:40 -0400] "GET /shop/?perpage=12&filter_cat=117,121,114,123,128,134,120,115,118,131,112,130&column=2&shop_view=grid_view&on_sale=onsale HTTP/1.1" 404 1251 "-" "Mozilla/5.0 (Linux; Android 6.0.1; Nexus 5X Build/MMB29P) AppleWebKit/537.36 (KHTML, like Gecko) Chrome/137.0.7151.103 Mobile Safari/537.36 (compatible; Googlebot/2.1; +http://www.google.com/bot.html)"
185.191.171.12 - - [05/Jul/2025:23:47:40 -0400] "GET /shop/?filter_cat=134%2C115%2C113%2C128%2C119 HTTP/1.1" 404 1251 "-" "Mozilla/5.0 (compatible; SemrushBot/7~bl; +http://www.semrush.com/bot.html)"
85.208.96.212 - - [05/Jul/2025:23:47:44 -0400] "GET /shop/?filter_cat=137%2C131%2C120%2C135%2C122 HTTP/1.1" 404 1251 "-" "Mozilla/5.0 (compatible; SemrushBot/7~bl; +http://www.semrush.com/bot.html)"
85.208.96.204 - - [05/Jul/2025:23:47:50 -0400] "GET /shop/?filter_cat=115%2C134%2C130%2C119%2C121 HTTP/1.1" 404 1251 "-" "Mozilla/5.0 (compatible; SemrushBot/7~bl; +http://www.semrush.com/bot.html)"
85.208.96.208 - - [05/Jul/2025:23:48:12 -0400] "GET /shop/?filter_cat=115%2C122%2C123%2C125%2C118 HTTP/1.1" 404 1251 "-" "Mozilla/5.0 (compatible; SemrushBot/7~bl; +http://www.semrush.com/bot.html)"
185.191.171.4 - - [05/Jul/2025:23:48:28 -0400] "GET /shop/?filter_cat=130%2C117%2C135%2C124%2C129 HTTP/1.1" 404 1251 "-" "Mozilla/5.0 (compatible; SemrushBot/7~bl; +http://www.semrush.com/bot.html)"
185.191.171.2 - - [05/Jul/2025:23:48:55 -0400] "GET /shop/?filter_cat=135%2C124%2C137%2C128%2C123 HTTP/1.1" 404 1251 "-" "Mozilla/5.0 (compatible; SemrushBot/7~bl; +http://www.semrush.com/bot.html)"
85.208.96.201 - - [05/Jul/2025:23:49:03 -0400] "GET /shop/?filter_cat=116%2C125%2C113%2C124%2C137 HTTP/1.1" 404 1251 "-" "Mozilla/5.0 (compatible; SemrushBot/7~bl; +http://www.semrush.com/bot.html)"
85.208.96.203 - - [05/Jul/2025:23:49:20 -0400] "GET /shop/?filter_cat=114%2C128%2C123%2C127%2C122 HTTP/1.1" 404 1251 "-" "Mozilla/5.0 (compatible; SemrushBot/7~bl; +http://www.semrush.com/bot.html)"
185.191.171.8 - - [05/Jul/2025:23:49:21 -0400] "GET /shop/?filter_cat=112%2C120%2C116%2C119%2C114 HTTP/1.1" 404 1251 "-" "Mozilla/5.0 (compatible; SemrushBot/7~bl; +http://www.semrush.com/bot.html)"
185.191.171.4 - - [05/Jul/2025:23:50:18 -0400] "GET /shop/?filter_cat=115%2C129%2C124%2C121%2C114 HTTP/1.1" 404 1251 "-" "Mozilla/5.0 (compatible; SemrushBot/7~bl; +http://www.semrush.com/bot.html)"
185.191.171.17 - - [05/Jul/2025:23:50:43 -0400] "GET /shop/?filter_cat=113%2C112%2C129%2C119%2C121 HTTP/1.1" 404 1251 "-" "Mozilla/5.0 (compatible; SemrushBot/7~bl; +http://www.semrush.com/bot.html)"
85.208.96.202 - - [05/Jul/2025:23:50:57 -0400] "GET /shop/?filter_cat=130%2C131%2C135%2C121%2C120 HTTP/1.1" 404 1251 "-" "Mozilla/5.0 (compatible; SemrushBot/7~bl; +http://www.semrush.com/bot.html)"
185.191.171.6 - - [05/Jul/2025:23:46:10 -0400] "GET /shop/?filter_cat=135%2C114%2C126%2C117%2C131 HTTP/1.1" 404 1251 "-" "Mozilla/5.0 (compatible; SemrushBot/7~bl; +http://www.semrush.com/bot.html)"
85.208.96.198 - - [05/Jul/2025:23:47:17 -0400] "GET /shop/?filter_cat=135%2C127%2C131%2C125%2C117 HTTP/1.1" 404 1251 "-" "Mozilla/5.0 (compatible; SemrushBot/7~bl; +http://www.semrush.com/bot.html)"
85.208.96.195 - - [05/Jul/2025:23:48:08 -0400] "GET /shop/?filter_cat=131%2C126%2C134%2C121 HTTP/1.1" 404 1251 "-" "Mozilla/5.0 (compatible; SemrushBot/7~bl; +http://www.semrush.com/bot.html)"
85.208.96.193 - - [05/Jul/2025:23:48:30 -0400] "GET /shop/?filter_cat=117%2C115%2C130%2C135%2C114 HTTP/1.1" 404 1251 "-" "Mozilla/5.0 (compatible; SemrushBot/7~bl; +http://www.semrush.com/bot.html)"
85.208.96.201 - - [05/Jul/2025:23:49:05 -0400] "GET /shop/?filter_cat=115%2C120%2C137%2C124%2C126 HTTP/1.1" 404 1251 "-" "Mozilla/5.0 (compatible; SemrushBot/7~bl; +http://www.semrush.com/bot.html)"
114.119.140.4 - - [05/Jul/2025:23:49:52 -0400] "GET /shop/?stock_status=instock&on_sale=onsale&filter_cat=118,137,129,131,119,116,121 HTTP/1.1" 404 1251 "https://mm-deals.com/shop/?stock_status=instock&on_sale=onsale&filter_cat=137%2C129%2C131%2C119%2C116%2C121" "Mozilla/5.0 (Linux; Android 7.0;) AppleWebKit/537.36 (KHTML, like Gecko) Mobile Safari/537.36 (compatible; PetalBot;+https://webmaster.petalsearch.com/site/petalbot)"
66.249.65.99 - - [05/Jul/2025:23:50:16 -0400] "GET /shop/?perpage=12&filter_cat=116,114,127,115,135,121,131,123,113,137,130,125,122&column=3&shop_view=grid_view&stock_status=instock&on_sale=onsale HTTP/1.1" 404 1251 "-" "Mozilla/5.0 (Linux; Android 6.0.1; Nexus 5X Build/MMB29P) AppleWebKit/537.36 (KHTML, like Gecko) Chrome/137.0.7151.103 Mobile Safari/537.36 (compatible; Googlebot/2.1; +http://www.google.com/bot.html)"
66.249.65.97 - - [05/Jul/2025:23:50:42 -0400] "GET /shop/page/18/?perpage=12&filter_cat=123%2C121%2C127%2C134%2C113%2C120%2C130%2C125%2C122&on_sale=onsale&shop_view=grid_view&column=3 HTTP/1.1" 404 1251 "-" "Mozilla/5.0 (Linux; Android 6.0.1; Nexus 5X Build/MMB29P) AppleWebKit/537.36 (KHTML, like Gecko) Chrome/137.0.7151.103 Mobile Safari/537.36 (compatible; Googlebot/2.1; +http://www.google.com/bot.html)"
185.191.171.8 - - [05/Jul/2025:23:51:35 -0400] "GET /shop/?filter_cat=113%2C126%2C123%2C114%2C118 HTTP/1.1" 404 1251 "-" "Mozilla/5.0 (compatible; SemrushBot/7~bl; +http://www.semrush.com/bot.html)"
85.208.96.195 - - [05/Jul/2025:23:51:36 -0400] "GET /shop/?filter_cat=137%2C117%2C131%2C120%2C115 HTTP/1.1" 404 1251 "-" "Mozilla/5.0 (compatible; SemrushBot/7~bl; +http://www.semrush.com/bot.html)"
85.208.96.199 - - [05/Jul/2025:23:51:41 -0400] "GET /shop/?filter_cat=113%2C135%2C114%2C116%2C120 HTTP/1.1" 404 1251 "-" "Mozilla/5.0 (compatible; SemrushBot/7~bl; +http://www.semrush.com/bot.html)"
185.191.171.3 - - [05/Jul/2025:23:51:45 -0400] "GET /shop/?filter_cat=115%2C131%2C120%2C113%2C112 HTTP/1.1" 404 1251 "-" "Mozilla/5.0 (compatible; SemrushBot/7~bl; +http://www.semrush.com/bot.html)"
216.244.66.235 - - [05/Jul/2025:23:52:08 -0400] "GET /shop/?add-to-cart=7518&filter_cat=120,124,112 HTTP/1.1" 404 1251 "-" "Mozilla/5.0 (compatible; DotBot/1.2; +https://opensiteexplorer.org/dotbot; help@moz.com)"
216.244.66.235 - - [05/Jul/2025:23:52:13 -0400] "GET /shop/?add-to-cart=7518&filter_cat=137,124,112 HTTP/1.1" 404 1251 "-" "Mozilla/5.0 (compatible; DotBot/1.2; +https://opensiteexplorer.org/dotbot; help@moz.com)"
216.244.66.235 - - [05/Jul/2025:23:52:16 -0400] "GET /shop/?add-to-cart=7526&filter_cat=114,124,117 HTTP/1.1" 404 1251 "-" "Mozilla/5.0 (compatible; DotBot/1.2; +https://opensiteexplorer.org/dotbot; help@moz.com)"
185.191.171.7 - - [05/Jul/2025:23:52:24 -0400] "GET /shop/?filter_cat=117%2C119%2C126%2C116 HTTP/1.1" 404 1251 "-" "Mozilla/5.0 (compatible; SemrushBot/7~bl; +http://www.semrush.com/bot.html)"
216.244.66.235 - - [05/Jul/2025:23:52:29 -0400] "GET /shop/?add-to-cart=7516&filter_cat=128,122,129,127 HTTP/1.1" 404 1251 "-" "Mozilla/5.0 (compatible; DotBot/1.2; +https://opensiteexplorer.org/dotbot; help@moz.com)"
185.191.171.2 - - [05/Jul/2025:23:52:34 -0400] "GET /shop/?filter_cat=119%2C124%2C118%2C127 HTTP/1.1" 404 1251 "-" "Mozilla/5.0 (compatible; SemrushBot/7~bl; +http://www.semrush.com/bot.html)"
66.249.65.97 - - [05/Jul/2025:23:52:52 -0400] "GET /shop/?perpage=12&filter_cat=128,114,120,118,121,130,122&column=3&shop_view=grid_view&on_sale=onsale HTTP/1.1" 404 1251 "-" "Mozilla/5.0 (Linux; Android 6.0.1; Nexus 5X Build/MMB29P) AppleWebKit/537.36 (KHTML, like Gecko) Chrome/137.0.7151.103 Mobile Safari/537.36 (compatible; Googlebot/2.1; +http://www.google.com/bot.html)"
185.191.171.1 - - [05/Jul/2025:23:52:56 -0400] "GET /shop/?filter_cat=134%2C117%2C126%2C118%2C113 HTTP/1.1" 404 1251 "-" "Mozilla/5.0 (compatible; SemrushBot/7~bl; +http://www.semrush.com/bot.html)"
185.191.171.9 - - [05/Jul/2025:23:53:06 -0400] "GET /shop/?filter_cat=112%2C119%2C123%2C137%2C126 HTTP/1.1" 404 1251 "-" "Mozilla/5.0 (compatible; SemrushBot/7~bl; +http://www.semrush.com/bot.html)"
185.191.171.9 - - [05/Jul/2025:23:53:24 -0400] "GET /shop/?filter_cat=116%2C137%2C122%2C124%2C118 HTTP/1.1" 404 1251 "-" "Mozilla/5.0 (compatible; SemrushBot/7~bl; +http://www.semrush.com/bot.html)"
36.64.165.34 - - [05/Jul/2025:23:53:36 -0400] "GET /wp-login.php?action=register HTTP/1.1" 500 0 "-" "Mozilla/5.0 (X11; Linux x86_64; rv:122.0) Gecko/20100101 Firefox/122.0"
216.244.66.235 - - [05/Jul/2025:23:53:41 -0400] "GET /sugar-cake-decoration-baking-tools/sugar-cake-decoration-baking-tools/3116 HTTP/1.1" 404 1251 "-" "Mozilla/5.0 (compatible; DotBot/1.2; +https://opensiteexplorer.org/dotbot; help@moz.com)"
185.191.171.19 - - [05/Jul/2025:23:54:52 -0400] "GET /shop/?filter_cat=115%2C118%2C130%2C129%2C134 HTTP/1.1" 404 1251 "-" "Mozilla/5.0 (compatible; SemrushBot/7~bl; +http://www.semrush.com/bot.html)"
85.208.96.202 - - [05/Jul/2025:23:54:58 -0400] "GET /shop/?filter_cat=134%2C127%2C118%2C115%2C124 HTTP/1.1" 404 1251 "-" "Mozilla/5.0 (compatible; SemrushBot/7~bl; +http://www.semrush.com/bot.html)"
85.208.96.205 - - [05/Jul/2025:23:55:16 -0400] "GET /shop/?filter_cat=114%2C117%2C112%2C120%2C124 HTTP/1.1" 404 1251 "-" "Mozilla/5.0 (compatible; SemrushBot/7~bl; +http://www.semrush.com/bot.html)"
185.191.171.2 - - [05/Jul/2025:23:55:27 -0400] "GET /shop/?filter_cat=131%2C126%2C137%2C113%2C129 HTTP/1.1" 404 1251 "-" "Mozilla/5.0 (compatible; SemrushBot/7~bl; +http://www.semrush.com/bot.html)"
66.249.65.99 - - [05/Jul/2025:23:55:29 -0400] "GET /shop/?perpage=12&filter_cat=119,112,120,129,117,114,127,115,135,121,123,113,137,130,125,122&column=3&shop_view=grid_view&stock_status=instock HTTP/1.1" 404 1251 "-" "Mozilla/5.0 (Linux; Android 6.0.1; Nexus 5X Build/MMB29P) AppleWebKit/537.36 (KHTML, like Gecko) Chrome/137.0.7151.103 Mobile Safari/537.36 (compatible; Googlebot/2.1; +http://www.google.com/bot.html)"
185.191.171.8 - - [05/Jul/2025:23:55:45 -0400] "GET /shop/?filter_cat=125%2C131%2C115%2C134%2C128 HTTP/1.1" 404 1251 "-" "Mozilla/5.0 (compatible; SemrushBot/7~bl; +http://www.semrush.com/bot.html)"
85.208.96.198 - - [05/Jul/2025:23:55:51 -0400] "GET /shop/?filter_cat=137%2C135%2C131%2C122%2C128 HTTP/1.1" 404 1251 "-" "Mozilla/5.0 (compatible; SemrushBot/7~bl; +http://www.semrush.com/bot.html)"
85.208.96.212 - - [05/Jul/2025:23:56:02 -0400] "GET /shop/?filter_cat=117%2C137%2C121%2C119%2C123 HTTP/1.1" 404 1251 "-" "Mozilla/5.0 (compatible; SemrushBot/7~bl; +http://www.semrush.com/bot.html)"
216.244.66.235 - - [05/Jul/2025:23:56:28 -0400] "GET /shop/?column=3&shop_view=grid_view&filter_cat=137,119,114 HTTP/1.1" 404 1251 "-" "Mozilla/5.0 (compatible; DotBot/1.2; +https://opensiteexplorer.org/dotbot; help@moz.com)"
185.191.171.12 - - [05/Jul/2025:23:56:36 -0400] "GET /shop/?filter_cat=137%2C124%2C125%2C128%2C116 HTTP/1.1" 404 1251 "-" "Mozilla/5.0 (compatible; SemrushBot/7~bl; +http://www.semrush.com/bot.html)"
85.208.96.198 - - [05/Jul/2025:23:51:07 -0400] "GET /shop/?filter_cat=137%2C123%2C117%2C128%2C127 HTTP/1.1" 404 1251 "-" "Mozilla/5.0 (compatible; SemrushBot/7~bl; +http://www.semrush.com/bot.html)"
85.208.96.201 - - [05/Jul/2025:23:51:18 -0400] "GET /shop/?filter_cat=134%2C119%2C122%2C135%2C125 HTTP/1.1" 404 1251 "-" "Mozilla/5.0 (compatible; SemrushBot/7~bl; +http://www.semrush.com/bot.html)"
85.208.96.209 - - [05/Jul/2025:23:51:33 -0400] "GET /shop/?filter_cat=116%2C137%2C123%2C134%2C131 HTTP/1.1" 404 1251 "-" "Mozilla/5.0 (compatible; SemrushBot/7~bl; +http://www.semrush.com/bot.html)"
185.191.171.4 - - [05/Jul/2025:23:51:58 -0400] "GET /robots.txt HTTP/1.1" 200 200 "-" "Mozilla/5.0 (compatible; SemrushBot/7~bl; +http://www.semrush.com/bot.html)"
85.208.96.197 - - [05/Jul/2025:23:51:59 -0400] "GET /shop/?filter_cat=117%2C125%2C129%2C126%2C121 HTTP/1.1" 404 1251 "-" "Mozilla/5.0 (compatible; SemrushBot/7~bl; +http://www.semrush.com/bot.html)"
185.191.171.1 - - [05/Jul/2025:23:52:10 -0400] "GET /shop/?filter_cat=116%2C131%2C128%2C135%2C121 HTTP/1.1" 404 1251 "-" "Mozilla/5.0 (compatible; SemrushBot/7~bl; +http://www.semrush.com/bot.html)"
216.244.66.235 - - [05/Jul/2025:23:52:20 -0400] "GET /shop/?add-to-cart=7532&filter_cat=115,130,121 HTTP/1.1" 404 1251 "-" "Mozilla/5.0 (compatible; DotBot/1.2; +https://opensiteexplorer.org/dotbot; help@moz.com)"
216.244.66.235 - - [05/Jul/2025:23:52:23 -0400] "GET /shop/?add-to-cart=7534&filter_cat=115,119,130 HTTP/1.1" 404 1251 "-" "Mozilla/5.0 (compatible; DotBot/1.2; +https://opensiteexplorer.org/dotbot; help@moz.com)"
85.208.96.193 - - [05/Jul/2025:23:52:31 -0400] "GET /shop/?filter_cat=137%2C115%2C119%2C123%2C112 HTTP/1.1" 404 1251 "-" "Mozilla/5.0 (compatible; SemrushBot/7~bl; +http://www.semrush.com/bot.html)"
216.244.66.235 - - [05/Jul/2025:23:52:31 -0400] "GET /shop/?filter_cat=117,129,112&stock_status=instock HTTP/1.1" 404 1251 "-" "Mozilla/5.0 (compatible; DotBot/1.2; +https://opensiteexplorer.org/dotbot; help@moz.com)"
85.208.96.209 - - [05/Jul/2025:23:53:04 -0400] "GET /shop/?filter_cat=114%2C134%2C118%2C126%2C122 HTTP/1.1" 404 1251 "-" "Mozilla/5.0 (compatible; SemrushBot/7~bl; +http://www.semrush.com/bot.html)"
185.191.171.15 - - [05/Jul/2025:23:53:22 -0400] "GET /shop/?filter_cat=113%2C134%2C117%2C122%2C121 HTTP/1.1" 404 1251 "-" "Mozilla/5.0 (compatible; SemrushBot/7~bl; +http://www.semrush.com/bot.html)"
85.208.96.212 - - [05/Jul/2025:23:54:19 -0400] "GET /shop/?filter_cat=113%2C129%2C131%2C126%2C127 HTTP/1.1" 404 1251 "-" "Mozilla/5.0 (compatible; SemrushBot/7~bl; +http://www.semrush.com/bot.html)"
85.208.96.210 - - [05/Jul/2025:23:55:32 -0400] "GET /shop/?filter_cat=114%2C119%2C131%2C127%2C129 HTTP/1.1" 404 1251 "-" "Mozilla/5.0 (compatible; SemrushBot/7~bl; +http://www.semrush.com/bot.html)"
185.191.171.11 - - [05/Jul/2025:23:55:36 -0400] "GET /shop/?filter_cat=116%2C118%2C115%2C124 HTTP/1.1" 404 1251 "-" "Mozilla/5.0 (compatible; SemrushBot/7~bl; +http://www.semrush.com/bot.html)"
85.208.96.210 - - [05/Jul/2025:23:55:58 -0400] "GET /shop/?filter_cat=137%2C122%2C121%2C118%2C115 HTTP/1.1" 404 1251 "-" "Mozilla/5.0 (compatible; SemrushBot/7~bl; +http://www.semrush.com/bot.html)"
85.208.96.193 - - [05/Jul/2025:23:56:10 -0400] "GET /shop/?filter_cat=130%2C125%2C127%2C135%2C113 HTTP/1.1" 404 1251 "-" "Mozilla/5.0 (compatible; SemrushBot/7~bl; +http://www.semrush.com/bot.html)"
85.208.96.204 - - [05/Jul/2025:23:56:25 -0400] "GET /shop/?filter_cat=135%2C131%2C125%2C115%2C129 HTTP/1.1" 404 1251 "-" "Mozilla/5.0 (compatible; SemrushBot/7~bl; +http://www.semrush.com/bot.html)"
85.208.96.200 - - [05/Jul/2025:23:56:33 -0400] "GET /shop/?filter_cat=137%2C115%2C130%2C131%2C122 HTTP/1.1" 404 1251 "-" "Mozilla/5.0 (compatible; SemrushBot/7~bl; +http://www.semrush.com/bot.html)"
85.208.96.204 - - [05/Jul/2025:23:57:04 -0400] "GET /shop/?filter_cat=134%2C131%2C126%2C119%2C125 HTTP/1.1" 404 1251 "-" "Mozilla/5.0 (compatible; SemrushBot/7~bl; +http://www.semrush.com/bot.html)"
185.191.171.1 - - [06/Jul/2025:00:00:14 -0400] "GET /shop/?filter_cat=115%2C123%2C130%2C119 HTTP/1.1" 404 1251 "-" "Mozilla/5.0 (compatible; SemrushBot/7~bl; +http://www.semrush.com/bot.html)"
185.191.171.1 - - [05/Jul/2025:23:57:22 -0400] "GET /shop/?filter_cat=114%2C131%2C112%2C129%2C123 HTTP/1.1" 404 1251 "-" "Mozilla/5.0 (compatible; SemrushBot/7~bl; +http://www.semrush.com/bot.html)"
185.191.171.10 - - [05/Jul/2025:23:57:26 -0400] "GET /shop/?filter_cat=113%2C134%2C130%2C112%2C131 HTTP/1.1" 404 1251 "-" "Mozilla/5.0 (compatible; SemrushBot/7~bl; +http://www.semrush.com/bot.html)"
85.208.96.198 - - [05/Jul/2025:23:58:22 -0400] "GET /shop/?filter_cat=112%2C115%2C131%2C128%2C130 HTTP/1.1" 404 1251 "-" "Mozilla/5.0 (compatible; SemrushBot/7~bl; +http://www.semrush.com/bot.html)"
185.191.171.8 - - [05/Jul/2025:23:58:57 -0400] "GET /shop/?filter_cat=137%2C127%2C112%2C130%2C120 HTTP/1.1" 404 1251 "-" "Mozilla/5.0 (compatible; SemrushBot/7~bl; +http://www.semrush.com/bot.html)"
185.191.171.12 - - [05/Jul/2025:23:59:03 -0400] "GET /shop/?filter_cat=122%2C125%2C134%2C131 HTTP/1.1" 404 1251 "-" "Mozilla/5.0 (compatible; SemrushBot/7~bl; +http://www.semrush.com/bot.html)"
185.191.171.5 - - [05/Jul/2025:23:59:22 -0400] "GET /shop/?filter_cat=130%2C134%2C129%2C114%2C127 HTTP/1.1" 404 1251 "-" "Mozilla/5.0 (compatible; SemrushBot/7~bl; +http://www.semrush.com/bot.html)"
85.208.96.205 - - [05/Jul/2025:23:59:46 -0400] "GET /shop/?filter_cat=116%2C131%2C134%2C119%2C127 HTTP/1.1" 404 1251 "-" "Mozilla/5.0 (compatible; SemrushBot/7~bl; +http://www.semrush.com/bot.html)"
85.208.96.197 - - [06/Jul/2025:00:00:04 -0400] "GET /shop/?filter_cat=115%2C126%2C137%2C123%2C124 HTTP/1.1" 404 1251 "-" "Mozilla/5.0 (compatible; SemrushBot/7~bl; +http://www.semrush.com/bot.html)"
85.208.96.205 - - [06/Jul/2025:00:00:56 -0400] "GET /shop/?filter_cat=114%2C116%2C125%2C121%2C129 HTTP/1.1" 404 1251 "-" "Mozilla/5.0 (compatible; SemrushBot/7~bl; +http://www.semrush.com/bot.html)"
85.208.96.201 - - [06/Jul/2025:00:01:17 -0400] "GET /shop/?filter_cat=131%2C130%2C113%2C112%2C115 HTTP/1.1" 404 1251 "-" "Mozilla/5.0 (compatible; SemrushBot/7~bl; +http://www.semrush.com/bot.html)"
85.208.96.205 - - [06/Jul/2025:00:01:29 -0400] "GET /shop/?filter_cat=116%2C128%2C135%2C115%2C127 HTTP/1.1" 404 1251 "-" "Mozilla/5.0 (compatible; SemrushBot/7~bl; +http://www.semrush.com/bot.html)"
85.208.96.194 - - [06/Jul/2025:00:00:18 -0400] "GET /shop/?filter_cat=114%2C127%2C131%2C124%2C125 HTTP/1.1" 404 1251 "-" "Mozilla/5.0 (compatible; SemrushBot/7~bl; +http://www.semrush.com/bot.html)"
85.208.96.209 - - [06/Jul/2025:00:00:30 -0400] "GET /shop/?filter_cat=116%2C134%2C135%2C112%2C119 HTTP/1.1" 404 1251 "-" "Mozilla/5.0 (compatible; SemrushBot/7~bl; +http://www.semrush.com/bot.html)"
85.208.96.200 - - [06/Jul/2025:00:00:33 -0400] "GET /shop/?filter_cat=131%2C114%2C117%2C137%2C115 HTTP/1.1" 404 1251 "-" "Mozilla/5.0 (compatible; SemrushBot/7~bl; +http://www.semrush.com/bot.html)"
185.191.171.6 - - [06/Jul/2025:00:00:40 -0400] "GET /shop/?filter_cat=135%2C125%2C119%2C114%2C117 HTTP/1.1" 404 1251 "-" "Mozilla/5.0 (compatible; SemrushBot/7~bl; +http://www.semrush.com/bot.html)"
185.191.171.13 - - [06/Jul/2025:00:01:06 -0400] "GET /shop/?filter_cat=137%2C129%2C121%2C116%2C134 HTTP/1.1" 404 1251 "-" "Mozilla/5.0 (compatible; SemrushBot/7~bl; +http://www.semrush.com/bot.html)"
185.191.171.5 - - [06/Jul/2025:00:01:24 -0400] "GET /shop/?filter_cat=117%2C126%2C120%2C134%2C131 HTTP/1.1" 404 1251 "-" "Mozilla/5.0 (compatible; SemrushBot/7~bl; +http://www.semrush.com/bot.html)"
185.191.171.4 - - [05/Jul/2025:23:57:00 -0400] "GET /shop/?filter_cat=114%2C134%2C115%2C120%2C117 HTTP/1.1" 404 1251 "-" "Mozilla/5.0 (compatible; SemrushBot/7~bl; +http://www.semrush.com/bot.html)"
185.191.171.6 - - [05/Jul/2025:23:57:10 -0400] "GET /shop/?filter_cat=131%2C123%2C115%2C122 HTTP/1.1" 404 1251 "-" "Mozilla/5.0 (compatible; SemrushBot/7~bl; +http://www.semrush.com/bot.html)"
114.119.157.111 - - [05/Jul/2025:23:57:14 -0400] "GET /shop/?stock_status=instock&on_sale=onsale&filter_cat=118,137,113,117,115,131 HTTP/1.1" 404 1251 "https://mm-deals.com/shop/?stock_status=instock&on_sale=onsale&filter_cat=137%2C113%2C117%2C115%2C131" "Mozilla/5.0 (Linux; Android 7.0;) AppleWebKit/537.36 (KHTML, like Gecko) Mobile Safari/537.36 (compatible; PetalBot;+https://webmaster.petalsearch.com/site/petalbot)"
216.244.66.235 - - [05/Jul/2025:23:57:16 -0400] "GET /shop/?filter_cat=112,116,118,122&column=3&shop_view=grid_view HTTP/1.1" 404 1251 "-" "Mozilla/5.0 (compatible; DotBot/1.2; +https://opensiteexplorer.org/dotbot; help@moz.com)"
66.249.65.99 - - [05/Jul/2025:23:58:05 -0400] "GET /shop/?perpage=12&filter_cat=120,134,115,131,123,113,137,112,130,125,122&column=3&shop_view=grid_view&on_sale=onsale HTTP/1.1" 404 1251 "-" "Mozilla/5.0 (Linux; Android 6.0.1; Nexus 5X Build/MMB29P) AppleWebKit/537.36 (KHTML, like Gecko) Chrome/137.0.7151.103 Mobile Safari/537.36 (compatible; Googlebot/2.1; +http://www.google.com/bot.html)"
185.191.171.14 - - [05/Jul/2025:23:59:28 -0400] "GET /shop/?filter_cat=113%2C117%2C122%2C118%2C115 HTTP/1.1" 404 1251 "-" "Mozilla/5.0 (compatible; SemrushBot/7~bl; +http://www.semrush.com/bot.html)"
85.208.96.193 - - [05/Jul/2025:23:59:35 -0400] "GET /shop/?filter_cat=125%2C127%2C129%2C115 HTTP/1.1" 404 1251 "-" "Mozilla/5.0 (compatible; SemrushBot/7~bl; +http://www.semrush.com/bot.html)"
185.191.171.7 - - [05/Jul/2025:23:59:38 -0400] "GET /shop/?filter_cat=137%2C127%2C128%2C112%2C113 HTTP/1.1" 404 1251 "-" "Mozilla/5.0 (compatible; SemrushBot/7~bl; +http://www.semrush.com/bot.html)"
185.191.171.13 - - [06/Jul/2025:00:00:02 -0400] "GET /shop/?filter_cat=112%2C116%2C125%2C121%2C127 HTTP/1.1" 404 1251 "-" "Mozilla/5.0 (compatible; SemrushBot/7~bl; +http://www.semrush.com/bot.html)"
85.208.96.201 - - [06/Jul/2025:00:02:23 -0400] "GET /shop/?filter_cat=116%2C134%2C118%2C127%2C124 HTTP/1.1" 404 1251 "-" "Mozilla/5.0 (compatible; SemrushBot/7~bl; +http://www.semrush.com/bot.html)"
185.191.171.15 - - [06/Jul/2025:00:03:18 -0400] "GET /shop/?filter_cat=137%2C113%2C123%2C127%2C130 HTTP/1.1" 404 1251 "-" "Mozilla/5.0 (compatible; SemrushBot/7~bl; +http://www.semrush.com/bot.html)"
185.191.171.5 - - [06/Jul/2025:00:03:50 -0400] "GET /shop/?filter_cat=117%2C116%2C127%2C128%2C129 HTTP/1.1" 404 1251 "-" "Mozilla/5.0 (compatible; SemrushBot/7~bl; +http://www.semrush.com/bot.html)"
185.191.171.5 - - [06/Jul/2025:00:04:07 -0400] "GET /shop/?filter_cat=113%2C118%2C130%2C121 HTTP/1.1" 404 1251 "-" "Mozilla/5.0 (compatible; SemrushBot/7~bl; +http://www.semrush.com/bot.html)"
85.208.96.206 - - [06/Jul/2025:00:04:29 -0400] "GET /shop/?filter_cat=116%2C130%2C119%2C125%2C124 HTTP/1.1" 404 1251 "-" "Mozilla/5.0 (compatible; SemrushBot/7~bl; +http://www.semrush.com/bot.html)"
185.191.171.10 - - [06/Jul/2025:00:04:32 -0400] "GET /shop/?filter_cat=112%2C128%2C131%2C119%2C127 HTTP/1.1" 404 1251 "-" "Mozilla/5.0 (compatible; SemrushBot/7~bl; +http://www.semrush.com/bot.html)"
114.119.150.65 - - [06/Jul/2025:00:04:38 -0400] "GET /shop/?stock_status=instock&on_sale=onsale&filter_cat=118,137,113,112,120,119,116,121 HTTP/1.1" 404 1251 "https://mm-deals.com/shop/?stock_status=instock&on_sale=onsale&filter_cat=137%2C113%2C112%2C120%2C119%2C116%2C121" "Mozilla/5.0 (Linux; Android 7.0;) AppleWebKit/537.36 (KHTML, like Gecko) Mobile Safari/537.36 (compatible; PetalBot;+https://webmaster.petalsearch.com/site/petalbot)"
185.191.171.2 - - [06/Jul/2025:00:04:44 -0400] "GET /shop/?filter_cat=135%2C119%2C126%2C131%2C123 HTTP/1.1" 404 1251 "-" "Mozilla/5.0 (compatible; SemrushBot/7~bl; +http://www.semrush.com/bot.html)"
85.208.96.207 - - [06/Jul/2025:00:05:32 -0400] "GET /shop/?filter_cat=116%2C112%2C115%2C135 HTTP/1.1" 404 1251 "-" "Mozilla/5.0 (compatible; SemrushBot/7~bl; +http://www.semrush.com/bot.html)"
185.191.171.5 - - [06/Jul/2025:00:06:24 -0400] "GET /shop/?filter_cat=114%2C124%2C116%2C120%2C123 HTTP/1.1" 404 1251 "-" "Mozilla/5.0 (compatible; SemrushBot/7~bl; +http://www.semrush.com/bot.html)"
185.191.171.11 - - [06/Jul/2025:00:07:43 -0400] "GET /shop/?filter_cat=121%2C137%2C120%2C127 HTTP/1.1" 404 1251 "-" "Mozilla/5.0 (compatible; SemrushBot/7~bl; +http://www.semrush.com/bot.html)"
185.191.171.9 - - [06/Jul/2025:00:07:54 -0400] "GET /shop/?filter_cat=112%2C116%2C134%2C123%2C135 HTTP/1.1" 404 1251 "-" "Mozilla/5.0 (compatible; SemrushBot/7~bl; +http://www.semrush.com/bot.html)"
85.208.96.208 - - [06/Jul/2025:00:08:00 -0400] "GET /shop/?filter_cat=115%2C135%2C122%2C112%2C123 HTTP/1.1" 404 1251 "-" "Mozilla/5.0 (compatible; SemrushBot/7~bl; +http://www.semrush.com/bot.html)"
185.191.171.14 - - [06/Jul/2025:00:08:18 -0400] "GET /shop/?filter_cat=116%2C129%2C117%2C119%2C124 HTTP/1.1" 404 1251 "-" "Mozilla/5.0 (compatible; SemrushBot/7~bl; +http://www.semrush.com/bot.html)"
185.191.171.19 - - [06/Jul/2025:00:08:20 -0400] "GET /shop/?filter_cat=135%2C119%2C134%2C123%2C114 HTTP/1.1" 404 1251 "-" "Mozilla/5.0 (compatible; SemrushBot/7~bl; +http://www.semrush.com/bot.html)"
185.191.171.5 - - [06/Jul/2025:00:08:29 -0400] "GET /shop/?filter_cat=114%2C125%2C117%2C118%2C119 HTTP/1.1" 404 1251 "-" "Mozilla/5.0 (compatible; SemrushBot/7~bl; +http://www.semrush.com/bot.html)"
85.208.96.210 - - [06/Jul/2025:00:08:50 -0400] "GET /shop/?filter_cat=137%2C113%2C118%2C128%2C130 HTTP/1.1" 404 1251 "-" "Mozilla/5.0 (compatible; SemrushBot/7~bl; +http://www.semrush.com/bot.html)"
185.191.171.7 - - [06/Jul/2025:00:09:03 -0400] "GET /shop/?filter_cat=137%2C117%2C114%2C115%2C113 HTTP/1.1" 404 1251 "-" "Mozilla/5.0 (compatible; SemrushBot/7~bl; +http://www.semrush.com/bot.html)"
85.208.96.196 - - [06/Jul/2025:00:09:25 -0400] "GET /shop/?filter_cat=123%2C121%2C131%2C125 HTTP/1.1" 404 1251 "-" "Mozilla/5.0 (compatible; SemrushBot/7~bl; +http://www.semrush.com/bot.html)"
185.191.171.13 - - [06/Jul/2025:00:02:57 -0400] "GET /shop/?filter_cat=118%2C128%2C134%2C119 HTTP/1.1" 404 1251 "-" "Mozilla/5.0 (compatible; SemrushBot/7~bl; +http://www.semrush.com/bot.html)"
185.191.171.16 - - [06/Jul/2025:00:03:41 -0400] "GET /shop/?filter_cat=135%2C129%2C121%2C127%2C137 HTTP/1.1" 404 1251 "-" "Mozilla/5.0 (compatible; SemrushBot/7~bl; +http://www.semrush.com/bot.html)"
185.191.171.10 - - [06/Jul/2025:00:03:43 -0400] "GET /shop/?filter_cat=137%2C130%2C129%2C126%2C120 HTTP/1.1" 404 1251 "-" "Mozilla/5.0 (compatible; SemrushBot/7~bl; +http://www.semrush.com/bot.html)"
185.191.171.3 - - [06/Jul/2025:00:03:45 -0400] "GET /shop/?filter_cat=118%2C129%2C115%2C122 HTTP/1.1" 404 1251 "-" "Mozilla/5.0 (compatible; SemrushBot/7~bl; +http://www.semrush.com/bot.html)"
85.208.96.209 - - [06/Jul/2025:00:03:46 -0400] "GET /shop/?filter_cat=134%2C116%2C137%2C121%2C131 HTTP/1.1" 404 1251 "-" "Mozilla/5.0 (compatible; SemrushBot/7~bl; +http://www.semrush.com/bot.html)"
85.208.96.203 - - [06/Jul/2025:00:04:17 -0400] "GET /shop/?filter_cat=116%2C127%2C115%2C134%2C119 HTTP/1.1" 404 1251 "-" "Mozilla/5.0 (compatible; SemrushBot/7~bl; +http://www.semrush.com/bot.html)"
185.191.171.5 - - [06/Jul/2025:00:04:20 -0400] "GET /shop/?filter_cat=117%2C121%2C129%2C119%2C115 HTTP/1.1" 404 1251 "-" "Mozilla/5.0 (compatible; SemrushBot/7~bl; +http://www.semrush.com/bot.html)"
185.191.171.16 - - [06/Jul/2025:00:04:49 -0400] "GET /shop/?filter_cat=137%2C118%2C120%2C114%2C113 HTTP/1.1" 404 1251 "-" "Mozilla/5.0 (compatible; SemrushBot/7~bl; +http://www.semrush.com/bot.html)"
185.191.171.3 - - [06/Jul/2025:00:05:02 -0400] "GET /shop/?filter_cat=134%2C128%2C113%2C124%2C120 HTTP/1.1" 404 1251 "-" "Mozilla/5.0 (compatible; SemrushBot/7~bl; +http://www.semrush.com/bot.html)"
85.208.96.210 - - [06/Jul/2025:00:05:06 -0400] "GET /shop/?filter_cat=135%2C112%2C113%2C131%2C121 HTTP/1.1" 404 1251 "-" "Mozilla/5.0 (compatible; SemrushBot/7~bl; +http://www.semrush.com/bot.html)"
85.208.96.207 - - [06/Jul/2025:00:05:24 -0400] "GET /shop/?filter_cat=114%2C127%2C125%2C122%2C124 HTTP/1.1" 404 1251 "-" "Mozilla/5.0 (compatible; SemrushBot/7~bl; +http://www.semrush.com/bot.html)"
85.208.96.210 - - [06/Jul/2025:00:05:26 -0400] "GET /shop/?filter_cat=134%2C115%2C116%2C121%2C129 HTTP/1.1" 404 1251 "-" "Mozilla/5.0 (compatible; SemrushBot/7~bl; +http://www.semrush.com/bot.html)"
85.208.96.196 - - [06/Jul/2025:00:06:59 -0400] "GET /shop/?filter_cat=117%2C126%2C134%2C128%2C113 HTTP/1.1" 404 1251 "-" "Mozilla/5.0 (compatible; SemrushBot/7~bl; +http://www.semrush.com/bot.html)"
185.191.171.5 - - [06/Jul/2025:00:07:18 -0400] "GET /shop/?filter_cat=122%2C113%2C120%2C117 HTTP/1.1" 404 1251 "-" "Mozilla/5.0 (compatible; SemrushBot/7~bl; +http://www.semrush.com/bot.html)"
85.208.96.200 - - [06/Jul/2025:00:07:27 -0400] "GET /shop/?filter_cat=137%2C118%2C116%2C119%2C115 HTTP/1.1" 404 1251 "-" "Mozilla/5.0 (compatible; SemrushBot/7~bl; +http://www.semrush.com/bot.html)"
85.208.96.210 - - [06/Jul/2025:00:07:38 -0400] "GET /shop/?filter_cat=116%2C128%2C120%2C126%2C135 HTTP/1.1" 404 1251 "-" "Mozilla/5.0 (compatible; SemrushBot/7~bl; +http://www.semrush.com/bot.html)"
185.191.171.6 - - [06/Jul/2025:00:08:23 -0400] "GET /shop/?filter_cat=120%2C122%2C113%2C125 HTTP/1.1" 404 1251 "-" "Mozilla/5.0 (compatible; SemrushBot/7~bl; +http://www.semrush.com/bot.html)"
85.208.96.200 - - [06/Jul/2025:00:08:51 -0400] "GET /shop/?filter_cat=129%2C121%2C127%2C117%2C134 HTTP/1.1" 404 1251 "-" "Mozilla/5.0 (compatible; SemrushBot/7~bl; +http://www.semrush.com/bot.html)"
185.191.171.11 - - [06/Jul/2025:00:08:53 -0400] "GET /shop/?filter_cat=116%2C113%2C126%2C119%2C120 HTTP/1.1" 404 1251 "-" "Mozilla/5.0 (compatible; SemrushBot/7~bl; +http://www.semrush.com/bot.html)"
185.191.171.4 - - [06/Jul/2025:00:09:30 -0400] "GET /shop/?filter_cat=116%2C127%2C125%2C121%2C137 HTTP/1.1" 404 1251 "-" "Mozilla/5.0 (compatible; SemrushBot/7~bl; +http://www.semrush.com/bot.html)"
185.191.171.19 - - [06/Jul/2025:00:09:28 -0400] "GET /shop/?filter_cat=115%2C126%2C120%2C117%2C125 HTTP/1.1" 404 1251 "-" "Mozilla/5.0 (compatible; SemrushBot/7~bl; +http://www.semrush.com/bot.html)"
185.191.171.12 - - [06/Jul/2025:00:09:36 -0400] "GET /shop/?filter_cat=134%2C126%2C124%2C114%2C112 HTTP/1.1" 404 1251 "-" "Mozilla/5.0 (compatible; SemrushBot/7~bl; +http://www.semrush.com/bot.html)"
185.191.171.2 - - [06/Jul/2025:00:11:20 -0400] "GET /shop/?filter_cat=116%2C114%2C129%2C130%2C124 HTTP/1.1" 404 1251 "-" "Mozilla/5.0 (compatible; SemrushBot/7~bl; +http://www.semrush.com/bot.html)"
85.208.96.204 - - [06/Jul/2025:00:11:32 -0400] "GET /shop/?filter_cat=137%2C116%2C128%2C127%2C114 HTTP/1.1" 404 1251 "-" "Mozilla/5.0 (compatible; SemrushBot/7~bl; +http://www.semrush.com/bot.html)"
185.191.171.2 - - [06/Jul/2025:00:11:41 -0400] "GET /shop/?filter_cat=131%2C137%2C114%2C126%2C120 HTTP/1.1" 404 1251 "-" "Mozilla/5.0 (compatible; SemrushBot/7~bl; +http://www.semrush.com/bot.html)"
85.208.96.199 - - [06/Jul/2025:00:11:54 -0400] "GET /shop/?filter_cat=117%2C126%2C129%2C122%2C137 HTTP/1.1" 404 1251 "-" "Mozilla/5.0 (compatible; SemrushBot/7~bl; +http://www.semrush.com/bot.html)"
85.208.96.198 - - [06/Jul/2025:00:12:19 -0400] "GET /shop/?filter_cat=113%2C137%2C118%2C115%2C121 HTTP/1.1" 404 1251 "-" "Mozilla/5.0 (compatible; SemrushBot/7~bl; +http://www.semrush.com/bot.html)"
185.191.171.3 - - [06/Jul/2025:00:12:23 -0400] "GET /shop/?filter_cat=135%2C122%2C117%2C121%2C125 HTTP/1.1" 404 1251 "-" "Mozilla/5.0 (compatible; SemrushBot/7~bl; +http://www.semrush.com/bot.html)"
85.208.96.204 - - [06/Jul/2025:00:12:47 -0400] "GET /shop/?filter_cat=113%2C115%2C124%2C135%2C116 HTTP/1.1" 404 1251 "-" "Mozilla/5.0 (compatible; SemrushBot/7~bl; +http://www.semrush.com/bot.html)"
185.191.171.6 - - [06/Jul/2025:00:12:53 -0400] "GET /shop/?filter_cat=117%2C126%2C114%2C122%2C123 HTTP/1.1" 404 1251 "-" "Mozilla/5.0 (compatible; SemrushBot/7~bl; +http://www.semrush.com/bot.html)"
185.191.171.15 - - [06/Jul/2025:00:12:56 -0400] "GET /shop/?filter_cat=134%2C114%2C117%2C124%2C131 HTTP/1.1" 404 1251 "-" "Mozilla/5.0 (compatible; SemrushBot/7~bl; +http://www.semrush.com/bot.html)"
85.208.96.208 - - [06/Jul/2025:00:13:09 -0400] "GET /shop/?filter_cat=134%2C118%2C127%2C128%2C131 HTTP/1.1" 404 1251 "-" "Mozilla/5.0 (compatible; SemrushBot/7~bl; +http://www.semrush.com/bot.html)"
185.191.171.8 - - [06/Jul/2025:00:13:14 -0400] "GET /shop/?filter_cat=115%2C113%2C131%2C137%2C135 HTTP/1.1" 404 1251 "-" "Mozilla/5.0 (compatible; SemrushBot/7~bl; +http://www.semrush.com/bot.html)"
85.208.96.207 - - [06/Jul/2025:00:13:27 -0400] "GET /shop/?filter_cat=137%2C121%2C129%2C127%2C123 HTTP/1.1" 404 1251 "-" "Mozilla/5.0 (compatible; SemrushBot/7~bl; +http://www.semrush.com/bot.html)"
185.191.171.13 - - [06/Jul/2025:00:13:30 -0400] "GET /shop/?filter_cat=115%2C135%2C121%2C122%2C124 HTTP/1.1" 404 1251 "-" "Mozilla/5.0 (compatible; SemrushBot/7~bl; +http://www.semrush.com/bot.html)"
85.208.96.198 - - [06/Jul/2025:00:13:48 -0400] "GET /shop/?filter_cat=137%2C131%2C116%2C126%2C125 HTTP/1.1" 404 1251 "-" "Mozilla/5.0 (compatible; SemrushBot/7~bl; +http://www.semrush.com/bot.html)"
185.191.171.6 - - [06/Jul/2025:00:15:06 -0400] "GET /shop/?filter_cat=113%2C129%2C120%2C127%2C130 HTTP/1.1" 404 1251 "-" "Mozilla/5.0 (compatible; SemrushBot/7~bl; +http://www.semrush.com/bot.html)"
185.191.171.5 - - [06/Jul/2025:00:15:47 -0400] "GET /shop/?filter_cat=137%2C130%2C112%2C131%2C128 HTTP/1.1" 404 1251 "-" "Mozilla/5.0 (compatible; SemrushBot/7~bl; +http://www.semrush.com/bot.html)"
185.191.171.5 - - [06/Jul/2025:00:15:50 -0400] "GET /shop/?filter_cat=137%2C118%2C127%2C125%2C115 HTTP/1.1" 404 1251 "-" "Mozilla/5.0 (compatible; SemrushBot/7~bl; +http://www.semrush.com/bot.html)"
85.208.96.206 - - [06/Jul/2025:00:15:51 -0400] "GET /shop/?filter_cat=114%2C134%2C128%2C124%2C125 HTTP/1.1" 404 1251 "-" "Mozilla/5.0 (compatible; SemrushBot/7~bl; +http://www.semrush.com/bot.html)"
185.191.171.2 - - [06/Jul/2025:00:10:24 -0400] "GET /shop/?filter_cat=116%2C125%2C126%2C117%2C135 HTTP/1.1" 404 1251 "-" "Mozilla/5.0 (compatible; SemrushBot/7~bl; +http://www.semrush.com/bot.html)"
185.191.171.5 - - [06/Jul/2025:00:11:04 -0400] "GET /shop/?filter_cat=137%2C115%2C129%2C125%2C119 HTTP/1.1" 404 1251 "-" "Mozilla/5.0 (compatible; SemrushBot/7~bl; +http://www.semrush.com/bot.html)"
40.77.167.67 - - [06/Jul/2025:00:11:23 -0400] "GET /direct-shot-nail-gun-electric-nail-gun-dual-purpose-adjustable-electric-nail-gun-woodworking-tools-decoration-tools/direct-shot-nail-gun-electric-nail-gun-dual-purpose-adjustable-electric-nail-gun-woodworking-tools-decoration-tools/ HTTP/1.1" 404 1251 "-" "Mozilla/5.0 AppleWebKit/537.36 (KHTML, like Gecko; compatible; bingbot/2.0; +http://www.bing.com/bingbot.htm) Chrome/116.0.1938.76 Safari/537.36"
85.208.96.200 - - [06/Jul/2025:00:11:44 -0400] "GET /shop/?filter_cat=137%2C116%2C130%2C125%2C129 HTTP/1.1" 404 1251 "-" "Mozilla/5.0 (compatible; SemrushBot/7~bl; +http://www.semrush.com/bot.html)"
114.119.140.4 - - [06/Jul/2025:00:12:00 -0400] "GET /shop/?stock_status=instock&on_sale=onsale&filter_cat=118,135,137,128,119,116,121 HTTP/1.1" 404 1251 "https://mm-deals.com/shop/?stock_status=instock&on_sale=onsale&filter_cat=135%2C137%2C128%2C119%2C116%2C121" "Mozilla/5.0 (Linux; Android 7.0;) AppleWebKit/537.36 (KHTML, like Gecko) Mobile Safari/537.36 (compatible; PetalBot;+https://webmaster.petalsearch.com/site/petalbot)"
185.191.171.12 - - [06/Jul/2025:00:12:21 -0400] "GET /shop/?filter_cat=137%2C128%2C121%2C130%2C124 HTTP/1.1" 404 1251 "-" "Mozilla/5.0 (compatible; SemrushBot/7~bl; +http://www.semrush.com/bot.html)"
185.191.171.13 - - [06/Jul/2025:00:12:36 -0400] "GET /shop/?filter_cat=116%2C130%2C117%2C112%2C129 HTTP/1.1" 404 1251 "-" "Mozilla/5.0 (compatible; SemrushBot/7~bl; +http://www.semrush.com/bot.html)"
185.191.171.13 - - [06/Jul/2025:00:12:53 -0400] "GET /robots.txt HTTP/1.1" 200 200 "-" "Mozilla/5.0 (compatible; SemrushBot/7~bl; +http://www.semrush.com/bot.html)"
185.191.171.15 - - [06/Jul/2025:00:13:41 -0400] "GET /shop/?filter_cat=122%2C112%2C115%2C125 HTTP/1.1" 404 1251 "-" "Mozilla/5.0 (compatible; SemrushBot/7~bl; +http://www.semrush.com/bot.html)"
85.208.96.204 - - [06/Jul/2025:00:14:24 -0400] "GET /shop/?filter_cat=112%2C126%2C113%2C114%2C125 HTTP/1.1" 404 1251 "-" "Mozilla/5.0 (compatible; SemrushBot/7~bl; +http://www.semrush.com/bot.html)"
185.191.171.12 - - [06/Jul/2025:00:15:37 -0400] "GET /shop/?filter_cat=124%2C135%2C126%2C120 HTTP/1.1" 404 1251 "-" "Mozilla/5.0 (compatible; SemrushBot/7~bl; +http://www.semrush.com/bot.html)"
85.208.96.211 - - [06/Jul/2025:00:16:00 -0400] "GET /shop/?filter_cat=115%2C129%2C118%2C130%2C113 HTTP/1.1" 404 1251 "-" "Mozilla/5.0 (compatible; SemrushBot/7~bl; +http://www.semrush.com/bot.html)"
185.191.171.17 - - [06/Jul/2025:00:16:24 -0400] "GET /shop/?filter_cat=135%2C134%2C128%2C123%2C114 HTTP/1.1" 404 1251 "-" "Mozilla/5.0 (compatible; SemrushBot/7~bl; +http://www.semrush.com/bot.html)"
85.208.96.208 - - [06/Jul/2025:00:16:27 -0400] "GET /shop/?filter_cat=115%2C129%2C127%2C126%2C123 HTTP/1.1" 404 1251 "-" "Mozilla/5.0 (compatible; SemrushBot/7~bl; +http://www.semrush.com/bot.html)"
85.208.96.201 - - [06/Jul/2025:00:16:35 -0400] "GET /shop/?filter_cat=126%2C134%2C128%2C124 HTTP/1.1" 404 1251 "-" "Mozilla/5.0 (compatible; SemrushBot/7~bl; +http://www.semrush.com/bot.html)"
85.208.96.194 - - [06/Jul/2025:00:16:53 -0400] "GET /shop/?filter_cat=115%2C112%2C118%2C120%2C124 HTTP/1.1" 404 1251 "-" "Mozilla/5.0 (compatible; SemrushBot/7~bl; +http://www.semrush.com/bot.html)"
85.208.96.204 - - [06/Jul/2025:00:18:05 -0400] "GET /shop/?filter_cat=135%2C131%2C125%2C129 HTTP/1.1" 404 1251 "-" "Mozilla/5.0 (compatible; SemrushBot/7~bl; +http://www.semrush.com/bot.html)"
185.191.171.17 - - [06/Jul/2025:00:16:26 -0400] "GET /shop/?filter_cat=115%2C127%2C134%2C124%2C123 HTTP/1.1" 404 1251 "-" "Mozilla/5.0 (compatible; SemrushBot/7~bl; +http://www.semrush.com/bot.html)"
185.191.171.8 - - [06/Jul/2025:00:16:50 -0400] "GET /shop/?filter_cat=137%2C134%2C116%2C112%2C115 HTTP/1.1" 404 1251 "-" "Mozilla/5.0 (compatible; SemrushBot/7~bl; +http://www.semrush.com/bot.html)"
85.208.96.193 - - [06/Jul/2025:00:16:59 -0400] "GET /shop/?filter_cat=130%2C131%2C118%2C123%2C134 HTTP/1.1" 404 1251 "-" "Mozilla/5.0 (compatible; SemrushBot/7~bl; +http://www.semrush.com/bot.html)"
85.208.96.204 - - [06/Jul/2025:00:17:17 -0400] "GET /shop/?filter_cat=137%2C135%2C118%2C119%2C115 HTTP/1.1" 404 1251 "-" "Mozilla/5.0 (compatible; SemrushBot/7~bl; +http://www.semrush.com/bot.html)"
85.208.96.201 - - [06/Jul/2025:00:17:29 -0400] "GET /shop/?filter_cat=113%2C126%2C122%2C117%2C125 HTTP/1.1" 404 1251 "-" "Mozilla/5.0 (compatible; SemrushBot/7~bl; +http://www.semrush.com/bot.html)"
185.191.171.17 - - [06/Jul/2025:00:17:31 -0400] "GET /shop/?filter_cat=131%2C118%2C114%2C115%2C119 HTTP/1.1" 404 1251 "-" "Mozilla/5.0 (compatible; SemrushBot/7~bl; +http://www.semrush.com/bot.html)"
185.191.171.17 - - [06/Jul/2025:00:17:36 -0400] "GET /shop/?filter_cat=116%2C131%2C119%2C123%2C135 HTTP/1.1" 404 1251 "-" "Mozilla/5.0 (compatible; SemrushBot/7~bl; +http://www.semrush.com/bot.html)"
85.208.96.208 - - [06/Jul/2025:00:17:42 -0400] "GET /shop/?filter_cat=112%2C124%2C114%2C131%2C123 HTTP/1.1" 404 1251 "-" "Mozilla/5.0 (compatible; SemrushBot/7~bl; +http://www.semrush.com/bot.html)"
85.208.96.206 - - [06/Jul/2025:00:18:25 -0400] "GET /shop/?filter_cat=114%2C127%2C134%2C125%2C124 HTTP/1.1" 404 1251 "-" "Mozilla/5.0 (compatible; SemrushBot/7~bl; +http://www.semrush.com/bot.html)"
185.191.171.15 - - [06/Jul/2025:00:19:09 -0400] "GET /shop/?filter_cat=137%2C127%2C117%2C123%2C135 HTTP/1.1" 404 1251 "-" "Mozilla/5.0 (compatible; SemrushBot/7~bl; +http://www.semrush.com/bot.html)"
114.119.157.111 - - [06/Jul/2025:00:19:23 -0400] "GET /shop/?stock_status=instock&on_sale=onsale&filter_cat=118,135,137,124,114,123,120,117,121 HTTP/1.1" 404 1251 "https://mm-deals.com/shop/?stock_status=instock&on_sale=onsale&filter_cat=135%2C137%2C124%2C114%2C123%2C120%2C117%2C121" "Mozilla/5.0 (Linux; Android 7.0;) AppleWebKit/537.36 (KHTML, like Gecko) Mobile Safari/537.36 (compatible; PetalBot;+https://webmaster.petalsearch.com/site/petalbot)"
85.208.96.200 - - [06/Jul/2025:00:19:40 -0400] "GET /shop/?filter_cat=112%2C128%2C135%2C114%2C134 HTTP/1.1" 404 1251 "-" "Mozilla/5.0 (compatible; SemrushBot/7~bl; +http://www.semrush.com/bot.html)"
85.208.96.211 - - [06/Jul/2025:00:19:50 -0400] "GET /shop/?filter_cat=114%2C124%2C115%2C117%2C134 HTTP/1.1" 404 1251 "-" "Mozilla/5.0 (compatible; SemrushBot/7~bl; +http://www.semrush.com/bot.html)"
66.249.65.98 - - [06/Jul/2025:00:19:54 -0400] "GET /shop/page/17/?perpage=12&filter_cat=119%2C120%2C118%2C117%2C121%2C134%2C135%2C137%2C113%2C126%2C127%2C125&column=4&shop_view=grid_view&on_sale=onsale HTTP/1.1" 404 1251 "-" "Mozilla/5.0 (Linux; Android 6.0.1; Nexus 5X Build/MMB29P) AppleWebKit/537.36 (KHTML, like Gecko) Chrome/137.0.7151.103 Mobile Safari/537.36 (compatible; Googlebot/2.1; +http://www.google.com/bot.html)"
85.208.96.198 - - [06/Jul/2025:00:19:58 -0400] "GET /shop/?filter_cat=114%2C116%2C128%2C124%2C112 HTTP/1.1" 404 1251 "-" "Mozilla/5.0 (compatible; SemrushBot/7~bl; +http://www.semrush.com/bot.html)"
185.191.171.15 - - [06/Jul/2025:00:20:06 -0400] "GET /shop/?filter_cat=117%2C112%2C126%2C130%2C113 HTTP/1.1" 404 1251 "-" "Mozilla/5.0 (compatible; SemrushBot/7~bl; +http://www.semrush.com/bot.html)"
185.191.171.6 - - [06/Jul/2025:00:20:21 -0400] "GET /shop/?filter_cat=117%2C116%2C126%2C131%2C125 HTTP/1.1" 404 1251 "-" "Mozilla/5.0 (compatible; SemrushBot/7~bl; +http://www.semrush.com/bot.html)"
85.208.96.194 - - [06/Jul/2025:00:20:23 -0400] "GET /shop/?filter_cat=131%2C135%2C117%2C128%2C124 HTTP/1.1" 404 1251 "-" "Mozilla/5.0 (compatible; SemrushBot/7~bl; +http://www.semrush.com/bot.html)"
185.191.171.9 - - [06/Jul/2025:00:20:44 -0400] "GET /shop/?filter_cat=112%2C118%2C116%2C135%2C128 HTTP/1.1" 404 1251 "-" "Mozilla/5.0 (compatible; SemrushBot/7~bl; +http://www.semrush.com/bot.html)"
185.191.171.2 - - [06/Jul/2025:00:20:49 -0400] "GET /shop/?filter_cat=112%2C114%2C134%2C124%2C127 HTTP/1.1" 404 1251 "-" "Mozilla/5.0 (compatible; SemrushBot/7~bl; +http://www.semrush.com/bot.html)"
85.208.96.201 - - [06/Jul/2025:00:20:54 -0400] "GET /shop/?filter_cat=134%2C122%2C118%2C129%2C130 HTTP/1.1" 404 1251 "-" "Mozilla/5.0 (compatible; SemrushBot/7~bl; +http://www.semrush.com/bot.html)"
185.191.171.11 - - [06/Jul/2025:00:21:20 -0400] "GET /shop/?filter_cat=115%2C128%2C137%2C120%2C124 HTTP/1.1" 404 1251 "-" "Mozilla/5.0 (compatible; SemrushBot/7~bl; +http://www.semrush.com/bot.html)"
85.208.96.194 - - [06/Jul/2025:00:21:29 -0400] "GET /shop/?filter_cat=116%2C114%2C130%2C123%2C121 HTTP/1.1" 404 1251 "-" "Mozilla/5.0 (compatible; SemrushBot/7~bl; +http://www.semrush.com/bot.html)"
85.208.96.207 - - [06/Jul/2025:00:22:07 -0400] "GET /shop/?filter_cat=130%2C131%2C117%2C135%2C126 HTTP/1.1" 404 1251 "-" "Mozilla/5.0 (compatible; SemrushBot/7~bl; +http://www.semrush.com/bot.html)"
85.208.96.209 - - [06/Jul/2025:00:22:25 -0400] "GET /shop/?filter_cat=117%2C115%2C116%2C118%2C127 HTTP/1.1" 404 1251 "-" "Mozilla/5.0 (compatible; SemrushBot/7~bl; +http://www.semrush.com/bot.html)"
185.191.171.12 - - [06/Jul/2025:00:23:57 -0400] "GET /shop/?filter_cat=137%2C131%2C125%2C113%2C126 HTTP/1.1" 404 1251 "-" "Mozilla/5.0 (compatible; SemrushBot/7~bl; +http://www.semrush.com/bot.html)"
85.208.96.210 - - [06/Jul/2025:00:25:06 -0400] "GET /shop/?filter_cat=115%2C130%2C116%2C123%2C121 HTTP/1.1" 404 1251 "-" "Mozilla/5.0 (compatible; SemrushBot/7~bl; +http://www.semrush.com/bot.html)"
85.208.96.193 - - [06/Jul/2025:00:19:49 -0400] "GET /shop/?filter_cat=137%2C125%2C123%2C130%2C124 HTTP/1.1" 404 1251 "-" "Mozilla/5.0 (compatible; SemrushBot/7~bl; +http://www.semrush.com/bot.html)"
85.208.96.197 - - [06/Jul/2025:00:20:56 -0400] "GET /shop/?filter_cat=137%2C135%2C116%2C119%2C120 HTTP/1.1" 404 1251 "-" "Mozilla/5.0 (compatible; SemrushBot/7~bl; +http://www.semrush.com/bot.html)"
185.191.171.8 - - [06/Jul/2025:00:21:03 -0400] "GET /shop/?filter_cat=112%2C125%2C116%2C128%2C115 HTTP/1.1" 404 1251 "-" "Mozilla/5.0 (compatible; SemrushBot/7~bl; +http://www.semrush.com/bot.html)"
85.208.96.194 - - [06/Jul/2025:00:21:28 -0400] "GET /shop/?filter_cat=137%2C123%2C117%2C119%2C121 HTTP/1.1" 404 1251 "-" "Mozilla/5.0 (compatible; SemrushBot/7~bl; +http://www.semrush.com/bot.html)"
85.208.96.210 - - [06/Jul/2025:00:21:46 -0400] "GET /shop/?filter_cat=134%2C123%2C137%2C118 HTTP/1.1" 404 1251 "-" "Mozilla/5.0 (compatible; SemrushBot/7~bl; +http://www.semrush.com/bot.html)"
185.191.171.14 - - [06/Jul/2025:00:21:48 -0400] "GET /shop/?filter_cat=114%2C117%2C126%2C130%2C137 HTTP/1.1" 404 1251 "-" "Mozilla/5.0 (compatible; SemrushBot/7~bl; +http://www.semrush.com/bot.html)"
66.249.65.98 - - [06/Jul/2025:00:22:22 -0400] "GET /shop/page/7/ HTTP/1.1" 404 1251 "-" "Mozilla/5.0 (Linux; Android 6.0.1; Nexus 5X Build/MMB29P) AppleWebKit/537.36 (KHTML, like Gecko) Chrome/137.0.7151.103 Mobile Safari/537.36 (compatible; Googlebot/2.1; +http://www.google.com/bot.html)"
185.191.171.14 - - [06/Jul/2025:00:23:14 -0400] "GET /shop/?filter_cat=135%2C130%2C115%2C134 HTTP/1.1" 404 1251 "-" "Mozilla/5.0 (compatible; SemrushBot/7~bl; +http://www.semrush.com/bot.html)"
85.208.96.201 - - [06/Jul/2025:00:23:43 -0400] "GET /shop/?filter_cat=131%2C134%2C128%2C119%2C116 HTTP/1.1" 404 1251 "-" "Mozilla/5.0 (compatible; SemrushBot/7~bl; +http://www.semrush.com/bot.html)"
85.208.96.206 - - [06/Jul/2025:00:24:00 -0400] "GET /shop/?filter_cat=117%2C118%2C120%2C114%2C131 HTTP/1.1" 404 1251 "-" "Mozilla/5.0 (compatible; SemrushBot/7~bl; +http://www.semrush.com/bot.html)"
185.191.171.12 - - [06/Jul/2025:00:24:02 -0400] "GET /shop/?filter_cat=131%2C135%2C121%2C118%2C123 HTTP/1.1" 404 1251 "-" "Mozilla/5.0 (compatible; SemrushBot/7~bl; +http://www.semrush.com/bot.html)"
85.208.96.211 - - [06/Jul/2025:00:24:10 -0400] "GET /shop/?filter_cat=117%2C131%2C123%2C119%2C126 HTTP/1.1" 404 1251 "-" "Mozilla/5.0 (compatible; SemrushBot/7~bl; +http://www.semrush.com/bot.html)"
85.208.96.201 - - [06/Jul/2025:00:24:23 -0400] "GET /shop/?filter_cat=134%2C128%2C118%2C126%2C124 HTTP/1.1" 404 1251 "-" "Mozilla/5.0 (compatible; SemrushBot/7~bl; +http://www.semrush.com/bot.html)"
185.191.171.10 - - [06/Jul/2025:00:24:39 -0400] "GET /shop/?filter_cat=137%2C135%2C131%2C117%2C118 HTTP/1.1" 404 1251 "-" "Mozilla/5.0 (compatible; SemrushBot/7~bl; +http://www.semrush.com/bot.html)"
85.208.96.202 - - [06/Jul/2025:00:24:56 -0400] "GET /shop/?filter_cat=112%2C125%2C135%2C115%2C131 HTTP/1.1" 404 1251 "-" "Mozilla/5.0 (compatible; SemrushBot/7~bl; +http://www.semrush.com/bot.html)"
185.191.171.14 - - [06/Jul/2025:00:25:00 -0400] "GET /shop/?filter_cat=126%2C130%2C128%2C124 HTTP/1.1" 404 1251 "-" "Mozilla/5.0 (compatible; SemrushBot/7~bl; +http://www.semrush.com/bot.html)"
185.191.171.2 - - [06/Jul/2025:00:25:02 -0400] "GET /shop/?filter_cat=112%2C119%2C129%2C130%2C137 HTTP/1.1" 404 1251 "-" "Mozilla/5.0 (compatible; SemrushBot/7~bl; +http://www.semrush.com/bot.html)"
185.191.171.13 - - [06/Jul/2025:00:25:50 -0400] "GET /shop/?filter_cat=137%2C129%2C122%2C131%2C127 HTTP/1.1" 404 1251 "-" "Mozilla/5.0 (compatible; SemrushBot/7~bl; +http://www.semrush.com/bot.html)"
85.208.96.194 - - [06/Jul/2025:00:26:06 -0400] "GET /shop/?filter_cat=116%2C124%2C134%2C127%2C123 HTTP/1.1" 404 1251 "-" "Mozilla/5.0 (compatible; SemrushBot/7~bl; +http://www.semrush.com/bot.html)"
114.119.155.44 - - [06/Jul/2025:00:26:46 -0400] "GET /shop/?stock_status=instock&on_sale=onsale&filter_cat=118,135,134,131,137,120,115,121 HTTP/1.1" 404 1251 "https://mm-deals.com/shop/?stock_status=instock&on_sale=onsale&filter_cat=135%2C134%2C131%2C137%2C120%2C115%2C121" "Mozilla/5.0 (Linux; Android 7.0;) AppleWebKit/537.36 (KHTML, like Gecko) Mobile Safari/537.36 (compatible; PetalBot;+https://webmaster.petalsearch.com/site/petalbot)"
185.191.171.6 - - [06/Jul/2025:00:27:21 -0400] "GET /shop/?filter_cat=117%2C131%2C130%2C116%2C113 HTTP/1.1" 404 1251 "-" "Mozilla/5.0 (compatible; SemrushBot/7~bl; +http://www.semrush.com/bot.html)"
85.208.96.200 - - [06/Jul/2025:00:28:00 -0400] "GET /shop/?filter_cat=114%2C122%2C126%2C130%2C124 HTTP/1.1" 404 1251 "-" "Mozilla/5.0 (compatible; SemrushBot/7~bl; +http://www.semrush.com/bot.html)"
85.208.96.201 - - [06/Jul/2025:00:28:09 -0400] "GET /shop/?filter_cat=137%2C121%2C131%2C135%2C127 HTTP/1.1" 404 1251 "-" "Mozilla/5.0 (compatible; SemrushBot/7~bl; +http://www.semrush.com/bot.html)"
85.208.96.194 - - [06/Jul/2025:00:28:26 -0400] "GET /shop/?filter_cat=112%2C120%2C115%2C126%2C116 HTTP/1.1" 404 1251 "-" "Mozilla/5.0 (compatible; SemrushBot/7~bl; +http://www.semrush.com/bot.html)"
185.191.171.14 - - [06/Jul/2025:00:28:58 -0400] "GET /shop/?filter_cat=114%2C119%2C125%2C135%2C134 HTTP/1.1" 404 1251 "-" "Mozilla/5.0 (compatible; SemrushBot/7~bl; +http://www.semrush.com/bot.html)"
85.208.96.203 - - [06/Jul/2025:00:29:03 -0400] "GET /shop/?filter_cat=117%2C128%2C134%2C127%2C119 HTTP/1.1" 404 1251 "-" "Mozilla/5.0 (compatible; SemrushBot/7~bl; +http://www.semrush.com/bot.html)"
185.191.171.11 - - [06/Jul/2025:00:29:05 -0400] "GET /shop/?filter_cat=112%2C121%2C123%2C113%2C134 HTTP/1.1" 404 1251 "-" "Mozilla/5.0 (compatible; SemrushBot/7~bl; +http://www.semrush.com/bot.html)"
85.208.96.194 - - [06/Jul/2025:00:29:14 -0400] "GET /shop/?filter_cat=122%2C129%2C126%2C113 HTTP/1.1" 404 1251 "-" "Mozilla/5.0 (compatible; SemrushBot/7~bl; +http://www.semrush.com/bot.html)"
185.191.171.1 - - [06/Jul/2025:00:29:28 -0400] "GET /shop/?filter_cat=135%2C126%2C120%2C134%2C122 HTTP/1.1" 404 1251 "-" "Mozilla/5.0 (compatible; SemrushBot/7~bl; +http://www.semrush.com/bot.html)"
