196.251.80.123 - - [05/Jul/2025:19:06:24 -0400] "GET /wp-admin/css/colors/sunrise/%20 HTTP/1.1" 500 0 "binance.com" "Mozilla/5.0 (Windows NT 10.0; Win64; x64) AppleWebKit/537.36 (KHTML, like Gecko) Chrome/90.0.4430.85 Safari/537.36"
196.251.80.123 - - [05/Jul/2025:19:06:27 -0400] "GET /wp-admin/images/ HTTP/1.1" 200 3501 "binance.com" "Mozilla/5.0 (Windows NT 10.0; Win64; x64) AppleWebKit/537.36 (KHTML, like Gecko) Chrome/90.0.4430.85 Safari/537.36"
196.251.80.123 - - [05/Jul/2025:19:06:29 -0400] "GET /wp-admin/images/ HTTP/1.1" 200 3536 "binance.com" "Mozilla/5.0 (Windows NT 10.0; Win64; x64) AppleWebKit/537.36 (KHTML, like Gecko) Chrome/90.0.4430.85 Safari/537.36"
196.251.80.123 - - [05/Jul/2025:19:06:33 -0400] "GET /wp-admin/images/logo-s.php HTTP/1.1" 200 43 "binance.com" "Mozilla/5.0 (Windows NT 10.0; Win64; x64) AppleWebKit/537.36 (KHTML, like Gecko) Chrome/90.0.4430.85 Safari/537.36"
196.251.80.123 - - [05/Jul/2025:19:06:38 -0400] "GET /wp-admin/js/widgets/ HTTP/1.1" 200 1555 "binance.com" "Mozilla/5.0 (Windows NT 10.0; Win64; x64) AppleWebKit/537.36 (KHTML, like Gecko) Chrome/90.0.4430.85 Safari/537.36"
196.251.80.123 - - [05/Jul/2025:19:06:42 -0400] "GET /wp-includes/ HTTP/1.1" 200 8467 "binance.com" "Mozilla/5.0 (Windows NT 10.0; Win64; x64) AppleWebKit/537.36 (KHTML, like Gecko) Chrome/90.0.4430.85 Safari/537.36"
196.251.80.123 - - [05/Jul/2025:19:06:46 -0400] "GET /wp-includes/block-template-utils.php HTTP/1.1" 200 0 "binance.com" "Mozilla/5.0 (Windows NT 10.0; Win64; x64) AppleWebKit/537.36 (KHTML, like Gecko) Chrome/90.0.4430.85 Safari/537.36"
196.251.80.123 - - [05/Jul/2025:19:05:30 -0400] "GET /wp-content/languages/en.php HTTP/1.1" 200 43 "binance.com" "Mozilla/5.0 (Windows NT 10.0; Win64; x64) AppleWebKit/537.36 (KHTML, like Gecko) Chrome/90.0.4430.85 Safari/537.36"
196.251.80.123 - - [05/Jul/2025:19:05:33 -0400] "GET /wp-admin/includes/ HTTP/1.1" 200 4318 "binance.com" "Mozilla/5.0 (Windows NT 10.0; Win64; x64) AppleWebKit/537.36 (KHTML, like Gecko) Chrome/90.0.4430.85 Safari/537.36"
196.251.80.123 - - [05/Jul/2025:19:05:37 -0400] "GET /wp-admin/includes/ HTTP/1.1" 200 4318 "binance.com" "Mozilla/5.0 (Windows NT 10.0; Win64; x64) AppleWebKit/537.36 (KHTML, like Gecko) Chrome/90.0.4430.85 Safari/537.36"
196.251.80.123 - - [05/Jul/2025:19:05:50 -0400] "GET /wp-admin/user/ HTTP/1.1" 403 1242 "binance.com" "Mozilla/5.0 (Windows NT 10.0; Win64; x64) AppleWebKit/537.36 (KHTML, like Gecko) Chrome/90.0.4430.85 Safari/537.36"
196.251.80.123 - - [05/Jul/2025:19:05:52 -0400] "GET /wp-admin/css/ HTTP/1.1" 200 3773 "binance.com" "Mozilla/5.0 (Windows NT 10.0; Win64; x64) AppleWebKit/537.36 (KHTML, like Gecko) Chrome/90.0.4430.85 Safari/537.36"
196.251.80.123 - - [05/Jul/2025:19:06:16 -0400] "GET /wp-admin/css/colors/midnight/ HTTP/1.1" 200 894 "binance.com" "Mozilla/5.0 (Windows NT 10.0; Win64; x64) AppleWebKit/537.36 (KHTML, like Gecko) Chrome/90.0.4430.85 Safari/537.36"
196.251.80.123 - - [05/Jul/2025:19:06:18 -0400] "GET /wp-admin/css/colors/modern/ HTTP/1.1" 200 892 "binance.com" "Mozilla/5.0 (Windows NT 10.0; Win64; x64) AppleWebKit/537.36 (KHTML, like Gecko) Chrome/90.0.4430.85 Safari/537.36"
196.251.80.123 - - [05/Jul/2025:19:06:21 -0400] "GET /wp-admin/css/colors/ocean/ HTTP/1.1" 200 913 "binance.com" "Mozilla/5.0 (Windows NT 10.0; Win64; x64) AppleWebKit/537.36 (KHTML, like Gecko) Chrome/90.0.4430.85 Safari/537.36"
185.191.171.12 - - [05/Jul/2025:19:06:21 -0400] "GET /shop/?filter_cat=135%2C119%2C117%2C115%2C128 HTTP/1.1" 500 0 "-" "Mozilla/5.0 (compatible; SemrushBot/7~bl; +http://www.semrush.com/bot.html)"
196.251.80.123 - - [05/Jul/2025:19:06:36 -0400] "GET /wp-admin/js/ HTTP/1.1" 200 3836 "binance.com" "Mozilla/5.0 (Windows NT 10.0; Win64; x64) AppleWebKit/537.36 (KHTML, like Gecko) Chrome/90.0.4430.85 Safari/537.36"
196.251.80.123 - - [05/Jul/2025:19:06:40 -0400] "GET /wp-includes/ HTTP/1.1" 200 8520 "binance.com" "Mozilla/5.0 (Windows NT 10.0; Win64; x64) AppleWebKit/537.36 (KHTML, like Gecko) Chrome/90.0.4430.85 Safari/537.36"
196.251.80.123 - - [05/Jul/2025:19:06:44 -0400] "GET /wp-includes/block-editor.php HTTP/1.1" 200 0 "binance.com" "Mozilla/5.0 (Windows NT 10.0; Win64; x64) AppleWebKit/537.36 (KHTML, like Gecko) Chrome/90.0.4430.85 Safari/537.36"
196.251.80.123 - - [05/Jul/2025:19:06:47 -0400] "GET /wp-includes/block-template.php HTTP/1.1" 200 0 "binance.com" "Mozilla/5.0 (Windows NT 10.0; Win64; x64) AppleWebKit/537.36 (KHTML, like Gecko) Chrome/90.0.4430.85 Safari/537.36"
196.251.80.123 - - [05/Jul/2025:19:06:55 -0400] "GET /wp-includes/class-wp-http.php HTTP/1.1" 500 0 "binance.com" "Mozilla/5.0 (Windows NT 10.0; Win64; x64) AppleWebKit/537.36 (KHTML, like Gecko) Chrome/90.0.4430.85 Safari/537.36"
196.251.80.123 - - [05/Jul/2025:19:06:58 -0400] "GET /wp-includes/class-wp-styles.php HTTP/1.1" 500 0 "binance.com" "Mozilla/5.0 (Windows NT 10.0; Win64; x64) AppleWebKit/537.36 (KHTML, like Gecko) Chrome/90.0.4430.85 Safari/537.36"
196.251.80.123 - - [05/Jul/2025:19:06:59 -0400] "GET /wp-includes/class-wp-textdomain-registry.php HTTP/1.1" 200 0 "binance.com" "Mozilla/5.0 (Windows NT 10.0; Win64; x64) AppleWebKit/537.36 (KHTML, like Gecko) Chrome/90.0.4430.85 Safari/537.36"
196.251.80.123 - - [05/Jul/2025:19:07:00 -0400] "GET /wp-includes/class-wp-theme-json-data.php HTTP/1.1" 200 0 "binance.com" "Mozilla/5.0 (Windows NT 10.0; Win64; x64) AppleWebKit/537.36 (KHTML, like Gecko) Chrome/90.0.4430.85 Safari/537.36"
196.251.80.123 - - [05/Jul/2025:19:05:10 -0400] "GET /wp-content/uploads/2025/07/ HTTP/1.1" 500 0 "binance.com" "Mozilla/5.0 (Windows NT 10.0; Win64; x64) AppleWebKit/537.36 (KHTML, like Gecko) Chrome/90.0.4430.85 Safari/537.36"
196.251.80.123 - - [05/Jul/2025:19:05:14 -0400] "GET /wp-content/uploads/2025/06/ HTTP/1.1" 500 0 "binance.com" "Mozilla/5.0 (Windows NT 10.0; Win64; x64) AppleWebKit/537.36 (KHTML, like Gecko) Chrome/90.0.4430.85 Safari/537.36"
196.251.80.123 - - [05/Jul/2025:19:05:24 -0400] "GET /wp-content/languages/ HTTP/1.1" 200 774 "binance.com" "Mozilla/5.0 (Windows NT 10.0; Win64; x64) AppleWebKit/537.36 (KHTML, like Gecko) Chrome/90.0.4430.85 Safari/537.36"
196.251.80.123 - - [05/Jul/2025:19:05:27 -0400] "GET /wp-content/languages/ HTTP/1.1" 200 774 "binance.com" "Mozilla/5.0 (Windows NT 10.0; Win64; x64) AppleWebKit/537.36 (KHTML, like Gecko) Chrome/90.0.4430.85 Safari/537.36"
196.251.80.123 - - [05/Jul/2025:19:06:49 -0400] "GET /wp-includes/class-wp-block-editor-context.php HTTP/1.1" 200 0 "binance.com" "Mozilla/5.0 (Windows NT 10.0; Win64; x64) AppleWebKit/537.36 (KHTML, like Gecko) Chrome/90.0.4430.85 Safari/537.36"
196.251.80.123 - - [05/Jul/2025:19:06:50 -0400] "GET /wp-includes/class-wp-block-template.php HTTP/1.1" 200 0 "binance.com" "Mozilla/5.0 (Windows NT 10.0; Win64; x64) AppleWebKit/537.36 (KHTML, like Gecko) Chrome/90.0.4430.85 Safari/537.36"
196.251.80.123 - - [05/Jul/2025:19:06:54 -0400] "GET /wp-includes/class-wp-dependencies.php HTTP/1.1" 200 0 "binance.com" "Mozilla/5.0 (Windows NT 10.0; Win64; x64) AppleWebKit/537.36 (KHTML, like Gecko) Chrome/90.0.4430.85 Safari/537.36"
196.251.80.123 - - [05/Jul/2025:19:06:56 -0400] "GET /wp-includes/class-wp-scripts.php HTTP/1.1" 500 0 "binance.com" "Mozilla/5.0 (Windows NT 10.0; Win64; x64) AppleWebKit/537.36 (KHTML, like Gecko) Chrome/90.0.4430.85 Safari/537.36"
196.251.80.123 - - [05/Jul/2025:19:07:03 -0400] "GET /wp-includes/class-wp-theme-json-schema.php HTTP/1.1" 200 0 "binance.com" "Mozilla/5.0 (Windows NT 10.0; Win64; x64) AppleWebKit/537.36 (KHTML, like Gecko) Chrome/90.0.4430.85 Safari/537.36"
196.251.80.123 - - [05/Jul/2025:19:07:04 -0400] "GET /wp-includes/class-wp-theme-json.php HTTP/1.1" 200 0 "binance.com" "Mozilla/5.0 (Windows NT 10.0; Win64; x64) AppleWebKit/537.36 (KHTML, like Gecko) Chrome/90.0.4430.85 Safari/537.36"
196.251.80.123 - - [05/Jul/2025:19:07:08 -0400] "GET /wp-includes/https-detection.php HTTP/1.1" 200 0 "binance.com" "Mozilla/5.0 (Windows NT 10.0; Win64; x64) AppleWebKit/537.36 (KHTML, like Gecko) Chrome/90.0.4430.85 Safari/537.36"
196.251.80.123 - - [05/Jul/2025:19:07:12 -0400] "GET /wp-includes/style-engine.php HTTP/1.1" 200 0 "binance.com" "Mozilla/5.0 (Windows NT 10.0; Win64; x64) AppleWebKit/537.36 (KHTML, like Gecko) Chrome/90.0.4430.85 Safari/537.36"
196.251.80.123 - - [05/Jul/2025:19:07:14 -0400] "GET /wp-includes/template-canvas.php HTTP/1.1" 500 0 "binance.com" "Mozilla/5.0 (Windows NT 10.0; Win64; x64) AppleWebKit/537.36 (KHTML, like Gecko) Chrome/90.0.4430.85 Safari/537.36"
196.251.80.123 - - [05/Jul/2025:19:07:15 -0400] "GET /wp-includes/theme-templates.php HTTP/1.1" 200 0 "binance.com" "Mozilla/5.0 (Windows NT 10.0; Win64; x64) AppleWebKit/537.36 (KHTML, like Gecko) Chrome/90.0.4430.85 Safari/537.36"
196.251.80.123 - - [05/Jul/2025:19:07:19 -0400] "GET /wp-includes/IXR/ HTTP/1.1" 200 1427 "binance.com" "Mozilla/5.0 (Windows NT 10.0; Win64; x64) AppleWebKit/537.36 (KHTML, like Gecko) Chrome/90.0.4430.85 Safari/537.36"
196.251.80.123 - - [05/Jul/2025:19:07:20 -0400] "GET /wp-includes/IXR/ HTTP/1.1" 200 1427 "binance.com" "Mozilla/5.0 (Windows NT 10.0; Win64; x64) AppleWebKit/537.36 (KHTML, like Gecko) Chrome/90.0.4430.85 Safari/537.36"
196.251.80.123 - - [05/Jul/2025:19:07:22 -0400] "GET /wp-includes/PHPMailer/ HTTP/1.1" 200 982 "binance.com" "Mozilla/5.0 (Windows NT 10.0; Win64; x64) AppleWebKit/537.36 (KHTML, like Gecko) Chrome/90.0.4430.85 Safari/537.36"
196.251.80.123 - - [05/Jul/2025:19:07:24 -0400] "GET /wp-includes/PHPMailer/admin.php HTTP/1.1" 200 0 "binance.com" "Mozilla/5.0 (Windows NT 10.0; Win64; x64) AppleWebKit/537.36 (KHTML, like Gecko) Chrome/90.0.4430.85 Safari/537.36"
196.251.80.123 - - [05/Jul/2025:19:07:25 -0400] "GET /wp-includes/Text/ HTTP/1.1" 200 837 "binance.com" "Mozilla/5.0 (Windows NT 10.0; Win64; x64) AppleWebKit/537.36 (KHTML, like Gecko) Chrome/90.0.4430.85 Safari/537.36"
196.251.80.123 - - [05/Jul/2025:19:07:26 -0400] "GET /wp-includes/Text/ HTTP/1.1" 200 837 "binance.com" "Mozilla/5.0 (Windows NT 10.0; Win64; x64) AppleWebKit/537.36 (KHTML, like Gecko) Chrome/90.0.4430.85 Safari/537.36"
196.251.80.123 - - [05/Jul/2025:19:07:30 -0400] "GET /wp-includes/Text/Diff/Engine/ HTTP/1.1" 200 977 "binance.com" "Mozilla/5.0 (Windows NT 10.0; Win64; x64) AppleWebKit/537.36 (KHTML, like Gecko) Chrome/90.0.4430.85 Safari/537.36"
196.251.80.123 - - [05/Jul/2025:19:07:33 -0400] "GET /wp-includes/Text/Diff/Renderer/ HTTP/1.1" 200 787 "binance.com" "Mozilla/5.0 (Windows NT 10.0; Win64; x64) AppleWebKit/537.36 (KHTML, like Gecko) Chrome/90.0.4430.85 Safari/537.36"
196.251.80.123 - - [05/Jul/2025:19:07:39 -0400] "GET /wp-includes/pomo/ HTTP/1.1" 200 1224 "binance.com" "Mozilla/5.0 (Windows NT 10.0; Win64; x64) AppleWebKit/537.36 (KHTML, like Gecko) Chrome/90.0.4430.85 Safari/537.36"
196.251.80.123 - - [05/Jul/2025:19:07:40 -0400] "GET /wp-includes/sitemaps/ HTTP/1.1" 200 1303 "binance.com" "Mozilla/5.0 (Windows NT 10.0; Win64; x64) AppleWebKit/537.36 (KHTML, like Gecko) Chrome/90.0.4430.85 Safari/537.36"
196.251.80.123 - - [05/Jul/2025:19:07:42 -0400] "GET /wp-includes/sitemaps/providers/ HTTP/1.1" 200 894 "binance.com" "Mozilla/5.0 (Windows NT 10.0; Win64; x64) AppleWebKit/537.36 (KHTML, like Gecko) Chrome/90.0.4430.85 Safari/537.36"
196.251.80.123 - - [05/Jul/2025:19:07:43 -0400] "GET /wp-includes/sitemaps/providers/ HTTP/1.1" 200 894 "binance.com" "Mozilla/5.0 (Windows NT 10.0; Win64; x64) AppleWebKit/537.36 (KHTML, like Gecko) Chrome/90.0.4430.85 Safari/537.36"
196.251.80.123 - - [05/Jul/2025:19:07:44 -0400] "GET /wp-includes/widgets/ HTTP/1.1" 200 1765 "binance.com" "Mozilla/5.0 (Windows NT 10.0; Win64; x64) AppleWebKit/537.36 (KHTML, like Gecko) Chrome/90.0.4430.85 Safari/537.36"
196.251.80.123 - - [05/Jul/2025:19:07:45 -0400] "GET /wp-includes/widgets/ HTTP/1.1" 200 1765 "binance.com" "Mozilla/5.0 (Windows NT 10.0; Win64; x64) AppleWebKit/537.36 (KHTML, like Gecko) Chrome/90.0.4430.85 Safari/537.36"
196.251.80.123 - - [05/Jul/2025:19:07:46 -0400] "GET /wp-includes/widgets/class-wp-widget-block.php HTTP/1.1" 500 0 "binance.com" "Mozilla/5.0 (Windows NT 10.0; Win64; x64) AppleWebKit/537.36 (KHTML, like Gecko) Chrome/90.0.4430.85 Safari/537.36"
196.251.80.123 - - [05/Jul/2025:19:07:48 -0400] "GET /wp-includes/css/ HTTP/1.1" 200 2280 "binance.com" "Mozilla/5.0 (Windows NT 10.0; Win64; x64) AppleWebKit/537.36 (KHTML, like Gecko) Chrome/90.0.4430.85 Safari/537.36"
196.251.80.123 - - [05/Jul/2025:19:07:49 -0400] "GET /wp-includes/css/dist/ HTTP/1.1" 200 1372 "binance.com" "Mozilla/5.0 (Windows NT 10.0; Win64; x64) AppleWebKit/537.36 (KHTML, like Gecko) Chrome/90.0.4430.85 Safari/537.36"
196.251.80.123 - - [05/Jul/2025:19:07:50 -0400] "GET /wp-includes/fonts/ HTTP/1.1" 200 1305 "binance.com" "Mozilla/5.0 (Windows NT 10.0; Win64; x64) AppleWebKit/537.36 (KHTML, like Gecko) Chrome/90.0.4430.85 Safari/537.36"
196.251.80.123 - - [05/Jul/2025:19:07:52 -0400] "GET /wp-includes/fonts/load.php HTTP/1.1" 200 43 "binance.com" "Mozilla/5.0 (Windows NT 10.0; Win64; x64) AppleWebKit/537.36 (KHTML, like Gecko) Chrome/90.0.4430.85 Safari/537.36"
196.251.80.123 - - [05/Jul/2025:19:07:54 -0400] "GET /wp-includes/images/crystal/ HTTP/1.1" 200 1421 "binance.com" "Mozilla/5.0 (Windows NT 10.0; Win64; x64) AppleWebKit/537.36 (KHTML, like Gecko) Chrome/90.0.4430.85 Safari/537.36"
196.251.80.123 - - [05/Jul/2025:19:07:55 -0400] "GET /wp-includes/images/media/ HTTP/1.1" 200 1284 "binance.com" "Mozilla/5.0 (Windows NT 10.0; Win64; x64) AppleWebKit/537.36 (KHTML, like Gecko) Chrome/90.0.4430.85 Safari/537.36"
196.251.80.123 - - [05/Jul/2025:19:07:57 -0400] "GET /wp-includes/images/wlw/ HTTP/1.1" 200 860 "binance.com" "Mozilla/5.0 (Windows NT 10.0; Win64; x64) AppleWebKit/537.36 (KHTML, like Gecko) Chrome/90.0.4430.85 Safari/537.36"
196.251.80.123 - - [05/Jul/2025:19:07:59 -0400] "GET /wp-includes/js/codemirror/ HTTP/1.1" 200 1360 "binance.com" "Mozilla/5.0 (Windows NT 10.0; Win64; x64) AppleWebKit/537.36 (KHTML, like Gecko) Chrome/90.0.4430.85 Safari/537.36"
196.251.80.123 - - [05/Jul/2025:19:08:01 -0400] "GET /wp-includes/js/plupload/ HTTP/1.1" 200 1370 "binance.com" "Mozilla/5.0 (Windows NT 10.0; Win64; x64) AppleWebKit/537.36 (KHTML, like Gecko) Chrome/90.0.4430.85 Safari/537.36"
196.251.80.123 - - [05/Jul/2025:19:08:02 -0400] "GET /.well-known/ HTTP/1.1" 200 766 "binance.com" "Mozilla/5.0 (Windows NT 10.0; Win64; x64) AppleWebKit/537.36 (KHTML, like Gecko) Chrome/90.0.4430.85 Safari/537.36"
185.191.171.19 - - [05/Jul/2025:19:08:23 -0400] "GET /shop/?filter_cat=112%2C120%2C117%2C126%2C131 HTTP/1.1" 500 0 "-" "Mozilla/5.0 (compatible; SemrushBot/7~bl; +http://www.semrush.com/bot.html)"
196.251.80.123 - - [05/Jul/2025:19:07:01 -0400] "GET /wp-includes/class-wp-theme-json-resolver.php HTTP/1.1" 200 0 "binance.com" "Mozilla/5.0 (Windows NT 10.0; Win64; x64) AppleWebKit/537.36 (KHTML, like Gecko) Chrome/90.0.4430.85 Safari/537.36"
196.251.80.123 - - [05/Jul/2025:19:07:06 -0400] "GET /wp-includes/class-wpdb.php HTTP/1.1" 200 0 "binance.com" "Mozilla/5.0 (Windows NT 10.0; Win64; x64) AppleWebKit/537.36 (KHTML, like Gecko) Chrome/90.0.4430.85 Safari/537.36"
196.251.80.123 - - [05/Jul/2025:19:07:07 -0400] "GET /wp-includes/global-styles-and-settings.php HTTP/1.1" 200 0 "binance.com" "Mozilla/5.0 (Windows NT 10.0; Win64; x64) AppleWebKit/537.36 (KHTML, like Gecko) Chrome/90.0.4430.85 Safari/537.36"
196.251.80.123 - - [05/Jul/2025:19:07:10 -0400] "GET /wp-includes/https-migration.php HTTP/1.1" 200 0 "binance.com" "Mozilla/5.0 (Windows NT 10.0; Win64; x64) AppleWebKit/537.36 (KHTML, like Gecko) Chrome/90.0.4430.85 Safari/537.36"
196.251.80.123 - - [05/Jul/2025:19:07:11 -0400] "GET /wp-includes/robots-template.php HTTP/1.1" 200 0 "binance.com" "Mozilla/5.0 (Windows NT 10.0; Win64; x64) AppleWebKit/537.36 (KHTML, like Gecko) Chrome/90.0.4430.85 Safari/537.36"
196.251.80.123 - - [05/Jul/2025:19:07:16 -0400] "GET /wp-includes/ID3/ HTTP/1.1" 200 1724 "binance.com" "Mozilla/5.0 (Windows NT 10.0; Win64; x64) AppleWebKit/537.36 (KHTML, like Gecko) Chrome/90.0.4430.85 Safari/537.36"
196.251.80.123 - - [05/Jul/2025:19:07:18 -0400] "GET /wp-includes/ID3/ HTTP/1.1" 200 1724 "binance.com" "Mozilla/5.0 (Windows NT 10.0; Win64; x64) AppleWebKit/537.36 (KHTML, like Gecko) Chrome/90.0.4430.85 Safari/537.36"
196.251.80.123 - - [05/Jul/2025:19:07:21 -0400] "GET /wp-includes/PHPMailer/ HTTP/1.1" 200 982 "binance.com" "Mozilla/5.0 (Windows NT 10.0; Win64; x64) AppleWebKit/537.36 (KHTML, like Gecko) Chrome/90.0.4430.85 Safari/537.36"
185.191.171.15 - - [05/Jul/2025:19:07:22 -0400] "GET /shop/?filter_cat=134%2C118%2C113%2C114%2C116 HTTP/1.1" 500 0 "-" "Mozilla/5.0 (compatible; SemrushBot/7~bl; +http://www.semrush.com/bot.html)"
196.251.80.123 - - [05/Jul/2025:19:07:27 -0400] "GET /wp-includes/Text/Diff/ HTTP/1.1" 200 889 "binance.com" "Mozilla/5.0 (Windows NT 10.0; Win64; x64) AppleWebKit/537.36 (KHTML, like Gecko) Chrome/90.0.4430.85 Safari/537.36"
196.251.80.123 - - [05/Jul/2025:19:07:29 -0400] "GET /wp-includes/Text/Diff/ HTTP/1.1" 200 889 "binance.com" "Mozilla/5.0 (Windows NT 10.0; Win64; x64) AppleWebKit/537.36 (KHTML, like Gecko) Chrome/90.0.4430.85 Safari/537.36"
196.251.80.123 - - [05/Jul/2025:19:07:31 -0400] "GET /wp-includes/Text/Diff/Engine/ HTTP/1.1" 200 977 "binance.com" "Mozilla/5.0 (Windows NT 10.0; Win64; x64) AppleWebKit/537.36 (KHTML, like Gecko) Chrome/90.0.4430.85 Safari/537.36"
196.251.80.123 - - [05/Jul/2025:19:07:32 -0400] "GET /wp-includes/Text/Diff/Engine/font.php HTTP/1.1" 200 43 "binance.com" "Mozilla/5.0 (Windows NT 10.0; Win64; x64) AppleWebKit/537.36 (KHTML, like Gecko) Chrome/90.0.4430.85 Safari/537.36"
196.251.80.123 - - [05/Jul/2025:19:07:35 -0400] "GET /wp-includes/Text/Diff/Renderer/ HTTP/1.1" 200 787 "binance.com" "Mozilla/5.0 (Windows NT 10.0; Win64; x64) AppleWebKit/537.36 (KHTML, like Gecko) Chrome/90.0.4430.85 Safari/537.36"
196.251.80.123 - - [05/Jul/2025:19:07:36 -0400] "GET /wp-includes/blocks/ HTTP/1.1" 500 0 "binance.com" "Mozilla/5.0 (Windows NT 10.0; Win64; x64) AppleWebKit/537.36 (KHTML, like Gecko) Chrome/90.0.4430.85 Safari/537.36"
196.251.80.123 - - [05/Jul/2025:19:07:37 -0400] "GET /wp-includes/pomo/ HTTP/1.1" 200 1224 "binance.com" "Mozilla/5.0 (Windows NT 10.0; Win64; x64) AppleWebKit/537.36 (KHTML, like Gecko) Chrome/90.0.4430.85 Safari/537.36"
196.251.80.123 - - [05/Jul/2025:19:07:41 -0400] "GET /wp-includes/sitemaps/ HTTP/1.1" 200 1303 "binance.com" "Mozilla/5.0 (Windows NT 10.0; Win64; x64) AppleWebKit/537.36 (KHTML, like Gecko) Chrome/90.0.4430.85 Safari/537.36"
196.251.80.123 - - [05/Jul/2025:19:07:51 -0400] "GET /wp-includes/fonts/ HTTP/1.1" 200 1305 "binance.com" "Mozilla/5.0 (Windows NT 10.0; Win64; x64) AppleWebKit/537.36 (KHTML, like Gecko) Chrome/90.0.4430.85 Safari/537.36"
196.251.80.123 - - [05/Jul/2025:19:07:53 -0400] "GET /wp-includes/images/ HTTP/1.1" 200 2066 "binance.com" "Mozilla/5.0 (Windows NT 10.0; Win64; x64) AppleWebKit/537.36 (KHTML, like Gecko) Chrome/90.0.4430.85 Safari/537.36"
196.251.80.123 - - [05/Jul/2025:19:07:56 -0400] "GET /wp-includes/images/smilies/ HTTP/1.1" 200 1728 "binance.com" "Mozilla/5.0 (Windows NT 10.0; Win64; x64) AppleWebKit/537.36 (KHTML, like Gecko) Chrome/90.0.4430.85 Safari/537.36"
196.251.80.123 - - [05/Jul/2025:19:07:58 -0400] "GET /wp-includes/js/%20 HTTP/1.1" 500 0 "binance.com" "Mozilla/5.0 (Windows NT 10.0; Win64; x64) AppleWebKit/537.36 (KHTML, like Gecko) Chrome/90.0.4430.85 Safari/537.36"
185.191.171.9 - - [05/Jul/2025:19:12:26 -0400] "GET /shop/?filter_cat=135%2C116%2C114%2C117%2C128 HTTP/1.1" 500 0 "-" "Mozilla/5.0 (compatible; SemrushBot/7~bl; +http://www.semrush.com/bot.html)"
114.119.140.4 - - [05/Jul/2025:19:08:24 -0400] "GET /shop/?stock_status=instock&on_sale=onsale&filter_cat=122,134,137,115,116,121 HTTP/1.1" 500 0 "https://mm-deals.com/shop/?stock_status=instock&on_sale=onsale&filter_cat=134%2C137%2C115%2C116%2C121" "Mozilla/5.0 (Linux; Android 7.0;) AppleWebKit/537.36 (KHTML, like Gecko) Mobile Safari/537.36 (compatible; PetalBot;+https://webmaster.petalsearch.com/site/petalbot)"
85.208.96.199 - - [05/Jul/2025:19:09:24 -0400] "GET /shop/?filter_cat=137%2C114%2C112%2C113%2C125 HTTP/1.1" 500 0 "-" "Mozilla/5.0 (compatible; SemrushBot/7~bl; +http://www.semrush.com/bot.html)"
185.191.171.8 - - [05/Jul/2025:19:10:24 -0400] "GET /shop/?filter_cat=137%2C125%2C112%2C127%2C131 HTTP/1.1" 500 0 "-" "Mozilla/5.0 (compatible; SemrushBot/7~bl; +http://www.semrush.com/bot.html)"
85.208.96.201 - - [05/Jul/2025:19:11:25 -0400] "GET /shop/?filter_cat=116%2C112%2C123%2C128%2C122 HTTP/1.1" 500 0 "-" "Mozilla/5.0 (compatible; SemrushBot/7~bl; +http://www.semrush.com/bot.html)"
85.208.96.204 - - [05/Jul/2025:19:13:26 -0400] "GET /shop/?filter_cat=115%2C126%2C117%2C118%2C124 HTTP/1.1" 500 0 "-" "Mozilla/5.0 (compatible; SemrushBot/7~bl; +http://www.semrush.com/bot.html)"
85.208.96.194 - - [05/Jul/2025:19:14:27 -0400] "GET /shop/?filter_cat=134%2C118%2C127%2C116%2C126 HTTP/1.1" 500 0 "-" "Mozilla/5.0 (compatible; SemrushBot/7~bl; +http://www.semrush.com/bot.html)"
85.208.96.196 - - [05/Jul/2025:19:15:27 -0400] "GET /shop/?filter_cat=137%2C114%2C117%2C134 HTTP/1.1" 500 0 "-" "Mozilla/5.0 (compatible; SemrushBot/7~bl; +http://www.semrush.com/bot.html)"
185.191.171.13 - - [05/Jul/2025:19:17:28 -0400] "GET /shop/?filter_cat=113%2C124%2C126%2C115%2C129 HTTP/1.1" 500 0 "-" "Mozilla/5.0 (compatible; SemrushBot/7~bl; +http://www.semrush.com/bot.html)"
185.191.171.17 - - [05/Jul/2025:19:21:33 -0400] "GET /shop/?filter_cat=137%2C125%2C130%2C127%2C120 HTTP/1.1" 500 0 "-" "Mozilla/5.0 (compatible; SemrushBot/7~bl; +http://www.semrush.com/bot.html)"
216.244.66.235 - - [05/Jul/2025:19:22:03 -0400] "GET /robots.txt HTTP/1.1" 200 1980 "-" "Mozilla/5.0 (compatible; DotBot/1.2; +https://opensiteexplorer.org/dotbot; help@moz.com)"
185.191.171.11 - - [05/Jul/2025:19:22:34 -0400] "GET /shop/?filter_cat=130%2C131%2C128%2C120%2C137 HTTP/1.1" 500 0 "-" "Mozilla/5.0 (compatible; SemrushBot/7~bl; +http://www.semrush.com/bot.html)"
66.249.65.98 - - [05/Jul/2025:19:23:08 -0400] "GET /shop/?perpage=12&filter_cat=134,127,116,119,125,115,114,118,137,112&on_sale=onsale&stock_status=instock&shop_view=grid_view&column=2 HTTP/1.1" 500 0 "-" "Mozilla/5.0 (Linux; Android 6.0.1; Nexus 5X Build/MMB29P) AppleWebKit/537.36 (KHTML, like Gecko) Chrome/137.0.7151.103 Mobile Safari/537.36 (compatible; Googlebot/2.1; +http://www.google.com/bot.html)"
114.119.140.4 - - [05/Jul/2025:19:15:46 -0400] "GET /shop/?stock_status=instock&on_sale=onsale&filter_cat=122,134,135,116,121 HTTP/1.1" 500 0 "https://mm-deals.com/shop/?stock_status=instock&on_sale=onsale&filter_cat=134%2C135%2C116%2C121" "Mozilla/5.0 (Linux; Android 7.0;) AppleWebKit/537.36 (KHTML, like Gecko) Mobile Safari/537.36 (compatible; PetalBot;+https://webmaster.petalsearch.com/site/petalbot)"
85.208.96.201 - - [05/Jul/2025:19:16:27 -0400] "GET /shop/?filter_cat=112%2C126%2C134%2C118%2C124 HTTP/1.1" 500 0 "-" "Mozilla/5.0 (compatible; SemrushBot/7~bl; +http://www.semrush.com/bot.html)"
85.208.96.207 - - [05/Jul/2025:19:18:29 -0400] "GET /shop/?filter_cat=116%2C135%2C128%2C129 HTTP/1.1" 500 0 "-" "Mozilla/5.0 (compatible; SemrushBot/7~bl; +http://www.semrush.com/bot.html)"
185.191.171.16 - - [05/Jul/2025:19:19:31 -0400] "GET /shop/?filter_cat=116%2C130%2C124%2C127%2C118 HTTP/1.1" 500 0 "-" "Mozilla/5.0 (compatible; SemrushBot/7~bl; +http://www.semrush.com/bot.html)"
66.249.65.99 - - [05/Jul/2025:19:20:06 -0400] "GET /shop/page/4/?perpage=12&filter_cat=116%2C126%2C124%2C115%2C137%2C120%2C112%2C130%2C122&shop_view=list_view&column=3&stock_status=instock HTTP/1.1" 500 0 "-" "Mozilla/5.0 (Linux; Android 6.0.1; Nexus 5X Build/MMB29P) AppleWebKit/537.36 (KHTML, like Gecko) Chrome/137.0.7151.103 Mobile Safari/537.36 (compatible; Googlebot/2.1; +http://www.google.com/bot.html)"
159.65.136.98 - - [05/Jul/2025:19:20:12 -0400] "GET /wp-content/uploads/2022/01/150327FR-3-zhYq-600x600.jpg HTTP/1.1" 200 21074 "-" "Mozilla/5.0 (Macintosh; Intel Mac OS X 13_6) AppleWebKit/605.1.15 (KHTML, like Gecko) Version/17.0 Safari/605.1.15"
185.191.171.17 - - [05/Jul/2025:19:20:33 -0400] "GET /shop/?filter_cat=137%2C125%2C112%2C115%2C126 HTTP/1.1" 500 0 "-" "Mozilla/5.0 (compatible; SemrushBot/7~bl; +http://www.semrush.com/bot.html)"
85.208.96.199 - - [05/Jul/2025:19:21:01 -0400] "GET /robots.txt HTTP/1.1" 200 200 "-" "Mozilla/5.0 (compatible; SemrushBot/7~bl; +http://www.semrush.com/bot.html)"
114.119.137.160 - - [05/Jul/2025:19:23:08 -0400] "GET /shop/?stock_status=instock&on_sale=onsale&filter_cat=122,130,137 HTTP/1.1" 500 0 "https://mm-deals.com/shop/?stock_status=instock&on_sale=onsale&filter_cat=130%2C137" "Mozilla/5.0 (Linux; Android 7.0;) AppleWebKit/537.36 (KHTML, like Gecko) Mobile Safari/537.36 (compatible; PetalBot;+https://webmaster.petalsearch.com/site/petalbot)"
85.208.96.200 - - [05/Jul/2025:19:23:35 -0400] "GET /shop/?filter_cat=129%2C127%2C123%2C124 HTTP/1.1" 500 0 "-" "Mozilla/5.0 (compatible; SemrushBot/7~bl; +http://www.semrush.com/bot.html)"
85.208.96.210 - - [05/Jul/2025:19:24:35 -0400] "GET /shop/?filter_cat=112%2C117%2C128%2C131%2C118 HTTP/1.1" 500 0 "-" "Mozilla/5.0 (compatible; SemrushBot/7~bl; +http://www.semrush.com/bot.html)"
85.208.96.207 - - [05/Jul/2025:19:25:36 -0400] "GET /shop/?filter_cat=114%2C115%2C128%2C117%2C121 HTTP/1.1" 500 0 "-" "Mozilla/5.0 (compatible; SemrushBot/7~bl; +http://www.semrush.com/bot.html)"
66.249.65.97 - - [05/Jul/2025:19:26:10 -0400] "GET /shop/?perpage=12&filter_cat=127,113,114,120,115,118,121,112,130,122&column=2&shop_view=grid_view&on_sale=onsale HTTP/1.1" 500 0 "-" "Mozilla/5.0 (Linux; Android 6.0.1; Nexus 5X Build/MMB29P) AppleWebKit/537.36 (KHTML, like Gecko) Chrome/137.0.7151.103 Mobile Safari/537.36 (compatible; Googlebot/2.1; +http://www.google.com/bot.html)"
185.191.171.16 - - [05/Jul/2025:19:26:37 -0400] "GET /shop/?filter_cat=112%2C113%2C114%2C135%2C122 HTTP/1.1" 500 0 "-" "Mozilla/5.0 (compatible; SemrushBot/7~bl; +http://www.semrush.com/bot.html)"
216.244.66.235 - - [05/Jul/2025:19:31:10 -0400] "GET /shop/?column=3&shop_view=grid_view&filter_cat=123,119,114 HTTP/1.1" 500 0 "-" "Mozilla/5.0 (compatible; DotBot/1.2; +https://opensiteexplorer.org/dotbot; help@moz.com)"
114.119.155.44 - - [05/Jul/2025:19:30:30 -0400] "GET /shop/?stock_status=instock&on_sale=onsale&filter_cat=122,126,135,131,115,124,119,116,121 HTTP/1.1" 500 0 "https://mm-deals.com/shop/?stock_status=instock&on_sale=onsale&filter_cat=126%2C135%2C131%2C115%2C124%2C119%2C116%2C121" "Mozilla/5.0 (Linux; Android 7.0;) AppleWebKit/537.36 (KHTML, like Gecko) Mobile Safari/537.36 (compatible; PetalBot;+https://webmaster.petalsearch.com/site/petalbot)"
185.191.171.6 - - [05/Jul/2025:19:30:41 -0400] "GET /shop/?filter_cat=137%2C128%2C125%2C113%2C115 HTTP/1.1" 500 0 "-" "Mozilla/5.0 (compatible; SemrushBot/7~bl; +http://www.semrush.com/bot.html)"
85.208.96.196 - - [05/Jul/2025:19:27:37 -0400] "GET /shop/?filter_cat=135%2C128%2C121%2C117%2C115 HTTP/1.1" 500 0 "-" "Mozilla/5.0 (compatible; SemrushBot/7~bl; +http://www.semrush.com/bot.html)"
216.244.66.235 - - [05/Jul/2025:19:27:50 -0400] "GET /shop/?add-to-cart=7532&filter_cat=119,130,121 HTTP/1.1" 500 0 "-" "Mozilla/5.0 (compatible; DotBot/1.2; +https://opensiteexplorer.org/dotbot; help@moz.com)"
185.191.171.11 - - [05/Jul/2025:19:28:39 -0400] "GET /shop/?filter_cat=116%2C125%2C123%2C124%2C134 HTTP/1.1" 500 0 "-" "Mozilla/5.0 (compatible; SemrushBot/7~bl; +http://www.semrush.com/bot.html)"
216.244.66.235 - - [05/Jul/2025:19:27:57 -0400] "GET /shop/?add-to-cart=7514&filter_cat=135,122,113,123 HTTP/1.1" 500 0 "-" "Mozilla/5.0 (compatible; DotBot/1.2; +https://opensiteexplorer.org/dotbot; help@moz.com)"
216.244.66.235 - - [05/Jul/2025:19:28:19 -0400] "GET /shop/?add-to-cart=7516&filter_cat=112,121,119,129 HTTP/1.1" 500 0 "-" "Mozilla/5.0 (compatible; DotBot/1.2; +https://opensiteexplorer.org/dotbot; help@moz.com)"
216.244.66.235 - - [05/Jul/2025:19:28:51 -0400] "GET /shop/?filter_cat=126,135,127,119&on_sale=onsale HTTP/1.1" 500 0 "-" "Mozilla/5.0 (compatible; DotBot/1.2; +https://opensiteexplorer.org/dotbot; help@moz.com)"
85.208.96.201 - - [05/Jul/2025:19:29:40 -0400] "GET /shop/?filter_cat=135%2C130%2C116%2C123%2C124 HTTP/1.1" 500 0 "-" "Mozilla/5.0 (compatible; SemrushBot/7~bl; +http://www.semrush.com/bot.html)"
216.244.66.235 - - [05/Jul/2025:19:34:24 -0400] "GET /shop/?add-to-cart=7530&filter_cat=122&stock_status=instock HTTP/1.1" 500 0 "-" "Mozilla/5.0 (compatible; DotBot/1.2; +https://opensiteexplorer.org/dotbot; help@moz.com)"
85.208.96.197 - - [05/Jul/2025:19:33:42 -0400] "GET /shop/?filter_cat=122%2C118%2C134%2C120 HTTP/1.1" 500 0 "-" "Mozilla/5.0 (compatible; SemrushBot/7~bl; +http://www.semrush.com/bot.html)"
216.244.66.235 - - [05/Jul/2025:19:33:54 -0400] "GET /shop/?add-to-cart=7520&filter_cat=134,112&shop_view=list_view HTTP/1.1" 500 0 "-" "Mozilla/5.0 (compatible; DotBot/1.2; +https://opensiteexplorer.org/dotbot; help@moz.com)"
85.208.96.193 - - [05/Jul/2025:19:31:41 -0400] "GET /shop/?filter_cat=116%2C125%2C119%2C124%2C123 HTTP/1.1" 500 0 "-" "Mozilla/5.0 (compatible; SemrushBot/7~bl; +http://www.semrush.com/bot.html)"
85.208.96.201 - - [05/Jul/2025:19:32:41 -0400] "GET /shop/?filter_cat=115%2C118%2C116%2C113 HTTP/1.1" 500 0 "-" "Mozilla/5.0 (compatible; SemrushBot/7~bl; +http://www.semrush.com/bot.html)"
66.249.65.97 - - [05/Jul/2025:19:33:02 -0400] "GET /shop/page/6/?perpage=12&filter_cat=118%2C121%2C131%2C123%2C113%2C112%2C130%2C125%2C122&on_sale=onsale&shop_view=grid_view&column=3 HTTP/1.1" 500 0 "-" "Mozilla/5.0 (Linux; Android 6.0.1; Nexus 5X Build/MMB29P) AppleWebKit/537.36 (KHTML, like Gecko) Chrome/137.0.7151.103 Mobile Safari/537.36 (compatible; Googlebot/2.1; +http://www.google.com/bot.html)"
216.244.66.235 - - [05/Jul/2025:19:31:41 -0400] "GET /shop/?column=3&shop_view=grid_view&filter_cat=137,112,123 HTTP/1.1" 500 0 "-" "Mozilla/5.0 (compatible; DotBot/1.2; +https://opensiteexplorer.org/dotbot; help@moz.com)"
185.191.171.12 - - [05/Jul/2025:19:34:43 -0400] "GET /shop/?filter_cat=131%2C123%2C125%2C137%2C114 HTTP/1.1" 500 0 "-" "Mozilla/5.0 (compatible; SemrushBot/7~bl; +http://www.semrush.com/bot.html)"
216.244.66.235 - - [05/Jul/2025:19:34:55 -0400] "GET /shop/?add-to-cart=7530&filter_cat=131%2C114&on_sale=onsale HTTP/1.1" 500 0 "-" "Mozilla/5.0 (compatible; DotBot/1.2; +https://opensiteexplorer.org/dotbot; help@moz.com)"
216.244.66.235 - - [05/Jul/2025:19:35:25 -0400] "GET /shop/?column=3&shop_view=grid_view&filter_cat=116,117,114,122 HTTP/1.1" 500 0 "-" "Mozilla/5.0 (compatible; DotBot/1.2; +https://opensiteexplorer.org/dotbot; help@moz.com)"
216.244.66.235 - - [05/Jul/2025:19:35:55 -0400] "GET /shop/?filter_cat=127%2C119%2C122&shop_view=grid_view&column=3 HTTP/1.1" 500 0 "-" "Mozilla/5.0 (compatible; DotBot/1.2; +https://opensiteexplorer.org/dotbot; help@moz.com)"
85.208.96.209 - - [05/Jul/2025:19:35:44 -0400] "GET /shop/?filter_cat=137%2C118%2C120%2C114%2C125 HTTP/1.1" 500 0 "-" "Mozilla/5.0 (compatible; SemrushBot/7~bl; +http://www.semrush.com/bot.html)"
85.208.96.208 - - [05/Jul/2025:19:36:45 -0400] "GET /shop/?filter_cat=131%2C121%2C113%2C130%2C118 HTTP/1.1" 500 0 "-" "Mozilla/5.0 (compatible; SemrushBot/7~bl; +http://www.semrush.com/bot.html)"
114.119.143.119 - - [05/Jul/2025:19:37:55 -0400] "GET /shop/?stock_status=instock&on_sale=onsale&filter_cat=122,115,135,119,116,121 HTTP/1.1" 500 0 "https://mm-deals.com/shop/?stock_status=instock&on_sale=onsale&filter_cat=115%2C135%2C119%2C116%2C121" "Mozilla/5.0 (Linux; Android 7.0;) AppleWebKit/537.36 (KHTML, like Gecko) Mobile Safari/537.36 (compatible; PetalBot;+https://webmaster.petalsearch.com/site/petalbot)"
185.191.171.7 - - [05/Jul/2025:19:38:46 -0400] "GET /shop/?filter_cat=115%2C119%2C114%2C124%2C121 HTTP/1.1" 500 0 "-" "Mozilla/5.0 (compatible; SemrushBot/7~bl; +http://www.semrush.com/bot.html)"
185.191.171.1 - - [05/Jul/2025:19:37:45 -0400] "GET /shop/?filter_cat=135%2C112%2C115%2C127%2C134 HTTP/1.1" 500 0 "-" "Mozilla/5.0 (compatible; SemrushBot/7~bl; +http://www.semrush.com/bot.html)"
66.249.65.98 - - [05/Jul/2025:19:39:17 -0400] "GET /shop/page/2/?perpage=12&filter_cat=125%2C115%2C114%2C118%2C137%2C112%2C130&shop_view=grid_view&on_sale=onsale&column=4 HTTP/1.1" 500 0 "-" "Mozilla/5.0 (Linux; Android 6.0.1; Nexus 5X Build/MMB29P) AppleWebKit/537.36 (KHTML, like Gecko) Chrome/137.0.7151.103 Mobile Safari/537.36 (compatible; Googlebot/2.1; +http://www.google.com/bot.html)"
85.208.96.200 - - [05/Jul/2025:19:39:47 -0400] "GET /shop/?filter_cat=115%2C126%2C112%2C134%2C121 HTTP/1.1" 500 0 "-" "Mozilla/5.0 (compatible; SemrushBot/7~bl; +http://www.semrush.com/bot.html)"
85.208.96.204 - - [05/Jul/2025:19:40:47 -0400] "GET /shop/?filter_cat=121%2C135%2C126%2C114 HTTP/1.1" 500 0 "-" "Mozilla/5.0 (compatible; SemrushBot/7~bl; +http://www.semrush.com/bot.html)"
85.208.96.207 - - [05/Jul/2025:19:41:48 -0400] "GET /shop/?filter_cat=116%2C126%2C123%2C127%2C117 HTTP/1.1" 500 0 "-" "Mozilla/5.0 (compatible; SemrushBot/7~bl; +http://www.semrush.com/bot.html)"
85.208.96.203 - - [05/Jul/2025:19:42:48 -0400] "GET /shop/?filter_cat=115%2C131%2C125%2C113%2C126 HTTP/1.1" 500 0 "-" "Mozilla/5.0 (compatible; SemrushBot/7~bl; +http://www.semrush.com/bot.html)"
85.208.96.207 - - [05/Jul/2025:19:43:49 -0400] "GET /shop/?filter_cat=115%2C134%2C128%2C124%2C121 HTTP/1.1" 500 0 "-" "Mozilla/5.0 (compatible; SemrushBot/7~bl; +http://www.semrush.com/bot.html)"
85.208.96.199 - - [05/Jul/2025:19:46:50 -0400] "GET /shop/?filter_cat=116%2C117%2C120%2C113%2C125 HTTP/1.1" 500 0 "-" "Mozilla/5.0 (compatible; SemrushBot/7~bl; +http://www.semrush.com/bot.html)"
185.191.171.13 - - [05/Jul/2025:19:47:52 -0400] "GET /shop/?filter_cat=135%2C128%2C134%2C115%2C131 HTTP/1.1" 500 0 "-" "Mozilla/5.0 (compatible; SemrushBot/7~bl; +http://www.semrush.com/bot.html)"
114.119.143.119 - - [05/Jul/2025:19:45:16 -0400] "GET /shop/?stock_status=instock&on_sale=onsale&filter_cat=121,137,124,114,123,120,117 HTTP/1.1" 500 0 "https://mm-deals.com/shop/?stock_status=instock&on_sale=onsale&filter_cat=137%2C124%2C114%2C123%2C120%2C117" "Mozilla/5.0 (Linux; Android 7.0;) AppleWebKit/537.36 (KHTML, like Gecko) Mobile Safari/537.36 (compatible; PetalBot;+https://webmaster.petalsearch.com/site/petalbot)"
185.191.171.11 - - [05/Jul/2025:19:44:50 -0400] "GET /shop/?filter_cat=117%2C116%2C113%2C126%2C119 HTTP/1.1" 500 0 "-" "Mozilla/5.0 (compatible; SemrushBot/7~bl; +http://www.semrush.com/bot.html)"
85.208.96.197 - - [05/Jul/2025:19:45:50 -0400] "GET /shop/?filter_cat=116%2C125%2C123%2C119%2C115 HTTP/1.1" 500 0 "-" "Mozilla/5.0 (compatible; SemrushBot/7~bl; +http://www.semrush.com/bot.html)"
85.208.96.208 - - [05/Jul/2025:19:42:13 -0400] "GET /robots.txt HTTP/1.1" 200 200 "-" "Mozilla/5.0 (compatible; SemrushBot/7~bl; +http://www.semrush.com/bot.html)"
66.249.65.97 - - [05/Jul/2025:19:48:22 -0400] "GET /shop/page/17/?perpage=12&filter_cat=119%2C120%2C118%2C117%2C121%2C134%2C135%2C137%2C113%2C126%2C127%2C125&column=2&shop_view=grid_view&on_sale=onsale HTTP/1.1" 500 0 "-" "Mozilla/5.0 (Linux; Android 6.0.1; Nexus 5X Build/MMB29P) AppleWebKit/537.36 (KHTML, like Gecko) Chrome/137.0.7151.103 Mobile Safari/537.36 (compatible; Googlebot/2.1; +http://www.google.com/bot.html)"
85.208.96.197 - - [05/Jul/2025:19:48:52 -0400] "GET /shop/?filter_cat=113%2C117%2C128%2C129%2C131 HTTP/1.1" 500 0 "-" "Mozilla/5.0 (compatible; SemrushBot/7~bl; +http://www.semrush.com/bot.html)"
185.191.171.15 - - [05/Jul/2025:19:49:55 -0400] "GET /shop/?filter_cat=113%2C125%2C137%2C115%2C112 HTTP/1.1" 500 0 "-" "Mozilla/5.0 (compatible; SemrushBot/7~bl; +http://www.semrush.com/bot.html)"
185.191.171.10 - - [05/Jul/2025:19:51:59 -0400] "GET /shop/?filter_cat=116%2C124%2C120%2C131%2C135 HTTP/1.1" 500 0 "-" "Mozilla/5.0 (compatible; SemrushBot/7~bl; +http://www.semrush.com/bot.html)"
185.191.171.12 - - [05/Jul/2025:19:56:03 -0400] "GET /shop/?filter_cat=122%2C127%2C118%2C115 HTTP/1.1" 500 0 "-" "Mozilla/5.0 (compatible; SemrushBot/7~bl; +http://www.semrush.com/bot.html)"
85.208.96.195 - - [05/Jul/2025:19:55:01 -0400] "GET /shop/?filter_cat=137%2C119%2C117%2C115%2C114 HTTP/1.1" 500 0 "-" "Mozilla/5.0 (compatible; SemrushBot/7~bl; +http://www.semrush.com/bot.html)"
114.119.140.4 - - [05/Jul/2025:19:55:13 -0400] "GET /shop/?stock_status=instock&on_sale=onsale&filter_cat=121,135,134,113,130,115,129,116 HTTP/1.1" 500 0 "https://mm-deals.com/shop/?stock_status=instock&on_sale=onsale&filter_cat=135%2C134%2C113%2C130%2C115%2C129%2C116" "Mozilla/5.0 (Linux; Android 7.0;) AppleWebKit/537.36 (KHTML, like Gecko) Mobile Safari/537.36 (compatible; PetalBot;+https://webmaster.petalsearch.com/site/petalbot)"
66.249.65.99 - - [05/Jul/2025:19:53:26 -0400] "GET /shop/page/19/?perpage=12&filter_cat=122%2C115%2C134%2C131%2C119%2C124%2C114%2C129%2C121%2C137%2C113%2C126%2C125&on_sale=onsale&shop_view=list_view&column=4 HTTP/1.1" 500 0 "-" "Mozilla/5.0 (Linux; Android 6.0.1; Nexus 5X Build/MMB29P) AppleWebKit/537.36 (KHTML, like Gecko) Chrome/137.0.7151.103 Mobile Safari/537.36 (compatible; Googlebot/2.1; +http://www.google.com/bot.html)"
185.191.171.4 - - [05/Jul/2025:19:54:01 -0400] "GET /shop/?filter_cat=117%2C127%2C128%2C121%2C123 HTTP/1.1" 500 0 "-" "Mozilla/5.0 (compatible; SemrushBot/7~bl; +http://www.semrush.com/bot.html)"
185.191.171.14 - - [05/Jul/2025:19:50:58 -0400] "GET /shop/?filter_cat=116%2C122%2C123%2C118%2C127 HTTP/1.1" 500 0 "-" "Mozilla/5.0 (compatible; SemrushBot/7~bl; +http://www.semrush.com/bot.html)"
66.249.65.98 - - [05/Jul/2025:19:52:21 -0400] "GET /shop/page/7/?perpage=12&filter_cat=129%2C117%2C114%2C127%2C115%2C135%2C121%2C123%2C113%2C137%2C112%2C130%2C125%2C122&column=3&shop_view=grid_view HTTP/1.1" 500 0 "-" "Mozilla/5.0 (Linux; Android 6.0.1; Nexus 5X Build/MMB29P) AppleWebKit/537.36 (KHTML, like Gecko) Chrome/137.0.7151.103 Mobile Safari/537.36 (compatible; Googlebot/2.1; +http://www.google.com/bot.html)"
185.191.171.12 - - [05/Jul/2025:19:53:00 -0400] "GET /shop/?filter_cat=135%2C118%2C116%2C125 HTTP/1.1" 500 0 "-" "Mozilla/5.0 (compatible; SemrushBot/7~bl; +http://www.semrush.com/bot.html)"
85.208.96.201 - - [05/Jul/2025:19:57:03 -0400] "GET /shop/?filter_cat=112%2C127%2C129%2C117%2C120 HTTP/1.1" 500 0 "-" "Mozilla/5.0 (compatible; SemrushBot/7~bl; +http://www.semrush.com/bot.html)"
185.191.171.11 - - [05/Jul/2025:19:58:04 -0400] "GET /shop/?filter_cat=119%2C114%2C124%2C126%2C118 HTTP/1.1" 500 0 "-" "Mozilla/5.0 (compatible; SemrushBot/7~bl; +http://www.semrush.com/bot.html)"
85.208.96.201 - - [05/Jul/2025:19:59:04 -0400] "GET /shop/?filter_cat=137%2C123%2C118%2C134%2C112 HTTP/1.1" 500 0 "-" "Mozilla/5.0 (compatible; SemrushBot/7~bl; +http://www.semrush.com/bot.html)"
85.208.96.210 - - [05/Jul/2025:20:02:07 -0400] "GET /shop/?filter_cat=117%2C134%2C135%2C128%2C125 HTTP/1.1" 500 0 "-" "Mozilla/5.0 (compatible; SemrushBot/7~bl; +http://www.semrush.com/bot.html)"
185.191.171.17 - - [05/Jul/2025:20:00:05 -0400] "GET /shop/?filter_cat=113%2C127%2C129%2C121%2C124 HTTP/1.1" 500 0 "-" "Mozilla/5.0 (compatible; SemrushBot/7~bl; +http://www.semrush.com/bot.html)"
166.108.206.84 - - [05/Jul/2025:20:00:54 -0400] "GET /bamboo-charcoal-to-remove-blackhead-nose-mask-50g/ HTTP/1.1" 500 0 "https://mm-deals.com/bamboo-charcoal-to-remove-blackhead-nose-mask-50g/#respond" "Mozilla/5.0 (Macintosh; Intel Mac OS X 10_15_7) AppleWebKit/537.36 (KHTML, like Gecko) Chrome/131.0.0.0 Safari/537.36"
185.191.171.19 - - [05/Jul/2025:20:01:06 -0400] "GET /shop/?filter_cat=112%2C122%2C137%2C114%2C116 HTTP/1.1" 500 0 "-" "Mozilla/5.0 (compatible; SemrushBot/7~bl; +http://www.semrush.com/bot.html)"
114.119.133.34 - - [05/Jul/2025:20:01:17 -0400] "GET /shop/?stock_status=instock&on_sale=onsale&filter_cat=121,135,124,114,123,120 HTTP/1.1" 500 0 "https://mm-deals.com/shop/?stock_status=instock&on_sale=onsale&filter_cat=135%2C124%2C114%2C123%2C120" "Mozilla/5.0 (Linux; Android 7.0;) AppleWebKit/537.36 (KHTML, like Gecko) Mobile Safari/537.36 (compatible; PetalBot;+https://webmaster.petalsearch.com/site/petalbot)"
185.191.171.4 - - [05/Jul/2025:20:03:08 -0400] "GET /shop/?filter_cat=113%2C125%2C117%2C131 HTTP/1.1" 500 0 "-" "Mozilla/5.0 (compatible; SemrushBot/7~bl; +http://www.semrush.com/bot.html)"
85.208.96.197 - - [05/Jul/2025:20:03:21 -0400] "GET /robots.txt HTTP/1.1" 200 200 "-" "Mozilla/5.0 (compatible; SemrushBot/7~bl; +http://www.semrush.com/bot.html)"
85.208.96.198 - - [05/Jul/2025:20:04:09 -0400] "GET /shop/?filter_cat=137%2C127%2C112%2C125%2C113 HTTP/1.1" 500 0 "-" "Mozilla/5.0 (compatible; SemrushBot/7~bl; +http://www.semrush.com/bot.html)"
85.208.96.205 - - [05/Jul/2025:20:05:09 -0400] "GET /shop/?filter_cat=137%2C118%2C130%2C127%2C122 HTTP/1.1" 500 0 "-" "Mozilla/5.0 (compatible; SemrushBot/7~bl; +http://www.semrush.com/bot.html)"
85.208.96.202 - - [05/Jul/2025:20:06:10 -0400] "GET /shop/?filter_cat=115%2C126%2C116%2C127%2C125 HTTP/1.1" 500 0 "-" "Mozilla/5.0 (compatible; SemrushBot/7~bl; +http://www.semrush.com/bot.html)"
216.244.66.235 - - [05/Jul/2025:20:06:34 -0400] "GET /robots.txt HTTP/1.1" 200 1980 "-" "Mozilla/5.0 (compatible; DotBot/1.2; +https://opensiteexplorer.org/dotbot; help@moz.com)"
66.249.65.99 - - [05/Jul/2025:20:05:07 -0400] "GET /shop/page/15/?perpage=12&filter_cat=119%2C129%2C121%2C114%2C123%2C128%2C134%2C120%2C115%2C118%2C131%2C112%2C130%2C125&column=4&shop_view=grid_view&on_sale=onsale&stock_status=instock HTTP/1.1" 500 0 "-" "Mozilla/5.0 (Linux; Android 6.0.1; Nexus 5X Build/MMB29P) AppleWebKit/537.36 (KHTML, like Gecko) Chrome/137.0.7151.103 Mobile Safari/537.36 (compatible; Googlebot/2.1; +http://www.google.com/bot.html)"
85.208.96.198 - - [05/Jul/2025:20:08:11 -0400] "GET /shop/?filter_cat=137%2C130%2C128%2C112%2C129 HTTP/1.1" 500 0 "-" "Mozilla/5.0 (compatible; SemrushBot/7~bl; +http://www.semrush.com/bot.html)"
66.249.65.98 - - [05/Jul/2025:20:08:35 -0400] "GET /shop/page/3/?perpage=12&filter_cat=113%2C116%2C128%2C120%2C118%2C121%2C112%2C125%2C122&column=3&shop_view=list_view&on_sale=onsale HTTP/1.1" 500 0 "-" "Mozilla/5.0 (Linux; Android 6.0.1; Nexus 5X Build/MMB29P) AppleWebKit/537.36 (KHTML, like Gecko) Chrome/137.0.7151.103 Mobile Safari/537.36 (compatible; Googlebot/2.1; +http://www.google.com/bot.html)"
185.191.171.11 - - [05/Jul/2025:20:09:12 -0400] "GET /shop/?filter_cat=114%2C125%2C135%2C112%2C122 HTTP/1.1" 500 0 "-" "Mozilla/5.0 (compatible; SemrushBot/7~bl; +http://www.semrush.com/bot.html)"
85.208.96.198 - - [05/Jul/2025:20:07:10 -0400] "GET /shop/?filter_cat=137%2C112%2C113%2C122%2C130 HTTP/1.1" 500 0 "-" "Mozilla/5.0 (compatible; SemrushBot/7~bl; +http://www.semrush.com/bot.html)"
66.249.65.98 - - [05/Jul/2025:20:07:57 -0400] "GET /shop/page/13/?perpage=12&filter_cat=118%2C131%2C126%2C117%2C128%2C120%2C121%2C134%2C113%2C112%2C135&column=2&shop_view=grid_view&on_sale=onsale HTTP/1.1" 500 0 "-" "Mozilla/5.0 (Linux; Android 6.0.1; Nexus 5X Build/MMB29P) AppleWebKit/537.36 (KHTML, like Gecko) Chrome/137.0.7151.103 Mobile Safari/537.36 (compatible; Googlebot/2.1; +http://www.google.com/bot.html)"
114.119.140.4 - - [05/Jul/2025:20:08:31 -0400] "GET /shop/?stock_status=instock&on_sale=onsale&filter_cat=121,124,125 HTTP/1.1" 500 0 "https://mm-deals.com/shop/?stock_status=instock&on_sale=onsale&filter_cat=124%2C125" "Mozilla/5.0 (Linux; Android 7.0;) AppleWebKit/537.36 (KHTML, like Gecko) Mobile Safari/537.36 (compatible; PetalBot;+https://webmaster.petalsearch.com/site/petalbot)"
66.249.65.98 - - [05/Jul/2025:20:11:37 -0400] "GET /shop/page/16/?perpage=12&filter_cat=129%2C119%2C121%2C134%2C135%2C137%2C113%2C126%2C127%2C125&shop_view=grid_view&column=4 HTTP/1.1" 500 0 "-" "Mozilla/5.0 (Linux; Android 6.0.1; Nexus 5X Build/MMB29P) AppleWebKit/537.36 (KHTML, like Gecko) Chrome/137.0.7151.103 Mobile Safari/537.36 (compatible; Googlebot/2.1; +http://www.google.com/bot.html)"
216.244.66.235 - - [05/Jul/2025:20:12:00 -0400] "GET /shop/?add-to-cart=7526&filter_cat=112,124,117 HTTP/1.1" 500 0 "-" "Mozilla/5.0 (compatible; DotBot/1.2; +https://opensiteexplorer.org/dotbot; help@moz.com)"
185.191.171.16 - - [05/Jul/2025:20:10:13 -0400] "GET /shop/?filter_cat=114%2C122%2C115%2C126%2C134 HTTP/1.1" 500 0 "-" "Mozilla/5.0 (compatible; SemrushBot/7~bl; +http://www.semrush.com/bot.html)"
185.191.171.15 - - [05/Jul/2025:20:11:14 -0400] "GET /shop/?filter_cat=117%2C112%2C135%2C134%2C129 HTTP/1.1" 500 0 "-" "Mozilla/5.0 (compatible; SemrushBot/7~bl; +http://www.semrush.com/bot.html)"
216.244.66.235 - - [05/Jul/2025:20:12:11 -0400] "GET /shop/?add-to-cart=7537&filter_cat=114,127,125 HTTP/1.1" 500 0 "-" "Mozilla/5.0 (compatible; DotBot/1.2; +https://opensiteexplorer.org/dotbot; help@moz.com)"
85.208.96.210 - - [05/Jul/2025:20:12:15 -0400] "GET /shop/?filter_cat=113%2C122%2C134%2C130%2C125 HTTP/1.1" 500 0 "-" "Mozilla/5.0 (compatible; SemrushBot/7~bl; +http://www.semrush.com/bot.html)"
216.244.66.235 - - [05/Jul/2025:20:12:31 -0400] "GET /shop/?add-to-cart=7514&filter_cat=134,127,122,129 HTTP/1.1" 500 0 "-" "Mozilla/5.0 (compatible; DotBot/1.2; +https://opensiteexplorer.org/dotbot; help@moz.com)"
185.191.171.6 - - [05/Jul/2025:20:13:16 -0400] "GET /shop/?filter_cat=135%2C117%2C125%2C115%2C131 HTTP/1.1" 500 0 "-" "Mozilla/5.0 (compatible; SemrushBot/7~bl; +http://www.semrush.com/bot.html)"
216.244.66.235 - - [05/Jul/2025:20:13:33 -0400] "GET /shop/?filter_cat=126,125,123,117 HTTP/1.1" 500 0 "-" "Mozilla/5.0 (compatible; DotBot/1.2; +https://opensiteexplorer.org/dotbot; help@moz.com)"
216.244.66.235 - - [05/Jul/2025:20:14:04 -0400] "GET /shop/?add-to-cart=7520&filter_cat=135,123&on_sale=onsale HTTP/1.1" 500 0 "-" "Mozilla/5.0 (compatible; DotBot/1.2; +https://opensiteexplorer.org/dotbot; help@moz.com)"
85.208.96.200 - - [05/Jul/2025:20:14:17 -0400] "GET /shop/?filter_cat=116%2C120%2C114%2C113%2C123 HTTP/1.1" 500 0 "-" "Mozilla/5.0 (compatible; SemrushBot/7~bl; +http://www.semrush.com/bot.html)"
216.244.66.235 - - [05/Jul/2025:20:14:35 -0400] "GET /shop/?column=3&shop_view=grid_view&filter_cat=119%2C114 HTTP/1.1" 500 0 "-" "Mozilla/5.0 (compatible; DotBot/1.2; +https://opensiteexplorer.org/dotbot; help@moz.com)"
216.244.66.235 - - [05/Jul/2025:20:15:06 -0400] "GET /shop/?column=3&shop_view=list_view&filter_cat=127,129 HTTP/1.1" 500 0 "-" "Mozilla/5.0 (compatible; DotBot/1.2; +https://opensiteexplorer.org/dotbot; help@moz.com)"
185.191.171.2 - - [05/Jul/2025:20:15:18 -0400] "GET /shop/?filter_cat=131%2C135%2C126%2C127%2C130 HTTP/1.1" 500 0 "-" "Mozilla/5.0 (compatible; SemrushBot/7~bl; +http://www.semrush.com/bot.html)"
185.191.171.5 - - [05/Jul/2025:20:16:19 -0400] "GET /shop/?filter_cat=131%2C134%2C121%2C122%2C123 HTTP/1.1" 500 0 "-" "Mozilla/5.0 (compatible; SemrushBot/7~bl; +http://www.semrush.com/bot.html)"
216.244.66.235 - - [05/Jul/2025:20:17:54 -0400] "GET /shop/?add-to-cart=7514&filter_cat=120%2C119%2C131&stock_status=instock HTTP/1.1" 500 0 "-" "Mozilla/5.0 (compatible; DotBot/1.2; +https://opensiteexplorer.org/dotbot; help@moz.com)"
185.36.190.74 - - [05/Jul/2025:20:18:01 -0400] "GET /.env HTTP/1.1" 403 1242 "-" "Mozilla/5.0 (X11; Linux x86_64) AppleWebKit/537.36 (KHTML like Gecko) Chrome/36.0.1985.125 Safari/537.36"
185.191.171.11 - - [05/Jul/2025:20:18:22 -0400] "GET /shop/?filter_cat=137%2C131%2C120%2C119%2C125 HTTP/1.1" 500 0 "-" "Mozilla/5.0 (compatible; SemrushBot/7~bl; +http://www.semrush.com/bot.html)"
185.191.171.13 - - [05/Jul/2025:20:20:23 -0400] "GET /shop/?filter_cat=115%2C135%2C130%2C125%2C123 HTTP/1.1" 500 0 "-" "Mozilla/5.0 (compatible; SemrushBot/7~bl; +http://www.semrush.com/bot.html)"
66.249.65.97 - - [05/Jul/2025:20:21:19 -0400] "GET /shop/?perpage=12&filter_cat=129,117,119,135,121,125,115,114,137,112,130&shop_view=grid_view&column=2&stock_status=instock&on_sale=onsale HTTP/1.1" 500 0 "-" "Mozilla/5.0 (Linux; Android 6.0.1; Nexus 5X Build/MMB29P) AppleWebKit/537.36 (KHTML, like Gecko) Chrome/137.0.7151.103 Mobile Safari/537.36 (compatible; Googlebot/2.1; +http://www.google.com/bot.html)"
216.244.66.235 - - [05/Jul/2025:20:13:02 -0400] "GET /shop/?filter_cat=119,135,117,134&on_sale=onsale HTTP/1.1" 500 0 "-" "Mozilla/5.0 (compatible; DotBot/1.2; +https://opensiteexplorer.org/dotbot; help@moz.com)"
216.244.66.235 - - [05/Jul/2025:20:15:36 -0400] "GET /shop/?filter_cat=125%2C123%2C117&column=3&shop_view=grid_view HTTP/1.1" 500 0 "-" "Mozilla/5.0 (compatible; DotBot/1.2; +https://opensiteexplorer.org/dotbot; help@moz.com)"
114.119.133.34 - - [05/Jul/2025:20:15:55 -0400] "GET /shop/?stock_status=instock&on_sale=onsale&filter_cat=121 HTTP/1.1" 500 0 "https://mm-deals.com/shop/page/6/?stock_status=instock&on_sale=onsale" "Mozilla/5.0 (Linux; Android 7.0;) AppleWebKit/537.36 (KHTML, like Gecko) Mobile Safari/537.36 (compatible; PetalBot;+https://webmaster.petalsearch.com/site/petalbot)"
216.244.66.235 - - [05/Jul/2025:20:16:06 -0400] "GET /shop/?shop_view=list_view&filter_cat=128,129,137&on_sale=onsale HTTP/1.1" 500 0 "-" "Mozilla/5.0 (compatible; DotBot/1.2; +https://opensiteexplorer.org/dotbot; help@moz.com)"
185.191.171.17 - - [05/Jul/2025:20:17:20 -0400] "GET /shop/?filter_cat=113%2C123%2C116%2C135%2C122 HTTP/1.1" 500 0 "-" "Mozilla/5.0 (compatible; SemrushBot/7~bl; +http://www.semrush.com/bot.html)"
85.208.96.202 - - [05/Jul/2025:20:19:22 -0400] "GET /shop/?filter_cat=137%2C131%2C128%2C124%2C116 HTTP/1.1" 500 0 "-" "Mozilla/5.0 (compatible; SemrushBot/7~bl; +http://www.semrush.com/bot.html)"
185.191.171.6 - - [05/Jul/2025:20:21:24 -0400] "GET /shop/?filter_cat=112%2C137%2C121%2C114%2C135 HTTP/1.1" 500 0 "-" "Mozilla/5.0 (compatible; SemrushBot/7~bl; +http://www.semrush.com/bot.html)"
85.208.96.200 - - [05/Jul/2025:20:22:24 -0400] "GET /shop/?filter_cat=117%2C116%2C123%2C128%2C112 HTTP/1.1" 500 0 "-" "Mozilla/5.0 (compatible; SemrushBot/7~bl; +http://www.semrush.com/bot.html)"
85.208.96.193 - - [05/Jul/2025:20:23:25 -0400] "GET /shop/?filter_cat=114%2C112%2C123%2C119%2C135 HTTP/1.1" 500 0 "-" "Mozilla/5.0 (compatible; SemrushBot/7~bl; +http://www.semrush.com/bot.html)"
85.208.96.201 - - [05/Jul/2025:20:23:58 -0400] "GET /robots.txt HTTP/1.1" 200 200 "-" "Mozilla/5.0 (compatible; SemrushBot/7~bl; +http://www.semrush.com/bot.html)"
