172.207.242.80 - - [06/Jul/2025:02:15:05 -0400] "GET /wp-includes/fonts/load.php HTTP/1.1" 301 795 "binance.com" "Mozilla/5.0 (Windows NT 10.0; Win64; x64) AppleWebKit/537.36 (KHTML, like Gecko) Chrome/90.0.4430.85 Safari/537.36"
172.207.242.80 - - [06/Jul/2025:02:15:17 -0400] "GET /wp-includes/images/smilies/ HTTP/1.1" 301 795 "binance.com" "Mozilla/5.0 (Windows NT 10.0; Win64; x64) AppleWebKit/537.36 (KHTML, like Gecko) Chrome/90.0.4430.85 Safari/537.36"
172.207.242.80 - - [06/Jul/2025:02:15:24 -0400] "GET /wp-includes/js/codemirror/ HTTP/1.1" 301 795 "binance.com" "Mozilla/5.0 (Windows NT 10.0; Win64; x64) AppleWebKit/537.36 (KHTML, like Gecko) Chrome/90.0.4430.85 Safari/537.36"
172.207.242.80 - - [06/Jul/2025:02:15:29 -0400] "GET /.well-known/ HTTP/1.1" 301 795 "binance.com" "Mozilla/5.0 (Windows NT 10.0; Win64; x64) AppleWebKit/537.36 (KHTML, like Gecko) Chrome/90.0.4430.85 Safari/537.36"
172.207.242.80 - - [06/Jul/2025:02:15:21 -0400] "GET /wp-includes/js/%20 HTTP/1.1" 301 795 "binance.com" "Mozilla/5.0 (Windows NT 10.0; Win64; x64) AppleWebKit/537.36 (KHTML, like Gecko) Chrome/90.0.4430.85 Safari/537.36"
172.207.242.80 - - [06/Jul/2025:02:15:27 -0400] "GET /wp-includes/js/plupload/ HTTP/1.1" 301 795 "binance.com" "Mozilla/5.0 (Windows NT 10.0; Win64; x64) AppleWebKit/537.36 (KHTML, like Gecko) Chrome/90.0.4430.85 Safari/537.36"
45.84.107.54 - - [06/Jul/2025:02:21:19 -0400] "GET / HTTP/1.1" 301 795 "mm-deals.com" "Mozilla/5.0 (Linux; Android 9; AOSP on IA Emulator Build/PSR1.180720.117) AppleWebKit/537.36 (KHTML, like Gecko) Chrome/69.0.3497.100 Safari/537.36"
34.105.101.111 - - [06/Jul/2025:02:25:40 -0400] "HEAD /wordpress HTTP/1.1" 301 0 "-" "Mozilla/5.0 (Windows NT 10.0; Win64; x64) AppleWebKit/537.36 (KHTML, like Gecko) Chrome/74.0.3729.169 Safari/537.36"
122.8.185.42 - - [06/Jul/2025:02:24:36 -0400] "GET /stainless-steel-handled-car-cleaning-tools-water-scraper-multi-tools/stainless-steel-handled-car-cleaning-tools-water-scraper-multi-tools/3984 HTTP/1.1" 301 795 "http://mm-deals.com/stainless-steel-handled-car-cleaning-tools-water-scraper-multi-tools/stainless-steel-handled-car-cleaning-tools-water-scraper-multi-tools/3984" "Mozilla/5.0 (Macintosh; Intel Mac OS X 10_15_7) AppleWebKit/537.36 (KHTML, like Gecko) Chrome/120.0.0.0 Safari/537.36"
180.110.203.108 - - [06/Jul/2025:02:38:14 -0400] "GET / HTTP/1.1" 301 795 "-" "Mozilla/5.0 (iPhone; CPU iPhone OS 13_2_3 like Mac OS X) AppleWebKit/605.1.15 (KHTML, like Gecko) Version/13.0.3 Mobile/15E148 Safari/604.1"
216.244.66.235 - - [06/Jul/2025:02:38:12 -0400] "GET /robots.txt HTTP/1.1" 301 795 "-" "Mozilla/5.0 (compatible; DotBot/1.2; +https://opensiteexplorer.org/dotbot; help@moz.com)"
119.28.140.106 - - [06/Jul/2025:03:12:11 -0400] "GET / HTTP/1.1" 301 795 "-" "Mozilla/5.0 (iPhone; CPU iPhone OS 13_2_3 like Mac OS X) AppleWebKit/605.1.15 (KHTML, like Gecko) Version/13.0.3 Mobile/15E148 Safari/604.1"
216.244.66.235 - - [06/Jul/2025:03:21:08 -0400] "GET /robots.txt HTTP/1.1" 301 795 "-" "Mozilla/5.0 (compatible; DotBot/1.2; +https://opensiteexplorer.org/dotbot; help@moz.com)"
pets.mm-deals.com000064000000002306150262443050007713 0ustar0043.130.53.252 - - [05/Jul/2025:08:13:45 -0400] "GET / HTTP/1.1" 301 795 "-" "Mozilla/5.0 (iPhone; CPU iPhone OS 13_2_3 like Mac OS X) AppleWebKit/605.1.15 (KHTML, like Gecko) Version/13.0.3 Mobile/15E148 Safari/604.1"
49.51.183.220 - - [05/Jul/2025:13:00:18 -0400] "GET / HTTP/1.1" 301 795 "-" "Mozilla/5.0 (iPhone; CPU iPhone OS 13_2_3 like Mac OS X) AppleWebKit/605.1.15 (KHTML, like Gecko) Version/13.0.3 Mobile/15E148 Safari/604.1"
104.210.140.142 - - [05/Jul/2025:17:52:36 -0400] "GET /robots.txt HTTP/1.1" 301 795 "-" "Mozilla/5.0 (Macintosh; Intel Mac OS X 10_15_7) AppleWebKit/537.36 (KHTML, like Gecko) Chrome/131.0.0.0 Safari/537.36; compatible; OAI-SearchBot/1.0; +https://openai.com/searchbot"
101.32.208.70 - - [05/Jul/2025:19:22:42 -0400] "GET / HTTP/1.1" 301 795 "-" "Mozilla/5.0 (iPhone; CPU iPhone OS 13_2_3 like Mac OS X) AppleWebKit/605.1.15 (KHTML, like Gecko) Version/13.0.3 Mobile/15E148 Safari/604.1"
205.210.31.50 - - [05/Jul/2025:21:14:17 -0400] "GET / HTTP/1.1" 301 795 "-" "-"
43.130.78.203 - - [06/Jul/2025:00:57:41 -0400] "GET / HTTP/1.1" 301 795 "-" "Mozilla/5.0 (iPhone; CPU iPhone OS 13_2_3 like Mac OS X) AppleWebKit/605.1.15 (KHTML, like Gecko) Version/13.0.3 Mobile/15E148 Safari/604.1"
mm-deals.com-ssl_log000064000002767057150262443050010430 0ustar0085.208.96.206 - - [05/Jul/2025:08:08:55 -0400] "GET /shop/?filter_cat=115%2C113%2C114%2C125%2C127 HTTP/1.1" 500 0 "-" "Mozilla/5.0 (compatible; SemrushBot/7~bl; +http://www.semrush.com/bot.html)"
85.208.96.212 - - [05/Jul/2025:08:09:56 -0400] "GET /shop/?filter_cat=137%2C130%2C119%2C120%2C134 HTTP/1.1" 500 0 "-" "Mozilla/5.0 (compatible; SemrushBot/7~bl; +http://www.semrush.com/bot.html)"
185.191.171.7 - - [05/Jul/2025:08:10:56 -0400] "GET /shop/?filter_cat=137%2C120%2C128%2C113%2C129 HTTP/1.1" 500 0 "-" "Mozilla/5.0 (compatible; SemrushBot/7~bl; +http://www.semrush.com/bot.html)"
114.119.134.212 - - [05/Jul/2025:08:11:41 -0400] "GET /shop/?stock_status=instock&on_sale=onsale&filter_cat=127,135,130,116,129,121 HTTP/1.1" 500 0 "https://mm-deals.com/shop/?stock_status=instock&on_sale=onsale&filter_cat=135%2C130%2C116%2C129%2C121" "Mozilla/5.0 (Linux; Android 7.0;) AppleWebKit/537.36 (KHTML, like Gecko) Mobile Safari/537.36 (compatible; PetalBot;+https://webmaster.petalsearch.com/site/petalbot)"
66.249.65.99 - - [05/Jul/2025:08:12:27 -0400] "GET /robots.txt HTTP/1.1" 200 135 "-" "Mozilla/5.0 (compatible; Googlebot/2.1; +http://www.google.com/bot.html)"
85.208.96.211 - - [05/Jul/2025:08:12:57 -0400] "GET /shop/?filter_cat=116%2C114%2C128%2C137%2C122 HTTP/1.1" 500 0 "-" "Mozilla/5.0 (compatible; SemrushBot/7~bl; +http://www.semrush.com/bot.html)"
216.244.66.235 - - [05/Jul/2025:08:14:24 -0400] "GET /robots.txt HTTP/1.1" 200 1980 "-" "Mozilla/5.0 (compatible; DotBot/1.2; +https://opensiteexplorer.org/dotbot; help@moz.com)"
185.191.171.10 - - [05/Jul/2025:08:14:58 -0400] "GET /shop/?filter_cat=113%2C117%2C127%2C118%2C124 HTTP/1.1" 500 0 "-" "Mozilla/5.0 (compatible; SemrushBot/7~bl; +http://www.semrush.com/bot.html)"
66.249.65.99 - - [05/Jul/2025:08:15:10 -0400] "GET /robots.txt HTTP/1.1" 200 135 "-" "Mozilla/5.0 (compatible; Googlebot/2.1; +http://www.google.com/bot.html)"
85.208.96.197 - - [05/Jul/2025:08:15:59 -0400] "GET /shop/?filter_cat=120%2C126%2C113%2C114%2C117 HTTP/1.1" 500 0 "-" "Mozilla/5.0 (compatible; SemrushBot/7~bl; +http://www.semrush.com/bot.html)"
185.191.171.16 - - [05/Jul/2025:08:17:00 -0400] "GET /shop/?filter_cat=116%2C124%2C134%2C137%2C130 HTTP/1.1" 500 0 "-" "Mozilla/5.0 (compatible; SemrushBot/7~bl; +http://www.semrush.com/bot.html)"
66.249.65.98 - - [05/Jul/2025:08:17:49 -0400] "GET /robots.txt HTTP/1.1" 200 135 "-" "Mozilla/5.0 (compatible; Googlebot/2.1; +http://www.google.com/bot.html)"
66.249.65.99 - - [05/Jul/2025:08:17:49 -0400] "GET /shop/?perpage=12&filter_cat=127,116,123,129,119,135,137,125&on_sale=onsale&shop_view=grid_view&column=3&stock_status=instock HTTP/1.1" 500 0 "-" "Mozilla/5.0 (Linux; Android 6.0.1; Nexus 5X Build/MMB29P) AppleWebKit/537.36 (KHTML, like Gecko) Chrome/137.0.7151.103 Mobile Safari/537.36 (compatible; Googlebot/2.1; +http://www.google.com/bot.html)"
185.191.171.3 - - [05/Jul/2025:08:18:00 -0400] "GET /shop/?filter_cat=117%2C122%2C137%2C115%2C121 HTTP/1.1" 500 0 "-" "Mozilla/5.0 (compatible; SemrushBot/7~bl; +http://www.semrush.com/bot.html)"
185.191.171.3 - - [05/Jul/2025:08:19:01 -0400] "GET /shop/?filter_cat=130%2C128%2C118%2C115%2C125 HTTP/1.1" 500 0 "-" "Mozilla/5.0 (compatible; SemrushBot/7~bl; +http://www.semrush.com/bot.html)"
185.191.171.11 - - [05/Jul/2025:08:20:02 -0400] "GET /shop/?filter_cat=137%2C116%2C122%2C117%2C126 HTTP/1.1" 500 0 "-" "Mozilla/5.0 (compatible; SemrushBot/7~bl; +http://www.semrush.com/bot.html)"
66.249.65.97 - - [05/Jul/2025:08:20:33 -0400] "GET /shop/?perpage=12&filter_cat=124,116,123,129,119,135,137,125&on_sale=onsale&shop_view=grid_view&column=3&stock_status=instock HTTP/1.1" 500 0 "-" "Mozilla/5.0 (Linux; Android 6.0.1; Nexus 5X Build/MMB29P) AppleWebKit/537.36 (KHTML, like Gecko) Chrome/137.0.7151.103 Mobile Safari/537.36 (compatible; Googlebot/2.1; +http://www.google.com/bot.html)"
185.191.171.15 - - [05/Jul/2025:08:21:03 -0400] "GET /shop/?filter_cat=115%2C135%2C116%2C117%2C129 HTTP/1.1" 500 0 "-" "Mozilla/5.0 (compatible; SemrushBot/7~bl; +http://www.semrush.com/bot.html)"
17.241.227.187 - - [05/Jul/2025:08:08:49 -0400] "GET /7499 HTTP/1.1" 500 0 "-" "Mozilla/5.0 (Macintosh; Intel Mac OS X 10_15_7) AppleWebKit/605.1.15 (KHTML, like Gecko) Version/17.4 Safari/605.1.15 (Applebot/0.1; +http://www.apple.com/go/applebot)"
66.249.65.99 - - [05/Jul/2025:08:09:07 -0400] "GET /robots.txt HTTP/1.1" 200 135 "-" "Mozilla/5.0 (compatible; Googlebot/2.1; +http://www.google.com/bot.html)"
66.249.65.97 - - [05/Jul/2025:08:09:07 -0400] "GET /shop/page/11/?perpage=12&filter_cat=116%2C114%2C123%2C128%2C134%2C120%2C115%2C118%2C130%2C125%2C122&column=2&shop_view=grid_view&on_sale=onsale&stock_status=instock HTTP/1.1" 500 0 "-" "Mozilla/5.0 (Linux; Android 6.0.1; Nexus 5X Build/MMB29P) AppleWebKit/537.36 (KHTML, like Gecko) Chrome/137.0.7151.103 Mobile Safari/537.36 (compatible; Googlebot/2.1; +http://www.google.com/bot.html)"
85.208.96.200 - - [05/Jul/2025:08:11:57 -0400] "GET /shop/?filter_cat=116%2C128%2C129%2C114 HTTP/1.1" 500 0 "-" "Mozilla/5.0 (compatible; SemrushBot/7~bl; +http://www.semrush.com/bot.html)"
66.249.65.98 - - [05/Jul/2025:08:12:27 -0400] "GET /thickened-soft-collar-pet-supplies/thickened-soft-collar-pet-supplies/ HTTP/1.1" 500 0 "-" "Mozilla/5.0 (Linux; Android 6.0.1; Nexus 5X Build/MMB29P) AppleWebKit/537.36 (KHTML, like Gecko) Chrome/137.0.7151.103 Mobile Safari/537.36 (compatible; Googlebot/2.1; +http://www.google.com/bot.html)"
66.249.65.98 - - [05/Jul/2025:08:13:47 -0400] "GET /robots.txt HTTP/1.1" 200 135 "-" "Mozilla/5.0 (compatible; Googlebot/2.1; +http://www.google.com/bot.html)"
66.249.65.98 - - [05/Jul/2025:08:13:47 -0400] "GET /shop/?perpage=12&filter_cat=112,118,134,131,119,114,123,129,121,137,113,126,125&on_sale=onsale&shop_view=grid_view&column=2 HTTP/1.1" 500 0 "-" "Mozilla/5.0 (Linux; Android 6.0.1; Nexus 5X Build/MMB29P) AppleWebKit/537.36 (KHTML, like Gecko) Chrome/137.0.7151.103 Mobile Safari/537.36 (compatible; Googlebot/2.1; +http://www.google.com/bot.html)"
85.208.96.202 - - [05/Jul/2025:08:13:57 -0400] "GET /shop/?filter_cat=137%2C127%2C117%2C129%2C125 HTTP/1.1" 500 0 "-" "Mozilla/5.0 (compatible; SemrushBot/7~bl; +http://www.semrush.com/bot.html)"
185.191.171.10 - - [05/Jul/2025:08:14:34 -0400] "GET /robots.txt HTTP/1.1" 200 200 "-" "Mozilla/5.0 (compatible; SemrushBot/7~bl; +http://www.semrush.com/bot.html)"
66.249.65.98 - - [05/Jul/2025:08:15:10 -0400] "GET /shop/?perpage=12&filter_cat=118,134,131,119,114,123,129,137,113,126,125&on_sale=onsale&shop_view=grid_view&column=2 HTTP/1.1" 500 0 "-" "Mozilla/5.0 (Linux; Android 6.0.1; Nexus 5X Build/MMB29P) AppleWebKit/537.36 (KHTML, like Gecko) Chrome/137.0.7151.103 Mobile Safari/537.36 (compatible; Googlebot/2.1; +http://www.google.com/bot.html)"
64.23.241.83 - - [05/Jul/2025:08:16:42 -0400] "GET / HTTP/1.1" 500 0 "-" "Mozilla/5.0 (X11; Linux x86_64) AppleWebKit/537.36 (KHTML, like Gecko) Chrome/137.0.0.0 Safari/537.36"
64.23.241.83 - - [05/Jul/2025:08:16:43 -0400] "GET /favicon.ico HTTP/1.1" 404 1251 "https://mm-deals.com/" "Mozilla/5.0 (X11; Linux x86_64) AppleWebKit/537.36 (KHTML, like Gecko) Chrome/137.0.0.0 Safari/537.36"
114.119.134.212 - - [05/Jul/2025:08:19:03 -0400] "GET /shop/?stock_status=instock&on_sale=onsale&filter_cat=127,135,124,115,129,116,121 HTTP/1.1" 500 0 "https://mm-deals.com/shop/?stock_status=instock&on_sale=onsale&filter_cat=135%2C124%2C115%2C129%2C116%2C121" "Mozilla/5.0 (Linux; Android 7.0;) AppleWebKit/537.36 (KHTML, like Gecko) Mobile Safari/537.36 (compatible; PetalBot;+https://webmaster.petalsearch.com/site/petalbot)"
185.191.171.18 - - [05/Jul/2025:08:23:05 -0400] "GET /shop/?filter_cat=113%2C134%2C118%2C122%2C135 HTTP/1.1" 500 0 "-" "Mozilla/5.0 (compatible; SemrushBot/7~bl; +http://www.semrush.com/bot.html)"
85.208.96.205 - - [05/Jul/2025:08:24:05 -0400] "GET /shop/?filter_cat=113%2C117%2C119%2C127%2C131 HTTP/1.1" 500 0 "-" "Mozilla/5.0 (compatible; SemrushBot/7~bl; +http://www.semrush.com/bot.html)"
85.208.96.199 - - [05/Jul/2025:08:22:04 -0400] "GET /shop/?filter_cat=115%2C114%2C125%2C116%2C120 HTTP/1.1" 500 0 "-" "Mozilla/5.0 (compatible; SemrushBot/7~bl; +http://www.semrush.com/bot.html)"
66.249.65.99 - - [05/Jul/2025:08:23:49 -0400] "GET /shop/?perpage=12&filter_cat=116,123,129,119,135,137&on_sale=onsale&shop_view=grid_view&column=3&stock_status=instock HTTP/1.1" 500 0 "-" "Mozilla/5.0 (Linux; Android 6.0.1; Nexus 5X Build/MMB29P) AppleWebKit/537.36 (KHTML, like Gecko) Chrome/137.0.7151.103 Mobile Safari/537.36 (compatible; Googlebot/2.1; +http://www.google.com/bot.html)"
216.244.66.235 - - [05/Jul/2025:08:25:30 -0400] "GET /shop/?add-to-cart=7514&filter_cat=126,122,113,123 HTTP/1.1" 500 0 "-" "Mozilla/5.0 (compatible; DotBot/1.2; +https://opensiteexplorer.org/dotbot; help@moz.com)"
216.244.66.235 - - [05/Jul/2025:08:25:51 -0400] "GET /shop/?add-to-cart=7520&filter_cat=113,119,137,118 HTTP/1.1" 500 0 "-" "Mozilla/5.0 (compatible; DotBot/1.2; +https://opensiteexplorer.org/dotbot; help@moz.com)"
85.208.96.207 - - [05/Jul/2025:08:26:07 -0400] "GET /shop/?filter_cat=112%2C129%2C130%2C115%2C124 HTTP/1.1" 500 0 "-" "Mozilla/5.0 (compatible; SemrushBot/7~bl; +http://www.semrush.com/bot.html)"
114.119.157.111 - - [05/Jul/2025:08:26:27 -0400] "GET /shop/?stock_status=instock&on_sale=onsale&filter_cat=127,134,116,121 HTTP/1.1" 500 0 "https://mm-deals.com/shop/?stock_status=instock&on_sale=onsale&filter_cat=134%2C116%2C121" "Mozilla/5.0 (Linux; Android 7.0;) AppleWebKit/537.36 (KHTML, like Gecko) Mobile Safari/537.36 (compatible; PetalBot;+https://webmaster.petalsearch.com/site/petalbot)"
216.244.66.235 - - [05/Jul/2025:08:26:52 -0400] "GET /shop/?add-to-cart=7526&filter_cat=118,127,119,120 HTTP/1.1" 500 0 "-" "Mozilla/5.0 (compatible; DotBot/1.2; +https://opensiteexplorer.org/dotbot; help@moz.com)"
185.191.171.5 - - [05/Jul/2025:08:27:08 -0400] "GET /shop/?filter_cat=116%2C129%2C120%2C125 HTTP/1.1" 500 0 "-" "Mozilla/5.0 (compatible; SemrushBot/7~bl; +http://www.semrush.com/bot.html)"
216.244.66.235 - - [05/Jul/2025:08:27:24 -0400] "GET /shop/?filter_cat=117,135,127,119&on_sale=onsale HTTP/1.1" 500 0 "-" "Mozilla/5.0 (compatible; DotBot/1.2; +https://opensiteexplorer.org/dotbot; help@moz.com)"
185.191.171.8 - - [05/Jul/2025:08:29:10 -0400] "GET /shop/?filter_cat=114%2C130%2C118%2C116%2C134 HTTP/1.1" 500 0 "-" "Mozilla/5.0 (compatible; SemrushBot/7~bl; +http://www.semrush.com/bot.html)"
85.208.96.204 - - [05/Jul/2025:08:30:11 -0400] "GET /shop/?filter_cat=115%2C127%2C128%2C130%2C113 HTTP/1.1" 500 0 "-" "Mozilla/5.0 (compatible; SemrushBot/7~bl; +http://www.semrush.com/bot.html)"
66.249.65.98 - - [05/Jul/2025:08:32:11 -0400] "GET /shop/?shop_view=list_view&column=4&stock_status=instock&filter_cat=128,134,130,122,118 HTTP/1.1" 500 0 "-" "Mozilla/5.0 (Linux; Android 6.0.1; Nexus 5X Build/MMB29P) AppleWebKit/537.36 (KHTML, like Gecko) Chrome/137.0.7151.103 Mobile Safari/537.36 (compatible; Googlebot/2.1; +http://www.google.com/bot.html)"
85.208.96.197 - - [05/Jul/2025:08:32:13 -0400] "GET /shop/?filter_cat=112%2C118%2C127%2C116%2C120 HTTP/1.1" 500 0 "-" "Mozilla/5.0 (compatible; SemrushBot/7~bl; +http://www.semrush.com/bot.html)"
85.208.96.200 - - [05/Jul/2025:08:33:13 -0400] "GET /shop/?filter_cat=137%2C114%2C119%2C126%2C130 HTTP/1.1" 500 0 "-" "Mozilla/5.0 (compatible; SemrushBot/7~bl; +http://www.semrush.com/bot.html)"
85.208.96.208 - - [05/Jul/2025:08:35:03 -0400] "GET /robots.txt HTTP/1.1" 200 200 "-" "Mozilla/5.0 (compatible; SemrushBot/7~bl; +http://www.semrush.com/bot.html)"
85.208.96.212 - - [05/Jul/2025:08:37:17 -0400] "GET /shop/?filter_cat=114%2C120%2C116%2C123%2C131 HTTP/1.1" 500 0 "-" "Mozilla/5.0 (compatible; SemrushBot/7~bl; +http://www.semrush.com/bot.html)"
143.198.196.44 - - [05/Jul/2025:08:24:46 -0400] "GET /wp-content/uploads/2022/01/2880189568_738827749-600x600.jpg HTTP/1.1" 200 71154 "-" "Mozilla/5.0 (Windows NT 10.0; Win64; x64) AppleWebKit/537.36 (KHTML, like Gecko) Chrome/122.0.0.0 Safari/537.36"
216.244.66.235 - - [05/Jul/2025:08:24:56 -0400] "GET /shop/?add-to-cart=7530&filter_cat=125,131,114 HTTP/1.1" 500 0 "-" "Mozilla/5.0 (compatible; DotBot/1.2; +https://opensiteexplorer.org/dotbot; help@moz.com)"
185.191.171.11 - - [05/Jul/2025:08:25:07 -0400] "GET /shop/?filter_cat=116%2C131%2C112%2C122%2C118 HTTP/1.1" 500 0 "-" "Mozilla/5.0 (compatible; SemrushBot/7~bl; +http://www.semrush.com/bot.html)"
66.249.65.98 - - [05/Jul/2025:08:25:49 -0400] "GET /shop/?shop_view=list_view&column=4&stock_status=instock&filter_cat=129,134,130,122,118 HTTP/1.1" 500 0 "-" "Mozilla/5.0 (Linux; Android 6.0.1; Nexus 5X Build/MMB29P) AppleWebKit/537.36 (KHTML, like Gecko) Chrome/137.0.7151.103 Mobile Safari/537.36 (compatible; Googlebot/2.1; +http://www.google.com/bot.html)"
216.244.66.235 - - [05/Jul/2025:08:26:22 -0400] "GET /shop/?add-to-cart=7520&filter_cat=124,119,137,118 HTTP/1.1" 500 0 "-" "Mozilla/5.0 (compatible; DotBot/1.2; +https://opensiteexplorer.org/dotbot; help@moz.com)"
216.244.66.235 - - [05/Jul/2025:08:27:58 -0400] "GET /shop/?filter_cat=119,126,123,134&on_sale=onsale HTTP/1.1" 500 0 "-" "Mozilla/5.0 (compatible; DotBot/1.2; +https://opensiteexplorer.org/dotbot; help@moz.com)"
85.208.96.195 - - [05/Jul/2025:08:28:09 -0400] "GET /shop/?filter_cat=131%2C127%2C125%2C114%2C130 HTTP/1.1" 500 0 "-" "Mozilla/5.0 (compatible; SemrushBot/7~bl; +http://www.semrush.com/bot.html)"
185.191.171.14 - - [05/Jul/2025:08:31:12 -0400] "GET /shop/?filter_cat=112%2C116%2C127%2C119%2C114 HTTP/1.1" 500 0 "-" "Mozilla/5.0 (compatible; SemrushBot/7~bl; +http://www.semrush.com/bot.html)"
114.119.150.65 - - [05/Jul/2025:08:33:49 -0400] "GET /shop/?stock_status=instock&on_sale=onsale&filter_cat=127,131,135,128,112 HTTP/1.1" 500 0 "https://mm-deals.com/shop/?stock_status=instock&on_sale=onsale&filter_cat=131%2C135%2C128%2C112" "Mozilla/5.0 (Linux; Android 7.0;) AppleWebKit/537.36 (KHTML, like Gecko) Mobile Safari/537.36 (compatible; PetalBot;+https://webmaster.petalsearch.com/site/petalbot)"
85.208.96.206 - - [05/Jul/2025:08:34:14 -0400] "GET /shop/?filter_cat=115%2C114%2C127%2C120%2C119 HTTP/1.1" 500 0 "-" "Mozilla/5.0 (compatible; SemrushBot/7~bl; +http://www.semrush.com/bot.html)"
66.249.65.97 - - [05/Jul/2025:08:34:26 -0400] "GET /shop/?perpage=12&filter_cat=121,135,114,134&column=3&shop_view=grid_view HTTP/1.1" 500 0 "-" "Mozilla/5.0 (Linux; Android 6.0.1; Nexus 5X Build/MMB29P) AppleWebKit/537.36 (KHTML, like Gecko) Chrome/137.0.7151.103 Mobile Safari/537.36 (compatible; Googlebot/2.1; +http://www.google.com/bot.html)"
185.191.171.15 - - [05/Jul/2025:08:35:16 -0400] "GET /shop/?filter_cat=114%2C124%2C127%2C131%2C125 HTTP/1.1" 500 0 "-" "Mozilla/5.0 (compatible; SemrushBot/7~bl; +http://www.semrush.com/bot.html)"
85.208.96.196 - - [05/Jul/2025:08:36:17 -0400] "GET /shop/?filter_cat=134%2C117%2C122%2C135%2C121 HTTP/1.1" 500 0 "-" "Mozilla/5.0 (compatible; SemrushBot/7~bl; +http://www.semrush.com/bot.html)"
185.191.171.6 - - [05/Jul/2025:08:38:18 -0400] "GET /shop/?filter_cat=114%2C119%2C129%2C130%2C121 HTTP/1.1" 500 0 "-" "Mozilla/5.0 (compatible; SemrushBot/7~bl; +http://www.semrush.com/bot.html)"
66.249.65.99 - - [05/Jul/2025:08:37:45 -0400] "GET /shop/?perpage=12&filter_cat=118,127,119,121,135,137,113&on_sale=onsale&shop_view=grid_view&column=2 HTTP/1.1" 500 0 "-" "Mozilla/5.0 (Linux; Android 6.0.1; Nexus 5X Build/MMB29P) AppleWebKit/537.36 (KHTML, like Gecko) Chrome/137.0.7151.103 Mobile Safari/537.36 (compatible; Googlebot/2.1; +http://www.google.com/bot.html)"
85.208.96.195 - - [05/Jul/2025:08:39:19 -0400] "GET /shop/?filter_cat=120%2C121%2C128%2C112 HTTP/1.1" 500 0 "-" "Mozilla/5.0 (compatible; SemrushBot/7~bl; +http://www.semrush.com/bot.html)"
85.208.96.200 - - [05/Jul/2025:08:42:21 -0400] "GET /shop/?filter_cat=129%2C112%2C122%2C117 HTTP/1.1" 500 0 "-" "Mozilla/5.0 (compatible; SemrushBot/7~bl; +http://www.semrush.com/bot.html)"
185.191.171.4 - - [05/Jul/2025:08:43:22 -0400] "GET /shop/?filter_cat=116%2C126%2C123%2C131%2C130 HTTP/1.1" 500 0 "-" "Mozilla/5.0 (compatible; SemrushBot/7~bl; +http://www.semrush.com/bot.html)"
66.249.65.99 - - [05/Jul/2025:08:45:25 -0400] "GET /shop/?perpage=12&filter_cat=129,131,127,122,130,124,115,128,120,121,134,113,112&stock_status=instock&column=3&shop_view=grid_view&on_sale=onsale HTTP/1.1" 500 0 "-" "Mozilla/5.0 (Linux; Android 6.0.1; Nexus 5X Build/MMB29P) AppleWebKit/537.36 (KHTML, like Gecko) Chrome/137.0.7151.103 Mobile Safari/537.36 (compatible; Googlebot/2.1; +http://www.google.com/bot.html)"
66.249.65.98 - - [05/Jul/2025:08:47:45 -0400] "GET /shop/?perpage=12&filter_cat=118,116,115,134,131,119,124,114,129,121,137,113,126,125&on_sale=onsale&shop_view=grid_view&column=3 HTTP/1.1" 500 0 "-" "Mozilla/5.0 (Linux; Android 6.0.1; Nexus 5X Build/MMB29P) AppleWebKit/537.36 (KHTML, like Gecko) Chrome/137.0.7151.103 Mobile Safari/537.36 (compatible; Googlebot/2.1; +http://www.google.com/bot.html)"
119.13.110.241 - - [05/Jul/2025:08:48:12 -0400] "GET /flower-shears-garden-shears/flower-shears-garden-shears/ HTTP/1.1" 500 0 "https://mm-deals.com/flower-shears-garden-shears/flower-shears-garden-shears/#tab-description" "Mozilla/5.0 (Windows NT 10.0; Win64; x64) AppleWebKit/537.36 (KHTML, like Gecko) Chrome/101.0.4951.64 Safari/537.36 Edg/101.0.1210.47"
185.191.171.3 - - [05/Jul/2025:08:40:20 -0400] "GET /shop/?filter_cat=113%2C119%2C131%2C116%2C118 HTTP/1.1" 500 0 "-" "Mozilla/5.0 (compatible; SemrushBot/7~bl; +http://www.semrush.com/bot.html)"
114.119.157.111 - - [05/Jul/2025:08:41:12 -0400] "GET /shop/?stock_status=instock&on_sale=onsale&filter_cat=127,130,137,118,121 HTTP/1.1" 500 0 "https://mm-deals.com/shop/?stock_status=instock&on_sale=onsale&filter_cat=130%2C137%2C118%2C121" "Mozilla/5.0 (Linux; Android 7.0;) AppleWebKit/537.36 (KHTML, like Gecko) Mobile Safari/537.36 (compatible; PetalBot;+https://webmaster.petalsearch.com/site/petalbot)"
185.191.171.8 - - [05/Jul/2025:08:41:21 -0400] "GET /shop/?filter_cat=131%2C134%2C130%2C115%2C120 HTTP/1.1" 500 0 "-" "Mozilla/5.0 (compatible; SemrushBot/7~bl; +http://www.semrush.com/bot.html)"
66.249.65.97 - - [05/Jul/2025:08:42:05 -0400] "GET /shop/?perpage=12&filter_cat=127,135,114,134&column=3&shop_view=grid_view HTTP/1.1" 500 0 "-" "Mozilla/5.0 (Linux; Android 6.0.1; Nexus 5X Build/MMB29P) AppleWebKit/537.36 (KHTML, like Gecko) Chrome/137.0.7151.103 Mobile Safari/537.36 (compatible; Googlebot/2.1; +http://www.google.com/bot.html)"
85.208.96.211 - - [05/Jul/2025:08:44:22 -0400] "GET /shop/?filter_cat=112%2C116%2C126%2C134%2C117 HTTP/1.1" 500 0 "-" "Mozilla/5.0 (compatible; SemrushBot/7~bl; +http://www.semrush.com/bot.html)"
85.208.96.210 - - [05/Jul/2025:08:45:23 -0400] "GET /shop/?filter_cat=116%2C134%2C125%2C137%2C123 HTTP/1.1" 500 0 "-" "Mozilla/5.0 (compatible; SemrushBot/7~bl; +http://www.semrush.com/bot.html)"
85.208.96.195 - - [05/Jul/2025:08:46:23 -0400] "GET /shop/?filter_cat=116%2C115%2C120%2C126%2C134 HTTP/1.1" 500 0 "-" "Mozilla/5.0 (compatible; SemrushBot/7~bl; +http://www.semrush.com/bot.html)"
185.191.171.19 - - [05/Jul/2025:08:47:24 -0400] "GET /shop/?filter_cat=114%2C128%2C124%2C131%2C126 HTTP/1.1" 500 0 "-" "Mozilla/5.0 (compatible; SemrushBot/7~bl; +http://www.semrush.com/bot.html)"
180.110.203.108 - - [05/Jul/2025:08:48:21 -0400] "GET / HTTP/1.1" 500 0 "http://mm-deals.com" "Mozilla/5.0 (iPhone; CPU iPhone OS 13_2_3 like Mac OS X) AppleWebKit/605.1.15 (KHTML, like Gecko) Version/13.0.3 Mobile/15E148 Safari/604.1"
185.191.171.8 - - [05/Jul/2025:08:49:27 -0400] "GET /shop/?filter_cat=116%2C126%2C137%2C113%2C135 HTTP/1.1" 500 0 "-" "Mozilla/5.0 (compatible; SemrushBot/7~bl; +http://www.semrush.com/bot.html)"
66.249.65.98 - - [05/Jul/2025:08:51:38 -0400] "GET /shop/?perpage=12&filter_cat=127,122,130,124,115,128,120,121,113,112&stock_status=instock&column=4&shop_view=grid_view&on_sale=onsale HTTP/1.1" 500 0 "-" "Mozilla/5.0 (Linux; Android 6.0.1; Nexus 5X Build/MMB29P) AppleWebKit/537.36 (KHTML, like Gecko) Chrome/137.0.7151.103 Mobile Safari/537.36 (compatible; Googlebot/2.1; +http://www.google.com/bot.html)"
185.191.171.14 - - [05/Jul/2025:08:52:29 -0400] "GET /shop/?filter_cat=115%2C125%2C120%2C118%2C112 HTTP/1.1" 500 0 "-" "Mozilla/5.0 (compatible; SemrushBot/7~bl; +http://www.semrush.com/bot.html)"
185.191.171.14 - - [05/Jul/2025:08:53:31 -0400] "GET /shop/?filter_cat=127%2C122%2C113%2C129 HTTP/1.1" 500 0 "-" "Mozilla/5.0 (compatible; SemrushBot/7~bl; +http://www.semrush.com/bot.html)"
185.191.171.15 - - [05/Jul/2025:08:55:34 -0400] "GET /shop/?filter_cat=117%2C131%2C123%2C134%2C127 HTTP/1.1" 500 0 "-" "Mozilla/5.0 (compatible; SemrushBot/7~bl; +http://www.semrush.com/bot.html)"
85.208.96.208 - - [05/Jul/2025:08:55:37 -0400] "GET /robots.txt HTTP/1.1" 200 200 "-" "Mozilla/5.0 (compatible; SemrushBot/7~bl; +http://www.semrush.com/bot.html)"
185.191.171.13 - - [05/Jul/2025:08:56:35 -0400] "GET /shop/?filter_cat=135%2C134%2C117%2C116%2C123 HTTP/1.1" 500 0 "-" "Mozilla/5.0 (compatible; SemrushBot/7~bl; +http://www.semrush.com/bot.html)"
66.249.65.98 - - [05/Jul/2025:08:56:39 -0400] "GET /shop/?perpage=12&filter_cat=115,134,118,129,116,137,113,117&column=2&shop_view=list_view HTTP/1.1" 500 0 "-" "Mozilla/5.0 (Linux; Android 6.0.1; Nexus 5X Build/MMB29P) AppleWebKit/537.36 (KHTML, like Gecko) Chrome/137.0.7151.103 Mobile Safari/537.36 (compatible; Googlebot/2.1; +http://www.google.com/bot.html)"
185.191.171.3 - - [05/Jul/2025:08:48:25 -0400] "GET /shop/?filter_cat=134%2C126%2C135%2C114%2C112 HTTP/1.1" 500 0 "-" "Mozilla/5.0 (compatible; SemrushBot/7~bl; +http://www.semrush.com/bot.html)"
114.119.134.212 - - [05/Jul/2025:08:49:01 -0400] "GET /shop/?stock_status=instock&on_sale=onsale&filter_cat=127,120,119,116,121 HTTP/1.1" 500 0 "https://mm-deals.com/shop/?stock_status=instock&on_sale=onsale&filter_cat=120%2C119%2C116%2C121" "Mozilla/5.0 (Linux; Android 7.0;) AppleWebKit/537.36 (KHTML, like Gecko) Mobile Safari/537.36 (compatible; PetalBot;+https://webmaster.petalsearch.com/site/petalbot)"
66.249.65.99 - - [05/Jul/2025:08:49:45 -0400] "GET /shop/?perpage=12&filter_cat=124,127,119,121,135,137,113&on_sale=onsale&shop_view=grid_view&column=2 HTTP/1.1" 500 0 "-" "Mozilla/5.0 (Linux; Android 6.0.1; Nexus 5X Build/MMB29P) AppleWebKit/537.36 (KHTML, like Gecko) Chrome/137.0.7151.103 Mobile Safari/537.36 (compatible; Googlebot/2.1; +http://www.google.com/bot.html)"
185.191.171.4 - - [05/Jul/2025:08:50:28 -0400] "GET /shop/?filter_cat=113%2C118%2C130%2C134 HTTP/1.1" 500 0 "-" "Mozilla/5.0 (compatible; SemrushBot/7~bl; +http://www.semrush.com/bot.html)"
85.208.96.195 - - [05/Jul/2025:08:51:28 -0400] "GET /shop/?filter_cat=113%2C116%2C119%2C135%2C130 HTTP/1.1" 500 0 "-" "Mozilla/5.0 (compatible; SemrushBot/7~bl; +http://www.semrush.com/bot.html)"
185.191.171.16 - - [05/Jul/2025:08:54:32 -0400] "GET /shop/?filter_cat=126%2C121%2C119%2C135 HTTP/1.1" 500 0 "-" "Mozilla/5.0 (compatible; SemrushBot/7~bl; +http://www.semrush.com/bot.html)"
66.249.65.99 - - [05/Jul/2025:08:54:39 -0400] "GET /shop/?perpage=12&filter_cat=130,134,114,120,115,118,121,112,122&column=4&shop_view=grid_view&on_sale=onsale&stock_status=instock HTTP/1.1" 500 0 "-" "Mozilla/5.0 (Linux; Android 6.0.1; Nexus 5X Build/MMB29P) AppleWebKit/537.36 (KHTML, like Gecko) Chrome/137.0.7151.103 Mobile Safari/537.36 (compatible; Googlebot/2.1; +http://www.google.com/bot.html)"
114.119.150.65 - - [05/Jul/2025:08:55:56 -0400] "GET /shop/?stock_status=instock&on_sale=onsale&filter_cat=127,118,119,116,121 HTTP/1.1" 500 0 "https://mm-deals.com/shop/?stock_status=instock&on_sale=onsale&filter_cat=118%2C119%2C116%2C121" "Mozilla/5.0 (Linux; Android 7.0;) AppleWebKit/537.36 (KHTML, like Gecko) Mobile Safari/537.36 (compatible; PetalBot;+https://webmaster.petalsearch.com/site/petalbot)"
185.191.171.19 - - [05/Jul/2025:08:57:36 -0400] "GET /shop/?filter_cat=116%2C122%2C131%2C129%2C127 HTTP/1.1" 500 0 "-" "Mozilla/5.0 (compatible; SemrushBot/7~bl; +http://www.semrush.com/bot.html)"
185.191.171.3 - - [05/Jul/2025:08:58:37 -0400] "GET /shop/?filter_cat=135%2C123%2C112%2C131%2C124 HTTP/1.1" 500 0 "-" "Mozilla/5.0 (compatible; SemrushBot/7~bl; +http://www.semrush.com/bot.html)"
66.249.65.98 - - [05/Jul/2025:08:59:40 -0400] "GET /shop/?perpage=12&filter_cat=120,135,114,134&column=3&shop_view=grid_view HTTP/1.1" 500 0 "-" "Mozilla/5.0 (Linux; Android 6.0.1; Nexus 5X Build/MMB29P) AppleWebKit/537.36 (KHTML, like Gecko) Chrome/137.0.7151.103 Mobile Safari/537.36 (compatible; Googlebot/2.1; +http://www.google.com/bot.html)"
66.249.65.99 - - [05/Jul/2025:09:01:42 -0400] "GET /shop/?perpage=12&filter_cat=124,130,135,134,114,120,115,118,121,112,122&column=4&shop_view=grid_view&on_sale=onsale&stock_status=instock HTTP/1.1" 500 0 "-" "Mozilla/5.0 (Linux; Android 6.0.1; Nexus 5X Build/MMB29P) AppleWebKit/537.36 (KHTML, like Gecko) Chrome/137.0.7151.103 Mobile Safari/537.36 (compatible; Googlebot/2.1; +http://www.google.com/bot.html)"
114.119.150.65 - - [05/Jul/2025:09:03:19 -0400] "GET /shop/?stock_status=instock&on_sale=onsale&filter_cat=126,137,135,114,123,117,116 HTTP/1.1" 500 0 "https://mm-deals.com/shop/?stock_status=instock&on_sale=onsale&filter_cat=137%2C135%2C114%2C123%2C117%2C116" "Mozilla/5.0 (Linux; Android 7.0;) AppleWebKit/537.36 (KHTML, like Gecko) Mobile Safari/537.36 (compatible; PetalBot;+https://webmaster.petalsearch.com/site/petalbot)"
185.191.171.8 - - [05/Jul/2025:09:03:42 -0400] "GET /shop/?filter_cat=116%2C120%2C112%2C134%2C135 HTTP/1.1" 500 0 "-" "Mozilla/5.0 (compatible; SemrushBot/7~bl; +http://www.semrush.com/bot.html)"
66.249.65.97 - - [05/Jul/2025:09:03:43 -0400] "GET /shop/?perpage=12&filter_cat=134,118,116,137,113,117&column=3&shop_view=list_view HTTP/1.1" 500 0 "-" "Mozilla/5.0 (Linux; Android 6.0.1; Nexus 5X Build/MMB29P) AppleWebKit/537.36 (KHTML, like Gecko) Chrome/137.0.7151.103 Mobile Safari/537.36 (compatible; Googlebot/2.1; +http://www.google.com/bot.html)"
185.191.171.18 - - [05/Jul/2025:09:04:43 -0400] "GET /shop/?filter_cat=115%2C135%2C113%2C131%2C117 HTTP/1.1" 500 0 "-" "Mozilla/5.0 (compatible; SemrushBot/7~bl; +http://www.semrush.com/bot.html)"
185.191.171.6 - - [05/Jul/2025:08:59:38 -0400] "GET /shop/?filter_cat=115%2C119%2C128%2C123%2C118 HTTP/1.1" 500 0 "-" "Mozilla/5.0 (compatible; SemrushBot/7~bl; +http://www.semrush.com/bot.html)"
216.244.66.235 - - [05/Jul/2025:08:59:51 -0400] "GET /robots.txt HTTP/1.1" 200 1980 "-" "Mozilla/5.0 (compatible; DotBot/1.2; +https://opensiteexplorer.org/dotbot; help@moz.com)"
185.191.171.10 - - [05/Jul/2025:09:00:39 -0400] "GET /shop/?filter_cat=116%2C127%2C135%2C131%2C114 HTTP/1.1" 500 0 "-" "Mozilla/5.0 (compatible; SemrushBot/7~bl; +http://www.semrush.com/bot.html)"
185.191.171.18 - - [05/Jul/2025:09:01:40 -0400] "GET /shop/?filter_cat=135%2C131%2C120%2C116%2C115 HTTP/1.1" 500 0 "-" "Mozilla/5.0 (compatible; SemrushBot/7~bl; +http://www.semrush.com/bot.html)"
185.191.171.4 - - [05/Jul/2025:09:02:41 -0400] "GET /shop/?filter_cat=135%2C116%2C131%2C125%2C134 HTTP/1.1" 500 0 "-" "Mozilla/5.0 (compatible; SemrushBot/7~bl; +http://www.semrush.com/bot.html)"
85.208.96.210 - - [05/Jul/2025:09:05:45 -0400] "GET /shop/?filter_cat=115%2C112%2C113%2C124%2C125 HTTP/1.1" 500 0 "-" "Mozilla/5.0 (compatible; SemrushBot/7~bl; +http://www.semrush.com/bot.html)"
185.191.171.11 - - [05/Jul/2025:09:06:47 -0400] "GET /shop/?filter_cat=112%2C130%2C134%2C124%2C123 HTTP/1.1" 500 0 "-" "Mozilla/5.0 (compatible; SemrushBot/7~bl; +http://www.semrush.com/bot.html)"
185.191.171.10 - - [05/Jul/2025:09:07:48 -0400] "GET /shop/?filter_cat=112%2C119%2C126%2C121%2C122 HTTP/1.1" 500 0 "-" "Mozilla/5.0 (compatible; SemrushBot/7~bl; +http://www.semrush.com/bot.html)"
85.208.96.206 - - [05/Jul/2025:09:08:49 -0400] "GET /shop/?filter_cat=116%2C124%2C127%2C137%2C112 HTTP/1.1" 500 0 "-" "Mozilla/5.0 (compatible; SemrushBot/7~bl; +http://www.semrush.com/bot.html)"
216.244.66.235 - - [05/Jul/2025:09:10:18 -0400] "GET /shop/?add-to-cart=7518&filter_cat=119,124,112 HTTP/1.1" 500 0 "-" "Mozilla/5.0 (compatible; DotBot/1.2; +https://opensiteexplorer.org/dotbot; help@moz.com)"
114.119.143.119 - - [05/Jul/2025:09:10:42 -0400] "GET /shop/?stock_status=instock&on_sale=onsale&filter_cat=126,137,134,135,131 HTTP/1.1" 500 0 "https://mm-deals.com/shop/?stock_status=instock&on_sale=onsale&filter_cat=137%2C134%2C135%2C131" "Mozilla/5.0 (Linux; Android 7.0;) AppleWebKit/537.36 (KHTML, like Gecko) Mobile Safari/537.36 (compatible; PetalBot;+https://webmaster.petalsearch.com/site/petalbot)"
216.244.66.235 - - [05/Jul/2025:09:11:20 -0400] "GET /shop/?add-to-cart=7532&filter_cat=121,115,125 HTTP/1.1" 500 0 "-" "Mozilla/5.0 (compatible; DotBot/1.2; +https://opensiteexplorer.org/dotbot; help@moz.com)"
216.244.66.235 - - [05/Jul/2025:09:11:50 -0400] "GET /shop/?add-to-cart=7534&filter_cat=122,137,116 HTTP/1.1" 500 0 "-" "Mozilla/5.0 (compatible; DotBot/1.2; +https://opensiteexplorer.org/dotbot; help@moz.com)"
85.208.96.204 - - [05/Jul/2025:09:11:53 -0400] "GET /shop/?filter_cat=112%2C126%2C114%2C120%2C118 HTTP/1.1" 500 0 "-" "Mozilla/5.0 (compatible; SemrushBot/7~bl; +http://www.semrush.com/bot.html)"
216.244.66.235 - - [05/Jul/2025:09:13:21 -0400] "GET /shop/?filter_cat=125,123,127&on_sale=onsale HTTP/1.1" 500 0 "-" "Mozilla/5.0 (compatible; DotBot/1.2; +https://opensiteexplorer.org/dotbot; help@moz.com)"
85.208.96.210 - - [05/Jul/2025:09:09:52 -0400] "GET /shop/?filter_cat=125%2C128%2C118%2C122 HTTP/1.1" 500 0 "-" "Mozilla/5.0 (compatible; SemrushBot/7~bl; +http://www.semrush.com/bot.html)"
216.244.66.235 - - [05/Jul/2025:09:10:29 -0400] "GET /shop/?add-to-cart=7530&filter_cat=120,135,127 HTTP/1.1" 500 0 "-" "Mozilla/5.0 (compatible; DotBot/1.2; +https://opensiteexplorer.org/dotbot; help@moz.com)"
216.244.66.235 - - [05/Jul/2025:09:10:49 -0400] "GET /shop/?add-to-cart=7532&filter_cat=114,130,121 HTTP/1.1" 500 0 "-" "Mozilla/5.0 (compatible; DotBot/1.2; +https://opensiteexplorer.org/dotbot; help@moz.com)"
185.191.171.19 - - [05/Jul/2025:09:10:53 -0400] "GET /shop/?filter_cat=116%2C135%2C126%2C130%2C129 HTTP/1.1" 500 0 "-" "Mozilla/5.0 (compatible; SemrushBot/7~bl; +http://www.semrush.com/bot.html)"
66.249.65.97 - - [05/Jul/2025:09:11:50 -0400] "GET /shop/?perpage=12&filter_cat=122,120,118,117,121,134,137,126,127,125&column=3&shop_view=grid_view&on_sale=onsale HTTP/1.1" 500 0 "-" "Mozilla/5.0 (Linux; Android 6.0.1; Nexus 5X Build/MMB29P) AppleWebKit/537.36 (KHTML, like Gecko) Chrome/137.0.7151.103 Mobile Safari/537.36 (compatible; Googlebot/2.1; +http://www.google.com/bot.html)"
216.244.66.235 - - [05/Jul/2025:09:12:20 -0400] "GET /shop/?add-to-cart=7537&filter_cat=134,127,125 HTTP/1.1" 500 0 "-" "Mozilla/5.0 (compatible; DotBot/1.2; +https://opensiteexplorer.org/dotbot; help@moz.com)"
216.244.66.235 - - [05/Jul/2025:09:12:51 -0400] "GET /shop/?filter_cat=122,123,127&on_sale=onsale HTTP/1.1" 500 0 "-" "Mozilla/5.0 (compatible; DotBot/1.2; +https://opensiteexplorer.org/dotbot; help@moz.com)"
85.208.96.202 - - [05/Jul/2025:09:12:54 -0400] "GET /shop/?filter_cat=120%2C128%2C134%2C122%2C129 HTTP/1.1" 500 0 "-" "Mozilla/5.0 (compatible; SemrushBot/7~bl; +http://www.semrush.com/bot.html)"
216.244.66.235 - - [05/Jul/2025:09:14:23 -0400] "GET /shop/?add-to-cart=7514&filter_cat=118,127,122,129 HTTP/1.1" 500 0 "-" "Mozilla/5.0 (compatible; DotBot/1.2; +https://opensiteexplorer.org/dotbot; help@moz.com)"
185.191.171.18 - - [05/Jul/2025:09:14:55 -0400] "GET /shop/?filter_cat=112%2C124%2C129%2C127%2C128 HTTP/1.1" 500 0 "-" "Mozilla/5.0 (compatible; SemrushBot/7~bl; +http://www.semrush.com/bot.html)"
216.244.66.235 - - [05/Jul/2025:09:14:56 -0400] "GET /shop/?add-to-cart=7514&filter_cat=119,122,113,123 HTTP/1.1" 500 0 "-" "Mozilla/5.0 (compatible; DotBot/1.2; +https://opensiteexplorer.org/dotbot; help@moz.com)"
43.128.67.187 - - [05/Jul/2025:09:15:53 -0400] "GET / HTTP/1.1" 500 0 "http://mm-deals.com" "Mozilla/5.0 (iPhone; CPU iPhone OS 13_2_3 like Mac OS X) AppleWebKit/605.1.15 (KHTML, like Gecko) Version/13.0.3 Mobile/15E148 Safari/604.1"
85.208.96.204 - - [05/Jul/2025:09:15:56 -0400] "GET /shop/?filter_cat=115%2C124%2C120%2C130 HTTP/1.1" 500 0 "-" "Mozilla/5.0 (compatible; SemrushBot/7~bl; +http://www.semrush.com/bot.html)"
185.191.171.7 - - [05/Jul/2025:09:16:56 -0400] "GET /shop/?filter_cat=112%2C122%2C134%2C128%2C127 HTTP/1.1" 500 0 "-" "Mozilla/5.0 (compatible; SemrushBot/7~bl; +http://www.semrush.com/bot.html)"
85.208.96.212 - - [05/Jul/2025:09:17:57 -0400] "GET /shop/?filter_cat=123%2C126%2C124%2C118 HTTP/1.1" 500 0 "-" "Mozilla/5.0 (compatible; SemrushBot/7~bl; +http://www.semrush.com/bot.html)"
85.208.96.207 - - [05/Jul/2025:09:18:57 -0400] "GET /shop/?filter_cat=117%2C127%2C131%2C116%2C137 HTTP/1.1" 500 0 "-" "Mozilla/5.0 (compatible; SemrushBot/7~bl; +http://www.semrush.com/bot.html)"
185.191.171.13 - - [05/Jul/2025:09:19:58 -0400] "GET /shop/?filter_cat=137%2C120%2C123%2C125%2C131 HTTP/1.1" 500 0 "-" "Mozilla/5.0 (compatible; SemrushBot/7~bl; +http://www.semrush.com/bot.html)"
185.191.171.11 - - [05/Jul/2025:09:22:00 -0400] "GET /shop/?filter_cat=112%2C134%2C120%2C121%2C127 HTTP/1.1" 500 0 "-" "Mozilla/5.0 (compatible; SemrushBot/7~bl; +http://www.semrush.com/bot.html)"
66.249.65.98 - - [05/Jul/2025:09:22:46 -0400] "GET /shop/?perpage=12&filter_cat=120,121,137,113,122,124,114,125,131,130,134&column=4&shop_view=grid_view HTTP/1.1" 500 0 "-" "Mozilla/5.0 (Linux; Android 6.0.1; Nexus 5X Build/MMB29P) AppleWebKit/537.36 (KHTML, like Gecko) Chrome/137.0.7151.103 Mobile Safari/537.36 (compatible; Googlebot/2.1; +http://www.google.com/bot.html)"
216.244.66.235 - - [05/Jul/2025:09:13:52 -0400] "GET /shop/?on_sale=onsale&filter_cat=129,131,134 HTTP/1.1" 500 0 "-" "Mozilla/5.0 (compatible; DotBot/1.2; +https://opensiteexplorer.org/dotbot; help@moz.com)"
85.208.96.208 - - [05/Jul/2025:09:13:54 -0400] "GET /shop/?filter_cat=137%2C115%2C120%2C116%2C114 HTTP/1.1" 500 0 "-" "Mozilla/5.0 (compatible; SemrushBot/7~bl; +http://www.semrush.com/bot.html)"
85.208.96.205 - - [05/Jul/2025:09:17:12 -0400] "GET /robots.txt HTTP/1.1" 200 200 "-" "Mozilla/5.0 (compatible; SemrushBot/7~bl; +http://www.semrush.com/bot.html)"
114.119.140.4 - - [05/Jul/2025:09:18:06 -0400] "GET /shop/?stock_status=instock&on_sale=onsale&filter_cat=126,137,134,113,116 HTTP/1.1" 500 0 "https://mm-deals.com/shop/?stock_status=instock&on_sale=onsale&filter_cat=137%2C134%2C113%2C116" "Mozilla/5.0 (Linux; Android 7.0;) AppleWebKit/537.36 (KHTML, like Gecko) Mobile Safari/537.36 (compatible; PetalBot;+https://webmaster.petalsearch.com/site/petalbot)"
85.208.96.208 - - [05/Jul/2025:09:20:58 -0400] "GET /shop/?filter_cat=112%2C134%2C135%2C116%2C130 HTTP/1.1" 500 0 "-" "Mozilla/5.0 (compatible; SemrushBot/7~bl; +http://www.semrush.com/bot.html)"
66.249.65.99 - - [05/Jul/2025:09:21:36 -0400] "GET /shop/?perpage=12&filter_cat=129,126,117,131,123,115,113,120,112,130,125,122&stock_status=instock&column=2&shop_view=list_view HTTP/1.1" 500 0 "-" "Mozilla/5.0 (Linux; Android 6.0.1; Nexus 5X Build/MMB29P) AppleWebKit/537.36 (KHTML, like Gecko) Chrome/137.0.7151.103 Mobile Safari/537.36 (compatible; Googlebot/2.1; +http://www.google.com/bot.html)"
185.191.171.5 - - [05/Jul/2025:09:23:01 -0400] "GET /shop/?filter_cat=116%2C123%2C114%2C125%2C126 HTTP/1.1" 500 0 "-" "Mozilla/5.0 (compatible; SemrushBot/7~bl; +http://www.semrush.com/bot.html)"
66.249.65.99 - - [05/Jul/2025:09:24:11 -0400] "GET /shop/?perpage=12&filter_cat=128,129,117,114,127,115,135,121,123,113,137,112,130,125,122&column=3&shop_view=grid_view&stock_status=instock HTTP/1.1" 500 0 "-" "Mozilla/5.0 (Linux; Android 6.0.1; Nexus 5X Build/MMB29P) AppleWebKit/537.36 (KHTML, like Gecko) Chrome/137.0.7151.103 Mobile Safari/537.36 (compatible; Googlebot/2.1; +http://www.google.com/bot.html)"
114.119.155.44 - - [05/Jul/2025:09:25:28 -0400] "GET /shop/?stock_status=instock&on_sale=onsale&filter_cat=126,137,134,112,113,119,116,121 HTTP/1.1" 500 0 "https://mm-deals.com/shop/?stock_status=instock&on_sale=onsale&filter_cat=126%2C137%2C134%2C131%2C112%2C113%2C119%2C116%2C121" "Mozilla/5.0 (Linux; Android 7.0;) AppleWebKit/537.36 (KHTML, like Gecko) Mobile Safari/537.36 (compatible; PetalBot;+https://webmaster.petalsearch.com/site/petalbot)"
185.191.171.16 - - [05/Jul/2025:09:26:03 -0400] "GET /shop/?filter_cat=117%2C113%2C131%2C135%2C126 HTTP/1.1" 500 0 "-" "Mozilla/5.0 (compatible; SemrushBot/7~bl; +http://www.semrush.com/bot.html)"
185.191.171.16 - - [05/Jul/2025:09:27:05 -0400] "GET /shop/?filter_cat=114%2C123%2C125%2C124%2C122 HTTP/1.1" 500 0 "-" "Mozilla/5.0 (compatible; SemrushBot/7~bl; +http://www.semrush.com/bot.html)"
185.191.171.11 - - [05/Jul/2025:09:28:07 -0400] "GET /shop/?filter_cat=135%2C119%2C120%2C137%2C115 HTTP/1.1" 500 0 "-" "Mozilla/5.0 (compatible; SemrushBot/7~bl; +http://www.semrush.com/bot.html)"
185.191.171.19 - - [05/Jul/2025:09:29:08 -0400] "GET /shop/?filter_cat=118%2C115%2C122%2C119 HTTP/1.1" 500 0 "-" "Mozilla/5.0 (compatible; SemrushBot/7~bl; +http://www.semrush.com/bot.html)"
185.191.171.5 - - [05/Jul/2025:09:30:09 -0400] "GET /shop/?filter_cat=117%2C113%2C124%2C128%2C126 HTTP/1.1" 500 0 "-" "Mozilla/5.0 (compatible; SemrushBot/7~bl; +http://www.semrush.com/bot.html)"
66.249.65.98 - - [05/Jul/2025:09:30:53 -0400] "GET /shop/page/2/?perpage=12&filter_cat=115%2C131%2C123%2C113%2C112%2C130%2C125&column=3&shop_view=grid_view&stock_status=instock HTTP/1.1" 500 0 "-" "Mozilla/5.0 (Linux; Android 6.0.1; Nexus 5X Build/MMB29P) AppleWebKit/537.36 (KHTML, like Gecko) Chrome/137.0.7151.103 Mobile Safari/537.36 (compatible; Googlebot/2.1; +http://www.google.com/bot.html)"
85.208.96.208 - - [05/Jul/2025:09:31:10 -0400] "GET /shop/?filter_cat=116%2C130%2C123%2C113%2C134 HTTP/1.1" 500 0 "-" "Mozilla/5.0 (compatible; SemrushBot/7~bl; +http://www.semrush.com/bot.html)"
85.208.96.211 - - [05/Jul/2025:09:32:10 -0400] "GET /shop/?filter_cat=113%2C134%2C126%2C124%2C130 HTTP/1.1" 500 0 "-" "Mozilla/5.0 (compatible; SemrushBot/7~bl; +http://www.semrush.com/bot.html)"
114.119.133.34 - - [05/Jul/2025:09:32:50 -0400] "GET /shop/?stock_status=instock&on_sale=onsale&filter_cat=126,137,128,135,117,116 HTTP/1.1" 500 0 "https://mm-deals.com/shop/?stock_status=instock&on_sale=onsale&filter_cat=137%2C128%2C135%2C117%2C116" "Mozilla/5.0 (Linux; Android 7.0;) AppleWebKit/537.36 (KHTML, like Gecko) Mobile Safari/537.36 (compatible; PetalBot;+https://webmaster.petalsearch.com/site/petalbot)"
185.191.171.15 - - [05/Jul/2025:09:33:12 -0400] "GET /shop/?filter_cat=114%2C128%2C124%2C130%2C115 HTTP/1.1" 500 0 "-" "Mozilla/5.0 (compatible; SemrushBot/7~bl; +http://www.semrush.com/bot.html)"
85.208.96.210 - - [05/Jul/2025:09:34:12 -0400] "GET /shop/?filter_cat=116%2C120%2C115%2C125%2C126 HTTP/1.1" 500 0 "-" "Mozilla/5.0 (compatible; SemrushBot/7~bl; +http://www.semrush.com/bot.html)"
85.208.96.206 - - [05/Jul/2025:09:35:13 -0400] "GET /shop/?filter_cat=130%2C131%2C123%2C122%2C115 HTTP/1.1" 500 0 "-" "Mozilla/5.0 (compatible; SemrushBot/7~bl; +http://www.semrush.com/bot.html)"
185.191.171.17 - - [05/Jul/2025:09:36:14 -0400] "GET /shop/?filter_cat=134%2C121%2C117%2C126%2C114 HTTP/1.1" 500 0 "-" "Mozilla/5.0 (compatible; SemrushBot/7~bl; +http://www.semrush.com/bot.html)"
85.208.96.211 - - [05/Jul/2025:09:37:14 -0400] "GET /shop/?filter_cat=137%2C134%2C112%2C129%2C135 HTTP/1.1" 500 0 "-" "Mozilla/5.0 (compatible; SemrushBot/7~bl; +http://www.semrush.com/bot.html)"
185.191.171.2 - - [05/Jul/2025:09:38:15 -0400] "GET /shop/?filter_cat=113%2C134%2C123%2C129%2C115 HTTP/1.1" 500 0 "-" "Mozilla/5.0 (compatible; SemrushBot/7~bl; +http://www.semrush.com/bot.html)"
85.208.96.207 - - [05/Jul/2025:09:39:16 -0400] "GET /shop/?filter_cat=122%2C114%2C118%2C131 HTTP/1.1" 500 0 "-" "Mozilla/5.0 (compatible; SemrushBot/7~bl; +http://www.semrush.com/bot.html)"
85.208.96.207 - - [05/Jul/2025:09:24:01 -0400] "GET /shop/?filter_cat=137%2C119%2C135%2C124%2C113 HTTP/1.1" 500 0 "-" "Mozilla/5.0 (compatible; SemrushBot/7~bl; +http://www.semrush.com/bot.html)"
185.191.171.14 - - [05/Jul/2025:09:25:02 -0400] "GET /shop/?filter_cat=115%2C119%2C131%2C128%2C134 HTTP/1.1" 500 0 "-" "Mozilla/5.0 (compatible; SemrushBot/7~bl; +http://www.semrush.com/bot.html)"
66.249.65.98 - - [05/Jul/2025:09:25:11 -0400] "GET /shop/page/6/?perpage=12&filter_cat=118%2C127%2C124%2C119%2C121%2C135%2C137%2C113%2C125&on_sale=onsale&shop_view=grid_view&column=2 HTTP/1.1" 500 0 "-" "Mozilla/5.0 (Linux; Android 6.0.1; Nexus 5X Build/MMB29P) AppleWebKit/537.36 (KHTML, like Gecko) Chrome/137.0.7151.103 Mobile Safari/537.36 (compatible; Googlebot/2.1; +http://www.google.com/bot.html)"
66.249.65.98 - - [05/Jul/2025:09:27:49 -0400] "GET /shop/?perpage=12&filter_cat=126,129,117,114,127,115,135,121,123,113,137,112,130,125,122&column=3&shop_view=grid_view&stock_status=instock HTTP/1.1" 500 0 "-" "Mozilla/5.0 (Linux; Android 6.0.1; Nexus 5X Build/MMB29P) AppleWebKit/537.36 (KHTML, like Gecko) Chrome/137.0.7151.103 Mobile Safari/537.36 (compatible; Googlebot/2.1; +http://www.google.com/bot.html)"
66.249.65.98 - - [05/Jul/2025:09:28:58 -0400] "GET /leak-food-toys-pet-supplies/leak-food-toys-pet-supplies/ HTTP/1.1" 500 0 "-" "Mozilla/5.0 (Linux; Android 6.0.1; Nexus 5X Build/MMB29P) AppleWebKit/537.36 (KHTML, like Gecko) Chrome/137.0.7151.103 Mobile Safari/537.36 (compatible; Googlebot/2.1; +http://www.google.com/bot.html)"
66.249.65.98 - - [05/Jul/2025:09:35:26 -0400] "GET /12v-electric-heated-car-front-seat-cover-pad-thermal-warmer-cushion-universal/12v-electric-heated-car-front-seat-cover-pad-thermal-warmer-cushion-universal/ HTTP/1.1" 500 0 "-" "Mozilla/5.0 (Linux; Android 6.0.1; Nexus 5X Build/MMB29P) AppleWebKit/537.36 (KHTML, like Gecko) Chrome/137.0.7151.103 Mobile Safari/537.36 (compatible; Googlebot/2.1; +http://www.google.com/bot.html)"
66.249.65.98 - - [05/Jul/2025:09:37:26 -0400] "GET /shop/?perpage=12&filter_cat=112,114,115,128,117,120,121,135&column=4&shop_view=grid_view&on_sale=onsale HTTP/1.1" 500 0 "-" "Mozilla/5.0 (Linux; Android 6.0.1; Nexus 5X Build/MMB29P) AppleWebKit/537.36 (KHTML, like Gecko) Chrome/137.0.7151.103 Mobile Safari/537.36 (compatible; Googlebot/2.1; +http://www.google.com/bot.html)"
85.208.96.197 - - [05/Jul/2025:09:37:57 -0400] "GET /robots.txt HTTP/1.1" 200 200 "-" "Mozilla/5.0 (compatible; SemrushBot/7~bl; +http://www.semrush.com/bot.html)"
66.249.65.98 - - [05/Jul/2025:09:41:14 -0400] "GET /shop/page/12/?perpage=12&filter_cat=125%2C126%2C129%2C127%2C123%2C115%2C128%2C117%2C120%2C121%2C134%2C113%2C112%2C135&column=3&shop_view=list_view&stock_status=instock&on_sale=onsale HTTP/1.1" 500 0 "-" "Mozilla/5.0 (Linux; Android 6.0.1; Nexus 5X Build/MMB29P) AppleWebKit/537.36 (KHTML, like Gecko) Chrome/137.0.7151.103 Mobile Safari/537.36 (compatible; Googlebot/2.1; +http://www.google.com/bot.html)"
143.198.206.21 - - [05/Jul/2025:09:41:29 -0400] "GET /wp-content/uploads/2022/01/72de8b16-3804-49d3-a9ee-794333d5ae81-600x600.jpg HTTP/1.1" 200 66786 "-" "Mozilla/5.0 (Linux; Android 8.1.0; C5 2019 Build/OPM2.171019.012) AppleWebKit/537.36 (KHTML, like Gecko) Chrome/122.0.6261.64 Mobile Safari/537.36"
85.208.96.199 - - [05/Jul/2025:09:43:18 -0400] "GET /shop/?filter_cat=117%2C137%2C115%2C113%2C124 HTTP/1.1" 500 0 "-" "Mozilla/5.0 (compatible; SemrushBot/7~bl; +http://www.semrush.com/bot.html)"
216.244.66.235 - - [05/Jul/2025:09:44:56 -0400] "GET /robots.txt HTTP/1.1" 200 1980 "-" "Mozilla/5.0 (compatible; DotBot/1.2; +https://opensiteexplorer.org/dotbot; help@moz.com)"
85.208.96.198 - - [05/Jul/2025:09:45:18 -0400] "GET /shop/?filter_cat=135%2C113%2C124%2C114%2C125 HTTP/1.1" 500 0 "-" "Mozilla/5.0 (compatible; SemrushBot/7~bl; +http://www.semrush.com/bot.html)"
85.208.96.203 - - [05/Jul/2025:09:47:19 -0400] "GET /shop/?filter_cat=135%2C116%2C119%2C113%2C118 HTTP/1.1" 500 0 "-" "Mozilla/5.0 (compatible; SemrushBot/7~bl; +http://www.semrush.com/bot.html)"
185.191.171.2 - - [05/Jul/2025:09:48:20 -0400] "GET /shop/?filter_cat=112%2C134%2C116%2C125%2C130 HTTP/1.1" 500 0 "-" "Mozilla/5.0 (compatible; SemrushBot/7~bl; +http://www.semrush.com/bot.html)"
66.249.65.99 - - [05/Jul/2025:09:49:38 -0400] "GET /shop/?perpage=12&filter_cat=122,114,115,128,117,121,113,135&column=4&shop_view=grid_view&on_sale=onsale HTTP/1.1" 500 0 "-" "Mozilla/5.0 (Linux; Android 6.0.1; Nexus 5X Build/MMB29P) AppleWebKit/537.36 (KHTML, like Gecko) Chrome/137.0.7151.103 Mobile Safari/537.36 (compatible; Googlebot/2.1; +http://www.google.com/bot.html)"
185.191.171.12 - - [05/Jul/2025:09:50:22 -0400] "GET /shop/?filter_cat=113%2C127%2C119%2C115%2C128 HTTP/1.1" 500 0 "-" "Mozilla/5.0 (compatible; SemrushBot/7~bl; +http://www.semrush.com/bot.html)"
185.191.171.15 - - [05/Jul/2025:09:52:25 -0400] "GET /shop/?filter_cat=131%2C124%2C126%2C119%2C129 HTTP/1.1" 500 0 "-" "Mozilla/5.0 (compatible; SemrushBot/7~bl; +http://www.semrush.com/bot.html)"
185.191.171.8 - - [05/Jul/2025:09:53:26 -0400] "GET /shop/?filter_cat=112%2C125%2C127%2C137%2C134 HTTP/1.1" 500 0 "-" "Mozilla/5.0 (compatible; SemrushBot/7~bl; +http://www.semrush.com/bot.html)"
66.249.65.99 - - [05/Jul/2025:09:54:16 -0400] "GET /shop/page/12/?perpage=12&filter_cat=129%2C117%2C114%2C127%2C115%2C135%2C121%2C123%2C113%2C137%2C112%2C130%2C125%2C122&column=3&shop_view=grid_view&stock_status=instock HTTP/1.1" 500 0 "-" "Mozilla/5.0 (Linux; Android 6.0.1; Nexus 5X Build/MMB29P) AppleWebKit/537.36 (KHTML, like Gecko) Chrome/137.0.7151.103 Mobile Safari/537.36 (compatible; Googlebot/2.1; +http://www.google.com/bot.html)"
185.191.171.8 - - [05/Jul/2025:09:54:27 -0400] "GET /shop/?filter_cat=125%2C118%2C134%2C123 HTTP/1.1" 500 0 "-" "Mozilla/5.0 (compatible; SemrushBot/7~bl; +http://www.semrush.com/bot.html)"
