94.74.111.102 - - [05/Jul/2025:12:03:54 -0400] "GET /product-category/home_kitchen/page/2/?shop_view=grid_view&column=3 HTTP/1.1" 500 0 "https://mm-deals.com/product-category/home_kitchen/page/2/?shop_view=grid_view&column=3" "Mozilla/5.0 (Windows NT 10.0; Win64; x64) AppleWebKit/537.36 (KHTML, like Gecko) Chrome/110.0.0.0 Safari/537.36"
216.244.66.235 - - [05/Jul/2025:12:04:15 -0400] "GET /shop/?add-to-cart=7532&filter_cat=129,130,121 HTTP/1.1" 500 0 "-" "Mozilla/5.0 (compatible; DotBot/1.2; +https://opensiteexplorer.org/dotbot; help@moz.com)"
216.244.66.235 - - [05/Jul/2025:12:04:46 -0400] "GET /shop/?add-to-cart=7534&filter_cat=118,119,130 HTTP/1.1" 500 0 "-" "Mozilla/5.0 (compatible; DotBot/1.2; +https://opensiteexplorer.org/dotbot; help@moz.com)"
216.244.66.235 - - [05/Jul/2025:12:05:16 -0400] "GET /shop/?add-to-cart=7514&filter_cat=112,122,113,123 HTTP/1.1" 500 0 "-" "Mozilla/5.0 (compatible; DotBot/1.2; +https://opensiteexplorer.org/dotbot; help@moz.com)"
216.244.66.235 - - [05/Jul/2025:12:06:17 -0400] "GET /shop/?add-to-cart=7514&filter_cat=123,131,134,115 HTTP/1.1" 500 0 "-" "Mozilla/5.0 (compatible; DotBot/1.2; +https://opensiteexplorer.org/dotbot; help@moz.com)"
216.244.66.235 - - [05/Jul/2025:12:07:18 -0400] "GET /shop/?filter_cat=113,112,131,130&on_sale=onsale HTTP/1.1" 500 0 "-" "Mozilla/5.0 (compatible; DotBot/1.2; +https://opensiteexplorer.org/dotbot; help@moz.com)"
185.191.171.4 - - [05/Jul/2025:12:07:25 -0400] "GET /shop/?filter_cat=114%2C113%2C134%2C125%2C129 HTTP/1.1" 500 0 "-" "Mozilla/5.0 (compatible; SemrushBot/7~bl; +http://www.semrush.com/bot.html)"
216.244.66.235 - - [05/Jul/2025:12:08:18 -0400] "GET /shop/?column=3&shop_view=list_view&filter_cat=112,129 HTTP/1.1" 500 0 "-" "Mozilla/5.0 (compatible; DotBot/1.2; +https://opensiteexplorer.org/dotbot; help@moz.com)"
185.191.171.15 - - [05/Jul/2025:12:08:26 -0400] "GET /shop/?filter_cat=112%2C122%2C119%2C131%2C120 HTTP/1.1" 500 0 "-" "Mozilla/5.0 (compatible; SemrushBot/7~bl; +http://www.semrush.com/bot.html)"
185.191.171.4 - - [05/Jul/2025:12:09:27 -0400] "GET /shop/?filter_cat=113%2C126%2C117%2C131%2C135 HTTP/1.1" 500 0 "-" "Mozilla/5.0 (compatible; SemrushBot/7~bl; +http://www.semrush.com/bot.html)"
185.191.171.18 - - [05/Jul/2025:12:10:28 -0400] "GET /shop/?filter_cat=125%2C119%2C114%2C113%2C134 HTTP/1.1" 500 0 "-" "Mozilla/5.0 (compatible; SemrushBot/7~bl; +http://www.semrush.com/bot.html)"
85.208.96.199 - - [05/Jul/2025:11:55:16 -0400] "GET /shop/?filter_cat=116%2C120%2C137%2C115%2C128 HTTP/1.1" 500 0 "-" "Mozilla/5.0 (compatible; SemrushBot/7~bl; +http://www.semrush.com/bot.html)"
185.191.171.15 - - [05/Jul/2025:11:57:17 -0400] "GET /shop/?filter_cat=130%2C135%2C128%2C124%2C114 HTTP/1.1" 500 0 "-" "Mozilla/5.0 (compatible; SemrushBot/7~bl; +http://www.semrush.com/bot.html)"
85.208.96.194 - - [05/Jul/2025:11:58:18 -0400] "GET /shop/?filter_cat=129%2C122%2C135%2C125%2C114 HTTP/1.1" 500 0 "-" "Mozilla/5.0 (compatible; SemrushBot/7~bl; +http://www.semrush.com/bot.html)"
85.208.96.196 - - [05/Jul/2025:11:59:18 -0400] "GET /shop/?filter_cat=113%2C122%2C116%2C119%2C121 HTTP/1.1" 500 0 "-" "Mozilla/5.0 (compatible; SemrushBot/7~bl; +http://www.semrush.com/bot.html)"
114.119.137.160 - - [05/Jul/2025:12:00:26 -0400] "GET /shop/?stock_status=instock&on_sale=onsale&filter_cat=126,129,137,134,131,112,119,116,121 HTTP/1.1" 500 0 "https://mm-deals.com/shop/?stock_status=instock&on_sale=onsale&filter_cat=129%2C137%2C134%2C131%2C112%2C119%2C116%2C121" "Mozilla/5.0 (Linux; Android 7.0;) AppleWebKit/537.36 (KHTML, like Gecko) Mobile Safari/537.36 (compatible; PetalBot;+https://webmaster.petalsearch.com/site/petalbot)"
85.208.96.201 - - [05/Jul/2025:12:02:20 -0400] "GET /shop/?filter_cat=134%2C131%2C115%2C113 HTTP/1.1" 500 0 "-" "Mozilla/5.0 (compatible; SemrushBot/7~bl; +http://www.semrush.com/bot.html)"
216.244.66.235 - - [05/Jul/2025:12:03:55 -0400] "GET /shop/?add-to-cart=7530&filter_cat=128,118,121 HTTP/1.1" 500 0 "-" "Mozilla/5.0 (compatible; DotBot/1.2; +https://opensiteexplorer.org/dotbot; help@moz.com)"
85.208.96.212 - - [05/Jul/2025:12:03:59 -0400] "GET /robots.txt HTTP/1.1" 200 200 "-" "Mozilla/5.0 (compatible; SemrushBot/7~bl; +http://www.semrush.com/bot.html)"
185.191.171.9 - - [05/Jul/2025:12:04:23 -0400] "GET /shop/?filter_cat=112%2C124%2C135%2C118%2C126 HTTP/1.1" 500 0 "-" "Mozilla/5.0 (compatible; SemrushBot/7~bl; +http://www.semrush.com/bot.html)"
85.208.96.209 - - [05/Jul/2025:12:05:23 -0400] "GET /shop/?filter_cat=114%2C137%2C113%2C135%2C124 HTTP/1.1" 500 0 "-" "Mozilla/5.0 (compatible; SemrushBot/7~bl; +http://www.semrush.com/bot.html)"
216.244.66.235 - - [05/Jul/2025:12:05:46 -0400] "GET /shop/?add-to-cart=7514&filter_cat=113,127,122,129 HTTP/1.1" 500 0 "-" "Mozilla/5.0 (compatible; DotBot/1.2; +https://opensiteexplorer.org/dotbot; help@moz.com)"
185.191.171.13 - - [05/Jul/2025:12:06:24 -0400] "GET /shop/?filter_cat=129%2C117%2C131%2C113 HTTP/1.1" 500 0 "-" "Mozilla/5.0 (compatible; SemrushBot/7~bl; +http://www.semrush.com/bot.html)"
216.244.66.235 - - [05/Jul/2025:12:06:47 -0400] "GET /shop/?add-to-cart=7526&filter_cat=120,128,114,129 HTTP/1.1" 500 0 "-" "Mozilla/5.0 (compatible; DotBot/1.2; +https://opensiteexplorer.org/dotbot; help@moz.com)"
114.119.143.119 - - [05/Jul/2025:12:07:47 -0400] "GET /shop/?stock_status=instock&on_sale=onsale&filter_cat=126,128,112,131 HTTP/1.1" 500 0 "https://mm-deals.com/shop/?stock_status=instock&on_sale=onsale&filter_cat=128%2C112%2C131" "Mozilla/5.0 (Linux; Android 7.0;) AppleWebKit/537.36 (KHTML, like Gecko) Mobile Safari/537.36 (compatible; PetalBot;+https://webmaster.petalsearch.com/site/petalbot)"
216.244.66.235 - - [05/Jul/2025:12:07:48 -0400] "GET /shop/?filter_cat=124,129,112&stock_status=instock HTTP/1.1" 500 0 "-" "Mozilla/5.0 (compatible; DotBot/1.2; +https://opensiteexplorer.org/dotbot; help@moz.com)"
185.191.171.17 - - [05/Jul/2025:12:11:29 -0400] "GET /shop/?filter_cat=131%2C126%2C125%2C120%2C130 HTTP/1.1" 500 0 "-" "Mozilla/5.0 (compatible; SemrushBot/7~bl; +http://www.semrush.com/bot.html)"
185.191.171.14 - - [05/Jul/2025:12:13:31 -0400] "GET /shop/?filter_cat=112%2C122%2C129%2C116%2C134 HTTP/1.1" 500 0 "-" "Mozilla/5.0 (compatible; SemrushBot/7~bl; +http://www.semrush.com/bot.html)"
114.119.133.34 - - [05/Jul/2025:12:15:10 -0400] "GET /shop/?stock_status=instock&on_sale=onsale&filter_cat=126,124,112,120,119,116,121 HTTP/1.1" 500 0 "https://mm-deals.com/shop/?stock_status=instock&on_sale=onsale&filter_cat=124%2C112%2C120%2C119%2C116%2C121" "Mozilla/5.0 (Linux; Android 7.0;) AppleWebKit/537.36 (KHTML, like Gecko) Mobile Safari/537.36 (compatible; PetalBot;+https://webmaster.petalsearch.com/site/petalbot)"
85.208.96.203 - - [05/Jul/2025:12:16:34 -0400] "GET /shop/?filter_cat=115%2C130%2C119%2C118%2C135 HTTP/1.1" 500 0 "-" "Mozilla/5.0 (compatible; SemrushBot/7~bl; +http://www.semrush.com/bot.html)"
85.208.96.209 - - [05/Jul/2025:12:19:36 -0400] "GET /shop/?filter_cat=118%2C135%2C125%2C131%2C117 HTTP/1.1" 500 0 "-" "Mozilla/5.0 (compatible; SemrushBot/7~bl; +http://www.semrush.com/bot.html)"
3.216.13.10 - - [05/Jul/2025:12:19:40 -0400] "GET /robots.txt HTTP/1.1" 200 200 "-" "Mozilla/5.0 AppleWebKit/537.36 (KHTML, like Gecko; compatible; Amazonbot/0.1; +https://developer.amazon.com/support/amazonbot) Chrome/119.0.6045.214 Safari/537.36"
185.191.171.18 - - [05/Jul/2025:12:20:37 -0400] "GET /shop/?filter_cat=131%2C134%2C123%2C112 HTTP/1.1" 500 0 "-" "Mozilla/5.0 (compatible; SemrushBot/7~bl; +http://www.semrush.com/bot.html)"
185.191.171.11 - - [05/Jul/2025:12:21:38 -0400] "GET /shop/?filter_cat=112%2C128%2C125%2C123%2C119 HTTP/1.1" 500 0 "-" "Mozilla/5.0 (compatible; SemrushBot/7~bl; +http://www.semrush.com/bot.html)"
85.208.96.205 - - [05/Jul/2025:12:22:38 -0400] "GET /shop/?filter_cat=137%2C128%2C118%2C135%2C127 HTTP/1.1" 500 0 "-" "Mozilla/5.0 (compatible; SemrushBot/7~bl; +http://www.semrush.com/bot.html)"
85.208.96.212 - - [05/Jul/2025:12:24:38 -0400] "GET /robots.txt HTTP/1.1" 200 200 "-" "Mozilla/5.0 (compatible; SemrushBot/7~bl; +http://www.semrush.com/bot.html)"
185.191.171.7 - - [05/Jul/2025:12:25:40 -0400] "GET /shop/?filter_cat=112%2C123%2C117%2C137 HTTP/1.1" 500 0 "-" "Mozilla/5.0 (compatible; SemrushBot/7~bl; +http://www.semrush.com/bot.html)"
85.208.96.204 - - [05/Jul/2025:12:26:41 -0400] "GET /shop/?filter_cat=137%2C116%2C119%2C128%2C126 HTTP/1.1" 500 0 "-" "Mozilla/5.0 (compatible; SemrushBot/7~bl; +http://www.semrush.com/bot.html)"
185.191.171.3 - - [05/Jul/2025:12:12:30 -0400] "GET /shop/?filter_cat=137%2C123%2C121%2C112%2C126 HTTP/1.1" 500 0 "-" "Mozilla/5.0 (compatible; SemrushBot/7~bl; +http://www.semrush.com/bot.html)"
157.55.39.223 - - [05/Jul/2025:12:13:16 -0400] "GET /robots.txt HTTP/1.1" 200 135 "-" "Mozilla/5.0 AppleWebKit/537.36 (KHTML, like Gecko; compatible; bingbot/2.0; +http://www.bing.com/bingbot.htm) Chrome/116.0.1938.76 Safari/537.36"
157.55.39.223 - - [05/Jul/2025:12:13:16 -0400] "GET /robots.txt HTTP/1.1" 200 135 "-" "Mozilla/5.0 AppleWebKit/537.36 (KHTML, like Gecko; compatible; bingbot/2.0; +http://www.bing.com/bingbot.htm) Chrome/116.0.1938.76 Safari/537.36"
52.167.144.174 - - [05/Jul/2025:12:13:27 -0400] "GET /oo4pwipcc.html HTTP/1.1" 500 0 "-" "Mozilla/5.0 AppleWebKit/537.36 (KHTML, like Gecko; compatible; bingbot/2.0; +http://www.bing.com/bingbot.htm) Chrome/116.0.1938.76 Safari/537.36"
85.208.96.198 - - [05/Jul/2025:12:14:32 -0400] "GET /shop/?filter_cat=112%2C125%2C134%2C128%2C120 HTTP/1.1" 500 0 "-" "Mozilla/5.0 (compatible; SemrushBot/7~bl; +http://www.semrush.com/bot.html)"
185.191.171.3 - - [05/Jul/2025:12:15:33 -0400] "GET /shop/?filter_cat=134%2C131%2C130%2C117 HTTP/1.1" 500 0 "-" "Mozilla/5.0 (compatible; SemrushBot/7~bl; +http://www.semrush.com/bot.html)"
85.208.96.205 - - [05/Jul/2025:12:17:35 -0400] "GET /shop/?filter_cat=116%2C135%2C127%2C118%2C114 HTTP/1.1" 500 0 "-" "Mozilla/5.0 (compatible; SemrushBot/7~bl; +http://www.semrush.com/bot.html)"
85.208.96.211 - - [05/Jul/2025:12:18:35 -0400] "GET /shop/?filter_cat=135%2C137%2C130%2C126%2C122 HTTP/1.1" 500 0 "-" "Mozilla/5.0 (compatible; SemrushBot/7~bl; +http://www.semrush.com/bot.html)"
54.156.248.117 - - [05/Jul/2025:12:19:40 -0400] "GET /robots.txt HTTP/1.1" 200 200 "-" "Mozilla/5.0 AppleWebKit/537.36 (KHTML, like Gecko; compatible; Amazonbot/0.1; +https://developer.amazon.com/support/amazonbot) Chrome/119.0.6045.214 Safari/537.36"
114.119.150.65 - - [05/Jul/2025:12:22:33 -0400] "GET /shop/?stock_status=instock&on_sale=onsale&filter_cat=126,122,121,115,135 HTTP/1.1" 500 0 "https://mm-deals.com/shop/?stock_status=instock&on_sale=onsale&filter_cat=122%2C121%2C115%2C135" "Mozilla/5.0 (Linux; Android 7.0;) AppleWebKit/537.36 (KHTML, like Gecko) Mobile Safari/537.36 (compatible; PetalBot;+https://webmaster.petalsearch.com/site/petalbot)"
85.208.96.208 - - [05/Jul/2025:12:23:39 -0400] "GET /shop/?filter_cat=113%2C115%2C114%2C122%2C121 HTTP/1.1" 500 0 "-" "Mozilla/5.0 (compatible; SemrushBot/7~bl; +http://www.semrush.com/bot.html)"
85.208.96.205 - - [05/Jul/2025:12:24:39 -0400] "GET /shop/?filter_cat=117%2C121%2C122%2C124%2C123 HTTP/1.1" 500 0 "-" "Mozilla/5.0 (compatible; SemrushBot/7~bl; +http://www.semrush.com/bot.html)"
85.208.96.207 - - [05/Jul/2025:12:27:41 -0400] "GET /shop/?filter_cat=116%2C135%2C134%2C122%2C123 HTTP/1.1" 500 0 "-" "Mozilla/5.0 (compatible; SemrushBot/7~bl; +http://www.semrush.com/bot.html)"
185.191.171.1 - - [05/Jul/2025:12:28:42 -0400] "GET /shop/?filter_cat=129%2C135%2C130%2C123%2C124 HTTP/1.1" 500 0 "-" "Mozilla/5.0 (compatible; SemrushBot/7~bl; +http://www.semrush.com/bot.html)"
185.191.171.14 - - [05/Jul/2025:12:29:45 -0400] "GET /shop/?filter_cat=134%2C116%2C118%2C130%2C119 HTTP/1.1" 500 0 "-" "Mozilla/5.0 (compatible; SemrushBot/7~bl; +http://www.semrush.com/bot.html)"
85.208.96.198 - - [05/Jul/2025:12:30:45 -0400] "GET /shop/?filter_cat=137%2C112%2C115%2C131%2C135 HTTP/1.1" 500 0 "-" "Mozilla/5.0 (compatible; SemrushBot/7~bl; +http://www.semrush.com/bot.html)"
85.208.96.208 - - [05/Jul/2025:12:36:48 -0400] "GET /shop/?filter_cat=131%2C134%2C127%2C123%2C122 HTTP/1.1" 500 0 "-" "Mozilla/5.0 (compatible; SemrushBot/7~bl; +http://www.semrush.com/bot.html)"
114.119.157.111 - - [05/Jul/2025:12:37:24 -0400] "GET /shop/?stock_status=instock&on_sale=onsale&filter_cat=126,115,137,130,112,113,119,116,121 HTTP/1.1" 500 0 "https://mm-deals.com/shop/?stock_status=instock&on_sale=onsale&filter_cat=126%2C134%2C115%2C137%2C130%2C112%2C113%2C119%2C116%2C121" "Mozilla/5.0 (Linux; Android 7.0;) AppleWebKit/537.36 (KHTML, like Gecko) Mobile Safari/537.36 (compatible; PetalBot;+https://webmaster.petalsearch.com/site/petalbot)"
185.191.171.4 - - [05/Jul/2025:12:37:49 -0400] "GET /shop/?filter_cat=117%2C124%2C137%2C120%2C127 HTTP/1.1" 500 0 "-" "Mozilla/5.0 (compatible; SemrushBot/7~bl; +http://www.semrush.com/bot.html)"
85.208.96.205 - - [05/Jul/2025:12:38:49 -0400] "GET /shop/?filter_cat=117%2C137%2C120%2C127%2C129 HTTP/1.1" 500 0 "-" "Mozilla/5.0 (compatible; SemrushBot/7~bl; +http://www.semrush.com/bot.html)"
66.249.65.98 - - [05/Jul/2025:12:39:12 -0400] "GET /shop/?perpage=12&filter_cat=130,115,117,121,113,112,135&stock_status=instock&column=3&shop_view=grid_view&on_sale=onsale HTTP/1.1" 500 0 "-" "Mozilla/5.0 (Linux; Android 6.0.1; Nexus 5X Build/MMB29P) AppleWebKit/537.36 (KHTML, like Gecko) Chrome/137.0.7151.103 Mobile Safari/537.36 (compatible; Googlebot/2.1; +http://www.google.com/bot.html)"
66.249.65.99 - - [05/Jul/2025:12:39:14 -0400] "GET /shop/?perpage=12&filter_cat=116,125,126,129,127,123,128,120,121,134,113,112,135&column=3&shop_view=list_view&on_sale=onsale HTTP/1.1" 500 0 "-" "Mozilla/5.0 (Linux; Android 6.0.1; Nexus 5X Build/MMB29P) AppleWebKit/537.36 (KHTML, like Gecko) Chrome/137.0.7151.103 Mobile Safari/537.36 (compatible; Googlebot/2.1; +http://www.google.com/bot.html)"
66.249.65.98 - - [05/Jul/2025:12:39:25 -0400] "GET /shop/?perpage=12&filter_cat=128,115,135,121,131,123,113,137,112,130,125,122&on_sale=onsale&shop_view=grid_view&column=2 HTTP/1.1" 500 0 "-" "Mozilla/5.0 (Linux; Android 6.0.1; Nexus 5X Build/MMB29P) AppleWebKit/537.36 (KHTML, like Gecko) Chrome/137.0.7151.103 Mobile Safari/537.36 (compatible; Googlebot/2.1; +http://www.google.com/bot.html)"
185.191.171.15 - - [05/Jul/2025:12:39:51 -0400] "GET /shop/?filter_cat=115%2C130%2C129%2C124%2C123 HTTP/1.1" 500 0 "-" "Mozilla/5.0 (compatible; SemrushBot/7~bl; +http://www.semrush.com/bot.html)"
185.191.171.7 - - [05/Jul/2025:12:40:52 -0400] "GET /shop/?filter_cat=112%2C134%2C131%2C129%2C117 HTTP/1.1" 500 0 "-" "Mozilla/5.0 (compatible; SemrushBot/7~bl; +http://www.semrush.com/bot.html)"
185.191.171.14 - - [05/Jul/2025:12:41:52 -0400] "GET /shop/?filter_cat=134%2C130%2C137%2C129%2C114 HTTP/1.1" 500 0 "-" "Mozilla/5.0 (compatible; SemrushBot/7~bl; +http://www.semrush.com/bot.html)"
85.208.96.195 - - [05/Jul/2025:12:42:53 -0400] "GET /shop/?filter_cat=114%2C116%2C130%2C113 HTTP/1.1" 500 0 "-" "Mozilla/5.0 (compatible; SemrushBot/7~bl; +http://www.semrush.com/bot.html)"
185.191.171.3 - - [05/Jul/2025:12:44:55 -0400] "GET /shop/?filter_cat=115%2C122%2C119%2C129%2C114 HTTP/1.1" 500 0 "-" "Mozilla/5.0 (compatible; SemrushBot/7~bl; +http://www.semrush.com/bot.html)"
114.119.140.4 - - [05/Jul/2025:12:29:55 -0400] "GET /shop/?stock_status=instock&on_sale=onsale&filter_cat=126,122,115,131 HTTP/1.1" 500 0 "https://mm-deals.com/shop/?stock_status=instock&on_sale=onsale&filter_cat=122%2C115%2C131" "Mozilla/5.0 (Linux; Android 7.0;) AppleWebKit/537.36 (KHTML, like Gecko) Mobile Safari/537.36 (compatible; PetalBot;+https://webmaster.petalsearch.com/site/petalbot)"
85.208.96.203 - - [05/Jul/2025:12:31:45 -0400] "GET /shop/?filter_cat=115%2C124%2C125%2C127%2C116 HTTP/1.1" 500 0 "-" "Mozilla/5.0 (compatible; SemrushBot/7~bl; +http://www.semrush.com/bot.html)"
85.208.96.196 - - [05/Jul/2025:12:32:46 -0400] "GET /shop/?filter_cat=130%2C135%2C114%2C120%2C129 HTTP/1.1" 500 0 "-" "Mozilla/5.0 (compatible; SemrushBot/7~bl; +http://www.semrush.com/bot.html)"
185.191.171.8 - - [05/Jul/2025:12:33:47 -0400] "GET /shop/?filter_cat=117%2C116%2C129%2C118%2C128 HTTP/1.1" 500 0 "-" "Mozilla/5.0 (compatible; SemrushBot/7~bl; +http://www.semrush.com/bot.html)"
85.208.96.198 - - [05/Jul/2025:12:34:47 -0400] "GET /shop/?filter_cat=137%2C116%2C113%2C121%2C124 HTTP/1.1" 500 0 "-" "Mozilla/5.0 (compatible; SemrushBot/7~bl; +http://www.semrush.com/bot.html)"
185.191.171.19 - - [05/Jul/2025:12:35:48 -0400] "GET /shop/?filter_cat=137%2C124%2C117%2C122%2C126 HTTP/1.1" 500 0 "-" "Mozilla/5.0 (compatible; SemrushBot/7~bl; +http://www.semrush.com/bot.html)"
216.244.66.235 - - [05/Jul/2025:12:43:35 -0400] "GET /robots.txt HTTP/1.1" 200 1980 "-" "Mozilla/5.0 (compatible; DotBot/1.2; +https://opensiteexplorer.org/dotbot; help@moz.com)"
85.208.96.194 - - [05/Jul/2025:12:43:54 -0400] "GET /shop/?filter_cat=115%2C124%2C126%2C122%2C116 HTTP/1.1" 500 0 "-" "Mozilla/5.0 (compatible; SemrushBot/7~bl; +http://www.semrush.com/bot.html)"
114.119.140.4 - - [05/Jul/2025:12:44:41 -0400] "GET /shop/?stock_status=instock&on_sale=onsale&filter_cat=125,137,135,124,130,129,121 HTTP/1.1" 500 0 "https://mm-deals.com/shop/?stock_status=instock&on_sale=onsale&filter_cat=125%2C137%2C135%2C124%2C130%2C115%2C129%2C121" "Mozilla/5.0 (Linux; Android 7.0;) AppleWebKit/537.36 (KHTML, like Gecko) Mobile Safari/537.36 (compatible; PetalBot;+https://webmaster.petalsearch.com/site/petalbot)"
85.208.96.198 - - [05/Jul/2025:12:45:56 -0400] "GET /shop/?filter_cat=137%2C113%2C122%2C115%2C131 HTTP/1.1" 500 0 "-" "Mozilla/5.0 (compatible; SemrushBot/7~bl; +http://www.semrush.com/bot.html)"
185.191.171.14 - - [05/Jul/2025:12:48:00 -0400] "GET /shop/?filter_cat=115%2C121%2C126%2C124%2C129 HTTP/1.1" 500 0 "-" "Mozilla/5.0 (compatible; SemrushBot/7~bl; +http://www.semrush.com/bot.html)"
216.244.66.235 - - [05/Jul/2025:12:49:37 -0400] "GET /shop/?add-to-cart=7518&filter_cat=115,124,112 HTTP/1.1" 500 0 "-" "Mozilla/5.0 (compatible; DotBot/1.2; +https://opensiteexplorer.org/dotbot; help@moz.com)"
216.244.66.235 - - [05/Jul/2025:12:49:47 -0400] "GET /shop/?add-to-cart=7518&filter_cat=135,121,112 HTTP/1.1" 500 0 "-" "Mozilla/5.0 (compatible; DotBot/1.2; +https://opensiteexplorer.org/dotbot; help@moz.com)"
85.208.96.200 - - [05/Jul/2025:12:51:02 -0400] "GET /shop/?filter_cat=134%2C129%2C116%2C135%2C124 HTTP/1.1" 500 0 "-" "Mozilla/5.0 (compatible; SemrushBot/7~bl; +http://www.semrush.com/bot.html)"
216.244.66.235 - - [05/Jul/2025:12:51:09 -0400] "GET /shop/?add-to-cart=7520&filter_cat=130,134,115 HTTP/1.1" 500 0 "-" "Mozilla/5.0 (compatible; DotBot/1.2; +https://opensiteexplorer.org/dotbot; help@moz.com)"
114.119.140.4 - - [05/Jul/2025:12:52:03 -0400] "GET /shop/?stock_status=instock&on_sale=onsale&filter_cat=125,137,134,116,128,112 HTTP/1.1" 500 0 "https://mm-deals.com/shop/?stock_status=instock&on_sale=onsale&filter_cat=137%2C134%2C116%2C128%2C112" "Mozilla/5.0 (Linux; Android 7.0;) AppleWebKit/537.36 (KHTML, like Gecko) Mobile Safari/537.36 (compatible; PetalBot;+https://webmaster.petalsearch.com/site/petalbot)"
216.244.66.235 - - [05/Jul/2025:12:52:10 -0400] "GET /shop/?add-to-cart=7528&filter_cat=116,130,121 HTTP/1.1" 500 0 "-" "Mozilla/5.0 (compatible; DotBot/1.2; +https://opensiteexplorer.org/dotbot; help@moz.com)"
216.244.66.235 - - [05/Jul/2025:12:53:41 -0400] "GET /shop/?add-to-cart=7516&filter_cat=112,122,129,127 HTTP/1.1" 500 0 "-" "Mozilla/5.0 (compatible; DotBot/1.2; +https://opensiteexplorer.org/dotbot; help@moz.com)"
85.208.96.195 - - [05/Jul/2025:12:54:05 -0400] "GET /shop/?filter_cat=112%2C137%2C120%2C123%2C135 HTTP/1.1" 500 0 "-" "Mozilla/5.0 (compatible; SemrushBot/7~bl; +http://www.semrush.com/bot.html)"
216.244.66.235 - - [05/Jul/2025:12:54:11 -0400] "GET /shop/?shop_view=list_view&column=4&filter_cat=134 HTTP/1.1" 500 0 "-" "Mozilla/5.0 (compatible; DotBot/1.2; +https://opensiteexplorer.org/dotbot; help@moz.com)"
85.208.96.199 - - [05/Jul/2025:12:55:05 -0400] "GET /shop/?filter_cat=116%2C137%2C127%2C128%2C113 HTTP/1.1" 500 0 "-" "Mozilla/5.0 (compatible; SemrushBot/7~bl; +http://www.semrush.com/bot.html)"
85.208.96.199 - - [05/Jul/2025:12:56:05 -0400] "GET /shop/?filter_cat=117%2C126%2C118%2C135%2C122 HTTP/1.1" 500 0 "-" "Mozilla/5.0 (compatible; SemrushBot/7~bl; +http://www.semrush.com/bot.html)"
185.191.171.15 - - [05/Jul/2025:12:59:08 -0400] "GET /shop/?filter_cat=114%2C121%2C137%2C125%2C126 HTTP/1.1" 500 0 "-" "Mozilla/5.0 (compatible; SemrushBot/7~bl; +http://www.semrush.com/bot.html)"
114.119.157.111 - - [05/Jul/2025:12:59:27 -0400] "GET /shop/?stock_status=instock&on_sale=onsale&filter_cat=125,137,122,130,128,115,135,131 HTTP/1.1" 500 0 "https://mm-deals.com/shop/?stock_status=instock&on_sale=onsale&filter_cat=137%2C122%2C130%2C128%2C115%2C135%2C131" "Mozilla/5.0 (Linux; Android 7.0;) AppleWebKit/537.36 (KHTML, like Gecko) Mobile Safari/537.36 (compatible; PetalBot;+https://webmaster.petalsearch.com/site/petalbot)"
85.208.96.208 - - [05/Jul/2025:13:00:08 -0400] "GET /shop/?filter_cat=113%2C116%2C134%2C120%2C112 HTTP/1.1" 500 0 "-" "Mozilla/5.0 (compatible; SemrushBot/7~bl; +http://www.semrush.com/bot.html)"
85.208.96.208 - - [05/Jul/2025:13:01:10 -0400] "GET /shop/?filter_cat=130%2C126%2C116%2C120%2C114 HTTP/1.1" 500 0 "-" "Mozilla/5.0 (compatible; SemrushBot/7~bl; +http://www.semrush.com/bot.html)"
185.191.171.6 - - [05/Jul/2025:12:45:23 -0400] "GET /robots.txt HTTP/1.1" 200 200 "-" "Mozilla/5.0 (compatible; SemrushBot/7~bl; +http://www.semrush.com/bot.html)"
185.191.171.12 - - [05/Jul/2025:12:46:58 -0400] "GET /shop/?filter_cat=131%2C113%2C121%2C134%2C124 HTTP/1.1" 500 0 "-" "Mozilla/5.0 (compatible; SemrushBot/7~bl; +http://www.semrush.com/bot.html)"
85.208.96.193 - - [05/Jul/2025:12:49:01 -0400] "GET /shop/?filter_cat=134%2C119%2C118%2C128 HTTP/1.1" 500 0 "-" "Mozilla/5.0 (compatible; SemrushBot/7~bl; +http://www.semrush.com/bot.html)"
185.191.171.7 - - [05/Jul/2025:12:50:02 -0400] "GET /shop/?filter_cat=137%2C131%2C127%2C123%2C129 HTTP/1.1" 500 0 "-" "Mozilla/5.0 (compatible; SemrushBot/7~bl; +http://www.semrush.com/bot.html)"
216.244.66.235 - - [05/Jul/2025:12:50:07 -0400] "GET /shop/?add-to-cart=7520&filter_cat=113,134,115 HTTP/1.1" 500 0 "-" "Mozilla/5.0 (compatible; DotBot/1.2; +https://opensiteexplorer.org/dotbot; help@moz.com)"
216.244.66.235 - - [05/Jul/2025:12:50:38 -0400] "GET /shop/?add-to-cart=7520&filter_cat=121,120,122 HTTP/1.1" 500 0 "-" "Mozilla/5.0 (compatible; DotBot/1.2; +https://opensiteexplorer.org/dotbot; help@moz.com)"
216.244.66.235 - - [05/Jul/2025:12:51:39 -0400] "GET /shop/?add-to-cart=7528&filter_cat=115,130,121 HTTP/1.1" 500 0 "-" "Mozilla/5.0 (compatible; DotBot/1.2; +https://opensiteexplorer.org/dotbot; help@moz.com)"
85.208.96.197 - - [05/Jul/2025:12:52:03 -0400] "GET /shop/?filter_cat=130%2C135%2C114%2C119%2C134 HTTP/1.1" 500 0 "-" "Mozilla/5.0 (compatible; SemrushBot/7~bl; +http://www.semrush.com/bot.html)"
216.244.66.235 - - [05/Jul/2025:12:52:41 -0400] "GET /shop/?add-to-cart=7530&filter_cat=137,118,121 HTTP/1.1" 500 0 "-" "Mozilla/5.0 (compatible; DotBot/1.2; +https://opensiteexplorer.org/dotbot; help@moz.com)"
185.191.171.1 - - [05/Jul/2025:12:53:04 -0400] "GET /shop/?filter_cat=112%2C115%2C123%2C128%2C135 HTTP/1.1" 500 0 "-" "Mozilla/5.0 (compatible; SemrushBot/7~bl; +http://www.semrush.com/bot.html)"
216.244.66.235 - - [05/Jul/2025:12:53:11 -0400] "GET /shop/?add-to-cart=7514&filter_cat=128,127,122,129 HTTP/1.1" 500 0 "-" "Mozilla/5.0 (compatible; DotBot/1.2; +https://opensiteexplorer.org/dotbot; help@moz.com)"
185.191.171.1 - - [05/Jul/2025:12:57:06 -0400] "GET /shop/?filter_cat=137%2C129%2C115%2C130%2C117 HTTP/1.1" 500 0 "-" "Mozilla/5.0 (compatible; SemrushBot/7~bl; +http://www.semrush.com/bot.html)"
85.208.96.212 - - [05/Jul/2025:12:58:07 -0400] "GET /shop/?filter_cat=131%2C124%2C117%2C134%2C127 HTTP/1.1" 500 0 "-" "Mozilla/5.0 (compatible; SemrushBot/7~bl; +http://www.semrush.com/bot.html)"
185.191.171.11 - - [05/Jul/2025:13:02:11 -0400] "GET /shop/?filter_cat=135%2C131%2C113%2C115%2C137 HTTP/1.1" 500 0 "-" "Mozilla/5.0 (compatible; SemrushBot/7~bl; +http://www.semrush.com/bot.html)"
85.208.96.199 - - [05/Jul/2025:13:03:11 -0400] "GET /shop/?filter_cat=117%2C114%2C131%2C134%2C135 HTTP/1.1" 500 0 "-" "Mozilla/5.0 (compatible; SemrushBot/7~bl; +http://www.semrush.com/bot.html)"
185.191.171.3 - - [05/Jul/2025:13:05:13 -0400] "GET /shop/?filter_cat=117%2C112%2C114%2C115%2C113 HTTP/1.1" 500 0 "-" "Mozilla/5.0 (compatible; SemrushBot/7~bl; +http://www.semrush.com/bot.html)"
185.191.171.12 - - [05/Jul/2025:13:06:14 -0400] "GET /shop/?filter_cat=114%2C116%2C121%2C115%2C129 HTTP/1.1" 500 0 "-" "Mozilla/5.0 (compatible; SemrushBot/7~bl; +http://www.semrush.com/bot.html)"
85.208.96.193 - - [05/Jul/2025:13:06:37 -0400] "GET /robots.txt HTTP/1.1" 200 200 "-" "Mozilla/5.0 (compatible; SemrushBot/7~bl; +http://www.semrush.com/bot.html)"
114.119.155.44 - - [05/Jul/2025:13:06:54 -0400] "GET /shop/?stock_status=instock&on_sale=onsale&filter_cat=125,135,134,124,114,117,116,121 HTTP/1.1" 500 0 "https://mm-deals.com/shop/?stock_status=instock&on_sale=onsale&filter_cat=135%2C134%2C124%2C114%2C117%2C116%2C121" "Mozilla/5.0 (Linux; Android 7.0;) AppleWebKit/537.36 (KHTML, like Gecko) Mobile Safari/537.36 (compatible; PetalBot;+https://webmaster.petalsearch.com/site/petalbot)"
185.191.171.8 - - [05/Jul/2025:13:04:12 -0400] "GET /shop/?filter_cat=115%2C131%2C117%2C121%2C114 HTTP/1.1" 500 0 "-" "Mozilla/5.0 (compatible; SemrushBot/7~bl; +http://www.semrush.com/bot.html)"
85.208.96.206 - - [05/Jul/2025:13:07:15 -0400] "GET /shop/?filter_cat=115%2C121%2C126%2C117%2C135 HTTP/1.1" 500 0 "-" "Mozilla/5.0 (compatible; SemrushBot/7~bl; +http://www.semrush.com/bot.html)"
85.208.96.211 - - [05/Jul/2025:13:08:15 -0400] "GET /shop/?filter_cat=135%2C120%2C125%2C115%2C134 HTTP/1.1" 500 0 "-" "Mozilla/5.0 (compatible; SemrushBot/7~bl; +http://www.semrush.com/bot.html)"
85.208.96.202 - - [05/Jul/2025:13:09:16 -0400] "GET /shop/?filter_cat=116%2C127%2C137%2C121%2C123 HTTP/1.1" 500 0 "-" "Mozilla/5.0 (compatible; SemrushBot/7~bl; +http://www.semrush.com/bot.html)"
185.191.171.5 - - [05/Jul/2025:13:10:17 -0400] "GET /shop/?filter_cat=114%2C128%2C120%2C117%2C121 HTTP/1.1" 500 0 "-" "Mozilla/5.0 (compatible; SemrushBot/7~bl; +http://www.semrush.com/bot.html)"
85.208.96.198 - - [05/Jul/2025:13:11:17 -0400] "GET /shop/?filter_cat=112%2C127%2C119%2C114%2C113 HTTP/1.1" 500 0 "-" "Mozilla/5.0 (compatible; SemrushBot/7~bl; +http://www.semrush.com/bot.html)"
66.249.65.99 - - [05/Jul/2025:13:13:15 -0400] "GET /shop/page/13/?perpage=12&filter_cat=121%2C114%2C123%2C134%2C120%2C115%2C118%2C131%2C112%2C130%2C125&column=4&shop_view=list_view&on_sale=onsale&stock_status=instock HTTP/1.1" 500 0 "-" "Mozilla/5.0 (Linux; Android 6.0.1; Nexus 5X Build/MMB29P) AppleWebKit/537.36 (KHTML, like Gecko) Chrome/137.0.7151.103 Mobile Safari/537.36 (compatible; Googlebot/2.1; +http://www.google.com/bot.html)"
85.208.96.194 - - [05/Jul/2025:13:13:19 -0400] "GET /shop/?filter_cat=134%2C123%2C117%2C125 HTTP/1.1" 500 0 "-" "Mozilla/5.0 (compatible; SemrushBot/7~bl; +http://www.semrush.com/bot.html)"
85.208.96.202 - - [05/Jul/2025:13:14:20 -0400] "GET /shop/?filter_cat=112%2C119%2C117%2C122%2C128 HTTP/1.1" 500 0 "-" "Mozilla/5.0 (compatible; SemrushBot/7~bl; +http://www.semrush.com/bot.html)"
85.208.96.199 - - [05/Jul/2025:13:16:22 -0400] "GET /shop/?filter_cat=123%2C113%2C118%2C115 HTTP/1.1" 500 0 "-" "Mozilla/5.0 (compatible; SemrushBot/7~bl; +http://www.semrush.com/bot.html)"
85.208.96.208 - - [05/Jul/2025:13:19:25 -0400] "GET /shop/?filter_cat=115%2C114%2C119%2C127%2C134 HTTP/1.1" 500 0 "-" "Mozilla/5.0 (compatible; SemrushBot/7~bl; +http://www.semrush.com/bot.html)"
185.191.171.15 - - [05/Jul/2025:13:12:19 -0400] "GET /shop/?filter_cat=113%2C127%2C122%2C116%2C115 HTTP/1.1" 500 0 "-" "Mozilla/5.0 (compatible; SemrushBot/7~bl; +http://www.semrush.com/bot.html)"
114.119.133.34 - - [05/Jul/2025:13:14:12 -0400] "GET /shop/?stock_status=instock&on_sale=onsale&filter_cat=125,135,134,123,115,131 HTTP/1.1" 500 0 "https://mm-deals.com/shop/?stock_status=instock&on_sale=onsale&filter_cat=135%2C134%2C123%2C115%2C131" "Mozilla/5.0 (Linux; Android 7.0;) AppleWebKit/537.36 (KHTML, like Gecko) Mobile Safari/537.36 (compatible; PetalBot;+https://webmaster.petalsearch.com/site/petalbot)"
85.208.96.206 - - [05/Jul/2025:13:15:21 -0400] "GET /shop/?filter_cat=112%2C128%2C131%2C113%2C129 HTTP/1.1" 500 0 "-" "Mozilla/5.0 (compatible; SemrushBot/7~bl; +http://www.semrush.com/bot.html)"
185.191.171.14 - - [05/Jul/2025:13:17:23 -0400] "GET /shop/?filter_cat=130%2C134%2C121%2C131%2C126 HTTP/1.1" 500 0 "-" "Mozilla/5.0 (compatible; SemrushBot/7~bl; +http://www.semrush.com/bot.html)"
185.191.171.19 - - [05/Jul/2025:13:18:24 -0400] "GET /shop/?filter_cat=112%2C137%2C129%2C119%2C124 HTTP/1.1" 500 0 "-" "Mozilla/5.0 (compatible; SemrushBot/7~bl; +http://www.semrush.com/bot.html)"
66.249.65.99 - - [05/Jul/2025:13:20:07 -0400] "GET /shop/page/17/?perpage=12&filter_cat=127%2C121%2C137%2C113%2C122%2C124%2C114%2C118%2C125%2C119%2C131%2C130%2C134&column=3&shop_view=list_view&stock_status=instock&on_sale=onsale HTTP/1.1" 500 0 "-" "Mozilla/5.0 (Linux; Android 6.0.1; Nexus 5X Build/MMB29P) AppleWebKit/537.36 (KHTML, like Gecko) Chrome/137.0.7151.103 Mobile Safari/537.36 (compatible; Googlebot/2.1; +http://www.google.com/bot.html)"
85.208.96.206 - - [05/Jul/2025:13:20:26 -0400] "GET /shop/?filter_cat=116%2C124%2C114%2C137%2C127 HTTP/1.1" 500 0 "-" "Mozilla/5.0 (compatible; SemrushBot/7~bl; +http://www.semrush.com/bot.html)"
66.249.65.97 - - [05/Jul/2025:13:22:38 -0400] "GET /shop/?perpage=12&filter_cat=129,117,114,127,115,135,121,123,137,112,130,125,122&column=3&shop_view=grid_view&stock_status=instock HTTP/1.1" 500 0 "-" "Mozilla/5.0 (Linux; Android 6.0.1; Nexus 5X Build/MMB29P) AppleWebKit/537.36 (KHTML, like Gecko) Chrome/137.0.7151.103 Mobile Safari/537.36 (compatible; Googlebot/2.1; +http://www.google.com/bot.html)"
66.249.65.99 - - [05/Jul/2025:13:23:05 -0400] "GET /shop/page/17/?perpage=12&filter_cat=118%2C134%2C131%2C119%2C114%2C123%2C129%2C121%2C137%2C113%2C126%2C125&on_sale=onsale&shop_view=list_view&column=2 HTTP/1.1" 500 0 "-" "Mozilla/5.0 (Linux; Android 6.0.1; Nexus 5X Build/MMB29P) AppleWebKit/537.36 (KHTML, like Gecko) Chrome/137.0.7151.103 Mobile Safari/537.36 (compatible; Googlebot/2.1; +http://www.google.com/bot.html)"
66.249.65.98 - - [05/Jul/2025:13:23:24 -0400] "GET /shop/?perpage=12&filter_cat=116,115,134,124,114,123,129,121,137,113,126,125&on_sale=onsale&shop_view=list_view&column=4 HTTP/1.1" 500 0 "-" "Mozilla/5.0 (Linux; Android 6.0.1; Nexus 5X Build/MMB29P) AppleWebKit/537.36 (KHTML, like Gecko) Chrome/137.0.7151.103 Mobile Safari/537.36 (compatible; Googlebot/2.1; +http://www.google.com/bot.html)"
185.191.171.19 - - [05/Jul/2025:13:23:28 -0400] "GET /shop/?filter_cat=113%2C114%2C131%2C135%2C121 HTTP/1.1" 500 0 "-" "Mozilla/5.0 (compatible; SemrushBot/7~bl; +http://www.semrush.com/bot.html)"
66.249.65.98 - - [05/Jul/2025:13:26:29 -0400] "GET /shop/?perpage=12&filter_cat=116,129,117,114,127,115,135,121,123,113,137,112,130,125,122&column=3&shop_view=grid_view&stock_status=instock HTTP/1.1" 500 0 "-" "Mozilla/5.0 (Linux; Android 6.0.1; Nexus 5X Build/MMB29P) AppleWebKit/537.36 (KHTML, like Gecko) Chrome/137.0.7151.103 Mobile Safari/537.36 (compatible; Googlebot/2.1; +http://www.google.com/bot.html)"
185.191.171.3 - - [05/Jul/2025:13:26:32 -0400] "GET /shop/?filter_cat=114%2C126%2C124%2C123%2C137 HTTP/1.1" 500 0 "-" "Mozilla/5.0 (compatible; SemrushBot/7~bl; +http://www.semrush.com/bot.html)"
66.249.65.99 - - [05/Jul/2025:13:27:14 -0400] "GET /shop/?perpage=12&filter_cat=114,115,117,120,121,135&column=4&shop_view=grid_view&on_sale=onsale HTTP/1.1" 500 0 "-" "Mozilla/5.0 (Linux; Android 6.0.1; Nexus 5X Build/MMB29P) AppleWebKit/537.36 (KHTML, like Gecko) Chrome/137.0.7151.103 Mobile Safari/537.36 (compatible; Googlebot/2.1; +http://www.google.com/bot.html)"
185.191.171.16 - - [05/Jul/2025:13:27:15 -0400] "GET /robots.txt HTTP/1.1" 200 200 "-" "Mozilla/5.0 (compatible; SemrushBot/7~bl; +http://www.semrush.com/bot.html)"
216.244.66.235 - - [05/Jul/2025:13:27:30 -0400] "GET /robots.txt HTTP/1.1" 200 1980 "-" "Mozilla/5.0 (compatible; DotBot/1.2; +https://opensiteexplorer.org/dotbot; help@moz.com)"
85.208.96.209 - - [05/Jul/2025:13:28:34 -0400] "GET /shop/?filter_cat=131%2C129%2C123%2C120%2C122 HTTP/1.1" 500 0 "-" "Mozilla/5.0 (compatible; SemrushBot/7~bl; +http://www.semrush.com/bot.html)"
213.180.203.250 - - [05/Jul/2025:13:28:45 -0400] "GET /robots.txt HTTP/1.1" 200 1980 "-" "Mozilla/5.0 (compatible; YandexBot/3.0; +http://yandex.com/bots)"
185.191.171.6 - - [05/Jul/2025:13:21:27 -0400] "GET /shop/?filter_cat=112%2C130%2C127%2C113%2C137 HTTP/1.1" 500 0 "-" "Mozilla/5.0 (compatible; SemrushBot/7~bl; +http://www.semrush.com/bot.html)"
114.119.150.65 - - [05/Jul/2025:13:21:34 -0400] "GET /shop/?stock_status=instock&on_sale=onsale&filter_cat=125,135,134,121 HTTP/1.1" 500 0 "https://mm-deals.com/shop/?stock_status=instock&on_sale=onsale&filter_cat=135%2C134%2C121" "Mozilla/5.0 (Linux; Android 7.0;) AppleWebKit/537.36 (KHTML, like Gecko) Mobile Safari/537.36 (compatible; PetalBot;+https://webmaster.petalsearch.com/site/petalbot)"
66.249.65.98 - - [05/Jul/2025:13:22:11 -0400] "GET /shop/?perpage=12&filter_cat=129,117,114,127,115,135,121,123,113,137,112,130,125&column=3&shop_view=grid_view&stock_status=instock HTTP/1.1" 500 0 "-" "Mozilla/5.0 (Linux; Android 6.0.1; Nexus 5X Build/MMB29P) AppleWebKit/537.36 (KHTML, like Gecko) Chrome/137.0.7151.103 Mobile Safari/537.36 (compatible; Googlebot/2.1; +http://www.google.com/bot.html)"
85.208.96.208 - - [05/Jul/2025:13:22:27 -0400] "GET /shop/?filter_cat=114%2C119%2C126%2C128%2C130 HTTP/1.1" 500 0 "-" "Mozilla/5.0 (compatible; SemrushBot/7~bl; +http://www.semrush.com/bot.html)"
66.249.65.97 - - [05/Jul/2025:13:23:45 -0400] "GET /shop/?perpage=12&filter_cat=129,117,114,127,115,135,123,113,137,112,130,125,122&column=3&shop_view=grid_view&stock_status=instock HTTP/1.1" 500 0 "-" "Mozilla/5.0 (Linux; Android 6.0.1; Nexus 5X Build/MMB29P) AppleWebKit/537.36 (KHTML, like Gecko) Chrome/137.0.7151.103 Mobile Safari/537.36 (compatible; Googlebot/2.1; +http://www.google.com/bot.html)"
185.191.171.18 - - [05/Jul/2025:13:24:30 -0400] "GET /shop/?filter_cat=134%2C122%2C115%2C135 HTTP/1.1" 500 0 "-" "Mozilla/5.0 (compatible; SemrushBot/7~bl; +http://www.semrush.com/bot.html)"
66.249.65.99 - - [05/Jul/2025:13:25:00 -0400] "GET /shop/?perpage=12&filter_cat=134,114,115,128,117,120,121,135&column=4&shop_view=grid_view&on_sale=onsale HTTP/1.1" 500 0 "-" "Mozilla/5.0 (Linux; Android 6.0.1; Nexus 5X Build/MMB29P) AppleWebKit/537.36 (KHTML, like Gecko) Chrome/137.0.7151.103 Mobile Safari/537.36 (compatible; Googlebot/2.1; +http://www.google.com/bot.html)"
185.191.171.7 - - [05/Jul/2025:13:25:31 -0400] "GET /shop/?filter_cat=116%2C114%2C137%2C123%2C112 HTTP/1.1" 500 0 "-" "Mozilla/5.0 (compatible; SemrushBot/7~bl; +http://www.semrush.com/bot.html)"
185.191.171.14 - - [05/Jul/2025:13:27:33 -0400] "GET /shop/?filter_cat=112%2C123%2C116%2C122%2C125 HTTP/1.1" 500 0 "-" "Mozilla/5.0 (compatible; SemrushBot/7~bl; +http://www.semrush.com/bot.html)"
87.250.224.22 - - [05/Jul/2025:13:28:46 -0400] "GET /lip-skin-care-products/ HTTP/1.1" 500 0 "-" "Mozilla/5.0 (compatible; YandexBot/3.0; +http://yandex.com/bots)"
185.191.171.6 - - [05/Jul/2025:13:29:35 -0400] "GET /shop/?filter_cat=112%2C127%2C117%2C137%2C120 HTTP/1.1" 500 0 "-" "Mozilla/5.0 (compatible; SemrushBot/7~bl; +http://www.semrush.com/bot.html)"
66.249.65.99 - - [05/Jul/2025:13:30:20 -0400] "GET /shop/?perpage=12&filter_cat=123,134,135,137,113,126,127,112,125&column=3&shop_view=grid_view&on_sale=onsale HTTP/1.1" 500 0 "-" "Mozilla/5.0 (Linux; Android 6.0.1; Nexus 5X Build/MMB29P) AppleWebKit/537.36 (KHTML, like Gecko) Chrome/137.0.7151.103 Mobile Safari/537.36 (compatible; Googlebot/2.1; +http://www.google.com/bot.html)"
85.208.96.210 - - [05/Jul/2025:13:31:39 -0400] "GET /shop/?filter_cat=131%2C134%2C116%2C121%2C118 HTTP/1.1" 500 0 "-" "Mozilla/5.0 (compatible; SemrushBot/7~bl; +http://www.semrush.com/bot.html)"
66.249.65.98 - - [05/Jul/2025:13:31:57 -0400] "GET /shop/?perpage=12&filter_cat=117,134,120,115,118,121,122&column=2&shop_view=grid_view&on_sale=onsale HTTP/1.1" 500 0 "-" "Mozilla/5.0 (Linux; Android 6.0.1; Nexus 5X Build/MMB29P) AppleWebKit/537.36 (KHTML, like Gecko) Chrome/137.0.7151.103 Mobile Safari/537.36 (compatible; Googlebot/2.1; +http://www.google.com/bot.html)"
185.191.171.15 - - [05/Jul/2025:13:32:41 -0400] "GET /shop/?filter_cat=131%2C137%2C119%2C118%2C114 HTTP/1.1" 500 0 "-" "Mozilla/5.0 (compatible; SemrushBot/7~bl; +http://www.semrush.com/bot.html)"
114.119.134.212 - - [05/Jul/2025:13:28:58 -0400] "GET /shop/?stock_status=instock&on_sale=onsale&filter_cat=125,135,114,123,120 HTTP/1.1" 500 0 "https://mm-deals.com/shop/?stock_status=instock&on_sale=onsale&filter_cat=135%2C114%2C123%2C120" "Mozilla/5.0 (Linux; Android 7.0;) AppleWebKit/537.36 (KHTML, like Gecko) Mobile Safari/537.36 (compatible; PetalBot;+https://webmaster.petalsearch.com/site/petalbot)"
66.249.65.97 - - [05/Jul/2025:13:29:35 -0400] "GET /shop/?perpage=12&filter_cat=129,117,114,127,115,135,121,123,113,137,112,125,122&column=3&shop_view=grid_view&stock_status=instock HTTP/1.1" 500 0 "-" "Mozilla/5.0 (Linux; Android 6.0.1; Nexus 5X Build/MMB29P) AppleWebKit/537.36 (KHTML, like Gecko) Chrome/137.0.7151.103 Mobile Safari/537.36 (compatible; Googlebot/2.1; +http://www.google.com/bot.html)"
185.191.171.14 - - [05/Jul/2025:13:30:38 -0400] "GET /shop/?filter_cat=122%2C113%2C126%2C124 HTTP/1.1" 500 0 "-" "Mozilla/5.0 (compatible; SemrushBot/7~bl; +http://www.semrush.com/bot.html)"
66.249.65.98 - - [05/Jul/2025:13:31:15 -0400] "GET /shop/?perpage=12&filter_cat=120,129,117,114,127,115,135,121,123,113,137,112,130,125,122&column=3&shop_view=grid_view&stock_status=instock HTTP/1.1" 500 0 "-" "Mozilla/5.0 (Linux; Android 6.0.1; Nexus 5X Build/MMB29P) AppleWebKit/537.36 (KHTML, like Gecko) Chrome/137.0.7151.103 Mobile Safari/537.36 (compatible; Googlebot/2.1; +http://www.google.com/bot.html)"
216.244.66.235 - - [05/Jul/2025:13:33:08 -0400] "GET /shop/?add-to-cart=7514&filter_cat=125,130,137 HTTP/1.1" 500 0 "-" "Mozilla/5.0 (compatible; DotBot/1.2; +https://opensiteexplorer.org/dotbot; help@moz.com)"
216.244.66.235 - - [05/Jul/2025:13:33:18 -0400] "GET /shop/?add-to-cart=7518&filter_cat=116,121,112 HTTP/1.1" 500 0 "-" "Mozilla/5.0 (compatible; DotBot/1.2; +https://opensiteexplorer.org/dotbot; help@moz.com)"
216.244.66.235 - - [05/Jul/2025:13:34:09 -0400] "GET /shop/?add-to-cart=7534&filter_cat=112,119,130 HTTP/1.1" 500 0 "-" "Mozilla/5.0 (compatible; DotBot/1.2; +https://opensiteexplorer.org/dotbot; help@moz.com)"
216.244.66.235 - - [05/Jul/2025:13:34:39 -0400] "GET /shop/?add-to-cart=7534&filter_cat=126,119,130 HTTP/1.1" 500 0 "-" "Mozilla/5.0 (compatible; DotBot/1.2; +https://opensiteexplorer.org/dotbot; help@moz.com)"
185.191.171.19 - - [05/Jul/2025:13:34:42 -0400] "GET /shop/?filter_cat=137%2C122%2C120%2C113%2C134 HTTP/1.1" 500 0 "-" "Mozilla/5.0 (compatible; SemrushBot/7~bl; +http://www.semrush.com/bot.html)"
216.244.66.235 - - [05/Jul/2025:13:35:40 -0400] "GET /shop/?filter_cat=124,125,123,117 HTTP/1.1" 500 0 "-" "Mozilla/5.0 (compatible; DotBot/1.2; +https://opensiteexplorer.org/dotbot; help@moz.com)"
216.244.66.235 - - [05/Jul/2025:13:36:10 -0400] "GET /shop/?column=3&shop_view=grid_view&filter_cat=124,119,114 HTTP/1.1" 500 0 "-" "Mozilla/5.0 (compatible; DotBot/1.2; +https://opensiteexplorer.org/dotbot; help@moz.com)"
216.244.66.235 - - [05/Jul/2025:13:33:39 -0400] "GET /shop/?add-to-cart=7532&filter_cat=120,130,121 HTTP/1.1" 500 0 "-" "Mozilla/5.0 (compatible; DotBot/1.2; +https://opensiteexplorer.org/dotbot; help@moz.com)"
185.191.171.17 - - [05/Jul/2025:13:33:41 -0400] "GET /shop/?filter_cat=117%2C122%2C112%2C124%2C115 HTTP/1.1" 500 0 "-" "Mozilla/5.0 (compatible; SemrushBot/7~bl; +http://www.semrush.com/bot.html)"
66.249.65.99 - - [05/Jul/2025:13:34:45 -0400] "GET /shop/?perpage=12&filter_cat=129,117,114,115,135,121,123,113,137,112,130,125,122&column=3&shop_view=grid_view&stock_status=instock HTTP/1.1" 500 0 "-" "Mozilla/5.0 (Linux; Android 6.0.1; Nexus 5X Build/MMB29P) AppleWebKit/537.36 (KHTML, like Gecko) Chrome/137.0.7151.103 Mobile Safari/537.36 (compatible; Googlebot/2.1; +http://www.google.com/bot.html)"
66.249.65.99 - - [05/Jul/2025:13:34:48 -0400] "GET /shop/?perpage=12&filter_cat=131,126,128,120,121,134,113,135&column=3&shop_view=grid_view&on_sale=onsale HTTP/1.1" 500 0 "-" "Mozilla/5.0 (Linux; Android 6.0.1; Nexus 5X Build/MMB29P) AppleWebKit/537.36 (KHTML, like Gecko) Chrome/137.0.7151.103 Mobile Safari/537.36 (compatible; Googlebot/2.1; +http://www.google.com/bot.html)"
216.244.66.235 - - [05/Jul/2025:13:35:09 -0400] "GET /shop/?filter_cat=120,135,117,134&on_sale=onsale HTTP/1.1" 500 0 "-" "Mozilla/5.0 (compatible; DotBot/1.2; +https://opensiteexplorer.org/dotbot; help@moz.com)"
85.208.96.207 - - [05/Jul/2025:13:35:43 -0400] "GET /shop/?filter_cat=115%2C131%2C135%2C112%2C134 HTTP/1.1" 500 0 "-" "Mozilla/5.0 (compatible; SemrushBot/7~bl; +http://www.semrush.com/bot.html)"
27.106.118.242 - - [05/Jul/2025:13:36:12 -0400] "GET /product-category/baby_toys/page/2/?column=3&shop_view=grid_view HTTP/1.1" 500 0 "https://mm-deals.com/product-category/baby_toys/page/2/?column=3&shop_view=grid_view" "Mozilla/5.0 (Windows NT 10.0; Win64; x64) AppleWebKit/537.36 (KHTML, like Gecko) Chrome/104.0.0.0 Safari/537.36"
114.119.133.34 - - [05/Jul/2025:13:36:20 -0400] "GET /shop/?stock_status=instock&on_sale=onsale&filter_cat=125,134,127,113,112,119 HTTP/1.1" 500 0 "https://mm-deals.com/shop/?stock_status=instock&on_sale=onsale&filter_cat=134%2C127%2C113%2C112%2C119" "Mozilla/5.0 (Linux; Android 7.0;) AppleWebKit/537.36 (KHTML, like Gecko) Mobile Safari/537.36 (compatible; PetalBot;+https://webmaster.petalsearch.com/site/petalbot)"
66.249.65.98 - - [05/Jul/2025:13:36:30 -0400] "GET /shop/?perpage=12&filter_cat=129,117,114,127,115,135,121,123,113,112,130,125,122&column=3&shop_view=grid_view&stock_status=instock HTTP/1.1" 500 0 "-" "Mozilla/5.0 (Linux; Android 6.0.1; Nexus 5X Build/MMB29P) AppleWebKit/537.36 (KHTML, like Gecko) Chrome/137.0.7151.103 Mobile Safari/537.36 (compatible; Googlebot/2.1; +http://www.google.com/bot.html)"
185.191.171.17 - - [05/Jul/2025:13:36:44 -0400] "GET /shop/?filter_cat=137%2C128%2C118%2C119%2C127 HTTP/1.1" 500 0 "-" "Mozilla/5.0 (compatible; SemrushBot/7~bl; +http://www.semrush.com/bot.html)"
216.244.66.235 - - [05/Jul/2025:13:37:14 -0400] "GET /shop/?filter_cat=119,134&shop_view=grid_view&column=2 HTTP/1.1" 500 0 "-" "Mozilla/5.0 (compatible; DotBot/1.2; +https://opensiteexplorer.org/dotbot; help@moz.com)"
66.249.65.99 - - [05/Jul/2025:13:38:09 -0400] "GET /shop/?perpage=12&filter_cat=113,117,128,120,121,134,112,135&column=2&shop_view=grid_view&on_sale=onsale HTTP/1.1" 500 0 "-" "Mozilla/5.0 (Linux; Android 6.0.1; Nexus 5X Build/MMB29P) AppleWebKit/537.36 (KHTML, like Gecko) Chrome/137.0.7151.103 Mobile Safari/537.36 (compatible; Googlebot/2.1; +http://www.google.com/bot.html)"
85.208.96.201 - - [05/Jul/2025:13:38:45 -0400] "GET /shop/?filter_cat=128%2C135%2C137%2C122 HTTP/1.1" 500 0 "-" "Mozilla/5.0 (compatible; SemrushBot/7~bl; +http://www.semrush.com/bot.html)"
66.249.65.98 - - [05/Jul/2025:13:41:55 -0400] "GET /shop/?perpage=12&filter_cat=125,113,126,117,128,120,121,134,112,135&column=2&shop_view=grid_view&on_sale=onsale HTTP/1.1" 500 0 "-" "Mozilla/5.0 (Linux; Android 6.0.1; Nexus 5X Build/MMB29P) AppleWebKit/537.36 (KHTML, like Gecko) Chrome/137.0.7151.103 Mobile Safari/537.36 (compatible; Googlebot/2.1; +http://www.google.com/bot.html)"
185.191.171.9 - - [05/Jul/2025:13:42:48 -0400] "GET /shop/?filter_cat=137%2C131%2C126%2C117%2C113 HTTP/1.1" 500 0 "-" "Mozilla/5.0 (compatible; SemrushBot/7~bl; +http://www.semrush.com/bot.html)"
114.119.140.4 - - [05/Jul/2025:13:43:46 -0400] "GET /shop/?stock_status=instock&on_sale=onsale&filter_cat=125,134,124,118,127,128,112 HTTP/1.1" 500 0 "https://mm-deals.com/shop/?stock_status=instock&on_sale=onsale&filter_cat=134%2C124%2C118%2C127%2C128%2C112" "Mozilla/5.0 (Linux; Android 7.0;) AppleWebKit/537.36 (KHTML, like Gecko) Mobile Safari/537.36 (compatible; PetalBot;+https://webmaster.petalsearch.com/site/petalbot)"
66.249.65.97 - - [05/Jul/2025:13:44:41 -0400] "GET /shop/?perpage=12&filter_cat=115,131,130,125&column=4&shop_view=grid_view HTTP/1.1" 500 0 "-" "Mozilla/5.0 (Linux; Android 6.0.1; Nexus 5X Build/MMB29P) AppleWebKit/537.36 (KHTML, like Gecko) Chrome/137.0.7151.103 Mobile Safari/537.36 (compatible; Googlebot/2.1; +http://www.google.com/bot.html)"
85.208.96.207 - - [05/Jul/2025:13:44:49 -0400] "GET /shop/?filter_cat=112%2C135%2C122%2C114%2C131 HTTP/1.1" 500 0 "-" "Mozilla/5.0 (compatible; SemrushBot/7~bl; +http://www.semrush.com/bot.html)"
85.208.96.207 - - [05/Jul/2025:13:45:50 -0400] "GET /shop/?filter_cat=114%2C128%2C134%2C124%2C120 HTTP/1.1" 500 0 "-" "Mozilla/5.0 (compatible; SemrushBot/7~bl; +http://www.semrush.com/bot.html)"
66.249.65.97 - - [05/Jul/2025:13:47:14 -0400] "GET /shop/?perpage=12&filter_cat=127,129,135,130,126,123,115,137,120,112,125&column=4&shop_view=grid_view HTTP/1.1" 500 0 "-" "Mozilla/5.0 (Linux; Android 6.0.1; Nexus 5X Build/MMB29P) AppleWebKit/537.36 (KHTML, like Gecko) Chrome/137.0.7151.103 Mobile Safari/537.36 (compatible; Googlebot/2.1; +http://www.google.com/bot.html)"
185.191.171.15 - - [05/Jul/2025:13:47:57 -0400] "GET /robots.txt HTTP/1.1" 200 200 "-" "Mozilla/5.0 (compatible; SemrushBot/7~bl; +http://www.semrush.com/bot.html)"
66.249.65.97 - - [05/Jul/2025:13:47:58 -0400] "GET /shop/?perpage=12&filter_cat=120,131,130,125,122&column=4&shop_view=grid_view HTTP/1.1" 500 0 "-" "Mozilla/5.0 (Linux; Android 6.0.1; Nexus 5X Build/MMB29P) AppleWebKit/537.36 (KHTML, like Gecko) Chrome/137.0.7151.103 Mobile Safari/537.36 (compatible; Googlebot/2.1; +http://www.google.com/bot.html)"
85.208.96.198 - - [05/Jul/2025:13:49:53 -0400] "GET /shop/?filter_cat=114%2C134%2C131%2C135%2C117 HTTP/1.1" 500 0 "-" "Mozilla/5.0 (compatible; SemrushBot/7~bl; +http://www.semrush.com/bot.html)"
85.208.96.202 - - [05/Jul/2025:13:50:53 -0400] "GET /shop/?filter_cat=129%2C134%2C121%2C125%2C112 HTTP/1.1" 500 0 "-" "Mozilla/5.0 (compatible; SemrushBot/7~bl; +http://www.semrush.com/bot.html)"
216.244.66.235 - - [05/Jul/2025:13:36:41 -0400] "GET /shop/?column=3&shop_view=list_view&filter_cat=130,129 HTTP/1.1" 500 0 "-" "Mozilla/5.0 (compatible; DotBot/1.2; +https://opensiteexplorer.org/dotbot; help@moz.com)"
85.208.96.194 - - [05/Jul/2025:13:37:44 -0400] "GET /shop/?filter_cat=134%2C126%2C116%2C119%2C131 HTTP/1.1" 500 0 "-" "Mozilla/5.0 (compatible; SemrushBot/7~bl; +http://www.semrush.com/bot.html)"
216.244.66.235 - - [05/Jul/2025:13:37:45 -0400] "GET /shop/?add-to-cart=7520&filter_cat=134%2C115&stock_status=instock HTTP/1.1" 500 0 "-" "Mozilla/5.0 (compatible; DotBot/1.2; +https://opensiteexplorer.org/dotbot; help@moz.com)"
185.191.171.9 - - [05/Jul/2025:13:39:46 -0400] "GET /shop/?filter_cat=134%2C113%2C119%2C130%2C117 HTTP/1.1" 500 0 "-" "Mozilla/5.0 (compatible; SemrushBot/7~bl; +http://www.semrush.com/bot.html)"
185.191.171.6 - - [05/Jul/2025:13:40:47 -0400] "GET /shop/?filter_cat=131%2C114%2C122%2C112%2C125 HTTP/1.1" 500 0 "-" "Mozilla/5.0 (compatible; SemrushBot/7~bl; +http://www.semrush.com/bot.html)"
66.249.65.98 - - [05/Jul/2025:13:41:28 -0400] "GET /shop/?perpage=12&filter_cat=129,117,114,127,135,121,123,113,137,112,130,125,122&column=3&shop_view=grid_view&stock_status=instock HTTP/1.1" 500 0 "-" "Mozilla/5.0 (Linux; Android 6.0.1; Nexus 5X Build/MMB29P) AppleWebKit/537.36 (KHTML, like Gecko) Chrome/137.0.7151.103 Mobile Safari/537.36 (compatible; Googlebot/2.1; +http://www.google.com/bot.html)"
85.208.96.196 - - [05/Jul/2025:13:41:47 -0400] "GET /shop/?filter_cat=115%2C118%2C129%2C124%2C123 HTTP/1.1" 500 0 "-" "Mozilla/5.0 (compatible; SemrushBot/7~bl; +http://www.semrush.com/bot.html)"
66.249.65.97 - - [05/Jul/2025:13:42:50 -0400] "GET /shop/?perpage=12&filter_cat=129,117,114,127,115,135,121,123,113,137,112,130,122&column=3&shop_view=grid_view&stock_status=instock HTTP/1.1" 500 0 "-" "Mozilla/5.0 (Linux; Android 6.0.1; Nexus 5X Build/MMB29P) AppleWebKit/537.36 (KHTML, like Gecko) Chrome/137.0.7151.103 Mobile Safari/537.36 (compatible; Googlebot/2.1; +http://www.google.com/bot.html)"
66.249.65.98 - - [05/Jul/2025:13:43:17 -0400] "GET /shop/?perpage=12&filter_cat=113,126,117,128,120,121,134,112&column=2&shop_view=grid_view&on_sale=onsale HTTP/1.1" 500 0 "-" "Mozilla/5.0 (Linux; Android 6.0.1; Nexus 5X Build/MMB29P) AppleWebKit/537.36 (KHTML, like Gecko) Chrome/137.0.7151.103 Mobile Safari/537.36 (compatible; Googlebot/2.1; +http://www.google.com/bot.html)"
185.191.171.6 - - [05/Jul/2025:13:43:49 -0400] "GET /shop/?filter_cat=117%2C118%2C112%2C131%2C128 HTTP/1.1" 500 0 "-" "Mozilla/5.0 (compatible; SemrushBot/7~bl; +http://www.semrush.com/bot.html)"
66.249.65.97 - - [05/Jul/2025:13:45:37 -0400] "GET /shop/?perpage=12&filter_cat=130,115,128,117,131,120,121,134,113,112,135&column=4&shop_view=grid_view&on_sale=onsale HTTP/1.1" 500 0 "-" "Mozilla/5.0 (Linux; Android 6.0.1; Nexus 5X Build/MMB29P) AppleWebKit/537.36 (KHTML, like Gecko) Chrome/137.0.7151.103 Mobile Safari/537.36 (compatible; Googlebot/2.1; +http://www.google.com/bot.html)"
185.191.171.7 - - [05/Jul/2025:13:46:51 -0400] "GET /shop/?filter_cat=137%2C129%2C125%2C113%2C135 HTTP/1.1" 500 0 "-" "Mozilla/5.0 (compatible; SemrushBot/7~bl; +http://www.semrush.com/bot.html)"
85.208.96.206 - - [05/Jul/2025:13:47:52 -0400] "GET /shop/?filter_cat=128%2C118%2C120%2C129 HTTP/1.1" 500 0 "-" "Mozilla/5.0 (compatible; SemrushBot/7~bl; +http://www.semrush.com/bot.html)"
85.208.96.208 - - [05/Jul/2025:13:48:53 -0400] "GET /shop/?filter_cat=112%2C119%2C124%2C131%2C123 HTTP/1.1" 500 0 "-" "Mozilla/5.0 (compatible; SemrushBot/7~bl; +http://www.semrush.com/bot.html)"
