85.208.96.212 - - [06/Jul/2025:03:03:02 -0400] "GET /shop/?filter_cat=114%2C112%2C124%2C127%2C135 HTTP/1.1" 500 0 "-" "Mozilla/5.0 (compatible; SemrushBot/7~bl; +http://www.semrush.com/bot.html)"
85.208.96.212 - - [06/Jul/2025:03:03:09 -0400] "GET /shop/?filter_cat=137%2C114%2C124%2C116%2C122 HTTP/1.1" 500 0 "-" "Mozilla/5.0 (compatible; SemrushBot/7~bl; +http://www.semrush.com/bot.html)"
185.191.171.10 - - [06/Jul/2025:03:03:21 -0400] "GET /shop/?filter_cat=117%2C116%2C115%2C134%2C130 HTTP/1.1" 500 0 "-" "Mozilla/5.0 (compatible; SemrushBot/7~bl; +http://www.semrush.com/bot.html)"
85.208.96.210 - - [06/Jul/2025:03:03:29 -0400] "GET /shop/?filter_cat=116%2C123%2C130%2C125%2C120 HTTP/1.1" 500 0 "-" "Mozilla/5.0 (compatible; SemrushBot/7~bl; +http://www.semrush.com/bot.html)"
85.208.96.206 - - [06/Jul/2025:03:04:20 -0400] "GET /shop/?filter_cat=116%2C135%2C115%2C120%2C112 HTTP/1.1" 500 0 "-" "Mozilla/5.0 (compatible; SemrushBot/7~bl; +http://www.semrush.com/bot.html)"
185.191.171.12 - - [06/Jul/2025:03:04:50 -0400] "GET /shop/?filter_cat=135%2C126%2C130%2C128 HTTP/1.1" 500 0 "-" "Mozilla/5.0 (compatible; SemrushBot/7~bl; +http://www.semrush.com/bot.html)"
185.191.171.13 - - [06/Jul/2025:03:05:07 -0400] "GET /shop/?filter_cat=116%2C125%2C119%2C124%2C135 HTTP/1.1" 500 0 "-" "Mozilla/5.0 (compatible; SemrushBot/7~bl; +http://www.semrush.com/bot.html)"
185.191.171.13 - - [06/Jul/2025:03:05:10 -0400] "GET /shop/?filter_cat=112%2C124%2C122%2C125%2C120 HTTP/1.1" 500 0 "-" "Mozilla/5.0 (compatible; SemrushBot/7~bl; +http://www.semrush.com/bot.html)"
85.208.96.200 - - [06/Jul/2025:03:06:32 -0400] "GET /shop/?filter_cat=135%2C124%2C131%2C122%2C123 HTTP/1.1" 500 0 "-" "Mozilla/5.0 (compatible; SemrushBot/7~bl; +http://www.semrush.com/bot.html)"
185.191.171.4 - - [06/Jul/2025:03:06:35 -0400] "GET /shop/?filter_cat=112%2C125%2C137%2C129%2C117 HTTP/1.1" 500 0 "-" "Mozilla/5.0 (compatible; SemrushBot/7~bl; +http://www.semrush.com/bot.html)"
85.208.96.207 - - [06/Jul/2025:03:06:52 -0400] "GET /shop/?filter_cat=114%2C123%2C129%2C112%2C137 HTTP/1.1" 500 0 "-" "Mozilla/5.0 (compatible; SemrushBot/7~bl; +http://www.semrush.com/bot.html)"
185.191.171.18 - - [06/Jul/2025:03:07:12 -0400] "GET /shop/?filter_cat=115%2C129%2C119%2C126%2C121 HTTP/1.1" 500 0 "-" "Mozilla/5.0 (compatible; SemrushBot/7~bl; +http://www.semrush.com/bot.html)"
185.191.171.2 - - [06/Jul/2025:03:07:21 -0400] "GET /shop/?filter_cat=113%2C131%2C117%2C115%2C116 HTTP/1.1" 500 0 "-" "Mozilla/5.0 (compatible; SemrushBot/7~bl; +http://www.semrush.com/bot.html)"
185.191.171.19 - - [06/Jul/2025:03:07:51 -0400] "GET /shop/?filter_cat=135%2C134%2C131%2C137%2C121 HTTP/1.1" 500 0 "-" "Mozilla/5.0 (compatible; SemrushBot/7~bl; +http://www.semrush.com/bot.html)"
85.208.96.195 - - [06/Jul/2025:03:08:16 -0400] "GET /shop/?filter_cat=112%2C124%2C117%2C114%2C125 HTTP/1.1" 500 0 "-" "Mozilla/5.0 (compatible; SemrushBot/7~bl; +http://www.semrush.com/bot.html)"
185.191.171.4 - - [06/Jul/2025:03:08:26 -0400] "GET /shop/?filter_cat=112%2C128%2C115%2C125%2C134 HTTP/1.1" 500 0 "-" "Mozilla/5.0 (compatible; SemrushBot/7~bl; +http://www.semrush.com/bot.html)"
185.191.171.4 - - [06/Jul/2025:03:08:29 -0400] "GET /shop/?filter_cat=112%2C120%2C118%2C126%2C129 HTTP/1.1" 500 0 "-" "Mozilla/5.0 (compatible; SemrushBot/7~bl; +http://www.semrush.com/bot.html)"
85.208.96.206 - - [06/Jul/2025:03:08:34 -0400] "GET /shop/?filter_cat=123%2C120%2C129%2C115 HTTP/1.1" 500 0 "-" "Mozilla/5.0 (compatible; SemrushBot/7~bl; +http://www.semrush.com/bot.html)"
185.191.171.17 - - [06/Jul/2025:03:08:52 -0400] "GET /shop/?filter_cat=135%2C128%2C113%2C124%2C118 HTTP/1.1" 500 0 "-" "Mozilla/5.0 (compatible; SemrushBot/7~bl; +http://www.semrush.com/bot.html)"
185.191.171.19 - - [06/Jul/2025:03:09:26 -0400] "GET /shop/?filter_cat=113%2C123%2C137%2C126%2C131 HTTP/1.1" 500 0 "-" "Mozilla/5.0 (compatible; SemrushBot/7~bl; +http://www.semrush.com/bot.html)"
85.208.96.197 - - [06/Jul/2025:03:09:28 -0400] "GET /shop/?filter_cat=117%2C134%2C128%2C127%2C114 HTTP/1.1" 500 0 "-" "Mozilla/5.0 (compatible; SemrushBot/7~bl; +http://www.semrush.com/bot.html)"
185.191.171.4 - - [06/Jul/2025:03:10:34 -0400] "GET /shop/?filter_cat=116%2C137%2C134%2C125%2C121 HTTP/1.1" 500 0 "-" "Mozilla/5.0 (compatible; SemrushBot/7~bl; +http://www.semrush.com/bot.html)"
85.208.96.195 - - [06/Jul/2025:03:10:38 -0400] "GET /shop/?filter_cat=114%2C116%2C125%2C117%2C131 HTTP/1.1" 500 0 "-" "Mozilla/5.0 (compatible; SemrushBot/7~bl; +http://www.semrush.com/bot.html)"
185.191.171.15 - - [06/Jul/2025:03:10:53 -0400] "GET /shop/?filter_cat=131%2C137%2C121%2C129%2C115 HTTP/1.1" 500 0 "-" "Mozilla/5.0 (compatible; SemrushBot/7~bl; +http://www.semrush.com/bot.html)"
85.208.96.196 - - [06/Jul/2025:03:11:15 -0400] "GET /shop/?filter_cat=113%2C114%2C131%2C126%2C127 HTTP/1.1" 500 0 "-" "Mozilla/5.0 (compatible; SemrushBot/7~bl; +http://www.semrush.com/bot.html)"
85.208.96.202 - - [06/Jul/2025:03:11:22 -0400] "GET /shop/?filter_cat=119%2C130%2C135%2C137 HTTP/1.1" 500 0 "-" "Mozilla/5.0 (compatible; SemrushBot/7~bl; +http://www.semrush.com/bot.html)"
85.208.96.202 - - [06/Jul/2025:03:11:27 -0400] "GET /shop/?filter_cat=115%2C135%2C120%2C112%2C134 HTTP/1.1" 500 0 "-" "Mozilla/5.0 (compatible; SemrushBot/7~bl; +http://www.semrush.com/bot.html)"
85.208.96.208 - - [06/Jul/2025:03:11:35 -0400] "GET /shop/?filter_cat=115%2C123%2C125%2C118%2C135 HTTP/1.1" 500 0 "-" "Mozilla/5.0 (compatible; SemrushBot/7~bl; +http://www.semrush.com/bot.html)"
185.191.171.12 - - [06/Jul/2025:03:11:51 -0400] "GET /shop/?filter_cat=131%2C130%2C134%2C135%2C137 HTTP/1.1" 500 0 "-" "Mozilla/5.0 (compatible; SemrushBot/7~bl; +http://www.semrush.com/bot.html)"
185.191.171.1 - - [06/Jul/2025:03:12:32 -0400] "GET /shop/?filter_cat=135%2C134%2C130%2C122%2C121 HTTP/1.1" 500 0 "-" "Mozilla/5.0 (compatible; SemrushBot/7~bl; +http://www.semrush.com/bot.html)"
185.191.171.18 - - [06/Jul/2025:03:12:35 -0400] "GET /shop/?filter_cat=115%2C137%2C112%2C120%2C134 HTTP/1.1" 500 0 "-" "Mozilla/5.0 (compatible; SemrushBot/7~bl; +http://www.semrush.com/bot.html)"
185.191.171.1 - - [06/Jul/2025:03:12:40 -0400] "GET /shop/?filter_cat=135%2C127%2C122%2C115%2C123 HTTP/1.1" 500 0 "-" "Mozilla/5.0 (compatible; SemrushBot/7~bl; +http://www.semrush.com/bot.html)"
85.208.96.196 - - [06/Jul/2025:03:12:56 -0400] "GET /shop/?filter_cat=137%2C128%2C134%2C125%2C115 HTTP/1.1" 500 0 "-" "Mozilla/5.0 (compatible; SemrushBot/7~bl; +http://www.semrush.com/bot.html)"
85.208.96.195 - - [06/Jul/2025:03:12:57 -0400] "GET /shop/?filter_cat=113%2C127%2C121%2C134%2C135 HTTP/1.1" 500 0 "-" "Mozilla/5.0 (compatible; SemrushBot/7~bl; +http://www.semrush.com/bot.html)"
85.208.96.207 - - [06/Jul/2025:03:08:02 -0400] "GET /shop/?filter_cat=112%2C131%2C117%2C124%2C123 HTTP/1.1" 500 0 "-" "Mozilla/5.0 (compatible; SemrushBot/7~bl; +http://www.semrush.com/bot.html)"
85.208.96.207 - - [06/Jul/2025:03:08:54 -0400] "GET /shop/?filter_cat=135%2C126%2C115%2C113%2C124 HTTP/1.1" 500 0 "-" "Mozilla/5.0 (compatible; SemrushBot/7~bl; +http://www.semrush.com/bot.html)"
114.119.155.44 - - [06/Jul/2025:03:09:04 -0400] "GET /shop/?stock_status=instock&on_sale=onsale&filter_cat=117,126,129,116,121 HTTP/1.1" 500 0 "https://mm-deals.com/shop/?stock_status=instock&on_sale=onsale&filter_cat=126%2C129%2C116%2C121" "Mozilla/5.0 (Linux; Android 7.0;) AppleWebKit/537.36 (KHTML, like Gecko) Mobile Safari/537.36 (compatible; PetalBot;+https://webmaster.petalsearch.com/site/petalbot)"
85.208.96.197 - - [06/Jul/2025:03:09:05 -0400] "GET /shop/?filter_cat=137%2C129%2C124%2C118%2C123 HTTP/1.1" 500 0 "-" "Mozilla/5.0 (compatible; SemrushBot/7~bl; +http://www.semrush.com/bot.html)"
85.208.96.207 - - [06/Jul/2025:03:10:49 -0400] "GET /shop/?filter_cat=131%2C137%2C115%2C121%2C113 HTTP/1.1" 500 0 "-" "Mozilla/5.0 (compatible; SemrushBot/7~bl; +http://www.semrush.com/bot.html)"
85.208.96.193 - - [06/Jul/2025:03:11:32 -0400] "GET /shop/?filter_cat=112%2C115%2C123%2C135%2C120 HTTP/1.1" 500 0 "-" "Mozilla/5.0 (compatible; SemrushBot/7~bl; +http://www.semrush.com/bot.html)"
85.208.96.207 - - [06/Jul/2025:03:12:03 -0400] "GET /shop/?filter_cat=137%2C125%2C130%2C129%2C116 HTTP/1.1" 500 0 "-" "Mozilla/5.0 (compatible; SemrushBot/7~bl; +http://www.semrush.com/bot.html)"
119.28.140.106 - - [06/Jul/2025:03:12:13 -0400] "GET / HTTP/1.1" 500 0 "http://www.mm-deals.com" "Mozilla/5.0 (iPhone; CPU iPhone OS 13_2_3 like Mac OS X) AppleWebKit/605.1.15 (KHTML, like Gecko) Version/13.0.3 Mobile/15E148 Safari/604.1"
85.208.96.195 - - [06/Jul/2025:03:12:16 -0400] "GET /shop/?filter_cat=115%2C122%2C134%2C128%2C118 HTTP/1.1" 500 0 "-" "Mozilla/5.0 (compatible; SemrushBot/7~bl; +http://www.semrush.com/bot.html)"
85.208.96.194 - - [06/Jul/2025:03:13:08 -0400] "GET /shop/?filter_cat=113%2C126%2C119%2C128%2C131 HTTP/1.1" 500 0 "-" "Mozilla/5.0 (compatible; SemrushBot/7~bl; +http://www.semrush.com/bot.html)"
85.208.96.194 - - [06/Jul/2025:03:13:33 -0400] "GET /shop/?filter_cat=112%2C128%2C124%2C134%2C127 HTTP/1.1" 500 0 "-" "Mozilla/5.0 (compatible; SemrushBot/7~bl; +http://www.semrush.com/bot.html)"
85.208.96.200 - - [06/Jul/2025:03:13:49 -0400] "GET /shop/?filter_cat=113%2C131%2C124%2C116%2C130 HTTP/1.1" 500 0 "-" "Mozilla/5.0 (compatible; SemrushBot/7~bl; +http://www.semrush.com/bot.html)"
185.191.171.1 - - [06/Jul/2025:03:14:34 -0400] "GET /shop/?filter_cat=114%2C117%2C123%2C125%2C134 HTTP/1.1" 500 0 "-" "Mozilla/5.0 (compatible; SemrushBot/7~bl; +http://www.semrush.com/bot.html)"
185.191.171.11 - - [06/Jul/2025:03:14:46 -0400] "GET /shop/?filter_cat=114%2C116%2C121%2C115%2C130 HTTP/1.1" 500 0 "-" "Mozilla/5.0 (compatible; SemrushBot/7~bl; +http://www.semrush.com/bot.html)"
85.208.96.209 - - [06/Jul/2025:03:14:53 -0400] "GET /shop/?filter_cat=113%2C126%2C135%2C131%2C119 HTTP/1.1" 500 0 "-" "Mozilla/5.0 (compatible; SemrushBot/7~bl; +http://www.semrush.com/bot.html)"
185.191.171.14 - - [06/Jul/2025:03:14:56 -0400] "GET /shop/?filter_cat=137%2C128%2C123%2C115%2C120 HTTP/1.1" 500 0 "-" "Mozilla/5.0 (compatible; SemrushBot/7~bl; +http://www.semrush.com/bot.html)"
185.191.171.12 - - [06/Jul/2025:03:15:18 -0400] "GET /shop/?filter_cat=112%2C127%2C134%2C121%2C122 HTTP/1.1" 500 0 "-" "Mozilla/5.0 (compatible; SemrushBot/7~bl; +http://www.semrush.com/bot.html)"
85.208.96.193 - - [06/Jul/2025:03:15:31 -0400] "GET /shop/?filter_cat=114%2C137%2C131%2C135%2C115 HTTP/1.1" 500 0 "-" "Mozilla/5.0 (compatible; SemrushBot/7~bl; +http://www.semrush.com/bot.html)"
185.191.171.15 - - [06/Jul/2025:03:15:54 -0400] "GET /shop/?filter_cat=117%2C115%2C129%2C134%2C119 HTTP/1.1" 500 0 "-" "Mozilla/5.0 (compatible; SemrushBot/7~bl; +http://www.semrush.com/bot.html)"
85.208.96.199 - - [06/Jul/2025:03:15:24 -0400] "GET /shop/?filter_cat=116%2C127%2C129%2C120%2C124 HTTP/1.1" 500 0 "-" "Mozilla/5.0 (compatible; SemrushBot/7~bl; +http://www.semrush.com/bot.html)"
85.208.96.202 - - [06/Jul/2025:03:15:48 -0400] "GET /shop/?filter_cat=117%2C116%2C122%2C121 HTTP/1.1" 500 0 "-" "Mozilla/5.0 (compatible; SemrushBot/7~bl; +http://www.semrush.com/bot.html)"
85.208.96.212 - - [06/Jul/2025:03:15:51 -0400] "GET /shop/?filter_cat=137%2C118%2C112%2C127 HTTP/1.1" 500 0 "-" "Mozilla/5.0 (compatible; SemrushBot/7~bl; +http://www.semrush.com/bot.html)"
85.208.96.200 - - [06/Jul/2025:03:16:20 -0400] "GET /shop/?filter_cat=135%2C120%2C129%2C124%2C128 HTTP/1.1" 500 0 "-" "Mozilla/5.0 (compatible; SemrushBot/7~bl; +http://www.semrush.com/bot.html)"
185.191.171.15 - - [06/Jul/2025:03:16:05 -0400] "GET /shop/?filter_cat=137%2C119%2C114%2C125%2C123 HTTP/1.1" 500 0 "-" "Mozilla/5.0 (compatible; SemrushBot/7~bl; +http://www.semrush.com/bot.html)"
114.119.133.34 - - [06/Jul/2025:03:16:27 -0400] "GET /shop/?stock_status=instock&on_sale=onsale&filter_cat=117,125,137,134,131,112,119,121 HTTP/1.1" 500 0 "https://mm-deals.com/shop/?stock_status=instock&on_sale=onsale&filter_cat=125%2C137%2C134%2C131%2C112%2C119%2C121" "Mozilla/5.0 (Linux; Android 7.0;) AppleWebKit/537.36 (KHTML, like Gecko) Mobile Safari/537.36 (compatible; PetalBot;+https://webmaster.petalsearch.com/site/petalbot)"
185.191.171.19 - - [06/Jul/2025:03:17:01 -0400] "GET /shop/?filter_cat=112%2C128%2C135%2C114%2C115 HTTP/1.1" 500 0 "-" "Mozilla/5.0 (compatible; SemrushBot/7~bl; +http://www.semrush.com/bot.html)"
185.191.171.18 - - [06/Jul/2025:03:17:10 -0400] "GET /shop/?filter_cat=137%2C126%2C117%2C131%2C118 HTTP/1.1" 500 0 "-" "Mozilla/5.0 (compatible; SemrushBot/7~bl; +http://www.semrush.com/bot.html)"
85.208.96.210 - - [06/Jul/2025:03:17:41 -0400] "GET /shop/?filter_cat=112%2C114%2C127%2C125%2C128 HTTP/1.1" 500 0 "-" "Mozilla/5.0 (compatible; SemrushBot/7~bl; +http://www.semrush.com/bot.html)"
85.208.96.193 - - [06/Jul/2025:03:18:58 -0400] "GET /shop/?filter_cat=137%2C128%2C123%2C130%2C127 HTTP/1.1" 500 0 "-" "Mozilla/5.0 (compatible; SemrushBot/7~bl; +http://www.semrush.com/bot.html)"
185.191.171.13 - - [06/Jul/2025:03:19:01 -0400] "GET /shop/?filter_cat=116%2C124%2C135%2C126%2C129 HTTP/1.1" 500 0 "-" "Mozilla/5.0 (compatible; SemrushBot/7~bl; +http://www.semrush.com/bot.html)"
185.191.171.1 - - [06/Jul/2025:03:19:19 -0400] "GET /shop/?filter_cat=131%2C137%2C116%2C113%2C125 HTTP/1.1" 500 0 "-" "Mozilla/5.0 (compatible; SemrushBot/7~bl; +http://www.semrush.com/bot.html)"
85.208.96.201 - - [06/Jul/2025:03:19:31 -0400] "GET /shop/?filter_cat=137%2C127%2C130%2C114%2C126 HTTP/1.1" 500 0 "-" "Mozilla/5.0 (compatible; SemrushBot/7~bl; +http://www.semrush.com/bot.html)"
85.208.96.210 - - [06/Jul/2025:03:20:08 -0400] "GET /shop/?filter_cat=117%2C120%2C123%2C113%2C114 HTTP/1.1" 500 0 "-" "Mozilla/5.0 (compatible; SemrushBot/7~bl; +http://www.semrush.com/bot.html)"
185.191.171.9 - - [06/Jul/2025:03:20:16 -0400] "GET /shop/?filter_cat=117%2C113%2C134%2C127%2C114 HTTP/1.1" 500 0 "-" "Mozilla/5.0 (compatible; SemrushBot/7~bl; +http://www.semrush.com/bot.html)"
185.191.171.10 - - [06/Jul/2025:03:20:19 -0400] "GET /shop/?filter_cat=112%2C126%2C118%2C120%2C123 HTTP/1.1" 500 0 "-" "Mozilla/5.0 (compatible; SemrushBot/7~bl; +http://www.semrush.com/bot.html)"
85.208.96.197 - - [06/Jul/2025:03:20:40 -0400] "GET /robots.txt HTTP/1.1" 200 200 "-" "Mozilla/5.0 (compatible; SemrushBot/7~bl; +http://www.semrush.com/bot.html)"
85.208.96.193 - - [06/Jul/2025:03:20:40 -0400] "GET /shop/?filter_cat=137%2C123%2C117%2C115%2C134 HTTP/1.1" 500 0 "-" "Mozilla/5.0 (compatible; SemrushBot/7~bl; +http://www.semrush.com/bot.html)"
185.191.171.9 - - [06/Jul/2025:03:21:03 -0400] "GET /shop/?filter_cat=116%2C113%2C121%2C126%2C120 HTTP/1.1" 500 0 "-" "Mozilla/5.0 (compatible; SemrushBot/7~bl; +http://www.semrush.com/bot.html)"
216.244.66.235 - - [06/Jul/2025:03:21:08 -0400] "GET /robots.txt HTTP/1.1" 200 1980 "-" "Mozilla/5.0 (compatible; DotBot/1.2; +https://opensiteexplorer.org/dotbot; help@moz.com)"
85.208.96.198 - - [06/Jul/2025:03:21:12 -0400] "GET /shop/?filter_cat=112%2C129%2C131%2C127%2C119 HTTP/1.1" 500 0 "-" "Mozilla/5.0 (compatible; SemrushBot/7~bl; +http://www.semrush.com/bot.html)"
185.191.171.15 - - [06/Jul/2025:03:21:43 -0400] "GET /shop/?filter_cat=137%2C114%2C130%2C118%2C113 HTTP/1.1" 500 0 "-" "Mozilla/5.0 (compatible; SemrushBot/7~bl; +http://www.semrush.com/bot.html)"
185.191.171.19 - - [06/Jul/2025:03:22:37 -0400] "GET /shop/?filter_cat=115%2C131%2C126%2C121%2C128 HTTP/1.1" 500 0 "-" "Mozilla/5.0 (compatible; SemrushBot/7~bl; +http://www.semrush.com/bot.html)"
185.191.171.8 - - [06/Jul/2025:03:23:04 -0400] "GET /shop/?filter_cat=117%2C112%2C118%2C135%2C115 HTTP/1.1" 500 0 "-" "Mozilla/5.0 (compatible; SemrushBot/7~bl; +http://www.semrush.com/bot.html)"
85.208.96.198 - - [06/Jul/2025:03:23:27 -0400] "GET /shop/?filter_cat=112%2C135%2C131%2C124%2C113 HTTP/1.1" 500 0 "-" "Mozilla/5.0 (compatible; SemrushBot/7~bl; +http://www.semrush.com/bot.html)"
185.191.171.9 - - [06/Jul/2025:03:23:34 -0400] "GET /shop/?filter_cat=137%2C131%2C120%2C119%2C121 HTTP/1.1" 500 0 "-" "Mozilla/5.0 (compatible; SemrushBot/7~bl; +http://www.semrush.com/bot.html)"
185.191.171.15 - - [06/Jul/2025:03:16:37 -0400] "GET /shop/?filter_cat=116%2C115%2C135%2C130 HTTP/1.1" 500 0 "-" "Mozilla/5.0 (compatible; SemrushBot/7~bl; +http://www.semrush.com/bot.html)"
185.191.171.16 - - [06/Jul/2025:03:16:46 -0400] "GET /shop/?filter_cat=128%2C134%2C130%2C124 HTTP/1.1" 500 0 "-" "Mozilla/5.0 (compatible; SemrushBot/7~bl; +http://www.semrush.com/bot.html)"
85.208.96.210 - - [06/Jul/2025:03:16:51 -0400] "GET /shop/?filter_cat=131%2C115%2C114%2C126 HTTP/1.1" 500 0 "-" "Mozilla/5.0 (compatible; SemrushBot/7~bl; +http://www.semrush.com/bot.html)"
185.191.171.7 - - [06/Jul/2025:03:17:06 -0400] "GET /shop/?filter_cat=121%2C112%2C126%2C119 HTTP/1.1" 500 0 "-" "Mozilla/5.0 (compatible; SemrushBot/7~bl; +http://www.semrush.com/bot.html)"
85.208.96.203 - - [06/Jul/2025:03:18:06 -0400] "GET /shop/?filter_cat=116%2C124%2C125%2C113%2C118 HTTP/1.1" 500 0 "-" "Mozilla/5.0 (compatible; SemrushBot/7~bl; +http://www.semrush.com/bot.html)"
85.208.96.205 - - [06/Jul/2025:03:18:36 -0400] "GET /shop/?filter_cat=116%2C113%2C114%2C118%2C135 HTTP/1.1" 500 0 "-" "Mozilla/5.0 (compatible; SemrushBot/7~bl; +http://www.semrush.com/bot.html)"
85.208.96.204 - - [06/Jul/2025:03:18:55 -0400] "GET /shop/?filter_cat=112%2C129%2C130%2C134%2C114 HTTP/1.1" 500 0 "-" "Mozilla/5.0 (compatible; SemrushBot/7~bl; +http://www.semrush.com/bot.html)"
85.208.96.199 - - [06/Jul/2025:03:19:24 -0400] "GET /shop/?filter_cat=112%2C117%2C119%2C120%2C115 HTTP/1.1" 500 0 "-" "Mozilla/5.0 (compatible; SemrushBot/7~bl; +http://www.semrush.com/bot.html)"
85.208.96.201 - - [06/Jul/2025:03:19:52 -0400] "GET /shop/?filter_cat=135%2C128%2C113%2C117%2C116 HTTP/1.1" 500 0 "-" "Mozilla/5.0 (compatible; SemrushBot/7~bl; +http://www.semrush.com/bot.html)"
85.208.96.203 - - [06/Jul/2025:03:20:11 -0400] "GET /shop/?filter_cat=114%2C128%2C113%2C115 HTTP/1.1" 500 0 "-" "Mozilla/5.0 (compatible; SemrushBot/7~bl; +http://www.semrush.com/bot.html)"
85.208.96.210 - - [06/Jul/2025:03:20:48 -0400] "GET /shop/?filter_cat=114%2C129%2C120%2C113%2C134 HTTP/1.1" 500 0 "-" "Mozilla/5.0 (compatible; SemrushBot/7~bl; +http://www.semrush.com/bot.html)"
85.208.96.203 - - [06/Jul/2025:03:21:07 -0400] "GET /shop/?filter_cat=112%2C120%2C119%2C123 HTTP/1.1" 500 0 "-" "Mozilla/5.0 (compatible; SemrushBot/7~bl; +http://www.semrush.com/bot.html)"
85.208.96.197 - - [06/Jul/2025:03:21:09 -0400] "GET /shop/?filter_cat=113%2C116%2C115%2C128 HTTP/1.1" 500 0 "-" "Mozilla/5.0 (compatible; SemrushBot/7~bl; +http://www.semrush.com/bot.html)"
185.191.171.18 - - [06/Jul/2025:03:22:20 -0400] "GET /shop/?filter_cat=115%2C112%2C125%2C134%2C124 HTTP/1.1" 500 0 "-" "Mozilla/5.0 (compatible; SemrushBot/7~bl; +http://www.semrush.com/bot.html)"
66.249.65.97 - - [06/Jul/2025:03:22:21 -0400] "GET /shop/?perpage=12&filter_cat=124,123,116,120,115,118,121,112,122&column=2&shop_view=grid_view&on_sale=onsale HTTP/1.1" 500 0 "-" "Mozilla/5.0 (Linux; Android 6.0.1; Nexus 5X Build/MMB29P) AppleWebKit/537.36 (KHTML, like Gecko) Chrome/137.0.7151.103 Mobile Safari/537.36 (compatible; Googlebot/2.1; +http://www.google.com/bot.html)"
85.208.96.203 - - [06/Jul/2025:03:22:58 -0400] "GET /shop/?filter_cat=120%2C135%2C127%2C122%2C129 HTTP/1.1" 500 0 "-" "Mozilla/5.0 (compatible; SemrushBot/7~bl; +http://www.semrush.com/bot.html)"
185.191.171.9 - - [06/Jul/2025:03:23:07 -0400] "GET /shop/?filter_cat=115%2C134%2C125%2C118%2C137 HTTP/1.1" 500 0 "-" "Mozilla/5.0 (compatible; SemrushBot/7~bl; +http://www.semrush.com/bot.html)"
185.191.171.7 - - [06/Jul/2025:03:23:25 -0400] "GET /shop/?filter_cat=120%2C119%2C116%2C124%2C135 HTTP/1.1" 500 0 "-" "Mozilla/5.0 (compatible; SemrushBot/7~bl; +http://www.semrush.com/bot.html)"
185.191.171.9 - - [06/Jul/2025:03:23:53 -0400] "GET /shop/?filter_cat=112%2C114%2C118%2C120%2C128 HTTP/1.1" 500 0 "-" "Mozilla/5.0 (compatible; SemrushBot/7~bl; +http://www.semrush.com/bot.html)"
85.208.96.205 - - [06/Jul/2025:03:24:10 -0400] "GET /shop/?filter_cat=117%2C114%2C128%2C130%2C134 HTTP/1.1" 500 0 "-" "Mozilla/5.0 (compatible; SemrushBot/7~bl; +http://www.semrush.com/bot.html)"
114.119.140.4 - - [06/Jul/2025:03:23:51 -0400] "GET /shop/?stock_status=instock&on_sale=onsale&filter_cat=117,122,115,131 HTTP/1.1" 500 0 "https://mm-deals.com/shop/?stock_status=instock&on_sale=onsale&filter_cat=122%2C115%2C131" "Mozilla/5.0 (Linux; Android 7.0;) AppleWebKit/537.36 (KHTML, like Gecko) Mobile Safari/537.36 (compatible; PetalBot;+https://webmaster.petalsearch.com/site/petalbot)"
185.191.171.4 - - [06/Jul/2025:03:24:16 -0400] "GET /shop/?filter_cat=134%2C115%2C119%2C127%2C137 HTTP/1.1" 500 0 "-" "Mozilla/5.0 (compatible; SemrushBot/7~bl; +http://www.semrush.com/bot.html)"
185.191.171.13 - - [06/Jul/2025:03:24:32 -0400] "GET /shop/?filter_cat=112%2C115%2C124%2C130%2C113 HTTP/1.1" 500 0 "-" "Mozilla/5.0 (compatible; SemrushBot/7~bl; +http://www.semrush.com/bot.html)"
85.208.96.206 - - [06/Jul/2025:03:24:42 -0400] "GET /shop/?filter_cat=114%2C130%2C127%2C135%2C118 HTTP/1.1" 500 0 "-" "Mozilla/5.0 (compatible; SemrushBot/7~bl; +http://www.semrush.com/bot.html)"
85.208.96.196 - - [06/Jul/2025:03:25:17 -0400] "GET /shop/?filter_cat=117%2C112%2C130%2C131%2C119 HTTP/1.1" 500 0 "-" "Mozilla/5.0 (compatible; SemrushBot/7~bl; +http://www.semrush.com/bot.html)"
185.191.171.10 - - [06/Jul/2025:03:24:29 -0400] "GET /shop/?filter_cat=116%2C119%2C128%2C129%2C118 HTTP/1.1" 500 0 "-" "Mozilla/5.0 (compatible; SemrushBot/7~bl; +http://www.semrush.com/bot.html)"
185.191.171.15 - - [06/Jul/2025:03:24:49 -0400] "GET /shop/?filter_cat=126%2C125%2C130%2C116 HTTP/1.1" 500 0 "-" "Mozilla/5.0 (compatible; SemrushBot/7~bl; +http://www.semrush.com/bot.html)"
85.208.96.206 - - [06/Jul/2025:03:25:05 -0400] "GET /shop/?filter_cat=114%2C135%2C118%2C116%2C121 HTTP/1.1" 500 0 "-" "Mozilla/5.0 (compatible; SemrushBot/7~bl; +http://www.semrush.com/bot.html)"
185.191.171.9 - - [06/Jul/2025:03:25:09 -0400] "GET /shop/?filter_cat=115%2C112%2C119%2C113%2C122 HTTP/1.1" 500 0 "-" "Mozilla/5.0 (compatible; SemrushBot/7~bl; +http://www.semrush.com/bot.html)"
85.208.96.210 - - [06/Jul/2025:03:25:28 -0400] "GET /shop/?filter_cat=135%2C121%2C117%2C114%2C115 HTTP/1.1" 500 0 "-" "Mozilla/5.0 (compatible; SemrushBot/7~bl; +http://www.semrush.com/bot.html)"
85.208.96.200 - - [06/Jul/2025:03:25:46 -0400] "GET /shop/?filter_cat=129%2C112%2C125%2C135%2C118 HTTP/1.1" 500 0 "-" "Mozilla/5.0 (compatible; SemrushBot/7~bl; +http://www.semrush.com/bot.html)"
185.191.171.5 - - [06/Jul/2025:03:26:22 -0400] "GET /shop/?filter_cat=137%2C117%2C134%2C115 HTTP/1.1" 500 0 "-" "Mozilla/5.0 (compatible; SemrushBot/7~bl; +http://www.semrush.com/bot.html)"
85.208.96.211 - - [06/Jul/2025:03:27:27 -0400] "GET /shop/?filter_cat=123%2C112%2C134%2C124 HTTP/1.1" 500 0 "-" "Mozilla/5.0 (compatible; SemrushBot/7~bl; +http://www.semrush.com/bot.html)"
85.208.96.200 - - [06/Jul/2025:03:27:33 -0400] "GET /shop/?filter_cat=137%2C115%2C131%2C120%2C128 HTTP/1.1" 500 0 "-" "Mozilla/5.0 (compatible; SemrushBot/7~bl; +http://www.semrush.com/bot.html)"
85.208.96.203 - - [06/Jul/2025:03:27:39 -0400] "GET /shop/?filter_cat=115%2C120%2C119%2C126%2C117 HTTP/1.1" 500 0 "-" "Mozilla/5.0 (compatible; SemrushBot/7~bl; +http://www.semrush.com/bot.html)"
185.191.171.15 - - [06/Jul/2025:03:27:54 -0400] "GET /shop/?filter_cat=116%2C131%2C112%2C122%2C127 HTTP/1.1" 500 0 "-" "Mozilla/5.0 (compatible; SemrushBot/7~bl; +http://www.semrush.com/bot.html)"
85.208.96.209 - - [06/Jul/2025:03:28:15 -0400] "GET /shop/?filter_cat=135%2C117%2C120%2C119%2C116 HTTP/1.1" 500 0 "-" "Mozilla/5.0 (compatible; SemrushBot/7~bl; +http://www.semrush.com/bot.html)"
185.191.171.11 - - [06/Jul/2025:03:28:19 -0400] "GET /shop/?filter_cat=131%2C121%2C130%2C120 HTTP/1.1" 500 0 "-" "Mozilla/5.0 (compatible; SemrushBot/7~bl; +http://www.semrush.com/bot.html)"
85.208.96.201 - - [06/Jul/2025:03:28:47 -0400] "GET /shop/?filter_cat=137%2C127%2C123%2C134%2C113 HTTP/1.1" 500 0 "-" "Mozilla/5.0 (compatible; SemrushBot/7~bl; +http://www.semrush.com/bot.html)"
85.208.96.206 - - [06/Jul/2025:03:28:57 -0400] "GET /shop/?filter_cat=137%2C134%2C127%2C113%2C121 HTTP/1.1" 500 0 "-" "Mozilla/5.0 (compatible; SemrushBot/7~bl; +http://www.semrush.com/bot.html)"
85.208.96.202 - - [06/Jul/2025:03:29:05 -0400] "GET /shop/?filter_cat=112%2C116%2C114%2C124%2C130 HTTP/1.1" 500 0 "-" "Mozilla/5.0 (compatible; SemrushBot/7~bl; +http://www.semrush.com/bot.html)"
85.208.96.211 - - [06/Jul/2025:03:29:51 -0400] "GET /shop/?filter_cat=113%2C112%2C127%2C124%2C122 HTTP/1.1" 500 0 "-" "Mozilla/5.0 (compatible; SemrushBot/7~bl; +http://www.semrush.com/bot.html)"
85.208.96.205 - - [06/Jul/2025:03:30:29 -0400] "GET /shop/?filter_cat=137%2C118%2C123%2C121%2C113 HTTP/1.1" 500 0 "-" "Mozilla/5.0 (compatible; SemrushBot/7~bl; +http://www.semrush.com/bot.html)"
85.208.96.202 - - [06/Jul/2025:03:30:56 -0400] "GET /shop/?filter_cat=137%2C120%2C134%2C123%2C129 HTTP/1.1" 500 0 "-" "Mozilla/5.0 (compatible; SemrushBot/7~bl; +http://www.semrush.com/bot.html)"
85.208.96.207 - - [06/Jul/2025:03:31:08 -0400] "GET /shop/?filter_cat=137%2C119%2C130%2C135%2C127 HTTP/1.1" 500 0 "-" "Mozilla/5.0 (compatible; SemrushBot/7~bl; +http://www.semrush.com/bot.html)"
185.191.171.3 - - [06/Jul/2025:03:31:35 -0400] "GET /shop/?filter_cat=112%2C128%2C129%2C137%2C131 HTTP/1.1" 500 0 "-" "Mozilla/5.0 (compatible; SemrushBot/7~bl; +http://www.semrush.com/bot.html)"
85.208.96.199 - - [06/Jul/2025:03:31:37 -0400] "GET /shop/?filter_cat=131%2C135%2C113%2C118%2C117 HTTP/1.1" 500 0 "-" "Mozilla/5.0 (compatible; SemrushBot/7~bl; +http://www.semrush.com/bot.html)"
85.208.96.202 - - [06/Jul/2025:03:31:39 -0400] "GET /shop/?filter_cat=116%2C129%2C126%2C130%2C121 HTTP/1.1" 500 0 "-" "Mozilla/5.0 (compatible; SemrushBot/7~bl; +http://www.semrush.com/bot.html)"
216.244.66.235 - - [06/Jul/2025:03:31:42 -0400] "GET /shop/?add-to-cart=7528&filter_cat=126,130,121 HTTP/1.1" 500 0 "-" "Mozilla/5.0 (compatible; DotBot/1.2; +https://opensiteexplorer.org/dotbot; help@moz.com)"
185.191.171.14 - - [06/Jul/2025:03:31:54 -0400] "GET /shop/?filter_cat=113%2C121%2C125%2C117%2C115 HTTP/1.1" 500 0 "-" "Mozilla/5.0 (compatible; SemrushBot/7~bl; +http://www.semrush.com/bot.html)"
185.191.171.11 - - [06/Jul/2025:03:26:47 -0400] "GET /shop/?filter_cat=113%2C137%2C128%2C124%2C117 HTTP/1.1" 500 0 "-" "Mozilla/5.0 (compatible; SemrushBot/7~bl; +http://www.semrush.com/bot.html)"
85.208.96.211 - - [06/Jul/2025:03:27:06 -0400] "GET /shop/?filter_cat=137%2C112%2C135%2C127%2C123 HTTP/1.1" 500 0 "-" "Mozilla/5.0 (compatible; SemrushBot/7~bl; +http://www.semrush.com/bot.html)"
185.191.171.5 - - [06/Jul/2025:03:27:07 -0400] "GET /shop/?filter_cat=114%2C135%2C116%2C128%2C130 HTTP/1.1" 500 0 "-" "Mozilla/5.0 (compatible; SemrushBot/7~bl; +http://www.semrush.com/bot.html)"
85.208.96.196 - - [06/Jul/2025:03:27:09 -0400] "GET /shop/?filter_cat=137%2C129%2C119%2C121%2C122 HTTP/1.1" 500 0 "-" "Mozilla/5.0 (compatible; SemrushBot/7~bl; +http://www.semrush.com/bot.html)"
85.208.96.194 - - [06/Jul/2025:03:28:32 -0400] "GET /shop/?filter_cat=112%2C129%2C127%2C113 HTTP/1.1" 500 0 "-" "Mozilla/5.0 (compatible; SemrushBot/7~bl; +http://www.semrush.com/bot.html)"
85.208.96.211 - - [06/Jul/2025:03:28:36 -0400] "GET /shop/?filter_cat=114%2C123%2C115%2C124%2C122 HTTP/1.1" 500 0 "-" "Mozilla/5.0 (compatible; SemrushBot/7~bl; +http://www.semrush.com/bot.html)"
85.208.96.209 - - [06/Jul/2025:03:29:09 -0400] "GET /shop/?filter_cat=137%2C118%2C112%2C128%2C135 HTTP/1.1" 500 0 "-" "Mozilla/5.0 (compatible; SemrushBot/7~bl; +http://www.semrush.com/bot.html)"
85.208.96.210 - - [06/Jul/2025:03:29:26 -0400] "GET /shop/?filter_cat=112%2C120%2C117%2C115%2C122 HTTP/1.1" 500 0 "-" "Mozilla/5.0 (compatible; SemrushBot/7~bl; +http://www.semrush.com/bot.html)"
185.191.171.14 - - [06/Jul/2025:03:29:29 -0400] "GET /shop/?filter_cat=115%2C117%2C119%2C120%2C113 HTTP/1.1" 500 0 "-" "Mozilla/5.0 (compatible; SemrushBot/7~bl; +http://www.semrush.com/bot.html)"
66.249.65.99 - - [06/Jul/2025:03:30:23 -0400] "GET /shop/?perpage=12&filter_cat=122,116,119,125,115,114,123,118,137,112,130&on_sale=onsale&column=2&shop_view=grid_view HTTP/1.1" 500 0 "-" "Mozilla/5.0 (Linux; Android 6.0.1; Nexus 5X Build/MMB29P) AppleWebKit/537.36 (KHTML, like Gecko) Chrome/137.0.7151.103 Mobile Safari/537.36 (compatible; Googlebot/2.1; +http://www.google.com/bot.html)"
114.119.133.34 - - [06/Jul/2025:03:31:13 -0400] "GET /shop/?stock_status=instock&on_sale=onsale&filter_cat=117,118,120,121,115,135,131 HTTP/1.1" 500 0 "https://mm-deals.com/shop/?stock_status=instock&on_sale=onsale&filter_cat=118%2C120%2C121%2C115%2C135%2C131" "Mozilla/5.0 (Linux; Android 7.0;) AppleWebKit/537.36 (KHTML, like Gecko) Mobile Safari/537.36 (compatible; PetalBot;+https://webmaster.petalsearch.com/site/petalbot)"
185.191.171.19 - - [06/Jul/2025:03:31:16 -0400] "GET /shop/?filter_cat=113%2C131%2C130%2C128%2C115 HTTP/1.1" 500 0 "-" "Mozilla/5.0 (compatible; SemrushBot/7~bl; +http://www.semrush.com/bot.html)"
185.191.171.13 - - [06/Jul/2025:03:31:21 -0400] "GET /shop/?filter_cat=113%2C130%2C126%2C134%2C129 HTTP/1.1" 500 0 "-" "Mozilla/5.0 (compatible; SemrushBot/7~bl; +http://www.semrush.com/bot.html)"
216.244.66.235 - - [06/Jul/2025:03:31:52 -0400] "GET /shop/?add-to-cart=7530&filter_cat=115,118,121 HTTP/1.1" 500 0 "-" "Mozilla/5.0 (compatible; DotBot/1.2; +https://opensiteexplorer.org/dotbot; help@moz.com)"
185.191.171.15 - - [06/Jul/2025:03:32:21 -0400] "GET /shop/?filter_cat=115%2C118%2C114%2C129%2C131 HTTP/1.1" 500 0 "-" "Mozilla/5.0 (compatible; SemrushBot/7~bl; +http://www.semrush.com/bot.html)"
66.249.65.98 - - [06/Jul/2025:03:32:25 -0400] "GET /shop/page/1/?perpage=12&filter_cat=123%2C121%2C134%2C135%2C137%2C113%2C126%2C127%2C112%2C125&column=4&shop_view=grid_view HTTP/1.1" 500 0 "-" "Mozilla/5.0 (Linux; Android 6.0.1; Nexus 5X Build/MMB29P) AppleWebKit/537.36 (KHTML, like Gecko) Chrome/137.0.7151.103 Mobile Safari/537.36 (compatible; Googlebot/2.1; +http://www.google.com/bot.html)"
185.191.171.19 - - [06/Jul/2025:03:32:29 -0400] "GET /shop/?filter_cat=116%2C119%2C121%2C113%2C122 HTTP/1.1" 500 0 "-" "Mozilla/5.0 (compatible; SemrushBot/7~bl; +http://www.semrush.com/bot.html)"
66.249.65.99 - - [06/Jul/2025:03:32:24 -0400] "GET /shop/?perpage=12&filter_cat=116,126,124,115,137,120,130,122&shop_view=list_view&column=3&stock_status=instock HTTP/1.1" 500 0 "-" "Mozilla/5.0 (Linux; Android 6.0.1; Nexus 5X Build/MMB29P) AppleWebKit/537.36 (KHTML, like Gecko) Chrome/137.0.7151.103 Mobile Safari/537.36 (compatible; Googlebot/2.1; +http://www.google.com/bot.html)"
185.191.171.16 - - [06/Jul/2025:03:32:46 -0400] "GET /shop/?filter_cat=134%2C114%2C115%2C116%2C127 HTTP/1.1" 500 0 "-" "Mozilla/5.0 (compatible; SemrushBot/7~bl; +http://www.semrush.com/bot.html)"
185.191.171.16 - - [06/Jul/2025:03:33:10 -0400] "GET /shop/?filter_cat=113%2C119%2C117%2C118%2C135 HTTP/1.1" 500 0 "-" "Mozilla/5.0 (compatible; SemrushBot/7~bl; +http://www.semrush.com/bot.html)"
85.208.96.198 - - [06/Jul/2025:03:33:32 -0400] "GET /shop/?filter_cat=137%2C131%2C130%2C124%2C118 HTTP/1.1" 500 0 "-" "Mozilla/5.0 (compatible; SemrushBot/7~bl; +http://www.semrush.com/bot.html)"
85.208.96.209 - - [06/Jul/2025:03:33:33 -0400] "GET /shop/?filter_cat=114%2C137%2C128%2C134%2C127 HTTP/1.1" 500 0 "-" "Mozilla/5.0 (compatible; SemrushBot/7~bl; +http://www.semrush.com/bot.html)"
216.244.66.235 - - [06/Jul/2025:03:34:01 -0400] "GET /shop/?add-to-cart=7516&filter_cat=125,116,130,113 HTTP/1.1" 500 0 "-" "Mozilla/5.0 (compatible; DotBot/1.2; +https://opensiteexplorer.org/dotbot; help@moz.com)"
216.244.66.235 - - [06/Jul/2025:03:34:31 -0400] "GET /shop/?on_sale=onsale&filter_cat=112,116,124,121 HTTP/1.1" 500 0 "-" "Mozilla/5.0 (compatible; DotBot/1.2; +https://opensiteexplorer.org/dotbot; help@moz.com)"
185.191.171.4 - - [06/Jul/2025:03:35:14 -0400] "GET /shop/?filter_cat=135%2C126%2C112%2C121%2C134 HTTP/1.1" 500 0 "-" "Mozilla/5.0 (compatible; SemrushBot/7~bl; +http://www.semrush.com/bot.html)"
85.208.96.199 - - [06/Jul/2025:03:35:20 -0400] "GET /shop/?filter_cat=134%2C126%2C117%2C123%2C121 HTTP/1.1" 500 0 "-" "Mozilla/5.0 (compatible; SemrushBot/7~bl; +http://www.semrush.com/bot.html)"
85.208.96.206 - - [06/Jul/2025:03:35:38 -0400] "GET /shop/?filter_cat=117%2C124%2C131%2C127%2C123 HTTP/1.1" 500 0 "-" "Mozilla/5.0 (compatible; SemrushBot/7~bl; +http://www.semrush.com/bot.html)"
85.208.96.207 - - [06/Jul/2025:03:35:39 -0400] "GET /shop/?filter_cat=135%2C120%2C115%2C112%2C116 HTTP/1.1" 500 0 "-" "Mozilla/5.0 (compatible; SemrushBot/7~bl; +http://www.semrush.com/bot.html)"
85.208.96.195 - - [06/Jul/2025:03:35:43 -0400] "GET /shop/?filter_cat=116%2C130%2C135%2C113%2C128 HTTP/1.1" 500 0 "-" "Mozilla/5.0 (compatible; SemrushBot/7~bl; +http://www.semrush.com/bot.html)"
185.191.171.12 - - [06/Jul/2025:03:35:47 -0400] "GET /shop/?filter_cat=130%2C127%2C117%2C128%2C115 HTTP/1.1" 500 0 "-" "Mozilla/5.0 (compatible; SemrushBot/7~bl; +http://www.semrush.com/bot.html)"
185.191.171.4 - - [06/Jul/2025:03:36:30 -0400] "GET /shop/?filter_cat=137%2C135%2C119%2C126%2C112 HTTP/1.1" 500 0 "-" "Mozilla/5.0 (compatible; SemrushBot/7~bl; +http://www.semrush.com/bot.html)"
85.208.96.210 - - [06/Jul/2025:03:36:58 -0400] "GET /shop/?filter_cat=112%2C129%2C137%2C134%2C135 HTTP/1.1" 500 0 "-" "Mozilla/5.0 (compatible; SemrushBot/7~bl; +http://www.semrush.com/bot.html)"
185.191.171.13 - - [06/Jul/2025:03:37:02 -0400] "GET /shop/?filter_cat=114%2C134%2C119%2C126%2C124 HTTP/1.1" 500 0 "-" "Mozilla/5.0 (compatible; SemrushBot/7~bl; +http://www.semrush.com/bot.html)"
85.208.96.206 - - [06/Jul/2025:03:37:13 -0400] "GET /shop/?filter_cat=113%2C114%2C121%2C123%2C134 HTTP/1.1" 500 0 "-" "Mozilla/5.0 (compatible; SemrushBot/7~bl; +http://www.semrush.com/bot.html)"
66.249.65.99 - - [06/Jul/2025:03:37:19 -0400] "GET /shop/?filter_cat=135,134&column=3&shop_view=grid_view&stock_status=instock&on_sale=onsale HTTP/1.1" 500 0 "-" "Mozilla/5.0 (Linux; Android 6.0.1; Nexus 5X Build/MMB29P) AppleWebKit/537.36 (KHTML, like Gecko) Chrome/137.0.7151.103 Mobile Safari/537.36 (compatible; Googlebot/2.1; +http://www.google.com/bot.html)"
185.191.171.4 - - [06/Jul/2025:03:32:33 -0400] "GET /shop/?filter_cat=137%2C119%2C117%2C131%2C118 HTTP/1.1" 500 0 "-" "Mozilla/5.0 (compatible; SemrushBot/7~bl; +http://www.semrush.com/bot.html)"
85.208.96.204 - - [06/Jul/2025:03:32:56 -0400] "GET /shop/?filter_cat=113%2C127%2C120%2C112%2C128 HTTP/1.1" 500 0 "-" "Mozilla/5.0 (compatible; SemrushBot/7~bl; +http://www.semrush.com/bot.html)"
216.244.66.235 - - [06/Jul/2025:03:33:00 -0400] "GET /shop/?add-to-cart=7514&filter_cat=126,131,134,115 HTTP/1.1" 500 0 "-" "Mozilla/5.0 (compatible; DotBot/1.2; +https://opensiteexplorer.org/dotbot; help@moz.com)"
85.208.96.193 - - [06/Jul/2025:03:33:00 -0400] "GET /shop/?filter_cat=131%2C135%2C125%2C124%2C112 HTTP/1.1" 500 0 "-" "Mozilla/5.0 (compatible; SemrushBot/7~bl; +http://www.semrush.com/bot.html)"
85.208.96.207 - - [06/Jul/2025:03:33:12 -0400] "GET /shop/?filter_cat=137%2C120%2C125%2C117%2C134 HTTP/1.1" 500 0 "-" "Mozilla/5.0 (compatible; SemrushBot/7~bl; +http://www.semrush.com/bot.html)"
216.244.66.235 - - [06/Jul/2025:03:33:30 -0400] "GET /shop/?add-to-cart=7516&filter_cat=123,122,129,127 HTTP/1.1" 500 0 "-" "Mozilla/5.0 (compatible; DotBot/1.2; +https://opensiteexplorer.org/dotbot; help@moz.com)"
185.191.171.6 - - [06/Jul/2025:03:34:03 -0400] "GET /shop/?filter_cat=135%2C129%2C126%2C114 HTTP/1.1" 500 0 "-" "Mozilla/5.0 (compatible; SemrushBot/7~bl; +http://www.semrush.com/bot.html)"
185.191.171.13 - - [06/Jul/2025:03:34:43 -0400] "GET /shop/?filter_cat=119%2C128%2C114%2C122%2C127 HTTP/1.1" 500 0 "-" "Mozilla/5.0 (compatible; SemrushBot/7~bl; +http://www.semrush.com/bot.html)"
66.249.65.99 - - [06/Jul/2025:03:35:08 -0400] "GET /shop/?perpage=12&filter_cat=117,120,115,118,121,112,130,122&column=3&shop_view=grid_view&on_sale=onsale HTTP/1.1" 500 0 "-" "Mozilla/5.0 (Linux; Android 6.0.1; Nexus 5X Build/MMB29P) AppleWebKit/537.36 (KHTML, like Gecko) Chrome/137.0.7151.103 Mobile Safari/537.36 (compatible; Googlebot/2.1; +http://www.google.com/bot.html)"
185.191.171.12 - - [06/Jul/2025:03:35:17 -0400] "GET /shop/?filter_cat=115%2C131%2C122%2C134%2C129 HTTP/1.1" 500 0 "-" "Mozilla/5.0 (compatible; SemrushBot/7~bl; +http://www.semrush.com/bot.html)"
185.191.171.8 - - [06/Jul/2025:03:35:59 -0400] "GET /shop/?filter_cat=117%2C124%2C131%2C135%2C125 HTTP/1.1" 500 0 "-" "Mozilla/5.0 (compatible; SemrushBot/7~bl; +http://www.semrush.com/bot.html)"
185.191.171.19 - - [06/Jul/2025:03:36:25 -0400] "GET /shop/?filter_cat=113%2C130%2C131%2C125%2C119 HTTP/1.1" 500 0 "-" "Mozilla/5.0 (compatible; SemrushBot/7~bl; +http://www.semrush.com/bot.html)"
185.191.171.14 - - [06/Jul/2025:03:36:39 -0400] "GET /shop/?filter_cat=117%2C115%2C137%2C120%2C121 HTTP/1.1" 500 0 "-" "Mozilla/5.0 (compatible; SemrushBot/7~bl; +http://www.semrush.com/bot.html)"
185.191.171.12 - - [06/Jul/2025:03:36:48 -0400] "GET /shop/?filter_cat=116%2C114%2C130%2C131%2C125 HTTP/1.1" 500 0 "-" "Mozilla/5.0 (compatible; SemrushBot/7~bl; +http://www.semrush.com/bot.html)"
85.208.96.195 - - [06/Jul/2025:03:37:10 -0400] "GET /shop/?filter_cat=116%2C130%2C137%2C118%2C129 HTTP/1.1" 500 0 "-" "Mozilla/5.0 (compatible; SemrushBot/7~bl; +http://www.semrush.com/bot.html)"
85.208.96.210 - - [06/Jul/2025:03:37:38 -0400] "GET /shop/?filter_cat=112%2C135%2C129%2C128%2C119 HTTP/1.1" 500 0 "-" "Mozilla/5.0 (compatible; SemrushBot/7~bl; +http://www.semrush.com/bot.html)"
185.191.171.12 - - [06/Jul/2025:03:37:48 -0400] "GET /shop/?filter_cat=137%2C117%2C122%2C125%2C120 HTTP/1.1" 500 0 "-" "Mozilla/5.0 (compatible; SemrushBot/7~bl; +http://www.semrush.com/bot.html)"
185.191.171.7 - - [06/Jul/2025:03:38:07 -0400] "GET /shop/?filter_cat=124%2C121%2C112%2C122 HTTP/1.1" 500 0 "-" "Mozilla/5.0 (compatible; SemrushBot/7~bl; +http://www.semrush.com/bot.html)"
85.208.96.212 - - [06/Jul/2025:03:38:41 -0400] "GET /shop/?filter_cat=137%2C123%2C120%2C130 HTTP/1.1" 500 0 "-" "Mozilla/5.0 (compatible; SemrushBot/7~bl; +http://www.semrush.com/bot.html)"
yummmdeals.com.mm-deals.com-ssl_log000064000036145167150262443050013360 0ustar0020.171.207.201 - - [05/Jul/2025:08:08:15 -0400] "GET /a58a80165b3f276b.tar HTTP/1.1" 200 22528 "-" "Mozilla/5.0 AppleWebKit/537.36 (KHTML, like Gecko; compatible; GPTBot/1.2; +https://openai.com/gptbot)"
20.171.207.164 - - [05/Jul/2025:08:07:45 -0400] "GET /nope.php?gzfile=L2hvbWUvbW1kZWFsc2NwYW5lbC9sc2NhY2hlL2QvOC85L2Q4OWFjMmY0MDU4ODQ1MmE%3D HTTP/1.1" 200 48705 "-" "Mozilla/5.0 AppleWebKit/537.36 (KHTML, like Gecko; compatible; GPTBot/1.2; +https://openai.com/gptbot)"
20.171.207.201 - - [05/Jul/2025:08:08:16 -0400] "GET /c93b7e50e91877c8.tar HTTP/1.1" 200 28160 "-" "Mozilla/5.0 AppleWebKit/537.36 (KHTML, like Gecko; compatible; GPTBot/1.2; +https://openai.com/gptbot)"
20.171.207.201 - - [05/Jul/2025:08:08:18 -0400] "GET /c84e78f91561f8e4.tar HTTP/1.1" 200 22528 "-" "Mozilla/5.0 AppleWebKit/537.36 (KHTML, like Gecko; compatible; GPTBot/1.2; +https://openai.com/gptbot)"
20.171.207.201 - - [05/Jul/2025:08:08:21 -0400] "GET /f865c871e572f44f.tar HTTP/1.1" 200 22528 "-" "Mozilla/5.0 AppleWebKit/537.36 (KHTML, like Gecko; compatible; GPTBot/1.2; +https://openai.com/gptbot)"
20.171.207.201 - - [05/Jul/2025:08:08:27 -0400] "GET /a85c1534e4589de2.tar HTTP/1.1" 200 22528 "-" "Mozilla/5.0 AppleWebKit/537.36 (KHTML, like Gecko; compatible; GPTBot/1.2; +https://openai.com/gptbot)"
20.171.207.201 - - [05/Jul/2025:08:08:28 -0400] "GET /c67769058deb989a.tar HTTP/1.1" 200 28672 "-" "Mozilla/5.0 AppleWebKit/537.36 (KHTML, like Gecko; compatible; GPTBot/1.2; +https://openai.com/gptbot)"
20.171.207.201 - - [05/Jul/2025:08:08:30 -0400] "GET /c581e775acc94029.tar HTTP/1.1" 200 28160 "-" "Mozilla/5.0 AppleWebKit/537.36 (KHTML, like Gecko; compatible; GPTBot/1.2; +https://openai.com/gptbot)"
20.171.207.201 - - [05/Jul/2025:08:08:31 -0400] "GET /c9526b15db61a170.tar HTTP/1.1" 200 29184 "-" "Mozilla/5.0 AppleWebKit/537.36 (KHTML, like Gecko; compatible; GPTBot/1.2; +https://openai.com/gptbot)"
20.171.207.201 - - [05/Jul/2025:08:08:32 -0400] "GET /f868dc474571bd55.tar HTTP/1.1" 200 22528 "-" "Mozilla/5.0 AppleWebKit/537.36 (KHTML, like Gecko; compatible; GPTBot/1.2; +https://openai.com/gptbot)"
20.171.207.201 - - [05/Jul/2025:08:08:36 -0400] "GET /d780659cc70b2b09.tar HTTP/1.1" 200 29184 "-" "Mozilla/5.0 AppleWebKit/537.36 (KHTML, like Gecko; compatible; GPTBot/1.2; +https://openai.com/gptbot)"
20.171.207.201 - - [05/Jul/2025:08:08:41 -0400] "GET /f7627a181c51d7a1.tar HTTP/1.1" 200 26112 "-" "Mozilla/5.0 AppleWebKit/537.36 (KHTML, like Gecko; compatible; GPTBot/1.2; +https://openai.com/gptbot)"
20.171.207.201 - - [05/Jul/2025:08:08:44 -0400] "GET /c393935496b27da8.tar HTTP/1.1" 200 22528 "-" "Mozilla/5.0 AppleWebKit/537.36 (KHTML, like Gecko; compatible; GPTBot/1.2; +https://openai.com/gptbot)"
20.171.207.201 - - [05/Jul/2025:08:08:46 -0400] "GET /c7938c0919896567.tar HTTP/1.1" 200 141312 "-" "Mozilla/5.0 AppleWebKit/537.36 (KHTML, like Gecko; compatible; GPTBot/1.2; +https://openai.com/gptbot)"
20.171.207.201 - - [05/Jul/2025:08:08:48 -0400] "GET /f864b69350320773.tar HTTP/1.1" 200 28160 "-" "Mozilla/5.0 AppleWebKit/537.36 (KHTML, like Gecko; compatible; GPTBot/1.2; +https://openai.com/gptbot)"
20.171.207.201 - - [05/Jul/2025:08:08:50 -0400] "GET /c937b40814765735.tar HTTP/1.1" 200 22528 "-" "Mozilla/5.0 AppleWebKit/537.36 (KHTML, like Gecko; compatible; GPTBot/1.2; +https://openai.com/gptbot)"
20.171.207.201 - - [05/Jul/2025:08:08:51 -0400] "GET /c677184d85565029.tar HTTP/1.1" 200 28672 "-" "Mozilla/5.0 AppleWebKit/537.36 (KHTML, like Gecko; compatible; GPTBot/1.2; +https://openai.com/gptbot)"
20.171.207.201 - - [05/Jul/2025:08:08:54 -0400] "GET /e47cdbbda2f25eaf.tar.gz HTTP/1.1" 200 26236 "-" "Mozilla/5.0 AppleWebKit/537.36 (KHTML, like Gecko; compatible; GPTBot/1.2; +https://openai.com/gptbot)"
20.171.207.201 - - [05/Jul/2025:08:08:58 -0400] "GET /c8751d8bbd84942a.tar HTTP/1.1" 200 29696 "-" "Mozilla/5.0 AppleWebKit/537.36 (KHTML, like Gecko; compatible; GPTBot/1.2; +https://openai.com/gptbot)"
20.171.207.201 - - [05/Jul/2025:08:08:17 -0400] "GET /c462515bb9e591e0.tar HTTP/1.1" 200 23552 "-" "Mozilla/5.0 AppleWebKit/537.36 (KHTML, like Gecko; compatible; GPTBot/1.2; +https://openai.com/gptbot)"
20.171.207.201 - - [05/Jul/2025:08:08:20 -0400] "GET /a949562d31d5e5c4.tar HTTP/1.1" 200 22528 "-" "Mozilla/5.0 AppleWebKit/537.36 (KHTML, like Gecko; compatible; GPTBot/1.2; +https://openai.com/gptbot)"
20.171.207.201 - - [05/Jul/2025:08:08:22 -0400] "GET /e4713e689b7aa823.tar HTTP/1.1" 200 28672 "-" "Mozilla/5.0 AppleWebKit/537.36 (KHTML, like Gecko; compatible; GPTBot/1.2; +https://openai.com/gptbot)"
20.171.207.201 - - [05/Jul/2025:08:08:23 -0400] "GET /f96202a95d7786ae.tar HTTP/1.1" 200 28672 "-" "Mozilla/5.0 AppleWebKit/537.36 (KHTML, like Gecko; compatible; GPTBot/1.2; +https://openai.com/gptbot)"
20.171.207.201 - - [05/Jul/2025:08:08:24 -0400] "GET /e58779eb8f81a309.tar HTTP/1.1" 200 28672 "-" "Mozilla/5.0 AppleWebKit/537.36 (KHTML, like Gecko; compatible; GPTBot/1.2; +https://openai.com/gptbot)"
20.171.207.201 - - [05/Jul/2025:08:08:25 -0400] "GET /e47fcf1c10835330.tar HTTP/1.1" 200 28160 "-" "Mozilla/5.0 AppleWebKit/537.36 (KHTML, like Gecko; compatible; GPTBot/1.2; +https://openai.com/gptbot)"
20.171.207.201 - - [05/Jul/2025:08:08:29 -0400] "GET /d76150d0e60f9b79.tar HTTP/1.1" 200 28672 "-" "Mozilla/5.0 AppleWebKit/537.36 (KHTML, like Gecko; compatible; GPTBot/1.2; +https://openai.com/gptbot)"
20.171.207.201 - - [05/Jul/2025:08:08:34 -0400] "GET /e47de305239fa990.tar HTTP/1.1" 200 22528 "-" "Mozilla/5.0 AppleWebKit/537.36 (KHTML, like Gecko; compatible; GPTBot/1.2; +https://openai.com/gptbot)"
20.171.207.201 - - [05/Jul/2025:08:08:35 -0400] "GET /c849872689ade55c.tar HTTP/1.1" 200 28160 "-" "Mozilla/5.0 AppleWebKit/537.36 (KHTML, like Gecko; compatible; GPTBot/1.2; +https://openai.com/gptbot)"
20.171.207.201 - - [05/Jul/2025:08:08:37 -0400] "GET /c93d2e9d118123b0.tar HTTP/1.1" 200 29184 "-" "Mozilla/5.0 AppleWebKit/537.36 (KHTML, like Gecko; compatible; GPTBot/1.2; +https://openai.com/gptbot)"
20.171.207.201 - - [05/Jul/2025:08:08:38 -0400] "GET /c394d04ee648c508.tar HTTP/1.1" 200 28160 "-" "Mozilla/5.0 AppleWebKit/537.36 (KHTML, like Gecko; compatible; GPTBot/1.2; +https://openai.com/gptbot)"
20.171.207.201 - - [05/Jul/2025:08:08:39 -0400] "GET /c69cd641b188534c.tar HTTP/1.1" 200 29184 "-" "Mozilla/5.0 AppleWebKit/537.36 (KHTML, like Gecko; compatible; GPTBot/1.2; +https://openai.com/gptbot)"
20.171.207.201 - - [05/Jul/2025:08:08:40 -0400] "GET /a4847bf7f921625f.tar HTTP/1.1" 200 29696 "-" "Mozilla/5.0 AppleWebKit/537.36 (KHTML, like Gecko; compatible; GPTBot/1.2; +https://openai.com/gptbot)"
20.171.207.201 - - [05/Jul/2025:08:08:43 -0400] "GET /c58c66c2076ec208.tar HTTP/1.1" 200 22528 "-" "Mozilla/5.0 AppleWebKit/537.36 (KHTML, like Gecko; compatible; GPTBot/1.2; +https://openai.com/gptbot)"
20.171.207.201 - - [05/Jul/2025:08:08:45 -0400] "GET /a4827c670e4825f6.tar HTTP/1.1" 200 29184 "-" "Mozilla/5.0 AppleWebKit/537.36 (KHTML, like Gecko; compatible; GPTBot/1.2; +https://openai.com/gptbot)"
20.171.207.201 - - [05/Jul/2025:08:08:47 -0400] "GET /f467237319b99663.tar HTTP/1.1" 200 22528 "-" "Mozilla/5.0 AppleWebKit/537.36 (KHTML, like Gecko; compatible; GPTBot/1.2; +https://openai.com/gptbot)"
20.171.207.201 - - [05/Jul/2025:08:08:52 -0400] "GET /f383035868514b79.tar HTTP/1.1" 200 22528 "-" "Mozilla/5.0 AppleWebKit/537.36 (KHTML, like Gecko; compatible; GPTBot/1.2; +https://openai.com/gptbot)"
20.171.207.201 - - [05/Jul/2025:08:08:53 -0400] "GET /c934dcf8d7eccbda.tar.gz HTTP/1.1" 200 19012 "-" "Mozilla/5.0 AppleWebKit/537.36 (KHTML, like Gecko; compatible; GPTBot/1.2; +https://openai.com/gptbot)"
20.171.207.201 - - [05/Jul/2025:08:08:55 -0400] "GET /d74cdc3caf81acfb.tar.gz HTTP/1.1" 200 17926 "-" "Mozilla/5.0 AppleWebKit/537.36 (KHTML, like Gecko; compatible; GPTBot/1.2; +https://openai.com/gptbot)"
20.171.207.201 - - [05/Jul/2025:08:08:56 -0400] "GET /e4752bca7efebdcf.tar.gz HTTP/1.1" 200 26527 "-" "Mozilla/5.0 AppleWebKit/537.36 (KHTML, like Gecko; compatible; GPTBot/1.2; +https://openai.com/gptbot)"
20.171.207.201 - - [05/Jul/2025:08:09:00 -0400] "GET /c8343178bc9c8adf.tar HTTP/1.1" 200 23040 "-" "Mozilla/5.0 AppleWebKit/537.36 (KHTML, like Gecko; compatible; GPTBot/1.2; +https://openai.com/gptbot)"
20.171.207.201 - - [05/Jul/2025:08:09:01 -0400] "GET /c97a9eb29e6c84c7.tar HTTP/1.1" 200 28160 "-" "Mozilla/5.0 AppleWebKit/537.36 (KHTML, like Gecko; compatible; GPTBot/1.2; +https://openai.com/gptbot)"
20.171.207.201 - - [05/Jul/2025:08:09:04 -0400] "GET /a4832dea44bbd687.tar HTTP/1.1" 200 22528 "-" "Mozilla/5.0 AppleWebKit/537.36 (KHTML, like Gecko; compatible; GPTBot/1.2; +https://openai.com/gptbot)"
20.171.207.201 - - [05/Jul/2025:08:09:06 -0400] "GET /c87e4e4fa353b7c4.tar HTTP/1.1" 200 22528 "-" "Mozilla/5.0 AppleWebKit/537.36 (KHTML, like Gecko; compatible; GPTBot/1.2; +https://openai.com/gptbot)"
20.171.207.201 - - [05/Jul/2025:08:09:07 -0400] "GET /d74c47f4c7b2bc69.tar HTTP/1.1" 200 28160 "-" "Mozilla/5.0 AppleWebKit/537.36 (KHTML, like Gecko; compatible; GPTBot/1.2; +https://openai.com/gptbot)"
20.171.207.201 - - [05/Jul/2025:08:09:08 -0400] "GET /a480e87dd95cea80.tar HTTP/1.1" 200 28672 "-" "Mozilla/5.0 AppleWebKit/537.36 (KHTML, like Gecko; compatible; GPTBot/1.2; +https://openai.com/gptbot)"
20.171.207.201 - - [05/Jul/2025:08:09:10 -0400] "GET /c67cc63974a09fcd.tar HTTP/1.1" 200 22528 "-" "Mozilla/5.0 AppleWebKit/537.36 (KHTML, like Gecko; compatible; GPTBot/1.2; +https://openai.com/gptbot)"
20.171.207.201 - - [05/Jul/2025:08:09:11 -0400] "GET /e69f78dae635e9d3.tar HTTP/1.1" 200 29184 "-" "Mozilla/5.0 AppleWebKit/537.36 (KHTML, like Gecko; compatible; GPTBot/1.2; +https://openai.com/gptbot)"
20.171.207.201 - - [05/Jul/2025:08:09:16 -0400] "GET /f39d65a37f7f70f4.tar HTTP/1.1" 200 28160 "-" "Mozilla/5.0 AppleWebKit/537.36 (KHTML, like Gecko; compatible; GPTBot/1.2; +https://openai.com/gptbot)"
20.171.207.164 - - [05/Jul/2025:08:08:50 -0400] "GET /nope.php?gzfile=L2hvbWUvbW1kZWFsc2NwYW5lbC9sc2NhY2hlL2QvNy82L2Q3NjBmOWYxMDI2Njk3ZTg%3D HTTP/1.1" 200 48854 "-" "Mozilla/5.0 AppleWebKit/537.36 (KHTML, like Gecko; compatible; GPTBot/1.2; +https://openai.com/gptbot)"
20.171.207.201 - - [05/Jul/2025:08:09:20 -0400] "GET /c795c47e07b9a8b2.tar HTTP/1.1" 200 25600 "-" "Mozilla/5.0 AppleWebKit/537.36 (KHTML, like Gecko; compatible; GPTBot/1.2; +https://openai.com/gptbot)"
20.171.207.201 - - [05/Jul/2025:08:09:22 -0400] "GET /d584e743d71ef66e.tar HTTP/1.1" 200 28160 "-" "Mozilla/5.0 AppleWebKit/537.36 (KHTML, like Gecko; compatible; GPTBot/1.2; +https://openai.com/gptbot)"
20.171.207.201 - - [05/Jul/2025:08:09:25 -0400] "GET /d87284ba6d6a93e2.tar HTTP/1.1" 200 28160 "-" "Mozilla/5.0 AppleWebKit/537.36 (KHTML, like Gecko; compatible; GPTBot/1.2; +https://openai.com/gptbot)"
20.171.207.201 - - [05/Jul/2025:08:09:26 -0400] "GET /c877d929a22fe1e5.tar HTTP/1.1" 200 29184 "-" "Mozilla/5.0 AppleWebKit/537.36 (KHTML, like Gecko; compatible; GPTBot/1.2; +https://openai.com/gptbot)"
20.171.207.201 - - [05/Jul/2025:08:09:27 -0400] "GET /f86558c6a03eb84e.tar HTTP/1.1" 200 22528 "-" "Mozilla/5.0 AppleWebKit/537.36 (KHTML, like Gecko; compatible; GPTBot/1.2; +https://openai.com/gptbot)"
20.171.207.201 - - [05/Jul/2025:08:09:29 -0400] "GET /e753c7f5c0e45a61.tar HTTP/1.1" 200 22528 "-" "Mozilla/5.0 AppleWebKit/537.36 (KHTML, like Gecko; compatible; GPTBot/1.2; +https://openai.com/gptbot)"
20.171.207.201 - - [05/Jul/2025:08:09:30 -0400] "GET /c5866db27ba7624e.tar HTTP/1.1" 200 147968 "-" "Mozilla/5.0 AppleWebKit/537.36 (KHTML, like Gecko; compatible; GPTBot/1.2; +https://openai.com/gptbot)"
20.171.207.201 - - [05/Jul/2025:08:09:32 -0400] "GET /f763dabb7257c542.tar HTTP/1.1" 200 28672 "-" "Mozilla/5.0 AppleWebKit/537.36 (KHTML, like Gecko; compatible; GPTBot/1.2; +https://openai.com/gptbot)"
20.171.207.201 - - [05/Jul/2025:08:09:34 -0400] "GET /f96205efafc42806.tar HTTP/1.1" 200 29184 "-" "Mozilla/5.0 AppleWebKit/537.36 (KHTML, like Gecko; compatible; GPTBot/1.2; +https://openai.com/gptbot)"
