185.191.171.8 - - [05/Jul/2025:17:11:46 -0400] "GET /shop/?filter_cat=137%2C117%2C114%2C124%2C115 HTTP/1.1" 500 0 "-" "Mozilla/5.0 (compatible; SemrushBot/7~bl; +http://www.semrush.com/bot.html)"
216.244.66.235 - - [05/Jul/2025:17:14:10 -0400] "GET /shop/?add-to-cart=7518&filter_cat=126,124,112 HTTP/1.1" 500 0 "-" "Mozilla/5.0 (compatible; DotBot/1.2; +https://opensiteexplorer.org/dotbot; help@moz.com)"
216.244.66.235 - - [05/Jul/2025:17:14:20 -0400] "GET /shop/?add-to-cart=7528&filter_cat=113,130,121 HTTP/1.1" 500 0 "-" "Mozilla/5.0 (compatible; DotBot/1.2; +https://opensiteexplorer.org/dotbot; help@moz.com)"
216.244.66.235 - - [05/Jul/2025:17:14:41 -0400] "GET /shop/?add-to-cart=7516&filter_cat=114,122,129,127 HTTP/1.1" 500 0 "-" "Mozilla/5.0 (compatible; DotBot/1.2; +https://opensiteexplorer.org/dotbot; help@moz.com)"
185.191.171.17 - - [05/Jul/2025:17:14:49 -0400] "GET /shop/?filter_cat=137%2C129%2C128%2C121%2C120 HTTP/1.1" 500 0 "-" "Mozilla/5.0 (compatible; SemrushBot/7~bl; +http://www.semrush.com/bot.html)"
216.244.66.235 - - [05/Jul/2025:17:15:41 -0400] "GET /shop/?filter_cat=120,112,131,130&on_sale=onsale HTTP/1.1" 500 0 "-" "Mozilla/5.0 (compatible; DotBot/1.2; +https://opensiteexplorer.org/dotbot; help@moz.com)"
185.191.171.16 - - [05/Jul/2025:17:15:50 -0400] "GET /shop/?filter_cat=116%2C117%2C137%2C124%2C127 HTTP/1.1" 500 0 "-" "Mozilla/5.0 (compatible; SemrushBot/7~bl; +http://www.semrush.com/bot.html)"
185.191.171.5 - - [05/Jul/2025:17:07:44 -0400] "GET /shop/?filter_cat=112%2C116%2C128%2C119%2C118 HTTP/1.1" 500 0 "-" "Mozilla/5.0 (compatible; SemrushBot/7~bl; +http://www.semrush.com/bot.html)"
66.249.65.97 - - [05/Jul/2025:17:08:20 -0400] "GET /shop/?perpage=12&filter_cat=116,131,135,118,114,126,115,129&column=4&shop_view=grid_view&stock_status=instock HTTP/1.1" 500 0 "-" "Mozilla/5.0 (Linux; Android 6.0.1; Nexus 5X Build/MMB29P) AppleWebKit/537.36 (KHTML, like Gecko) Chrome/137.0.7151.103 Mobile Safari/537.36 (compatible; Googlebot/2.1; +http://www.google.com/bot.html)"
85.208.96.196 - - [05/Jul/2025:17:08:44 -0400] "GET /shop/?filter_cat=115%2C131%2C121%2C117%2C125 HTTP/1.1" 500 0 "-" "Mozilla/5.0 (compatible; SemrushBot/7~bl; +http://www.semrush.com/bot.html)"
114.119.137.160 - - [05/Jul/2025:17:10:36 -0400] "GET /shop/?stock_status=instock&on_sale=onsale&filter_cat=123,130,115,129,121 HTTP/1.1" 500 0 "https://mm-deals.com/shop/?stock_status=instock&on_sale=onsale&filter_cat=123%2C130%2C115%2C129%2C116%2C121" "Mozilla/5.0 (Linux; Android 7.0;) AppleWebKit/537.36 (KHTML, like Gecko) Mobile Safari/537.36 (compatible; PetalBot;+https://webmaster.petalsearch.com/site/petalbot)"
185.191.171.2 - - [05/Jul/2025:17:10:45 -0400] "GET /shop/?filter_cat=114%2C119%2C121%2C125%2C122 HTTP/1.1" 500 0 "-" "Mozilla/5.0 (compatible; SemrushBot/7~bl; +http://www.semrush.com/bot.html)"
85.208.96.200 - - [05/Jul/2025:17:12:46 -0400] "GET /shop/?filter_cat=117%2C112%2C113%2C131%2C127 HTTP/1.1" 500 0 "-" "Mozilla/5.0 (compatible; SemrushBot/7~bl; +http://www.semrush.com/bot.html)"
185.191.171.4 - - [05/Jul/2025:17:13:48 -0400] "GET /shop/?filter_cat=116%2C137%2C123%2C129%2C134 HTTP/1.1" 500 0 "-" "Mozilla/5.0 (compatible; SemrushBot/7~bl; +http://www.semrush.com/bot.html)"
216.244.66.235 - - [05/Jul/2025:17:15:11 -0400] "GET /shop/?add-to-cart=7532&filter_cat=122,135,115,137 HTTP/1.1" 500 0 "-" "Mozilla/5.0 (compatible; DotBot/1.2; +https://opensiteexplorer.org/dotbot; help@moz.com)"
216.244.66.235 - - [05/Jul/2025:17:16:11 -0400] "GET /shop/?column=3&shop_view=grid_view&filter_cat=115,119,114 HTTP/1.1" 500 0 "-" "Mozilla/5.0 (compatible; DotBot/1.2; +https://opensiteexplorer.org/dotbot; help@moz.com)"
216.244.66.235 - - [05/Jul/2025:17:16:42 -0400] "GET /shop/?column=4&shop_view=grid_view&filter_cat=119%2C114 HTTP/1.1" 500 0 "-" "Mozilla/5.0 (compatible; DotBot/1.2; +https://opensiteexplorer.org/dotbot; help@moz.com)"
185.191.171.5 - - [05/Jul/2025:17:16:53 -0400] "GET /robots.txt HTTP/1.1" 200 200 "-" "Mozilla/5.0 (compatible; SemrushBot/7~bl; +http://www.semrush.com/bot.html)"
216.244.66.235 - - [05/Jul/2025:17:17:19 -0400] "GET /gardening-scarifier-kit/gardening-scarifier-kit/feed/ HTTP/1.1" 500 0 "-" "Mozilla/5.0 (compatible; DotBot/1.2; +https://opensiteexplorer.org/dotbot; help@moz.com)"
114.119.140.4 - - [05/Jul/2025:17:17:41 -0400] "GET /shop/?stock_status=instock&on_sale=onsale&filter_cat=123,128,120,121,115,135,131 HTTP/1.1" 500 0 "https://mm-deals.com/shop/?stock_status=instock&on_sale=onsale&filter_cat=128%2C120%2C121%2C115%2C135%2C131" "Mozilla/5.0 (Linux; Android 7.0;) AppleWebKit/537.36 (KHTML, like Gecko) Mobile Safari/537.36 (compatible; PetalBot;+https://webmaster.petalsearch.com/site/petalbot)"
216.244.66.235 - - [05/Jul/2025:17:17:49 -0400] "GET /shop/?on_sale=onsale&filter_cat=112%2C120%2C121&shop_view=list_view HTTP/1.1" 500 0 "-" "Mozilla/5.0 (compatible; DotBot/1.2; +https://opensiteexplorer.org/dotbot; help@moz.com)"
185.191.171.1 - - [05/Jul/2025:17:18:53 -0400] "GET /shop/?filter_cat=113%2C125%2C119%2C118%2C116 HTTP/1.1" 500 0 "-" "Mozilla/5.0 (compatible; SemrushBot/7~bl; +http://www.semrush.com/bot.html)"
216.244.66.235 - - [05/Jul/2025:17:19:48 -0400] "GET /shop/?add-to-cart=7514&filter_cat=130%2C135%2C115&shop_view=list_view HTTP/1.1" 500 0 "-" "Mozilla/5.0 (compatible; DotBot/1.2; +https://opensiteexplorer.org/dotbot; help@moz.com)"
216.244.66.235 - - [05/Jul/2025:17:20:18 -0400] "GET /shop/?add-to-cart=7516&filter_cat=118%2C121%2C122&shop_view=list_view HTTP/1.1" 500 0 "-" "Mozilla/5.0 (compatible; DotBot/1.2; +https://opensiteexplorer.org/dotbot; help@moz.com)"
66.249.65.97 - - [05/Jul/2025:17:21:40 -0400] "GET /shop/page/4/?perpage=12&filter_cat=119%2C123%2C115%2C137%2C120%2C112%2C125&column=3&shop_view=grid_view HTTP/1.1" 500 0 "-" "Mozilla/5.0 (Linux; Android 6.0.1; Nexus 5X Build/MMB29P) AppleWebKit/537.36 (KHTML, like Gecko) Chrome/137.0.7151.103 Mobile Safari/537.36 (compatible; Googlebot/2.1; +http://www.google.com/bot.html)"
114.119.137.160 - - [05/Jul/2025:17:25:05 -0400] "GET /shop/?stock_status=instock&on_sale=onsale&filter_cat=123,127,137,135,128 HTTP/1.1" 500 0 "https://mm-deals.com/shop/?stock_status=instock&on_sale=onsale&filter_cat=127%2C137%2C135%2C128" "Mozilla/5.0 (Linux; Android 7.0;) AppleWebKit/537.36 (KHTML, like Gecko) Mobile Safari/537.36 (compatible; PetalBot;+https://webmaster.petalsearch.com/site/petalbot)"
66.249.65.98 - - [05/Jul/2025:17:25:37 -0400] "GET /shop/?perpage=12&filter_cat=125,115,114,118,112,130&shop_view=grid_view&on_sale=onsale&column=4 HTTP/1.1" 500 0 "-" "Mozilla/5.0 (Linux; Android 6.0.1; Nexus 5X Build/MMB29P) AppleWebKit/537.36 (KHTML, like Gecko) Chrome/137.0.7151.103 Mobile Safari/537.36 (compatible; Googlebot/2.1; +http://www.google.com/bot.html)"
85.208.96.194 - - [05/Jul/2025:17:27:00 -0400] "GET /shop/?filter_cat=113%2C114%2C128%2C119%2C135 HTTP/1.1" 500 0 "-" "Mozilla/5.0 (compatible; SemrushBot/7~bl; +http://www.semrush.com/bot.html)"
66.249.65.97 - - [05/Jul/2025:17:29:11 -0400] "GET /shop/page/17/?perpage=12&filter_cat=115%2C128%2C117%2C120%2C121%2C134%2C113%2C112%2C135&column=3&shop_view=grid_view&on_sale=onsale&stock_status=instock HTTP/1.1" 500 0 "-" "Mozilla/5.0 (Linux; Android 6.0.1; Nexus 5X Build/MMB29P) AppleWebKit/537.36 (KHTML, like Gecko) Chrome/137.0.7151.103 Mobile Safari/537.36 (compatible; Googlebot/2.1; +http://www.google.com/bot.html)"
185.191.171.1 - - [05/Jul/2025:17:16:52 -0400] "GET /shop/?filter_cat=125%2C131%2C123%2C122 HTTP/1.1" 500 0 "-" "Mozilla/5.0 (compatible; SemrushBot/7~bl; +http://www.semrush.com/bot.html)"
85.208.96.201 - - [05/Jul/2025:17:17:52 -0400] "GET /shop/?filter_cat=135%2C116%2C129%2C117 HTTP/1.1" 500 0 "-" "Mozilla/5.0 (compatible; SemrushBot/7~bl; +http://www.semrush.com/bot.html)"
85.208.96.200 - - [05/Jul/2025:17:19:54 -0400] "GET /shop/?filter_cat=137%2C123%2C131%2C122%2C112 HTTP/1.1" 500 0 "-" "Mozilla/5.0 (compatible; SemrushBot/7~bl; +http://www.semrush.com/bot.html)"
85.208.96.200 - - [05/Jul/2025:17:20:54 -0400] "GET /shop/?filter_cat=117%2C114%2C123%2C122%2C130 HTTP/1.1" 500 0 "-" "Mozilla/5.0 (compatible; SemrushBot/7~bl; +http://www.semrush.com/bot.html)"
85.208.96.194 - - [05/Jul/2025:17:21:55 -0400] "GET /shop/?filter_cat=115%2C113%2C112%2C134%2C135 HTTP/1.1" 500 0 "-" "Mozilla/5.0 (compatible; SemrushBot/7~bl; +http://www.semrush.com/bot.html)"
85.208.96.206 - - [05/Jul/2025:17:22:56 -0400] "GET /shop/?filter_cat=116%2C117%2C114%2C126%2C119 HTTP/1.1" 500 0 "-" "Mozilla/5.0 (compatible; SemrushBot/7~bl; +http://www.semrush.com/bot.html)"
185.191.171.4 - - [05/Jul/2025:17:23:57 -0400] "GET /shop/?filter_cat=137%2C124%2C116%2C121 HTTP/1.1" 500 0 "-" "Mozilla/5.0 (compatible; SemrushBot/7~bl; +http://www.semrush.com/bot.html)"
66.249.65.99 - - [05/Jul/2025:17:23:58 -0400] "GET /shop/page/9/?perpage=12&filter_cat=112%2C120%2C129%2C117%2C114%2C127%2C115%2C135%2C121%2C123%2C113%2C137%2C130%2C125%2C122&column=3&shop_view=grid_view&stock_status=instock HTTP/1.1" 500 0 "-" "Mozilla/5.0 (Linux; Android 6.0.1; Nexus 5X Build/MMB29P) AppleWebKit/537.36 (KHTML, like Gecko) Chrome/137.0.7151.103 Mobile Safari/537.36 (compatible; Googlebot/2.1; +http://www.google.com/bot.html)"
66.249.65.99 - - [05/Jul/2025:17:24:37 -0400] "GET /shop/page/11/?filter_cat=128%2C119%2C134&on_sale=onsale&shop_view=grid_view&column=4 HTTP/1.1" 500 0 "-" "Mozilla/5.0 (Linux; Android 6.0.1; Nexus 5X Build/MMB29P) AppleWebKit/537.36 (KHTML, like Gecko) Chrome/137.0.7151.103 Mobile Safari/537.36 (compatible; Googlebot/2.1; +http://www.google.com/bot.html)"
85.208.96.210 - - [05/Jul/2025:17:24:59 -0400] "GET /shop/?filter_cat=135%2C121%2C130%2C118%2C112 HTTP/1.1" 500 0 "-" "Mozilla/5.0 (compatible; SemrushBot/7~bl; +http://www.semrush.com/bot.html)"
185.191.171.16 - - [05/Jul/2025:17:26:00 -0400] "GET /shop/?filter_cat=137%2C135%2C123%2C124%2C126 HTTP/1.1" 500 0 "-" "Mozilla/5.0 (compatible; SemrushBot/7~bl; +http://www.semrush.com/bot.html)"
66.249.65.97 - - [05/Jul/2025:17:26:53 -0400] "GET /shop/?perpage=12&filter_cat=129,128,134,120,118,121,131,112,125,122&column=2&shop_view=grid_view&on_sale=onsale HTTP/1.1" 500 0 "-" "Mozilla/5.0 (Linux; Android 6.0.1; Nexus 5X Build/MMB29P) AppleWebKit/537.36 (KHTML, like Gecko) Chrome/137.0.7151.103 Mobile Safari/537.36 (compatible; Googlebot/2.1; +http://www.google.com/bot.html)"
85.208.96.198 - - [05/Jul/2025:17:28:00 -0400] "GET /shop/?filter_cat=135%2C137%2C118%2C126%2C120 HTTP/1.1" 500 0 "-" "Mozilla/5.0 (compatible; SemrushBot/7~bl; +http://www.semrush.com/bot.html)"
85.208.96.200 - - [05/Jul/2025:17:29:01 -0400] "GET /shop/?filter_cat=117%2C119%2C125%2C135%2C123 HTTP/1.1" 500 0 "-" "Mozilla/5.0 (compatible; SemrushBot/7~bl; +http://www.semrush.com/bot.html)"
66.249.65.97 - - [05/Jul/2025:17:30:33 -0400] "GET /shop/?perpage=12&filter_cat=123,115,118,121,131,112,125,122&column=4&shop_view=grid_view&on_sale=onsale&stock_status=instock HTTP/1.1" 500 0 "-" "Mozilla/5.0 (Linux; Android 6.0.1; Nexus 5X Build/MMB29P) AppleWebKit/537.36 (KHTML, like Gecko) Chrome/137.0.7151.103 Mobile Safari/537.36 (compatible; Googlebot/2.1; +http://www.google.com/bot.html)"
85.208.96.211 - - [05/Jul/2025:17:32:02 -0400] "GET /shop/?filter_cat=137%2C114%2C123%2C119%2C125 HTTP/1.1" 500 0 "-" "Mozilla/5.0 (compatible; SemrushBot/7~bl; +http://www.semrush.com/bot.html)"
66.249.65.97 - - [05/Jul/2025:17:32:12 -0400] "GET /shop/page/18/?perpage=12&filter_cat=116%2C114%2C128%2C131%2C129%2C121%2C134%2C135%2C137%2C126%2C125&on_sale=onsale&shop_view=grid_view&column=3&stock_status=instock HTTP/1.1" 500 0 "-" "Mozilla/5.0 (Linux; Android 6.0.1; Nexus 5X Build/MMB29P) AppleWebKit/537.36 (KHTML, like Gecko) Chrome/137.0.7151.103 Mobile Safari/537.36 (compatible; Googlebot/2.1; +http://www.google.com/bot.html)"
185.191.171.13 - - [05/Jul/2025:17:30:02 -0400] "GET /shop/?filter_cat=116%2C117%2C114%2C137%2C127 HTTP/1.1" 500 0 "-" "Mozilla/5.0 (compatible; SemrushBot/7~bl; +http://www.semrush.com/bot.html)"
85.208.96.200 - - [05/Jul/2025:17:31:02 -0400] "GET /shop/?filter_cat=130%2C135%2C119%2C115%2C125 HTTP/1.1" 500 0 "-" "Mozilla/5.0 (compatible; SemrushBot/7~bl; +http://www.semrush.com/bot.html)"
66.249.65.99 - - [05/Jul/2025:17:31:33 -0400] "GET /shop/?perpage=12&filter_cat=117,128,134,120,118,121,131,112,125,122&column=2&shop_view=grid_view&on_sale=onsale HTTP/1.1" 500 0 "-" "Mozilla/5.0 (Linux; Android 6.0.1; Nexus 5X Build/MMB29P) AppleWebKit/537.36 (KHTML, like Gecko) Chrome/137.0.7151.103 Mobile Safari/537.36 (compatible; Googlebot/2.1; +http://www.google.com/bot.html)"
114.119.155.44 - - [05/Jul/2025:17:32:26 -0400] "GET /shop/?stock_status=instock&on_sale=onsale&filter_cat=123,127 HTTP/1.1" 500 0 "https://mm-deals.com/shop/?stock_status=instock&on_sale=onsale&filter_cat=127" "Mozilla/5.0 (Linux; Android 7.0;) AppleWebKit/537.36 (KHTML, like Gecko) Mobile Safari/537.36 (compatible; PetalBot;+https://webmaster.petalsearch.com/site/petalbot)"
66.249.65.99 - - [05/Jul/2025:17:34:41 -0400] "GET /shop/?perpage=12&filter_cat=128,134,118,121,131,112,125,122&column=2&shop_view=grid_view&on_sale=onsale HTTP/1.1" 500 0 "-" "Mozilla/5.0 (Linux; Android 6.0.1; Nexus 5X Build/MMB29P) AppleWebKit/537.36 (KHTML, like Gecko) Chrome/137.0.7151.103 Mobile Safari/537.36 (compatible; Googlebot/2.1; +http://www.google.com/bot.html)"
185.191.171.10 - - [05/Jul/2025:17:35:07 -0400] "GET /shop/?filter_cat=115%2C124%2C131%2C117%2C121 HTTP/1.1" 500 0 "-" "Mozilla/5.0 (compatible; SemrushBot/7~bl; +http://www.semrush.com/bot.html)"
66.249.65.99 - - [05/Jul/2025:17:36:00 -0400] "GET /shop/page/6/?perpage=12&filter_cat=117%2C124%2C121%2C122%2C127%2C131%2C135%2C130%2C126%2C123%2C115%2C137%2C120%2C112%2C125&column=3&shop_view=grid_view&stock_status=instock&on_sale=onsale HTTP/1.1" 500 0 "-" "Mozilla/5.0 (Linux; Android 6.0.1; Nexus 5X Build/MMB29P) AppleWebKit/537.36 (KHTML, like Gecko) Chrome/137.0.7151.103 Mobile Safari/537.36 (compatible; Googlebot/2.1; +http://www.google.com/bot.html)"
85.208.96.205 - - [05/Jul/2025:17:36:07 -0400] "GET /shop/?filter_cat=116%2C134%2C137%2C113%2C135 HTTP/1.1" 500 0 "-" "Mozilla/5.0 (compatible; SemrushBot/7~bl; +http://www.semrush.com/bot.html)"
66.249.65.98 - - [05/Jul/2025:17:37:18 -0400] "GET /shop/?stock_status=instock&shop_view=grid_view&column=4&filter_cat=131,127,130,123,113,116,118,128,126&on_sale=onsale HTTP/1.1" 500 0 "-" "Mozilla/5.0 (Linux; Android 6.0.1; Nexus 5X Build/MMB29P) AppleWebKit/537.36 (KHTML, like Gecko) Chrome/137.0.7151.103 Mobile Safari/537.36 (compatible; Googlebot/2.1; +http://www.google.com/bot.html)"
85.208.96.200 - - [05/Jul/2025:17:38:01 -0400] "GET /robots.txt HTTP/1.1" 200 200 "-" "Mozilla/5.0 (compatible; SemrushBot/7~bl; +http://www.semrush.com/bot.html)"
185.191.171.19 - - [05/Jul/2025:17:39:09 -0400] "GET /shop/?filter_cat=137%2C120%2C126%2C119%2C118 HTTP/1.1" 500 0 "-" "Mozilla/5.0 (compatible; SemrushBot/7~bl; +http://www.semrush.com/bot.html)"
66.249.65.99 - - [05/Jul/2025:17:39:11 -0400] "GET /shop/?perpage=12&filter_cat=119,113,114,120,115,118,121,112,130,122&column=2&shop_view=grid_view&on_sale=onsale HTTP/1.1" 500 0 "-" "Mozilla/5.0 (Linux; Android 6.0.1; Nexus 5X Build/MMB29P) AppleWebKit/537.36 (KHTML, like Gecko) Chrome/137.0.7151.103 Mobile Safari/537.36 (compatible; Googlebot/2.1; +http://www.google.com/bot.html)"
114.119.140.4 - - [05/Jul/2025:17:39:50 -0400] "GET /shop/?stock_status=instock&on_sale=onsale&filter_cat=123,126,134,116,124,115 HTTP/1.1" 500 0 "https://mm-deals.com/shop/?stock_status=instock&on_sale=onsale&filter_cat=126%2C134%2C116%2C124%2C115" "Mozilla/5.0 (Linux; Android 7.0;) AppleWebKit/537.36 (KHTML, like Gecko) Mobile Safari/537.36 (compatible; PetalBot;+https://webmaster.petalsearch.com/site/petalbot)"
85.208.96.211 - - [05/Jul/2025:17:40:10 -0400] "GET /shop/?filter_cat=137%2C117%2C113%2C125%2C127 HTTP/1.1" 500 0 "-" "Mozilla/5.0 (compatible; SemrushBot/7~bl; +http://www.semrush.com/bot.html)"
66.249.65.97 - - [05/Jul/2025:17:40:11 -0400] "GET /shop/?stock_status=instock&shop_view=grid_view&column=4&filter_cat=137,131,127,130,123,125,113,116,118,128,126&on_sale=onsale HTTP/1.1" 500 0 "-" "Mozilla/5.0 (Linux; Android 6.0.1; Nexus 5X Build/MMB29P) AppleWebKit/537.36 (KHTML, like Gecko) Chrome/137.0.7151.103 Mobile Safari/537.36 (compatible; Googlebot/2.1; +http://www.google.com/bot.html)"
185.191.171.8 - - [05/Jul/2025:17:41:11 -0400] "GET /shop/?filter_cat=115%2C134%2C127%2C114%2C124 HTTP/1.1" 500 0 "-" "Mozilla/5.0 (compatible; SemrushBot/7~bl; +http://www.semrush.com/bot.html)"
185.191.171.12 - - [05/Jul/2025:17:42:12 -0400] "GET /shop/?filter_cat=114%2C123%2C120%2C118%2C115 HTTP/1.1" 500 0 "-" "Mozilla/5.0 (compatible; SemrushBot/7~bl; +http://www.semrush.com/bot.html)"
66.249.65.97 - - [05/Jul/2025:17:43:11 -0400] "GET /shop/?stock_status=instock&shop_view=list_view&column=4&filter_cat=131%2C127%2C130%2C123%2C125%2C113%2C116%2C118%2C128%2C126&on_sale=onsale HTTP/1.1" 500 0 "-" "Mozilla/5.0 (Linux; Android 6.0.1; Nexus 5X Build/MMB29P) AppleWebKit/537.36 (KHTML, like Gecko) Chrome/137.0.7151.103 Mobile Safari/537.36 (compatible; Googlebot/2.1; +http://www.google.com/bot.html)"
66.249.65.99 - - [05/Jul/2025:17:44:11 -0400] "GET /shop/?perpage=12&filter_cat=117,113,114,120,115,118,121,112,130,122&column=2&shop_view=grid_view&on_sale=onsale HTTP/1.1" 500 0 "-" "Mozilla/5.0 (Linux; Android 6.0.1; Nexus 5X Build/MMB29P) AppleWebKit/537.36 (KHTML, like Gecko) Chrome/137.0.7151.103 Mobile Safari/537.36 (compatible; Googlebot/2.1; +http://www.google.com/bot.html)"
185.191.171.13 - - [05/Jul/2025:17:45:14 -0400] "GET /shop/?filter_cat=116%2C129%2C119%2C127%2C126 HTTP/1.1" 500 0 "-" "Mozilla/5.0 (compatible; SemrushBot/7~bl; +http://www.semrush.com/bot.html)"
114.119.140.4 - - [05/Jul/2025:17:47:13 -0400] "GET /shop/?stock_status=instock&on_sale=onsale&filter_cat=123,120,117,116,121 HTTP/1.1" 500 0 "https://mm-deals.com/shop/?stock_status=instock&on_sale=onsale&filter_cat=123%2C120%2C117%2C129%2C116%2C121" "Mozilla/5.0 (Linux; Android 7.0;) AppleWebKit/537.36 (KHTML, like Gecko) Mobile Safari/537.36 (compatible; PetalBot;+https://webmaster.petalsearch.com/site/petalbot)"
185.191.171.8 - - [05/Jul/2025:17:47:17 -0400] "GET /shop/?filter_cat=112%2C123%2C121%2C125%2C114 HTTP/1.1" 500 0 "-" "Mozilla/5.0 (compatible; SemrushBot/7~bl; +http://www.semrush.com/bot.html)"
85.208.96.201 - - [05/Jul/2025:17:49:18 -0400] "GET /shop/?filter_cat=116%2C121%2C137%2C126%2C130 HTTP/1.1" 500 0 "-" "Mozilla/5.0 (compatible; SemrushBot/7~bl; +http://www.semrush.com/bot.html)"
185.191.171.13 - - [05/Jul/2025:17:33:04 -0400] "GET /shop/?filter_cat=130%2C134%2C124%2C135%2C128 HTTP/1.1" 500 0 "-" "Mozilla/5.0 (compatible; SemrushBot/7~bl; +http://www.semrush.com/bot.html)"
66.249.65.99 - - [05/Jul/2025:17:33:31 -0400] "GET /shop/?stock_status=instock&shop_view=grid_view&column=4&filter_cat=112,131,127,130,123,125,113,116,118,128,126&on_sale=onsale HTTP/1.1" 500 0 "-" "Mozilla/5.0 (Linux; Android 6.0.1; Nexus 5X Build/MMB29P) AppleWebKit/537.36 (KHTML, like Gecko) Chrome/137.0.7151.103 Mobile Safari/537.36 (compatible; Googlebot/2.1; +http://www.google.com/bot.html)"
185.191.171.11 - - [05/Jul/2025:17:34:06 -0400] "GET /shop/?filter_cat=114%2C121%2C113%2C128%2C122 HTTP/1.1" 500 0 "-" "Mozilla/5.0 (compatible; SemrushBot/7~bl; +http://www.semrush.com/bot.html)"
85.208.96.208 - - [05/Jul/2025:17:37:08 -0400] "GET /shop/?filter_cat=115%2C131%2C128%2C137%2C118 HTTP/1.1" 500 0 "-" "Mozilla/5.0 (compatible; SemrushBot/7~bl; +http://www.semrush.com/bot.html)"
185.191.171.7 - - [05/Jul/2025:17:38:09 -0400] "GET /shop/?filter_cat=119%2C117%2C131%2C118 HTTP/1.1" 500 0 "-" "Mozilla/5.0 (compatible; SemrushBot/7~bl; +http://www.semrush.com/bot.html)"
66.249.65.99 - - [05/Jul/2025:17:42:11 -0400] "GET /shop/?perpage=12&filter_cat=123,114,115,128,117,120,121,113,112,135&column=4&shop_view=grid_view&on_sale=onsale HTTP/1.1" 500 0 "-" "Mozilla/5.0 (Linux; Android 6.0.1; Nexus 5X Build/MMB29P) AppleWebKit/537.36 (KHTML, like Gecko) Chrome/137.0.7151.103 Mobile Safari/537.36 (compatible; Googlebot/2.1; +http://www.google.com/bot.html)"
85.208.96.195 - - [05/Jul/2025:17:43:12 -0400] "GET /shop/?filter_cat=137%2C134%2C112%2C113%2C122 HTTP/1.1" 500 0 "-" "Mozilla/5.0 (compatible; SemrushBot/7~bl; +http://www.semrush.com/bot.html)"
185.191.171.2 - - [05/Jul/2025:17:44:13 -0400] "GET /shop/?filter_cat=114%2C131%2C126%2C116%2C117 HTTP/1.1" 500 0 "-" "Mozilla/5.0 (compatible; SemrushBot/7~bl; +http://www.semrush.com/bot.html)"
152.42.243.10 - - [05/Jul/2025:17:44:26 -0400] "GET /wp-content/uploads/2022/01/133919900475-346x310.jpg HTTP/1.1" 200 14543 "-" "Mozilla/5.0 (Windows NT 10.0; Win64; x64) AppleWebKit/537.36 (KHTML, like Gecko) Chrome/122.0.0.0 Safari/537.36"
185.191.171.15 - - [05/Jul/2025:17:46:15 -0400] "GET /shop/?filter_cat=114%2C130%2C135%2C124%2C137 HTTP/1.1" 500 0 "-" "Mozilla/5.0 (compatible; SemrushBot/7~bl; +http://www.semrush.com/bot.html)"
119.45.20.16 - - [05/Jul/2025:17:46:27 -0400] "GET / HTTP/1.1" 500 0 "http://www.mm-deals.com" "Mozilla/5.0 (iPhone; CPU iPhone OS 13_2_3 like Mac OS X) AppleWebKit/605.1.15 (KHTML, like Gecko) Version/13.0.3 Mobile/15E148 Safari/604.1"
185.191.171.4 - - [05/Jul/2025:17:48:17 -0400] "GET /shop/?filter_cat=137%2C124%2C129%2C128%2C121 HTTP/1.1" 500 0 "-" "Mozilla/5.0 (compatible; SemrushBot/7~bl; +http://www.semrush.com/bot.html)"
85.208.96.209 - - [05/Jul/2025:17:50:18 -0400] "GET /shop/?filter_cat=114%2C113%2C137%2C128%2C115 HTTP/1.1" 500 0 "-" "Mozilla/5.0 (compatible; SemrushBot/7~bl; +http://www.semrush.com/bot.html)"
85.208.96.209 - - [05/Jul/2025:17:51:19 -0400] "GET /shop/?filter_cat=119%2C118%2C117 HTTP/1.1" 500 0 "-" "Mozilla/5.0 (compatible; SemrushBot/7~bl; +http://www.semrush.com/bot.html)"
185.191.171.5 - - [05/Jul/2025:17:52:20 -0400] "GET /shop/?filter_cat=112%2C117%2C126%2C118%2C137 HTTP/1.1" 500 0 "-" "Mozilla/5.0 (compatible; SemrushBot/7~bl; +http://www.semrush.com/bot.html)"
185.191.171.18 - - [05/Jul/2025:17:55:22 -0400] "GET /shop/?filter_cat=115%2C130%2C117%2C123%2C116 HTTP/1.1" 500 0 "-" "Mozilla/5.0 (compatible; SemrushBot/7~bl; +http://www.semrush.com/bot.html)"
185.191.171.5 - - [05/Jul/2025:17:57:23 -0400] "GET /shop/?filter_cat=134%2C127%2C121%2C114%2C135 HTTP/1.1" 500 0 "-" "Mozilla/5.0 (compatible; SemrushBot/7~bl; +http://www.semrush.com/bot.html)"
216.244.66.235 - - [05/Jul/2025:17:58:11 -0400] "GET /shop/?add-to-cart=7518&filter_cat=128,124,112 HTTP/1.1" 500 0 "-" "Mozilla/5.0 (compatible; DotBot/1.2; +https://opensiteexplorer.org/dotbot; help@moz.com)"
85.208.96.203 - - [05/Jul/2025:17:58:44 -0400] "GET /robots.txt HTTP/1.1" 200 200 "-" "Mozilla/5.0 (compatible; SemrushBot/7~bl; +http://www.semrush.com/bot.html)"
216.244.66.235 - - [05/Jul/2025:17:59:32 -0400] "GET /shop/?add-to-cart=7532&filter_cat=134,135,115,137 HTTP/1.1" 500 0 "-" "Mozilla/5.0 (compatible; DotBot/1.2; +https://opensiteexplorer.org/dotbot; help@moz.com)"
216.244.66.235 - - [05/Jul/2025:18:00:33 -0400] "GET /shop/?shop_view=grid_view&column=3&filter_cat=130,123 HTTP/1.1" 500 0 "-" "Mozilla/5.0 (compatible; DotBot/1.2; +https://opensiteexplorer.org/dotbot; help@moz.com)"
216.244.66.235 - - [05/Jul/2025:18:01:04 -0400] "GET /shop/?add-to-cart=7518&filter_cat=126%2C124&on_sale=onsale HTTP/1.1" 500 0 "-" "Mozilla/5.0 (compatible; DotBot/1.2; +https://opensiteexplorer.org/dotbot; help@moz.com)"
185.191.171.11 - - [05/Jul/2025:18:01:26 -0400] "GET /shop/?filter_cat=113%2C137%2C120%2C119%2C112 HTTP/1.1" 500 0 "-" "Mozilla/5.0 (compatible; SemrushBot/7~bl; +http://www.semrush.com/bot.html)"
114.119.155.44 - - [05/Jul/2025:18:02:00 -0400] "GET /shop/?stock_status=instock&on_sale=onsale&filter_cat=123,115 HTTP/1.1" 500 0 "https://mm-deals.com/shop/?stock_status=instock&on_sale=onsale&filter_cat=123%2C115%2C131" "Mozilla/5.0 (Linux; Android 7.0;) AppleWebKit/537.36 (KHTML, like Gecko) Mobile Safari/537.36 (compatible; PetalBot;+https://webmaster.petalsearch.com/site/petalbot)"
216.244.66.235 - - [05/Jul/2025:18:02:02 -0400] "GET /shop/?add-to-cart=7520&filter_cat=134%2C115&shop_view=list_view HTTP/1.1" 500 0 "-" "Mozilla/5.0 (compatible; DotBot/1.2; +https://opensiteexplorer.org/dotbot; help@moz.com)"
85.208.96.208 - - [05/Jul/2025:18:02:27 -0400] "GET /shop/?filter_cat=137%2C131%2C124%2C113%2C126 HTTP/1.1" 500 0 "-" "Mozilla/5.0 (compatible; SemrushBot/7~bl; +http://www.semrush.com/bot.html)"
216.244.66.235 - - [05/Jul/2025:18:03:03 -0400] "GET /shop/?add-to-cart=7532&filter_cat=130%2C121&stock_status=instock HTTP/1.1" 500 0 "-" "Mozilla/5.0 (compatible; DotBot/1.2; +https://opensiteexplorer.org/dotbot; help@moz.com)"
185.191.171.1 - - [05/Jul/2025:18:03:28 -0400] "GET /shop/?filter_cat=116%2C130%2C120%2C129%2C127 HTTP/1.1" 500 0 "-" "Mozilla/5.0 (compatible; SemrushBot/7~bl; +http://www.semrush.com/bot.html)"
185.191.171.1 - - [05/Jul/2025:18:04:29 -0400] "GET /shop/?filter_cat=112%2C128%2C129%2C113%2C114 HTTP/1.1" 500 0 "-" "Mozilla/5.0 (compatible; SemrushBot/7~bl; +http://www.semrush.com/bot.html)"
185.191.171.13 - - [05/Jul/2025:18:05:30 -0400] "GET /shop/?filter_cat=115%2C116%2C118%2C131%2C124 HTTP/1.1" 500 0 "-" "Mozilla/5.0 (compatible; SemrushBot/7~bl; +http://www.semrush.com/bot.html)"
216.244.66.235 - - [05/Jul/2025:17:51:08 -0400] "GET /robots.txt HTTP/1.1" 200 1980 "-" "Mozilla/5.0 (compatible; DotBot/1.2; +https://opensiteexplorer.org/dotbot; help@moz.com)"
85.208.96.209 - - [05/Jul/2025:17:53:20 -0400] "GET /shop/?filter_cat=134%2C125%2C127%2C137%2C129 HTTP/1.1" 500 0 "-" "Mozilla/5.0 (compatible; SemrushBot/7~bl; +http://www.semrush.com/bot.html)"
185.191.171.1 - - [05/Jul/2025:17:54:21 -0400] "GET /shop/?filter_cat=135%2C128%2C131%2C130%2C129 HTTP/1.1" 500 0 "-" "Mozilla/5.0 (compatible; SemrushBot/7~bl; +http://www.semrush.com/bot.html)"
114.119.137.160 - - [05/Jul/2025:17:54:35 -0400] "GET /shop/?stock_status=instock&on_sale=onsale&filter_cat=123,116,118,121 HTTP/1.1" 500 0 "https://mm-deals.com/shop/?stock_status=instock&on_sale=onsale&filter_cat=116%2C118%2C121" "Mozilla/5.0 (Linux; Android 7.0;) AppleWebKit/537.36 (KHTML, like Gecko) Mobile Safari/537.36 (compatible; PetalBot;+https://webmaster.petalsearch.com/site/petalbot)"
85.208.96.195 - - [05/Jul/2025:17:56:22 -0400] "GET /shop/?filter_cat=112%2C123%2C131%2C122%2C114 HTTP/1.1" 500 0 "-" "Mozilla/5.0 (compatible; SemrushBot/7~bl; +http://www.semrush.com/bot.html)"
216.244.66.235 - - [05/Jul/2025:17:58:00 -0400] "GET /shop/?add-to-cart=7518&filter_cat=116,124,112 HTTP/1.1" 500 0 "-" "Mozilla/5.0 (compatible; DotBot/1.2; +https://opensiteexplorer.org/dotbot; help@moz.com)"
185.191.171.9 - - [05/Jul/2025:17:58:24 -0400] "GET /shop/?filter_cat=119%2C121%2C117%2C137 HTTP/1.1" 500 0 "-" "Mozilla/5.0 (compatible; SemrushBot/7~bl; +http://www.semrush.com/bot.html)"
216.244.66.235 - - [05/Jul/2025:17:58:31 -0400] "GET /shop/?add-to-cart=7514&filter_cat=121,127,122,129 HTTP/1.1" 500 0 "-" "Mozilla/5.0 (compatible; DotBot/1.2; +https://opensiteexplorer.org/dotbot; help@moz.com)"
216.244.66.235 - - [05/Jul/2025:17:59:02 -0400] "GET /shop/?add-to-cart=7514&filter_cat=127,131,134,115 HTTP/1.1" 500 0 "-" "Mozilla/5.0 (compatible; DotBot/1.2; +https://opensiteexplorer.org/dotbot; help@moz.com)"
185.191.171.3 - - [05/Jul/2025:17:59:25 -0400] "GET /shop/?filter_cat=115%2C128%2C127%2C120 HTTP/1.1" 500 0 "-" "Mozilla/5.0 (compatible; SemrushBot/7~bl; +http://www.semrush.com/bot.html)"
216.244.66.235 - - [05/Jul/2025:18:00:02 -0400] "GET /shop/?column=3&shop_view=grid_view&filter_cat=127,119,114 HTTP/1.1" 500 0 "-" "Mozilla/5.0 (compatible; DotBot/1.2; +https://opensiteexplorer.org/dotbot; help@moz.com)"
85.208.96.199 - - [05/Jul/2025:18:00:25 -0400] "GET /shop/?filter_cat=124%2C131%2C121%2C113%2C125 HTTP/1.1" 500 0 "-" "Mozilla/5.0 (compatible; SemrushBot/7~bl; +http://www.semrush.com/bot.html)"
216.244.66.235 - - [05/Jul/2025:18:02:33 -0400] "GET /shop/?add-to-cart=7522&filter_cat=119%2C129%2C117&on_sale=onsale HTTP/1.1" 500 0 "-" "Mozilla/5.0 (compatible; DotBot/1.2; +https://opensiteexplorer.org/dotbot; help@moz.com)"
85.208.96.206 - - [05/Jul/2025:18:07:32 -0400] "GET /shop/?filter_cat=112%2C124%2C131%2C135%2C128 HTTP/1.1" 500 0 "-" "Mozilla/5.0 (compatible; SemrushBot/7~bl; +http://www.semrush.com/bot.html)"
85.208.96.209 - - [05/Jul/2025:18:08:33 -0400] "GET /shop/?filter_cat=113%2C114%2C125%2C116%2C119 HTTP/1.1" 500 0 "-" "Mozilla/5.0 (compatible; SemrushBot/7~bl; +http://www.semrush.com/bot.html)"
114.119.150.65 - - [05/Jul/2025:18:09:22 -0400] "GET /shop/?stock_status=instock&on_sale=onsale&filter_cat=122,137,135,124,130,129,116,121 HTTP/1.1" 500 0 "https://mm-deals.com/shop/?stock_status=instock&on_sale=onsale&filter_cat=137%2C135%2C124%2C130%2C129%2C116%2C121" "Mozilla/5.0 (Linux; Android 7.0;) AppleWebKit/537.36 (KHTML, like Gecko) Mobile Safari/537.36 (compatible; PetalBot;+https://webmaster.petalsearch.com/site/petalbot)"
85.208.96.193 - - [05/Jul/2025:18:06:31 -0400] "GET /shop/?filter_cat=135%2C129%2C123%2C114%2C115 HTTP/1.1" 500 0 "-" "Mozilla/5.0 (compatible; SemrushBot/7~bl; +http://www.semrush.com/bot.html)"
185.191.171.3 - - [05/Jul/2025:18:09:34 -0400] "GET /shop/?filter_cat=115%2C127%2C130%2C121%2C123 HTTP/1.1" 500 0 "-" "Mozilla/5.0 (compatible; SemrushBot/7~bl; +http://www.semrush.com/bot.html)"
85.208.96.208 - - [05/Jul/2025:18:10:34 -0400] "GET /shop/?filter_cat=112%2C128%2C137%2C118%2C123 HTTP/1.1" 500 0 "-" "Mozilla/5.0 (compatible; SemrushBot/7~bl; +http://www.semrush.com/bot.html)"
85.208.96.203 - - [05/Jul/2025:18:11:35 -0400] "GET /shop/?filter_cat=112%2C119%2C113%2C118%2C126 HTTP/1.1" 500 0 "-" "Mozilla/5.0 (compatible; SemrushBot/7~bl; +http://www.semrush.com/bot.html)"
185.191.171.7 - - [05/Jul/2025:18:12:36 -0400] "GET /shop/?filter_cat=115%2C122%2C126%2C125%2C134 HTTP/1.1" 500 0 "-" "Mozilla/5.0 (compatible; SemrushBot/7~bl; +http://www.semrush.com/bot.html)"
185.191.171.14 - - [05/Jul/2025:18:13:36 -0400] "GET /shop/?filter_cat=135%2C129%2C126%2C130%2C123 HTTP/1.1" 500 0 "-" "Mozilla/5.0 (compatible; SemrushBot/7~bl; +http://www.semrush.com/bot.html)"
85.208.96.200 - - [05/Jul/2025:18:14:37 -0400] "GET /shop/?filter_cat=112%2C131%2C134%2C127%2C125 HTTP/1.1" 500 0 "-" "Mozilla/5.0 (compatible; SemrushBot/7~bl; +http://www.semrush.com/bot.html)"
85.208.96.196 - - [05/Jul/2025:18:15:37 -0400] "GET /shop/?filter_cat=115%2C129%2C119%2C113%2C118 HTTP/1.1" 500 0 "-" "Mozilla/5.0 (compatible; SemrushBot/7~bl; +http://www.semrush.com/bot.html)"
85.208.96.207 - - [05/Jul/2025:18:16:38 -0400] "GET /shop/?filter_cat=115%2C134%2C118%2C127%2C131 HTTP/1.1" 500 0 "-" "Mozilla/5.0 (compatible; SemrushBot/7~bl; +http://www.semrush.com/bot.html)"
114.119.157.111 - - [05/Jul/2025:18:16:44 -0400] "GET /shop/?stock_status=instock&on_sale=onsale&filter_cat=122,137,134,116,128 HTTP/1.1" 500 0 "https://mm-deals.com/shop/?stock_status=instock&on_sale=onsale&filter_cat=137%2C134%2C116%2C128" "Mozilla/5.0 (Linux; Android 7.0;) AppleWebKit/537.36 (KHTML, like Gecko) Mobile Safari/537.36 (compatible; PetalBot;+https://webmaster.petalsearch.com/site/petalbot)"
85.208.96.212 - - [05/Jul/2025:18:17:38 -0400] "GET /shop/?filter_cat=112%2C127%2C123%2C129%2C114 HTTP/1.1" 500 0 "-" "Mozilla/5.0 (compatible; SemrushBot/7~bl; +http://www.semrush.com/bot.html)"
85.208.96.201 - - [05/Jul/2025:18:19:28 -0400] "GET /robots.txt HTTP/1.1" 200 200 "-" "Mozilla/5.0 (compatible; SemrushBot/7~bl; +http://www.semrush.com/bot.html)"
185.191.171.19 - - [05/Jul/2025:18:18:39 -0400] "GET /shop/?filter_cat=135%2C112%2C131%2C115%2C113 HTTP/1.1" 500 0 "-" "Mozilla/5.0 (compatible; SemrushBot/7~bl; +http://www.semrush.com/bot.html)"
205.210.31.33 - - [05/Jul/2025:18:19:09 -0400] "GET / HTTP/1.1" 500 0 "http://198.54.115.158:80/" "-"
185.191.171.18 - - [05/Jul/2025:18:19:40 -0400] "GET /shop/?filter_cat=131%2C119%2C122%2C129%2C125 HTTP/1.1" 500 0 "-" "Mozilla/5.0 (compatible; SemrushBot/7~bl; +http://www.semrush.com/bot.html)"
185.191.171.9 - - [05/Jul/2025:18:20:41 -0400] "GET /shop/?filter_cat=137%2C128%2C112%2C127%2C134 HTTP/1.1" 500 0 "-" "Mozilla/5.0 (compatible; SemrushBot/7~bl; +http://www.semrush.com/bot.html)"
185.191.171.8 - - [05/Jul/2025:18:21:42 -0400] "GET /shop/?filter_cat=112%2C131%2C123%2C122%2C113 HTTP/1.1" 500 0 "-" "Mozilla/5.0 (compatible; SemrushBot/7~bl; +http://www.semrush.com/bot.html)"
85.208.96.199 - - [05/Jul/2025:18:22:43 -0400] "GET /shop/?filter_cat=116%2C127%2C113%2C135%2C122 HTTP/1.1" 500 0 "-" "Mozilla/5.0 (compatible; SemrushBot/7~bl; +http://www.semrush.com/bot.html)"
185.191.171.9 - - [05/Jul/2025:18:23:44 -0400] "GET /shop/?filter_cat=134%2C123%2C120%2C130%2C127 HTTP/1.1" 500 0 "-" "Mozilla/5.0 (compatible; SemrushBot/7~bl; +http://www.semrush.com/bot.html)"
114.119.150.65 - - [05/Jul/2025:18:24:07 -0400] "GET /shop/?stock_status=instock&on_sale=onsale&filter_cat=122,137,134,115,129,121 HTTP/1.1" 500 0 "https://mm-deals.com/shop/?stock_status=instock&on_sale=onsale&filter_cat=137%2C134%2C115%2C129%2C121" "Mozilla/5.0 (Linux; Android 7.0;) AppleWebKit/537.36 (KHTML, like Gecko) Mobile Safari/537.36 (compatible; PetalBot;+https://webmaster.petalsearch.com/site/petalbot)"
122.8.185.208 - - [05/Jul/2025:18:24:15 -0400] "GET /gardening-thread/gardening-thread/4053 HTTP/1.1" 500 0 "https://mm-deals.com/gardening-thread/gardening-thread/4053" "Mozilla/5.0 (Windows NT 10.0; Win64; x64) AppleWebKit/537.36 (KHTML, like Gecko) Chrome/101.0.4951.64 Safari/537.36 Edg/101.0.1210.47"
185.191.171.15 - - [05/Jul/2025:18:24:46 -0400] "GET /shop/?filter_cat=116%2C131%2C127%2C135%2C123 HTTP/1.1" 500 0 "-" "Mozilla/5.0 (compatible; SemrushBot/7~bl; +http://www.semrush.com/bot.html)"
85.208.96.206 - - [05/Jul/2025:18:25:46 -0400] "GET /shop/?filter_cat=116%2C115%2C126%2C130%2C120 HTTP/1.1" 500 0 "-" "Mozilla/5.0 (compatible; SemrushBot/7~bl; +http://www.semrush.com/bot.html)"
51.222.253.14 - - [05/Jul/2025:18:27:48 -0400] "GET /sitemap_index_20.xml HTTP/1.1" 200 98 "-" "Mozilla/5.0 (compatible; AhrefsBot/7.0; +http://ahrefs.com/robot/)"
85.208.96.197 - - [05/Jul/2025:18:26:47 -0400] "GET /shop/?filter_cat=115%2C118%2C123%2C125%2C131 HTTP/1.1" 500 0 "-" "Mozilla/5.0 (compatible; SemrushBot/7~bl; +http://www.semrush.com/bot.html)"
85.208.96.198 - - [05/Jul/2025:18:27:47 -0400] "GET /shop/?filter_cat=112%2C115%2C126%2C123%2C113 HTTP/1.1" 500 0 "-" "Mozilla/5.0 (compatible; SemrushBot/7~bl; +http://www.semrush.com/bot.html)"
185.191.171.9 - - [05/Jul/2025:18:28:48 -0400] "GET /shop/?filter_cat=137%2C123%2C126%2C118%2C125 HTTP/1.1" 500 0 "-" "Mozilla/5.0 (compatible; SemrushBot/7~bl; +http://www.semrush.com/bot.html)"
185.191.171.12 - - [05/Jul/2025:18:30:49 -0400] "GET /shop/?filter_cat=113%2C122%2C120%2C137%2C112 HTTP/1.1" 500 0 "-" "Mozilla/5.0 (compatible; SemrushBot/7~bl; +http://www.semrush.com/bot.html)"
85.208.96.194 - - [05/Jul/2025:18:29:48 -0400] "GET /shop/?filter_cat=134%2C127%2C113%2C118%2C123 HTTP/1.1" 500 0 "-" "Mozilla/5.0 (compatible; SemrushBot/7~bl; +http://www.semrush.com/bot.html)"
114.119.155.44 - - [05/Jul/2025:18:31:28 -0400] "GET /shop/?stock_status=instock&on_sale=onsale&filter_cat=122,137,125,129,134,126,118,121,115,135,131 HTTP/1.1" 500 0 "https://mm-deals.com/shop/?stock_status=instock&on_sale=onsale&filter_cat=137%2C125%2C129%2C134%2C126%2C118%2C121%2C115%2C135%2C131" "Mozilla/5.0 (Linux; Android 7.0;) AppleWebKit/537.36 (KHTML, like Gecko) Mobile Safari/537.36 (compatible; PetalBot;+https://webmaster.petalsearch.com/site/petalbot)"
85.208.96.207 - - [05/Jul/2025:18:31:50 -0400] "GET /shop/?filter_cat=112%2C135%2C130%2C115%2C134 HTTP/1.1" 500 0 "-" "Mozilla/5.0 (compatible; SemrushBot/7~bl; +http://www.semrush.com/bot.html)"
85.208.96.200 - - [05/Jul/2025:18:32:51 -0400] "GET /shop/?filter_cat=135%2C115%2C117%2C126%2C129 HTTP/1.1" 500 0 "-" "Mozilla/5.0 (compatible; SemrushBot/7~bl; +http://www.semrush.com/bot.html)"
185.191.171.12 - - [05/Jul/2025:18:33:52 -0400] "GET /shop/?filter_cat=134%2C120%2C126%2C127%2C112 HTTP/1.1" 500 0 "-" "Mozilla/5.0 (compatible; SemrushBot/7~bl; +http://www.semrush.com/bot.html)"
85.208.96.197 - - [05/Jul/2025:18:34:52 -0400] "GET /shop/?filter_cat=137%2C123%2C126%2C131%2C113 HTTP/1.1" 500 0 "-" "Mozilla/5.0 (compatible; SemrushBot/7~bl; +http://www.semrush.com/bot.html)"
85.208.96.211 - - [05/Jul/2025:18:35:53 -0400] "GET /shop/?filter_cat=137%2C128%2C113%2C117%2C127 HTTP/1.1" 500 0 "-" "Mozilla/5.0 (compatible; SemrushBot/7~bl; +http://www.semrush.com/bot.html)"
85.208.96.208 - - [05/Jul/2025:18:36:53 -0400] "GET /shop/?filter_cat=137%2C120%2C119%2C135%2C118 HTTP/1.1" 500 0 "-" "Mozilla/5.0 (compatible; SemrushBot/7~bl; +http://www.semrush.com/bot.html)"
185.191.171.1 - - [05/Jul/2025:18:37:54 -0400] "GET /shop/?filter_cat=114%2C131%2C135%2C116%2C115 HTTP/1.1" 500 0 "-" "Mozilla/5.0 (compatible; SemrushBot/7~bl; +http://www.semrush.com/bot.html)"
216.244.66.235 - - [05/Jul/2025:18:37:59 -0400] "GET /robots.txt HTTP/1.1" 200 1980 "-" "Mozilla/5.0 (compatible; DotBot/1.2; +https://opensiteexplorer.org/dotbot; help@moz.com)"
66.249.65.99 - - [05/Jul/2025:18:38:13 -0400] "GET /shop/page/1/?perpage=12&filter_cat=120%2C115%2C118%2C121%2C112%2C130%2C122&column=3&shop_view=grid_view&on_sale=onsale HTTP/1.1" 500 0 "-" "Mozilla/5.0 (Linux; Android 6.0.1; Nexus 5X Build/MMB29P) AppleWebKit/537.36 (KHTML, like Gecko) Chrome/137.0.7151.103 Mobile Safari/537.36 (compatible; Googlebot/2.1; +http://www.google.com/bot.html)"
114.119.143.119 - - [05/Jul/2025:18:38:53 -0400] "GET /shop/?stock_status=instock&on_sale=onsale&filter_cat=122,137,124,114,123,120,117 HTTP/1.1" 500 0 "https://mm-deals.com/shop/?stock_status=instock&on_sale=onsale&filter_cat=137%2C124%2C114%2C123%2C120%2C117" "Mozilla/5.0 (Linux; Android 7.0;) AppleWebKit/537.36 (KHTML, like Gecko) Mobile Safari/537.36 (compatible; PetalBot;+https://webmaster.petalsearch.com/site/petalbot)"
185.191.171.9 - - [05/Jul/2025:18:38:55 -0400] "GET /shop/?filter_cat=116%2C119%2C114%2C112%2C135 HTTP/1.1" 500 0 "-" "Mozilla/5.0 (compatible; SemrushBot/7~bl; +http://www.semrush.com/bot.html)"
85.208.96.205 - - [05/Jul/2025:18:39:52 -0400] "GET /robots.txt HTTP/1.1" 200 200 "-" "Mozilla/5.0 (compatible; SemrushBot/7~bl; +http://www.semrush.com/bot.html)"
185.191.171.16 - - [05/Jul/2025:18:39:56 -0400] "GET /shop/?filter_cat=115%2C114%2C137%2C124%2C128 HTTP/1.1" 500 0 "-" "Mozilla/5.0 (compatible; SemrushBot/7~bl; +http://www.semrush.com/bot.html)"
85.208.96.211 - - [05/Jul/2025:18:41:58 -0400] "GET /shop/?filter_cat=114%2C119%2C116%2C122%2C117 HTTP/1.1" 500 0 "-" "Mozilla/5.0 (compatible; SemrushBot/7~bl; +http://www.semrush.com/bot.html)"
185.191.171.4 - - [05/Jul/2025:18:42:59 -0400] "GET /shop/?filter_cat=115%2C131%2C127%2C119%2C134 HTTP/1.1" 500 0 "-" "Mozilla/5.0 (compatible; SemrushBot/7~bl; +http://www.semrush.com/bot.html)"
216.244.66.235 - - [05/Jul/2025:18:43:15 -0400] "GET /shop/?add-to-cart=7516&filter_cat=123,121,119,129 HTTP/1.1" 500 0 "-" "Mozilla/5.0 (compatible; DotBot/1.2; +https://opensiteexplorer.org/dotbot; help@moz.com)"
216.244.66.235 - - [05/Jul/2025:18:43:35 -0400] "GET /shop/?filter_cat=131,135,117,134&on_sale=onsale HTTP/1.1" 500 0 "-" "Mozilla/5.0 (compatible; DotBot/1.2; +https://opensiteexplorer.org/dotbot; help@moz.com)"
216.244.66.235 - - [05/Jul/2025:18:43:55 -0400] "GET /shop/?filter_cat=115,125,123,117 HTTP/1.1" 500 0 "-" "Mozilla/5.0 (compatible; DotBot/1.2; +https://opensiteexplorer.org/dotbot; help@moz.com)"
85.208.96.200 - - [05/Jul/2025:18:43:59 -0400] "GET /shop/?filter_cat=116%2C117%2C123%2C125%2C119 HTTP/1.1" 500 0 "-" "Mozilla/5.0 (compatible; SemrushBot/7~bl; +http://www.semrush.com/bot.html)"
185.191.171.19 - - [05/Jul/2025:18:40:58 -0400] "GET /shop/?filter_cat=114%2C124%2C128%2C126%2C112 HTTP/1.1" 500 0 "-" "Mozilla/5.0 (compatible; SemrushBot/7~bl; +http://www.semrush.com/bot.html)"
216.244.66.235 - - [05/Jul/2025:18:43:08 -0400] "GET /shop/?add-to-cart=7534&filter_cat=117,119,130 HTTP/1.1" 500 0 "-" "Mozilla/5.0 (compatible; DotBot/1.2; +https://opensiteexplorer.org/dotbot; help@moz.com)"
185.191.171.13 - - [05/Jul/2025:18:45:00 -0400] "GET /shop/?filter_cat=116%2C127%2C114%2C128%2C134 HTTP/1.1" 500 0 "-" "Mozilla/5.0 (compatible; SemrushBot/7~bl; +http://www.semrush.com/bot.html)"
216.244.66.235 - - [05/Jul/2025:18:45:02 -0400] "GET /shop/?shop_view=grid_view&column=3&filter_cat=116,123 HTTP/1.1" 500 0 "-" "Mozilla/5.0 (compatible; DotBot/1.2; +https://opensiteexplorer.org/dotbot; help@moz.com)"
114.119.140.4 - - [05/Jul/2025:18:46:13 -0400] "GET /shop/?stock_status=instock&on_sale=onsale&filter_cat=122,135,131,128 HTTP/1.1" 500 0 "https://mm-deals.com/shop/?stock_status=instock&on_sale=onsale&filter_cat=135%2C131%2C128" "Mozilla/5.0 (Linux; Android 7.0;) AppleWebKit/537.36 (KHTML, like Gecko) Mobile Safari/537.36 (compatible; PetalBot;+https://webmaster.petalsearch.com/site/petalbot)"
185.191.171.1 - - [05/Jul/2025:18:47:02 -0400] "GET /shop/?filter_cat=135%2C117%2C120%2C137%2C125 HTTP/1.1" 500 0 "-" "Mozilla/5.0 (compatible; SemrushBot/7~bl; +http://www.semrush.com/bot.html)"
216.244.66.235 - - [05/Jul/2025:18:47:32 -0400] "GET /shop/?shop_view=grid_view&filter_cat=118%2C121%2C129&column=4 HTTP/1.1" 500 0 "-" "Mozilla/5.0 (compatible; DotBot/1.2; +https://opensiteexplorer.org/dotbot; help@moz.com)"
216.244.66.235 - - [05/Jul/2025:18:46:30 -0400] "GET /shop/?column=4&shop_view=list_view&filter_cat=116 HTTP/1.1" 500 0 "-" "Mozilla/5.0 (compatible; DotBot/1.2; +https://opensiteexplorer.org/dotbot; help@moz.com)"
216.244.66.235 - - [05/Jul/2025:18:47:01 -0400] "GET /shop/?filter_cat=125%2C123%2C117&column=4&shop_view=grid_view HTTP/1.1" 500 0 "-" "Mozilla/5.0 (compatible; DotBot/1.2; +https://opensiteexplorer.org/dotbot; help@moz.com)"
185.191.171.14 - - [05/Jul/2025:18:48:03 -0400] "GET /shop/?filter_cat=116%2C130%2C121%2C117%2C129 HTTP/1.1" 500 0 "-" "Mozilla/5.0 (compatible; SemrushBot/7~bl; +http://www.semrush.com/bot.html)"
216.244.66.235 - - [05/Jul/2025:18:44:29 -0400] "GET /shop/?column=3&shop_view=grid_view&filter_cat=127,112,114 HTTP/1.1" 500 0 "-" "Mozilla/5.0 (compatible; DotBot/1.2; +https://opensiteexplorer.org/dotbot; help@moz.com)"
216.244.66.235 - - [05/Jul/2025:18:45:59 -0400] "GET /shop/?add-to-cart=7526&filter_cat=123%2C137&on_sale=onsale HTTP/1.1" 500 0 "-" "Mozilla/5.0 (compatible; DotBot/1.2; +https://opensiteexplorer.org/dotbot; help@moz.com)"
185.191.171.17 - - [05/Jul/2025:18:46:02 -0400] "GET /shop/?filter_cat=117%2C118%2C131%2C129%2C135 HTTP/1.1" 500 0 "-" "Mozilla/5.0 (compatible; SemrushBot/7~bl; +http://www.semrush.com/bot.html)"
85.208.96.195 - - [05/Jul/2025:18:49:04 -0400] "GET /shop/?filter_cat=137%2C134%2C124%2C120%2C116 HTTP/1.1" 500 0 "-" "Mozilla/5.0 (compatible; SemrushBot/7~bl; +http://www.semrush.com/bot.html)"
216.244.66.235 - - [05/Jul/2025:18:48:20 -0400] "GET /shop/?add-to-cart=7518&filter_cat=114%2C122%2C118&on_sale=onsale HTTP/1.1" 500 0 "-" "Mozilla/5.0 (compatible; DotBot/1.2; +https://opensiteexplorer.org/dotbot; help@moz.com)"
185.191.171.16 - - [05/Jul/2025:18:50:05 -0400] "GET /shop/?filter_cat=116%2C127%2C112%2C117%2C135 HTTP/1.1" 500 0 "-" "Mozilla/5.0 (compatible; SemrushBot/7~bl; +http://www.semrush.com/bot.html)"
85.208.96.210 - - [05/Jul/2025:18:51:05 -0400] "GET /shop/?filter_cat=137%2C118%2C129%2C128%2C119 HTTP/1.1" 500 0 "-" "Mozilla/5.0 (compatible; SemrushBot/7~bl; +http://www.semrush.com/bot.html)"
85.208.96.209 - - [05/Jul/2025:18:52:05 -0400] "GET /shop/?filter_cat=137%2C129%2C115%2C124%2C116 HTTP/1.1" 500 0 "-" "Mozilla/5.0 (compatible; SemrushBot/7~bl; +http://www.semrush.com/bot.html)"
185.191.171.14 - - [05/Jul/2025:18:53:07 -0400] "GET /shop/?filter_cat=116%2C125%2C137%2C127%2C130 HTTP/1.1" 500 0 "-" "Mozilla/5.0 (compatible; SemrushBot/7~bl; +http://www.semrush.com/bot.html)"
114.119.157.111 - - [05/Jul/2025:18:53:37 -0400] "GET /shop/?stock_status=instock&on_sale=onsale&filter_cat=122,134,137,125,120,121,115,135 HTTP/1.1" 500 0 "https://mm-deals.com/shop/?stock_status=instock&on_sale=onsale&filter_cat=134%2C137%2C125%2C120%2C121%2C115%2C135" "Mozilla/5.0 (Linux; Android 7.0;) AppleWebKit/537.36 (KHTML, like Gecko) Mobile Safari/537.36 (compatible; PetalBot;+https://webmaster.petalsearch.com/site/petalbot)"
185.191.171.5 - - [05/Jul/2025:18:54:08 -0400] "GET /shop/?filter_cat=126%2C115%2C134%2C113 HTTP/1.1" 500 0 "-" "Mozilla/5.0 (compatible; SemrushBot/7~bl; +http://www.semrush.com/bot.html)"
85.208.96.208 - - [05/Jul/2025:18:55:10 -0400] "GET /shop/?filter_cat=116%2C131%2C119%2C125%2C128 HTTP/1.1" 500 0 "-" "Mozilla/5.0 (compatible; SemrushBot/7~bl; +http://www.semrush.com/bot.html)"
185.191.171.11 - - [05/Jul/2025:18:56:11 -0400] "GET /shop/?filter_cat=137%2C126%2C119%2C130%2C135 HTTP/1.1" 500 0 "-" "Mozilla/5.0 (compatible; SemrushBot/7~bl; +http://www.semrush.com/bot.html)"
185.191.171.6 - - [05/Jul/2025:18:57:13 -0400] "GET /shop/?filter_cat=119%2C116%2C114%2C137 HTTP/1.1" 500 0 "-" "Mozilla/5.0 (compatible; SemrushBot/7~bl; +http://www.semrush.com/bot.html)"
185.191.171.15 - - [05/Jul/2025:18:58:14 -0400] "GET /shop/?filter_cat=116%2C128%2C123%2C112%2C118 HTTP/1.1" 500 0 "-" "Mozilla/5.0 (compatible; SemrushBot/7~bl; +http://www.semrush.com/bot.html)"
185.191.171.3 - - [05/Jul/2025:19:00:32 -0400] "GET /robots.txt HTTP/1.1" 200 200 "-" "Mozilla/5.0 (compatible; SemrushBot/7~bl; +http://www.semrush.com/bot.html)"
185.191.171.16 - - [05/Jul/2025:19:03:18 -0400] "GET /shop/?filter_cat=115%2C129%2C135%2C137%2C121 HTTP/1.1" 500 0 "-" "Mozilla/5.0 (compatible; SemrushBot/7~bl; +http://www.semrush.com/bot.html)"
185.191.171.11 - - [05/Jul/2025:18:59:15 -0400] "GET /shop/?filter_cat=117%2C125%2C121%2C114%2C124 HTTP/1.1" 500 0 "-" "Mozilla/5.0 (compatible; SemrushBot/7~bl; +http://www.semrush.com/bot.html)"
185.191.171.3 - - [05/Jul/2025:19:00:16 -0400] "GET /shop/?filter_cat=114%2C119%2C127%2C121%2C117 HTTP/1.1" 500 0 "-" "Mozilla/5.0 (compatible; SemrushBot/7~bl; +http://www.semrush.com/bot.html)"
114.119.157.111 - - [05/Jul/2025:19:01:00 -0400] "GET /shop/?stock_status=instock&on_sale=onsale&filter_cat=122,134,137,120,121,135 HTTP/1.1" 500 0 "https://mm-deals.com/shop/?stock_status=instock&on_sale=onsale&filter_cat=134%2C137%2C120%2C121%2C135" "Mozilla/5.0 (Linux; Android 7.0;) AppleWebKit/537.36 (KHTML, like Gecko) Mobile Safari/537.36 (compatible; PetalBot;+https://webmaster.petalsearch.com/site/petalbot)"
85.208.96.210 - - [05/Jul/2025:19:01:16 -0400] "GET /shop/?filter_cat=113%2C130%2C131%2C128%2C127 HTTP/1.1" 500 0 "-" "Mozilla/5.0 (compatible; SemrushBot/7~bl; +http://www.semrush.com/bot.html)"
85.208.96.199 - - [05/Jul/2025:19:02:17 -0400] "GET /shop/?filter_cat=123%2C131%2C117%2C134 HTTP/1.1" 500 0 "-" "Mozilla/5.0 (compatible; SemrushBot/7~bl; +http://www.semrush.com/bot.html)"
196.251.80.123 - - [05/Jul/2025:19:05:03 -0400] "GET /wp-admin/css/ HTTP/1.1" 200 3744 "binance.com" "Mozilla/5.0 (Windows NT 10.0; Win64; x64) AppleWebKit/537.36 (KHTML, like Gecko) Chrome/90.0.4430.85 Safari/537.36"
85.208.96.193 - - [05/Jul/2025:19:04:19 -0400] "GET /shop/?filter_cat=134%2C118%2C137%2C128%2C112 HTTP/1.1" 500 0 "-" "Mozilla/5.0 (compatible; SemrushBot/7~bl; +http://www.semrush.com/bot.html)"
196.251.80.123 - - [05/Jul/2025:19:05:17 -0400] "GET /wp-content/uploads/ HTTP/1.1" 200 1711 "binance.com" "Mozilla/5.0 (Windows NT 10.0; Win64; x64) AppleWebKit/537.36 (KHTML, like Gecko) Chrome/90.0.4430.85 Safari/537.36"
185.191.171.12 - - [05/Jul/2025:19:05:20 -0400] "GET /shop/?filter_cat=117%2C123%2C128%2C119%2C135 HTTP/1.1" 500 0 "-" "Mozilla/5.0 (compatible; SemrushBot/7~bl; +http://www.semrush.com/bot.html)"
196.251.80.123 - - [05/Jul/2025:19:05:21 -0400] "GET /wp-content/upgrade/ HTTP/1.1" 200 684 "binance.com" "Mozilla/5.0 (Windows NT 10.0; Win64; x64) AppleWebKit/537.36 (KHTML, like Gecko) Chrome/90.0.4430.85 Safari/537.36"
196.251.80.123 - - [05/Jul/2025:19:05:40 -0400] "GET /wp-admin/maint/ HTTP/1.1" 200 775 "binance.com" "Mozilla/5.0 (Windows NT 10.0; Win64; x64) AppleWebKit/537.36 (KHTML, like Gecko) Chrome/90.0.4430.85 Safari/537.36"
196.251.80.123 - - [05/Jul/2025:19:05:43 -0400] "GET /wp-admin/maint/ HTTP/1.1" 200 775 "binance.com" "Mozilla/5.0 (Windows NT 10.0; Win64; x64) AppleWebKit/537.36 (KHTML, like Gecko) Chrome/90.0.4430.85 Safari/537.36"
196.251.80.123 - - [05/Jul/2025:19:05:47 -0400] "GET /wp-admin/network/ HTTP/1.1" 403 1242 "binance.com" "Mozilla/5.0 (Windows NT 10.0; Win64; x64) AppleWebKit/537.36 (KHTML, like Gecko) Chrome/90.0.4430.85 Safari/537.36"
196.251.80.123 - - [05/Jul/2025:19:05:55 -0400] "GET /wp-admin/css/colors/ HTTP/1.1" 200 1419 "binance.com" "Mozilla/5.0 (Windows NT 10.0; Win64; x64) AppleWebKit/537.36 (KHTML, like Gecko) Chrome/90.0.4430.85 Safari/537.36"
196.251.80.123 - - [05/Jul/2025:19:05:58 -0400] "GET /wp-admin/css/colors/ HTTP/1.1" 200 1419 "binance.com" "Mozilla/5.0 (Windows NT 10.0; Win64; x64) AppleWebKit/537.36 (KHTML, like Gecko) Chrome/90.0.4430.85 Safari/537.36"
196.251.80.123 - - [05/Jul/2025:19:06:01 -0400] "GET /wp-admin/css/colors/picker.php HTTP/1.1" 200 43 "binance.com" "Mozilla/5.0 (Windows NT 10.0; Win64; x64) AppleWebKit/537.36 (KHTML, like Gecko) Chrome/90.0.4430.85 Safari/537.36"
196.251.80.123 - - [05/Jul/2025:19:06:04 -0400] "GET /wp-admin/css/colors/blue/ HTTP/1.1" 200 906 "binance.com" "Mozilla/5.0 (Windows NT 10.0; Win64; x64) AppleWebKit/537.36 (KHTML, like Gecko) Chrome/90.0.4430.85 Safari/537.36"
196.251.80.123 - - [05/Jul/2025:19:06:07 -0400] "GET /wp-admin/css/colors/coffee/ HTTP/1.1" 200 911 "binance.com" "Mozilla/5.0 (Windows NT 10.0; Win64; x64) AppleWebKit/537.36 (KHTML, like Gecko) Chrome/90.0.4430.85 Safari/537.36"
196.251.80.123 - - [05/Jul/2025:19:06:10 -0400] "GET /wp-admin/css/colors/ectoplasm/ HTTP/1.1" 200 888 "binance.com" "Mozilla/5.0 (Windows NT 10.0; Win64; x64) AppleWebKit/537.36 (KHTML, like Gecko) Chrome/90.0.4430.85 Safari/537.36"
196.251.80.123 - - [05/Jul/2025:19:06:13 -0400] "GET /wp-admin/css/colors/light/ HTTP/1.1" 200 891 "binance.com" "Mozilla/5.0 (Windows NT 10.0; Win64; x64) AppleWebKit/537.36 (KHTML, like Gecko) Chrome/90.0.4430.85 Safari/537.36"
