85.208.96.202 - - [05/Jul/2025:20:24:25 -0400] "GET /shop/?filter_cat=114%2C115%2C131%2C126%2C112 HTTP/1.1" 500 0 "-" "Mozilla/5.0 (compatible; SemrushBot/7~bl; +http://www.semrush.com/bot.html)"
185.191.171.19 - - [05/Jul/2025:20:26:27 -0400] "GET /shop/?filter_cat=115%2C129%2C126%2C128%2C112 HTTP/1.1" 500 0 "-" "Mozilla/5.0 (compatible; SemrushBot/7~bl; +http://www.semrush.com/bot.html)"
85.208.96.201 - - [05/Jul/2025:20:27:28 -0400] "GET /shop/?filter_cat=117%2C119%2C122%2C128%2C114 HTTP/1.1" 500 0 "-" "Mozilla/5.0 (compatible; SemrushBot/7~bl; +http://www.semrush.com/bot.html)"
66.249.65.99 - - [05/Jul/2025:20:29:18 -0400] "GET /shop/page/15/3890 HTTP/1.1" 500 0 "-" "Mozilla/5.0 (Linux; Android 6.0.1; Nexus 5X Build/MMB29P) AppleWebKit/537.36 (KHTML, like Gecko) Chrome/137.0.7151.103 Mobile Safari/537.36 (compatible; Googlebot/2.1; +http://www.google.com/bot.html)"
185.191.171.14 - - [05/Jul/2025:20:29:29 -0400] "GET /shop/?filter_cat=127%2C121%2C125%2C130 HTTP/1.1" 500 0 "-" "Mozilla/5.0 (compatible; SemrushBot/7~bl; +http://www.semrush.com/bot.html)"
114.119.137.160 - - [05/Jul/2025:20:23:17 -0400] "GET /shop/?stock_status=instock&on_sale=onsale&filter_cat=120,137,130,134,122,126,129,116,121 HTTP/1.1" 500 0 "https://mm-deals.com/shop/?stock_status=instock&on_sale=onsale&filter_cat=137%2C130%2C134%2C122%2C126%2C129%2C116%2C121" "Mozilla/5.0 (Linux; Android 7.0;) AppleWebKit/537.36 (KHTML, like Gecko) Mobile Safari/537.36 (compatible; PetalBot;+https://webmaster.petalsearch.com/site/petalbot)"
185.191.171.7 - - [05/Jul/2025:20:25:26 -0400] "GET /shop/?filter_cat=119%2C137%2C126%2C130 HTTP/1.1" 500 0 "-" "Mozilla/5.0 (compatible; SemrushBot/7~bl; +http://www.semrush.com/bot.html)"
85.208.96.198 - - [05/Jul/2025:20:28:28 -0400] "GET /shop/?filter_cat=112%2C129%2C120%2C130%2C137 HTTP/1.1" 500 0 "-" "Mozilla/5.0 (compatible; SemrushBot/7~bl; +http://www.semrush.com/bot.html)"
185.191.171.1 - - [05/Jul/2025:20:30:30 -0400] "GET /shop/?filter_cat=115%2C131%2C123%2C126%2C137 HTTP/1.1" 500 0 "-" "Mozilla/5.0 (compatible; SemrushBot/7~bl; +http://www.semrush.com/bot.html)"
114.119.134.212 - - [05/Jul/2025:20:30:44 -0400] "GET /shop/?stock_status=instock&on_sale=onsale&filter_cat=120,137,125,123,119,116,121 HTTP/1.1" 500 0 "https://mm-deals.com/shop/?stock_status=instock&on_sale=onsale&filter_cat=137%2C125%2C123%2C119%2C116%2C121" "Mozilla/5.0 (Linux; Android 7.0;) AppleWebKit/537.36 (KHTML, like Gecko) Mobile Safari/537.36 (compatible; PetalBot;+https://webmaster.petalsearch.com/site/petalbot)"
17.241.219.209 - - [05/Jul/2025:20:30:53 -0400] "GET /robots.txt HTTP/1.1" 200 200 "-" "Mozilla/5.0 (Macintosh; Intel Mac OS X 10_15_7) AppleWebKit/605.1.15 (KHTML, like Gecko) Version/17.4 Safari/605.1.15 (Applebot/0.1; +http://www.apple.com/go/applebot)"
85.208.96.209 - - [05/Jul/2025:20:33:32 -0400] "GET /shop/?filter_cat=115%2C129%2C114%2C112%2C120 HTTP/1.1" 500 0 "-" "Mozilla/5.0 (compatible; SemrushBot/7~bl; +http://www.semrush.com/bot.html)"
17.241.219.209 - - [05/Jul/2025:20:30:53 -0400] "GET /2603 HTTP/1.1" 500 0 "-" "Mozilla/5.0 (Macintosh; Intel Mac OS X 10_15_7) AppleWebKit/605.1.15 (KHTML, like Gecko) Version/17.4 Safari/605.1.15 (Applebot/0.1; +http://www.apple.com/go/applebot)"
185.191.171.12 - - [05/Jul/2025:20:31:30 -0400] "GET /shop/?filter_cat=112%2C128%2C129%2C116%2C113 HTTP/1.1" 500 0 "-" "Mozilla/5.0 (compatible; SemrushBot/7~bl; +http://www.semrush.com/bot.html)"
185.191.171.10 - - [05/Jul/2025:20:32:31 -0400] "GET /shop/?filter_cat=117%2C122%2C124%2C112%2C135 HTTP/1.1" 500 0 "-" "Mozilla/5.0 (compatible; SemrushBot/7~bl; +http://www.semrush.com/bot.html)"
66.249.65.97 - - [05/Jul/2025:20:32:49 -0400] "GET /shop/page/19/?perpage=12&filter_cat=116%2C115%2C134%2C131%2C119%2C124%2C114%2C123%2C129%2C121%2C137%2C113%2C125&on_sale=onsale&shop_view=list_view&column=4 HTTP/1.1" 500 0 "-" "Mozilla/5.0 (Linux; Android 6.0.1; Nexus 5X Build/MMB29P) AppleWebKit/537.36 (KHTML, like Gecko) Chrome/137.0.7151.103 Mobile Safari/537.36 (compatible; Googlebot/2.1; +http://www.google.com/bot.html)"
185.191.171.13 - - [05/Jul/2025:20:34:33 -0400] "GET /shop/?filter_cat=117%2C116%2C125%2C122%2C129 HTTP/1.1" 500 0 "-" "Mozilla/5.0 (compatible; SemrushBot/7~bl; +http://www.semrush.com/bot.html)"
85.208.96.193 - - [05/Jul/2025:20:35:33 -0400] "GET /shop/?filter_cat=137%2C118%2C112%2C126%2C114 HTTP/1.1" 500 0 "-" "Mozilla/5.0 (compatible; SemrushBot/7~bl; +http://www.semrush.com/bot.html)"
114.119.134.212 - - [05/Jul/2025:20:38:02 -0400] "GET /shop/?stock_status=instock&on_sale=onsale&filter_cat=120,137,123,115,135 HTTP/1.1" 500 0 "https://mm-deals.com/shop/?stock_status=instock&on_sale=onsale&filter_cat=137%2C123%2C115%2C135" "Mozilla/5.0 (Linux; Android 7.0;) AppleWebKit/537.36 (KHTML, like Gecko) Mobile Safari/537.36 (compatible; PetalBot;+https://webmaster.petalsearch.com/site/petalbot)"
185.191.171.16 - - [05/Jul/2025:20:36:34 -0400] "GET /shop/?filter_cat=137%2C135%2C117%2C116%2C115 HTTP/1.1" 500 0 "-" "Mozilla/5.0 (compatible; SemrushBot/7~bl; +http://www.semrush.com/bot.html)"
185.191.171.15 - - [05/Jul/2025:20:37:35 -0400] "GET /shop/?filter_cat=137%2C112%2C118%2C121%2C129 HTTP/1.1" 500 0 "-" "Mozilla/5.0 (compatible; SemrushBot/7~bl; +http://www.semrush.com/bot.html)"
185.191.171.15 - - [05/Jul/2025:20:38:36 -0400] "GET /shop/?filter_cat=114%2C121%2C113%2C137%2C123 HTTP/1.1" 500 0 "-" "Mozilla/5.0 (compatible; SemrushBot/7~bl; +http://www.semrush.com/bot.html)"
185.191.171.6 - - [05/Jul/2025:20:39:37 -0400] "GET /shop/?filter_cat=137%2C126%2C116%2C128%2C131 HTTP/1.1" 500 0 "-" "Mozilla/5.0 (compatible; SemrushBot/7~bl; +http://www.semrush.com/bot.html)"
85.208.96.197 - - [05/Jul/2025:20:40:38 -0400] "GET /shop/?filter_cat=129%2C127%2C117%2C113 HTTP/1.1" 500 0 "-" "Mozilla/5.0 (compatible; SemrushBot/7~bl; +http://www.semrush.com/bot.html)"
85.208.96.210 - - [05/Jul/2025:20:41:38 -0400] "GET /shop/?filter_cat=114%2C116%2C123%2C120%2C113 HTTP/1.1" 500 0 "-" "Mozilla/5.0 (compatible; SemrushBot/7~bl; +http://www.semrush.com/bot.html)"
185.191.171.12 - - [05/Jul/2025:20:42:39 -0400] "GET /shop/?filter_cat=125%2C121%2C130%2C134 HTTP/1.1" 500 0 "-" "Mozilla/5.0 (compatible; SemrushBot/7~bl; +http://www.semrush.com/bot.html)"
185.191.171.8 - - [05/Jul/2025:20:43:41 -0400] "GET /shop/?filter_cat=116%2C129%2C114%2C135%2C131 HTTP/1.1" 500 0 "-" "Mozilla/5.0 (compatible; SemrushBot/7~bl; +http://www.semrush.com/bot.html)"
185.191.171.6 - - [05/Jul/2025:20:44:43 -0400] "GET /robots.txt HTTP/1.1" 200 200 "-" "Mozilla/5.0 (compatible; SemrushBot/7~bl; +http://www.semrush.com/bot.html)"
43.167.157.80 - - [05/Jul/2025:20:45:05 -0400] "GET / HTTP/1.1" 500 0 "http://mm-deals.com" "Mozilla/5.0 (iPhone; CPU iPhone OS 13_2_3 like Mac OS X) AppleWebKit/605.1.15 (KHTML, like Gecko) Version/13.0.3 Mobile/15E148 Safari/604.1"
114.119.137.160 - - [05/Jul/2025:20:45:26 -0400] "GET /shop/?stock_status=instock&on_sale=onsale&filter_cat=120,135,130,112 HTTP/1.1" 500 0 "https://mm-deals.com/shop/?stock_status=instock&on_sale=onsale&filter_cat=135%2C130%2C112" "Mozilla/5.0 (Linux; Android 7.0;) AppleWebKit/537.36 (KHTML, like Gecko) Mobile Safari/537.36 (compatible; PetalBot;+https://webmaster.petalsearch.com/site/petalbot)"
85.208.96.208 - - [05/Jul/2025:20:46:43 -0400] "GET /shop/?filter_cat=114%2C137%2C125%2C129%2C113 HTTP/1.1" 500 0 "-" "Mozilla/5.0 (compatible; SemrushBot/7~bl; +http://www.semrush.com/bot.html)"
185.191.171.4 - - [05/Jul/2025:20:44:42 -0400] "GET /shop/?filter_cat=114%2C125%2C134%2C130%2C121 HTTP/1.1" 500 0 "-" "Mozilla/5.0 (compatible; SemrushBot/7~bl; +http://www.semrush.com/bot.html)"
85.208.96.196 - - [05/Jul/2025:20:45:42 -0400] "GET /shop/?filter_cat=135%2C119%2C112%2C131%2C125 HTTP/1.1" 500 0 "-" "Mozilla/5.0 (compatible; SemrushBot/7~bl; +http://www.semrush.com/bot.html)"
85.208.96.203 - - [05/Jul/2025:20:47:43 -0400] "GET /shop/?filter_cat=117%2C118%2C116%2C113%2C123 HTTP/1.1" 500 0 "-" "Mozilla/5.0 (compatible; SemrushBot/7~bl; +http://www.semrush.com/bot.html)"
85.208.96.204 - - [05/Jul/2025:20:48:44 -0400] "GET /shop/?filter_cat=112%2C113%2C135%2C114%2C121 HTTP/1.1" 500 0 "-" "Mozilla/5.0 (compatible; SemrushBot/7~bl; +http://www.semrush.com/bot.html)"
185.191.171.19 - - [05/Jul/2025:20:49:45 -0400] "GET /shop/?filter_cat=112%2C128%2C114%2C122%2C117 HTTP/1.1" 500 0 "-" "Mozilla/5.0 (compatible; SemrushBot/7~bl; +http://www.semrush.com/bot.html)"
85.208.96.210 - - [05/Jul/2025:20:50:45 -0400] "GET /shop/?filter_cat=116%2C131%2C130%2C121%2C122 HTTP/1.1" 500 0 "-" "Mozilla/5.0 (compatible; SemrushBot/7~bl; +http://www.semrush.com/bot.html)"
216.244.66.235 - - [05/Jul/2025:20:49:25 -0400] "GET /robots.txt HTTP/1.1" 200 1980 "-" "Mozilla/5.0 (compatible; DotBot/1.2; +https://opensiteexplorer.org/dotbot; help@moz.com)"
85.208.96.196 - - [05/Jul/2025:20:51:45 -0400] "GET /shop/?filter_cat=112%2C125%2C118%2C121%2C120 HTTP/1.1" 500 0 "-" "Mozilla/5.0 (compatible; SemrushBot/7~bl; +http://www.semrush.com/bot.html)"
85.208.96.200 - - [05/Jul/2025:20:52:46 -0400] "GET /shop/?filter_cat=117%2C131%2C128%2C129%2C120 HTTP/1.1" 500 0 "-" "Mozilla/5.0 (compatible; SemrushBot/7~bl; +http://www.semrush.com/bot.html)"
85.208.96.212 - - [05/Jul/2025:20:53:47 -0400] "GET /shop/?filter_cat=112%2C117%2C134%2C114%2C119 HTTP/1.1" 500 0 "-" "Mozilla/5.0 (compatible; SemrushBot/7~bl; +http://www.semrush.com/bot.html)"
66.249.65.99 - - [05/Jul/2025:20:54:44 -0400] "GET /shop/page/15/?perpage=12&filter_cat=119%2C129%2C121%2C114%2C123%2C128%2C134%2C120%2C115%2C118%2C131%2C112%2C130%2C125&column=3&shop_view=grid_view&on_sale=onsale&stock_status=instock HTTP/1.1" 500 0 "-" "Mozilla/5.0 (Linux; Android 6.0.1; Nexus 5X Build/MMB29P) AppleWebKit/537.36 (KHTML, like Gecko) Chrome/137.0.7151.103 Mobile Safari/537.36 (compatible; Googlebot/2.1; +http://www.google.com/bot.html)"
185.191.171.8 - - [05/Jul/2025:20:54:47 -0400] "GET /shop/?filter_cat=131%2C135%2C115%2C118%2C124 HTTP/1.1" 500 0 "-" "Mozilla/5.0 (compatible; SemrushBot/7~bl; +http://www.semrush.com/bot.html)"
114.119.155.44 - - [05/Jul/2025:20:52:50 -0400] "GET /shop/?stock_status=instock&on_sale=onsale&filter_cat=120,134,137,128,118,121 HTTP/1.1" 500 0 "https://mm-deals.com/shop/?stock_status=instock&on_sale=onsale&filter_cat=134%2C137%2C128%2C118%2C121" "Mozilla/5.0 (Linux; Android 7.0;) AppleWebKit/537.36 (KHTML, like Gecko) Mobile Safari/537.36 (compatible; PetalBot;+https://webmaster.petalsearch.com/site/petalbot)"
185.191.171.2 - - [05/Jul/2025:20:55:48 -0400] "GET /shop/?filter_cat=129%2C125%2C123%2C119%2C124 HTTP/1.1" 500 0 "-" "Mozilla/5.0 (compatible; SemrushBot/7~bl; +http://www.semrush.com/bot.html)"
216.244.66.235 - - [05/Jul/2025:20:56:14 -0400] "GET /shop/?filter_cat=130,117&shop_view=list_view HTTP/1.1" 500 0 "-" "Mozilla/5.0 (compatible; DotBot/1.2; +https://opensiteexplorer.org/dotbot; help@moz.com)"
216.244.66.235 - - [05/Jul/2025:20:56:44 -0400] "GET /shop/?add-to-cart=7514&filter_cat=123,127,122,129 HTTP/1.1" 500 0 "-" "Mozilla/5.0 (compatible; DotBot/1.2; +https://opensiteexplorer.org/dotbot; help@moz.com)"
185.191.171.10 - - [05/Jul/2025:20:56:50 -0400] "GET /shop/?filter_cat=131%2C116%2C120%2C126%2C129 HTTP/1.1" 500 0 "-" "Mozilla/5.0 (compatible; SemrushBot/7~bl; +http://www.semrush.com/bot.html)"
216.244.66.235 - - [05/Jul/2025:20:57:45 -0400] "GET /shop/?add-to-cart=7516&filter_cat=119,122,129,127 HTTP/1.1" 500 0 "-" "Mozilla/5.0 (compatible; DotBot/1.2; +https://opensiteexplorer.org/dotbot; help@moz.com)"
216.244.66.235 - - [05/Jul/2025:20:58:15 -0400] "GET /shop/?filter_cat=116,135,127,119&on_sale=onsale HTTP/1.1" 500 0 "-" "Mozilla/5.0 (compatible; DotBot/1.2; +https://opensiteexplorer.org/dotbot; help@moz.com)"
216.244.66.235 - - [05/Jul/2025:20:59:17 -0400] "GET /shop/?column=3&shop_view=list_view&filter_cat=116,129 HTTP/1.1" 500 0 "-" "Mozilla/5.0 (compatible; DotBot/1.2; +https://opensiteexplorer.org/dotbot; help@moz.com)"
216.244.66.235 - - [05/Jul/2025:20:59:47 -0400] "GET /shop/?filter_cat=114,134&shop_view=grid_view&column=2 HTTP/1.1" 500 0 "-" "Mozilla/5.0 (compatible; DotBot/1.2; +https://opensiteexplorer.org/dotbot; help@moz.com)"
114.119.134.212 - - [05/Jul/2025:21:00:12 -0400] "GET /shop/?stock_status=instock&on_sale=onsale&filter_cat=120,134,135,137,117,129,116 HTTP/1.1" 500 0 "https://mm-deals.com/shop/?stock_status=instock&on_sale=onsale&filter_cat=134%2C135%2C137%2C117%2C129%2C116" "Mozilla/5.0 (Linux; Android 7.0;) AppleWebKit/537.36 (KHTML, like Gecko) Mobile Safari/537.36 (compatible; PetalBot;+https://webmaster.petalsearch.com/site/petalbot)"
85.208.96.195 - - [05/Jul/2025:21:00:51 -0400] "GET /shop/?filter_cat=117%2C114%2C129%2C134%2C135 HTTP/1.1" 500 0 "-" "Mozilla/5.0 (compatible; SemrushBot/7~bl; +http://www.semrush.com/bot.html)"
185.191.171.19 - - [05/Jul/2025:21:01:52 -0400] "GET /shop/?filter_cat=117%2C123%2C137%2C134%2C113 HTTP/1.1" 500 0 "-" "Mozilla/5.0 (compatible; SemrushBot/7~bl; +http://www.semrush.com/bot.html)"
216.244.66.235 - - [05/Jul/2025:20:55:43 -0400] "GET /shop/?add-to-cart=7528&filter_cat=134,130,121 HTTP/1.1" 500 0 "-" "Mozilla/5.0 (compatible; DotBot/1.2; +https://opensiteexplorer.org/dotbot; help@moz.com)"
216.244.66.235 - - [05/Jul/2025:20:55:54 -0400] "GET /shop/?add-to-cart=7532&filter_cat=128,130,121 HTTP/1.1" 500 0 "-" "Mozilla/5.0 (compatible; DotBot/1.2; +https://opensiteexplorer.org/dotbot; help@moz.com)"
216.244.66.235 - - [05/Jul/2025:20:57:14 -0400] "GET /shop/?add-to-cart=7514&filter_cat=134,122,113,123 HTTP/1.1" 500 0 "-" "Mozilla/5.0 (compatible; DotBot/1.2; +https://opensiteexplorer.org/dotbot; help@moz.com)"
85.208.96.212 - - [05/Jul/2025:20:57:50 -0400] "GET /shop/?filter_cat=137%2C112%2C129%2C127%2C113 HTTP/1.1" 500 0 "-" "Mozilla/5.0 (compatible; SemrushBot/7~bl; +http://www.semrush.com/bot.html)"
216.244.66.235 - - [05/Jul/2025:20:58:45 -0400] "GET /shop/?filter_cat=134,135,127,119&on_sale=onsale HTTP/1.1" 500 0 "-" "Mozilla/5.0 (compatible; DotBot/1.2; +https://opensiteexplorer.org/dotbot; help@moz.com)"
85.208.96.207 - - [05/Jul/2025:20:58:50 -0400] "GET /shop/?filter_cat=112%2C116%2C122%2C118%2C119 HTTP/1.1" 500 0 "-" "Mozilla/5.0 (compatible; SemrushBot/7~bl; +http://www.semrush.com/bot.html)"
185.191.171.15 - - [05/Jul/2025:20:59:51 -0400] "GET /shop/?filter_cat=116%2C124%2C115%2C123%2C134 HTTP/1.1" 500 0 "-" "Mozilla/5.0 (compatible; SemrushBot/7~bl; +http://www.semrush.com/bot.html)"
216.244.66.235 - - [05/Jul/2025:21:00:17 -0400] "GET /shop/?filter_cat=117,134&shop_view=grid_view&column=2 HTTP/1.1" 500 0 "-" "Mozilla/5.0 (compatible; DotBot/1.2; +https://opensiteexplorer.org/dotbot; help@moz.com)"
85.208.96.201 - - [05/Jul/2025:21:02:53 -0400] "GET /shop/?filter_cat=117%2C112%2C114%2C121%2C119 HTTP/1.1" 500 0 "-" "Mozilla/5.0 (compatible; SemrushBot/7~bl; +http://www.semrush.com/bot.html)"
185.191.171.15 - - [05/Jul/2025:21:03:54 -0400] "GET /shop/?filter_cat=112%2C134%2C125%2C121%2C123 HTTP/1.1" 500 0 "-" "Mozilla/5.0 (compatible; SemrushBot/7~bl; +http://www.semrush.com/bot.html)"
85.208.96.200 - - [05/Jul/2025:21:04:55 -0400] "GET /shop/?filter_cat=116%2C135%2C124%2C131%2C129 HTTP/1.1" 500 0 "-" "Mozilla/5.0 (compatible; SemrushBot/7~bl; +http://www.semrush.com/bot.html)"
85.208.96.195 - - [05/Jul/2025:21:06:57 -0400] "GET /shop/?filter_cat=117%2C126%2C119%2C120%2C122 HTTP/1.1" 500 0 "-" "Mozilla/5.0 (compatible; SemrushBot/7~bl; +http://www.semrush.com/bot.html)"
85.208.96.212 - - [05/Jul/2025:21:08:58 -0400] "GET /shop/?filter_cat=112%2C127%2C137%2C114%2C135 HTTP/1.1" 500 0 "-" "Mozilla/5.0 (compatible; SemrushBot/7~bl; +http://www.semrush.com/bot.html)"
185.191.171.3 - - [05/Jul/2025:21:13:01 -0400] "GET /shop/?filter_cat=116%2C122%2C120%2C113%2C129 HTTP/1.1" 500 0 "-" "Mozilla/5.0 (compatible; SemrushBot/7~bl; +http://www.semrush.com/bot.html)"
185.191.171.10 - - [05/Jul/2025:21:05:14 -0400] "GET /robots.txt HTTP/1.1" 200 200 "-" "Mozilla/5.0 (compatible; SemrushBot/7~bl; +http://www.semrush.com/bot.html)"
185.191.171.5 - - [05/Jul/2025:21:05:56 -0400] "GET /shop/?filter_cat=124%2C122%2C113%2C137%2C130 HTTP/1.1" 500 0 "-" "Mozilla/5.0 (compatible; SemrushBot/7~bl; +http://www.semrush.com/bot.html)"
114.119.133.34 - - [05/Jul/2025:21:07:35 -0400] "GET /shop/?stock_status=instock&on_sale=onsale&filter_cat=120,134,135,124,130,115,129,121 HTTP/1.1" 500 0 "https://mm-deals.com/shop/?stock_status=instock&on_sale=onsale&filter_cat=134%2C135%2C124%2C130%2C115%2C129%2C121" "Mozilla/5.0 (Linux; Android 7.0;) AppleWebKit/537.36 (KHTML, like Gecko) Mobile Safari/537.36 (compatible; PetalBot;+https://webmaster.petalsearch.com/site/petalbot)"
185.191.171.5 - - [05/Jul/2025:21:07:57 -0400] "GET /shop/?filter_cat=117%2C112%2C115%2C126%2C125 HTTP/1.1" 500 0 "-" "Mozilla/5.0 (compatible; SemrushBot/7~bl; +http://www.semrush.com/bot.html)"
185.191.171.9 - - [05/Jul/2025:21:09:59 -0400] "GET /shop/?filter_cat=135%2C115%2C137%2C118%2C131 HTTP/1.1" 500 0 "-" "Mozilla/5.0 (compatible; SemrushBot/7~bl; +http://www.semrush.com/bot.html)"
85.208.96.208 - - [05/Jul/2025:21:10:59 -0400] "GET /shop/?filter_cat=115%2C117%2C118%2C128 HTTP/1.1" 500 0 "-" "Mozilla/5.0 (compatible; SemrushBot/7~bl; +http://www.semrush.com/bot.html)"
185.191.171.17 - - [05/Jul/2025:21:12:00 -0400] "GET /shop/?filter_cat=112%2C123%2C128%2C117%2C119 HTTP/1.1" 500 0 "-" "Mozilla/5.0 (compatible; SemrushBot/7~bl; +http://www.semrush.com/bot.html)"
114.119.143.119 - - [05/Jul/2025:21:15:01 -0400] "GET /shop/?stock_status=instock&on_sale=onsale&filter_cat=120,129,131,137,135,128,112 HTTP/1.1" 500 0 "https://mm-deals.com/shop/?stock_status=instock&on_sale=onsale&filter_cat=129%2C131%2C137%2C135%2C128%2C112" "Mozilla/5.0 (Linux; Android 7.0;) AppleWebKit/537.36 (KHTML, like Gecko) Mobile Safari/537.36 (compatible; PetalBot;+https://webmaster.petalsearch.com/site/petalbot)"
185.191.171.11 - - [05/Jul/2025:21:16:07 -0400] "GET /shop/?filter_cat=112%2C121%2C130%2C119%2C129 HTTP/1.1" 500 0 "-" "Mozilla/5.0 (compatible; SemrushBot/7~bl; +http://www.semrush.com/bot.html)"
185.191.171.9 - - [05/Jul/2025:21:17:08 -0400] "GET /shop/?filter_cat=137%2C116%2C135%2C117%2C119 HTTP/1.1" 500 0 "-" "Mozilla/5.0 (compatible; SemrushBot/7~bl; +http://www.semrush.com/bot.html)"
85.208.96.195 - - [05/Jul/2025:21:19:09 -0400] "GET /shop/?filter_cat=112%2C124%2C135%2C122%2C118 HTTP/1.1" 500 0 "-" "Mozilla/5.0 (compatible; SemrushBot/7~bl; +http://www.semrush.com/bot.html)"
85.208.96.211 - - [05/Jul/2025:21:20:09 -0400] "GET /shop/?filter_cat=134%2C131%2C119%2C129%2C122 HTTP/1.1" 500 0 "-" "Mozilla/5.0 (compatible; SemrushBot/7~bl; +http://www.semrush.com/bot.html)"
85.208.96.196 - - [05/Jul/2025:21:22:10 -0400] "GET /shop/?filter_cat=137%2C129%2C135%2C122%2C113 HTTP/1.1" 500 0 "-" "Mozilla/5.0 (compatible; SemrushBot/7~bl; +http://www.semrush.com/bot.html)"
66.249.65.97 - - [05/Jul/2025:21:24:19 -0400] "GET /shop/?perpage=12&filter_cat=134,114,120,118,121,122&column=2&shop_view=grid_view&on_sale=onsale HTTP/1.1" 500 0 "-" "Mozilla/5.0 (Linux; Android 6.0.1; Nexus 5X Build/MMB29P) AppleWebKit/537.36 (KHTML, like Gecko) Chrome/137.0.7151.103 Mobile Safari/537.36 (compatible; Googlebot/2.1; +http://www.google.com/bot.html)"
85.208.96.206 - - [05/Jul/2025:21:26:14 -0400] "GET /shop/?filter_cat=121%2C116%2C135%2C112 HTTP/1.1" 500 0 "-" "Mozilla/5.0 (compatible; SemrushBot/7~bl; +http://www.semrush.com/bot.html)"
66.249.65.98 - - [05/Jul/2025:21:27:21 -0400] "GET /shop/?perpage=12&filter_cat=120,130,129,121,134,135,137,113,126,125&shop_view=grid_view&column=4&stock_status=instock HTTP/1.1" 500 0 "-" "Mozilla/5.0 (Linux; Android 6.0.1; Nexus 5X Build/MMB29P) AppleWebKit/537.36 (KHTML, like Gecko) Chrome/137.0.7151.103 Mobile Safari/537.36 (compatible; Googlebot/2.1; +http://www.google.com/bot.html)"
114.119.133.34 - - [05/Jul/2025:21:29:41 -0400] "GET /shop/?stock_status=instock&on_sale=onsale&filter_cat=120,126 HTTP/1.1" 500 0 "https://mm-deals.com/shop/?stock_status=instock&on_sale=onsale&filter_cat=120%2C126%2C121" "Mozilla/5.0 (Linux; Android 7.0;) AppleWebKit/537.36 (KHTML, like Gecko) Mobile Safari/537.36 (compatible; PetalBot;+https://webmaster.petalsearch.com/site/petalbot)"
185.191.171.6 - - [05/Jul/2025:21:14:03 -0400] "GET /shop/?filter_cat=113%2C137%2C134%2C121%2C125 HTTP/1.1" 500 0 "-" "Mozilla/5.0 (compatible; SemrushBot/7~bl; +http://www.semrush.com/bot.html)"
185.191.171.16 - - [05/Jul/2025:21:15:05 -0400] "GET /shop/?filter_cat=117%2C122%2C137%2C126%2C121 HTTP/1.1" 500 0 "-" "Mozilla/5.0 (compatible; SemrushBot/7~bl; +http://www.semrush.com/bot.html)"
85.208.96.195 - - [05/Jul/2025:21:18:08 -0400] "GET /shop/?filter_cat=135%2C123%2C119%2C130%2C127 HTTP/1.1" 500 0 "-" "Mozilla/5.0 (compatible; SemrushBot/7~bl; +http://www.semrush.com/bot.html)"
185.191.171.18 - - [05/Jul/2025:21:21:10 -0400] "GET /shop/?filter_cat=137%2C122%2C134%2C118%2C115 HTTP/1.1" 500 0 "-" "Mozilla/5.0 (compatible; SemrushBot/7~bl; +http://www.semrush.com/bot.html)"
114.119.134.212 - - [05/Jul/2025:21:22:18 -0400] "GET /shop/?stock_status=instock&on_sale=onsale&filter_cat=120,126,122,131 HTTP/1.1" 500 0 "https://mm-deals.com/shop/?stock_status=instock&on_sale=onsale&filter_cat=126%2C122%2C131" "Mozilla/5.0 (Linux; Android 7.0;) AppleWebKit/537.36 (KHTML, like Gecko) Mobile Safari/537.36 (compatible; PetalBot;+https://webmaster.petalsearch.com/site/petalbot)"
85.208.96.209 - - [05/Jul/2025:21:23:11 -0400] "GET /shop/?filter_cat=116%2C123%2C134%2C120%2C114 HTTP/1.1" 500 0 "-" "Mozilla/5.0 (compatible; SemrushBot/7~bl; +http://www.semrush.com/bot.html)"
185.191.171.16 - - [05/Jul/2025:21:24:12 -0400] "GET /shop/?filter_cat=135%2C125%2C129%2C126%2C121 HTTP/1.1" 500 0 "-" "Mozilla/5.0 (compatible; SemrushBot/7~bl; +http://www.semrush.com/bot.html)"
185.191.171.18 - - [05/Jul/2025:21:25:13 -0400] "GET /shop/?filter_cat=114%2C113%2C126%2C119%2C125 HTTP/1.1" 500 0 "-" "Mozilla/5.0 (compatible; SemrushBot/7~bl; +http://www.semrush.com/bot.html)"
85.208.96.197 - - [05/Jul/2025:21:26:20 -0400] "GET /robots.txt HTTP/1.1" 200 200 "-" "Mozilla/5.0 (compatible; SemrushBot/7~bl; +http://www.semrush.com/bot.html)"
185.191.171.12 - - [05/Jul/2025:21:27:14 -0400] "GET /shop/?filter_cat=115%2C127%2C128%2C129%2C121 HTTP/1.1" 500 0 "-" "Mozilla/5.0 (compatible; SemrushBot/7~bl; +http://www.semrush.com/bot.html)"
185.191.171.12 - - [05/Jul/2025:21:28:16 -0400] "GET /shop/?filter_cat=114%2C112%2C135%2C137%2C128 HTTP/1.1" 500 0 "-" "Mozilla/5.0 (compatible; SemrushBot/7~bl; +http://www.semrush.com/bot.html)"
185.191.171.10 - - [05/Jul/2025:21:29:17 -0400] "GET /shop/?filter_cat=126%2C121%2C118%2C127%2C112 HTTP/1.1" 500 0 "-" "Mozilla/5.0 (compatible; SemrushBot/7~bl; +http://www.semrush.com/bot.html)"
85.208.96.210 - - [05/Jul/2025:21:30:18 -0400] "GET /shop/?filter_cat=112%2C126%2C135%2C120%2C134 HTTP/1.1" 500 0 "-" "Mozilla/5.0 (compatible; SemrushBot/7~bl; +http://www.semrush.com/bot.html)"
85.208.96.206 - - [05/Jul/2025:21:31:20 -0400] "GET /shop/?filter_cat=117%2C118%2C137%2C124%2C128 HTTP/1.1" 500 0 "-" "Mozilla/5.0 (compatible; SemrushBot/7~bl; +http://www.semrush.com/bot.html)"
185.191.171.7 - - [05/Jul/2025:21:32:21 -0400] "GET /shop/?filter_cat=137%2C131%2C114%2C118%2C135 HTTP/1.1" 500 0 "-" "Mozilla/5.0 (compatible; SemrushBot/7~bl; +http://www.semrush.com/bot.html)"
66.249.65.98 - - [05/Jul/2025:21:32:43 -0400] "GET /shop/?perpage=12&filter_cat=125,134,114,120,118,121,112,122&column=4&shop_view=list_view&on_sale=onsale HTTP/1.1" 500 0 "-" "Mozilla/5.0 (Linux; Android 6.0.1; Nexus 5X Build/MMB29P) AppleWebKit/537.36 (KHTML, like Gecko) Chrome/137.0.7151.103 Mobile Safari/537.36 (compatible; Googlebot/2.1; +http://www.google.com/bot.html)"
216.244.66.235 - - [05/Jul/2025:21:33:19 -0400] "GET /robots.txt HTTP/1.1" 200 1980 "-" "Mozilla/5.0 (compatible; DotBot/1.2; +https://opensiteexplorer.org/dotbot; help@moz.com)"
185.191.171.15 - - [05/Jul/2025:21:33:22 -0400] "GET /shop/?filter_cat=117%2C116%2C127%2C113%2C115 HTTP/1.1" 500 0 "-" "Mozilla/5.0 (compatible; SemrushBot/7~bl; +http://www.semrush.com/bot.html)"
85.208.96.210 - - [05/Jul/2025:21:34:22 -0400] "GET /shop/?filter_cat=116%2C122%2C113%2C137%2C127 HTTP/1.1" 500 0 "-" "Mozilla/5.0 (compatible; SemrushBot/7~bl; +http://www.semrush.com/bot.html)"
185.191.171.5 - - [05/Jul/2025:21:35:23 -0400] "GET /shop/?filter_cat=137%2C114%2C127%2C117%2C115 HTTP/1.1" 500 0 "-" "Mozilla/5.0 (compatible; SemrushBot/7~bl; +http://www.semrush.com/bot.html)"
185.191.171.13 - - [05/Jul/2025:21:36:24 -0400] "GET /shop/?filter_cat=134%2C126%2C115%2C114%2C119 HTTP/1.1" 500 0 "-" "Mozilla/5.0 (compatible; SemrushBot/7~bl; +http://www.semrush.com/bot.html)"
114.119.134.212 - - [05/Jul/2025:21:37:05 -0400] "GET /shop/?stock_status=instock&on_sale=onsale&filter_cat=120,118,121,115,135,131 HTTP/1.1" 500 0 "https://mm-deals.com/shop/?stock_status=instock&on_sale=onsale&filter_cat=118%2C121%2C115%2C135%2C131" "Mozilla/5.0 (Linux; Android 7.0;) AppleWebKit/537.36 (KHTML, like Gecko) Mobile Safari/537.36 (compatible; PetalBot;+https://webmaster.petalsearch.com/site/petalbot)"
122.8.183.243 - - [05/Jul/2025:21:36:37 -0400] "GET /product-category/best-sellers/page/2/?column=3&shop_view=grid_view HTTP/1.1" 500 0 "https://mm-deals.com/product-category/best-sellers/page/2/?column=3&shop_view=grid_view" "Mozilla/5.0 (Macintosh; Intel Mac OS X 10_15_7) AppleWebKit/537.36 (KHTML, like Gecko) Chrome/120.0.0.0 Safari/537.36"
185.191.171.10 - - [05/Jul/2025:21:37:25 -0400] "GET /shop/?filter_cat=116%2C120%2C119%2C121%2C114 HTTP/1.1" 500 0 "-" "Mozilla/5.0 (compatible; SemrushBot/7~bl; +http://www.semrush.com/bot.html)"
66.249.65.99 - - [05/Jul/2025:21:37:57 -0400] "GET /shop/page/17/?perpage=12&filter_cat=116%2C115%2C134%2C131%2C119%2C124%2C114%2C129%2C121%2C137%2C113%2C126%2C125&shop_view=grid_view&column=3 HTTP/1.1" 500 0 "-" "Mozilla/5.0 (Linux; Android 6.0.1; Nexus 5X Build/MMB29P) AppleWebKit/537.36 (KHTML, like Gecko) Chrome/137.0.7151.103 Mobile Safari/537.36 (compatible; Googlebot/2.1; +http://www.google.com/bot.html)"
216.244.66.235 - - [05/Jul/2025:21:38:47 -0400] "GET /shop/?add-to-cart=7520&filter_cat=112,134,115 HTTP/1.1" 500 0 "-" "Mozilla/5.0 (compatible; DotBot/1.2; +https://opensiteexplorer.org/dotbot; help@moz.com)"
216.244.66.235 - - [05/Jul/2025:21:38:58 -0400] "GET /shop/?add-to-cart=7526&filter_cat=126,124,117 HTTP/1.1" 500 0 "-" "Mozilla/5.0 (compatible; DotBot/1.2; +https://opensiteexplorer.org/dotbot; help@moz.com)"
216.244.66.235 - - [05/Jul/2025:21:39:49 -0400] "GET /shop/?add-to-cart=7528&filter_cat=118,130,121 HTTP/1.1" 500 0 "-" "Mozilla/5.0 (compatible; DotBot/1.2; +https://opensiteexplorer.org/dotbot; help@moz.com)"
185.191.171.11 - - [05/Jul/2025:21:40:28 -0400] "GET /shop/?filter_cat=114%2C117%2C120%2C129%2C119 HTTP/1.1" 500 0 "-" "Mozilla/5.0 (compatible; SemrushBot/7~bl; +http://www.semrush.com/bot.html)"
216.244.66.235 - - [05/Jul/2025:21:41:22 -0400] "GET /shop/?add-to-cart=7514&filter_cat=113,131,134,115 HTTP/1.1" 500 0 "-" "Mozilla/5.0 (compatible; DotBot/1.2; +https://opensiteexplorer.org/dotbot; help@moz.com)"
216.244.66.235 - - [05/Jul/2025:21:42:53 -0400] "GET /shop/?column=3&shop_view=list_view&filter_cat=122,125 HTTP/1.1" 500 0 "-" "Mozilla/5.0 (compatible; DotBot/1.2; +https://opensiteexplorer.org/dotbot; help@moz.com)"
216.244.66.235 - - [05/Jul/2025:21:43:23 -0400] "GET /shop/?filter_cat=121,134&shop_view=grid_view&column=2 HTTP/1.1" 500 0 "-" "Mozilla/5.0 (compatible; DotBot/1.2; +https://opensiteexplorer.org/dotbot; help@moz.com)"
185.191.171.15 - - [05/Jul/2025:21:43:30 -0400] "GET /shop/?filter_cat=137%2C135%2C112%2C128%2C114 HTTP/1.1" 500 0 "-" "Mozilla/5.0 (compatible; SemrushBot/7~bl; +http://www.semrush.com/bot.html)"
216.244.66.235 - - [05/Jul/2025:21:44:00 -0400] "GET /shop/?add-to-cart=7520&filter_cat=118,112,123&on_sale=onsale HTTP/1.1" 500 0 "-" "Mozilla/5.0 (compatible; DotBot/1.2; +https://opensiteexplorer.org/dotbot; help@moz.com)"
114.119.155.44 - - [05/Jul/2025:21:44:27 -0400] "GET /shop/?stock_status=instock&on_sale=onsale&filter_cat=120,118,115,134,119,116,121 HTTP/1.1" 500 0 "https://mm-deals.com/shop/?stock_status=instock&on_sale=onsale&filter_cat=118%2C115%2C134%2C119%2C116%2C121" "Mozilla/5.0 (Linux; Android 7.0;) AppleWebKit/537.36 (KHTML, like Gecko) Mobile Safari/537.36 (compatible; PetalBot;+https://webmaster.petalsearch.com/site/petalbot)"
85.208.96.206 - - [05/Jul/2025:21:45:31 -0400] "GET /shop/?filter_cat=114%2C119%2C137%2C128%2C122 HTTP/1.1" 500 0 "-" "Mozilla/5.0 (compatible; SemrushBot/7~bl; +http://www.semrush.com/bot.html)"
185.191.171.9 - - [05/Jul/2025:21:38:26 -0400] "GET /shop/?filter_cat=137%2C119%2C113%2C130%2C121 HTTP/1.1" 500 0 "-" "Mozilla/5.0 (compatible; SemrushBot/7~bl; +http://www.semrush.com/bot.html)"
216.244.66.235 - - [05/Jul/2025:21:39:18 -0400] "GET /shop/?add-to-cart=7526&filter_cat=135,124,117 HTTP/1.1" 500 0 "-" "Mozilla/5.0 (compatible; DotBot/1.2; +https://opensiteexplorer.org/dotbot; help@moz.com)"
85.208.96.199 - - [05/Jul/2025:21:39:26 -0400] "GET /shop/?filter_cat=112%2C124%2C116%2C121%2C114 HTTP/1.1" 500 0 "-" "Mozilla/5.0 (compatible; SemrushBot/7~bl; +http://www.semrush.com/bot.html)"
216.244.66.235 - - [05/Jul/2025:21:40:19 -0400] "GET /shop/?add-to-cart=7530&filter_cat=135,118,121 HTTP/1.1" 500 0 "-" "Mozilla/5.0 (compatible; DotBot/1.2; +https://opensiteexplorer.org/dotbot; help@moz.com)"
216.244.66.235 - - [05/Jul/2025:21:40:50 -0400] "GET /shop/?add-to-cart=7537&filter_cat=135,127,125 HTTP/1.1" 500 0 "-" "Mozilla/5.0 (compatible; DotBot/1.2; +https://opensiteexplorer.org/dotbot; help@moz.com)"
185.191.171.6 - - [05/Jul/2025:21:41:29 -0400] "GET /shop/?filter_cat=131%2C135%2C113%2C126%2C112 HTTP/1.1" 500 0 "-" "Mozilla/5.0 (compatible; SemrushBot/7~bl; +http://www.semrush.com/bot.html)"
216.244.66.235 - - [05/Jul/2025:21:41:52 -0400] "GET /shop/?on_sale=onsale&filter_cat=128,116,124,121 HTTP/1.1" 500 0 "-" "Mozilla/5.0 (compatible; DotBot/1.2; +https://opensiteexplorer.org/dotbot; help@moz.com)"
216.244.66.235 - - [05/Jul/2025:21:42:23 -0400] "GET /shop/?column=3&shop_view=grid_view&filter_cat=121,119,114 HTTP/1.1" 500 0 "-" "Mozilla/5.0 (compatible; DotBot/1.2; +https://opensiteexplorer.org/dotbot; help@moz.com)"
85.208.96.210 - - [05/Jul/2025:21:42:29 -0400] "GET /shop/?filter_cat=116%2C135%2C112%2C120%2C122 HTTP/1.1" 500 0 "-" "Mozilla/5.0 (compatible; SemrushBot/7~bl; +http://www.semrush.com/bot.html)"
85.208.96.198 - - [05/Jul/2025:21:44:30 -0400] "GET /shop/?filter_cat=137%2C117%2C123%2C115%2C126 HTTP/1.1" 500 0 "-" "Mozilla/5.0 (compatible; SemrushBot/7~bl; +http://www.semrush.com/bot.html)"
185.191.171.17 - - [05/Jul/2025:21:46:33 -0400] "GET /shop/?filter_cat=117%2C112%2C123%2C127%2C114 HTTP/1.1" 500 0 "-" "Mozilla/5.0 (compatible; SemrushBot/7~bl; +http://www.semrush.com/bot.html)"
85.208.96.204 - - [05/Jul/2025:21:47:34 -0400] "GET /shop/?filter_cat=135%2C119%2C120%2C123%2C115 HTTP/1.1" 500 0 "-" "Mozilla/5.0 (compatible; SemrushBot/7~bl; +http://www.semrush.com/bot.html)"
185.191.171.13 - - [05/Jul/2025:21:50:37 -0400] "GET /shop/?filter_cat=130%2C137%2C112%2C125%2C115 HTTP/1.1" 500 0 "-" "Mozilla/5.0 (compatible; SemrushBot/7~bl; +http://www.semrush.com/bot.html)"
185.191.171.15 - - [05/Jul/2025:21:51:39 -0400] "GET /shop/?filter_cat=116%2C137%2C135%2C131%2C122 HTTP/1.1" 500 0 "-" "Mozilla/5.0 (compatible; SemrushBot/7~bl; +http://www.semrush.com/bot.html)"
85.208.96.193 - - [05/Jul/2025:21:52:39 -0400] "GET /shop/?filter_cat=137%2C134%2C113%2C119%2C128 HTTP/1.1" 500 0 "-" "Mozilla/5.0 (compatible; SemrushBot/7~bl; +http://www.semrush.com/bot.html)"
185.191.171.11 - - [05/Jul/2025:21:53:41 -0400] "GET /shop/?filter_cat=137%2C134%2C135%2C121%2C114 HTTP/1.1" 500 0 "-" "Mozilla/5.0 (compatible; SemrushBot/7~bl; +http://www.semrush.com/bot.html)"
185.191.171.15 - - [05/Jul/2025:21:54:43 -0400] "GET /shop/?filter_cat=137%2C116%2C131%2C125%2C126 HTTP/1.1" 500 0 "-" "Mozilla/5.0 (compatible; SemrushBot/7~bl; +http://www.semrush.com/bot.html)"
185.191.171.4 - - [05/Jul/2025:21:55:44 -0400] "GET /shop/?filter_cat=112%2C122%2C124%2C123%2C120 HTTP/1.1" 500 0 "-" "Mozilla/5.0 (compatible; SemrushBot/7~bl; +http://www.semrush.com/bot.html)"
85.208.96.194 - - [05/Jul/2025:21:59:47 -0400] "GET /shop/?filter_cat=131%2C114%2C124%2C126%2C117 HTTP/1.1" 500 0 "-" "Mozilla/5.0 (compatible; SemrushBot/7~bl; +http://www.semrush.com/bot.html)"
85.208.96.206 - - [05/Jul/2025:22:01:49 -0400] "GET /shop/?filter_cat=114%2C118%2C113%2C131 HTTP/1.1" 500 0 "-" "Mozilla/5.0 (compatible; SemrushBot/7~bl; +http://www.semrush.com/bot.html)"
170.106.11.6 - - [05/Jul/2025:22:01:55 -0400] "GET / HTTP/1.1" 500 0 "http://www.mm-deals.com" "Mozilla/5.0 (iPhone; CPU iPhone OS 13_2_3 like Mac OS X) AppleWebKit/605.1.15 (KHTML, like Gecko) Version/13.0.3 Mobile/15E148 Safari/604.1"
185.191.171.2 - - [05/Jul/2025:22:02:51 -0400] "GET /shop/?filter_cat=114%2C137%2C118 HTTP/1.1" 500 0 "-" "Mozilla/5.0 (compatible; SemrushBot/7~bl; +http://www.semrush.com/bot.html)"
85.208.96.211 - - [05/Jul/2025:21:46:52 -0400] "GET /robots.txt HTTP/1.1" 200 200 "-" "Mozilla/5.0 (compatible; SemrushBot/7~bl; +http://www.semrush.com/bot.html)"
85.208.96.210 - - [05/Jul/2025:21:48:34 -0400] "GET /shop/?filter_cat=116%2C131%2C129%2C121%2C127 HTTP/1.1" 500 0 "-" "Mozilla/5.0 (compatible; SemrushBot/7~bl; +http://www.semrush.com/bot.html)"
185.191.171.15 - - [05/Jul/2025:21:49:35 -0400] "GET /shop/?filter_cat=113%2C130%2C124%2C131%2C118 HTTP/1.1" 500 0 "-" "Mozilla/5.0 (compatible; SemrushBot/7~bl; +http://www.semrush.com/bot.html)"
114.119.150.65 - - [05/Jul/2025:21:51:49 -0400] "GET /shop/?stock_status=instock&on_sale=onsale&filter_cat=119,137,135,124,130,129,116,121 HTTP/1.1" 500 0 "https://mm-deals.com/shop/?stock_status=instock&on_sale=onsale&filter_cat=137%2C135%2C124%2C130%2C129%2C116%2C121" "Mozilla/5.0 (Linux; Android 7.0;) AppleWebKit/537.36 (KHTML, like Gecko) Mobile Safari/537.36 (compatible; PetalBot;+https://webmaster.petalsearch.com/site/petalbot)"
51.222.253.17 - - [05/Jul/2025:21:53:08 -0400] "GET /sitemap_index_20.xml HTTP/1.1" 200 98 "-" "Mozilla/5.0 (compatible; AhrefsBot/7.0; +http://ahrefs.com/robot/)"
185.191.171.11 - - [05/Jul/2025:21:56:45 -0400] "GET /shop/?filter_cat=137%2C117%2C113%2C124%2C112 HTTP/1.1" 500 0 "-" "Mozilla/5.0 (compatible; SemrushBot/7~bl; +http://www.semrush.com/bot.html)"
185.191.171.7 - - [05/Jul/2025:21:57:46 -0400] "GET /shop/?filter_cat=131%2C122%2C117%2C120%2C130 HTTP/1.1" 500 0 "-" "Mozilla/5.0 (compatible; SemrushBot/7~bl; +http://www.semrush.com/bot.html)"
185.191.171.4 - - [05/Jul/2025:21:58:47 -0400] "GET /shop/?filter_cat=137%2C135%2C115%2C120%2C118 HTTP/1.1" 500 0 "-" "Mozilla/5.0 (compatible; SemrushBot/7~bl; +http://www.semrush.com/bot.html)"
114.119.137.160 - - [05/Jul/2025:21:59:14 -0400] "GET /shop/?stock_status=instock&on_sale=onsale&filter_cat=119,137,130,120,115,135,131 HTTP/1.1" 500 0 "https://mm-deals.com/shop/?stock_status=instock&on_sale=onsale&filter_cat=137%2C130%2C120%2C115%2C135%2C131" "Mozilla/5.0 (Linux; Android 7.0;) AppleWebKit/537.36 (KHTML, like Gecko) Mobile Safari/537.36 (compatible; PetalBot;+https://webmaster.petalsearch.com/site/petalbot)"
85.208.96.210 - - [05/Jul/2025:22:00:49 -0400] "GET /shop/?filter_cat=124%2C134%2C137%2C123 HTTP/1.1" 500 0 "-" "Mozilla/5.0 (compatible; SemrushBot/7~bl; +http://www.semrush.com/bot.html)"
85.208.96.200 - - [05/Jul/2025:22:04:52 -0400] "GET /shop/?filter_cat=117%2C134%2C122%2C113%2C135 HTTP/1.1" 500 0 "-" "Mozilla/5.0 (compatible; SemrushBot/7~bl; +http://www.semrush.com/bot.html)"
114.119.150.65 - - [05/Jul/2025:22:06:35 -0400] "GET /shop/?stock_status=instock&on_sale=onsale&filter_cat=119,137,130,118,120,121,115,131 HTTP/1.1" 500 0 "https://mm-deals.com/shop/?stock_status=instock&on_sale=onsale&filter_cat=137%2C130%2C118%2C120%2C121%2C115%2C131" "Mozilla/5.0 (Linux; Android 7.0;) AppleWebKit/537.36 (KHTML, like Gecko) Mobile Safari/537.36 (compatible; PetalBot;+https://webmaster.petalsearch.com/site/petalbot)"
85.208.96.212 - - [05/Jul/2025:22:06:53 -0400] "GET /shop/?filter_cat=134%2C124%2C123%2C128%2C127 HTTP/1.1" 500 0 "-" "Mozilla/5.0 (compatible; SemrushBot/7~bl; +http://www.semrush.com/bot.html)"
85.208.96.193 - - [05/Jul/2025:22:07:54 -0400] "GET /shop/?filter_cat=118%2C116%2C124%2C127 HTTP/1.1" 500 0 "-" "Mozilla/5.0 (compatible; SemrushBot/7~bl; +http://www.semrush.com/bot.html)"
85.208.96.207 - - [05/Jul/2025:22:08:03 -0400] "GET /robots.txt HTTP/1.1" 200 200 "-" "Mozilla/5.0 (compatible; SemrushBot/7~bl; +http://www.semrush.com/bot.html)"
161.35.163.28 - - [05/Jul/2025:22:10:21 -0400] "GET /class-t.api.php HTTP/1.1" 500 0 "-" "Mozilla/5.0 (Macintosh; Intel Mac OS X 10_15_7) AppleWebKit/605.1.15 Version/15.1 Safari/605.1.15"
85.208.96.199 - - [05/Jul/2025:22:10:55 -0400] "GET /shop/?filter_cat=116%2C131%2C113%2C123%2C128 HTTP/1.1" 500 0 "-" "Mozilla/5.0 (compatible; SemrushBot/7~bl; +http://www.semrush.com/bot.html)"
185.191.171.15 - - [05/Jul/2025:22:13:59 -0400] "GET /shop/?filter_cat=134%2C128%2C120%2C123%2C116 HTTP/1.1" 500 0 "-" "Mozilla/5.0 (compatible; SemrushBot/7~bl; +http://www.semrush.com/bot.html)"
114.119.155.44 - - [05/Jul/2025:22:14:01 -0400] "GET /shop/?stock_status=instock&on_sale=onsale&filter_cat=119,137,127,128 HTTP/1.1" 500 0 "https://mm-deals.com/shop/?stock_status=instock&on_sale=onsale&filter_cat=137%2C127%2C128" "Mozilla/5.0 (Linux; Android 7.0;) AppleWebKit/537.36 (KHTML, like Gecko) Mobile Safari/537.36 (compatible; PetalBot;+https://webmaster.petalsearch.com/site/petalbot)"
185.191.171.17 - - [05/Jul/2025:22:15:00 -0400] "GET /shop/?filter_cat=116%2C118%2C131%2C134%2C135 HTTP/1.1" 500 0 "-" "Mozilla/5.0 (compatible; SemrushBot/7~bl; +http://www.semrush.com/bot.html)"
185.191.171.4 - - [05/Jul/2025:22:16:00 -0400] "GET /shop/?filter_cat=120%2C127%2C128%2C131 HTTP/1.1" 500 0 "-" "Mozilla/5.0 (compatible; SemrushBot/7~bl; +http://www.semrush.com/bot.html)"
185.191.171.2 - - [05/Jul/2025:22:17:01 -0400] "GET /shop/?filter_cat=112%2C131%2C122%2C127%2C117 HTTP/1.1" 500 0 "-" "Mozilla/5.0 (compatible; SemrushBot/7~bl; +http://www.semrush.com/bot.html)"
185.191.171.2 - - [05/Jul/2025:22:19:03 -0400] "GET /shop/?filter_cat=135%2C125%2C115%2C126%2C129 HTTP/1.1" 500 0 "-" "Mozilla/5.0 (compatible; SemrushBot/7~bl; +http://www.semrush.com/bot.html)"
85.208.96.193 - - [05/Jul/2025:22:03:51 -0400] "GET /shop/?filter_cat=115%2C125%2C134%2C137%2C118 HTTP/1.1" 500 0 "-" "Mozilla/5.0 (compatible; SemrushBot/7~bl; +http://www.semrush.com/bot.html)"
185.191.171.5 - - [05/Jul/2025:22:05:53 -0400] "GET /shop/?filter_cat=137%2C127%2C115%2C130%2C120 HTTP/1.1" 500 0 "-" "Mozilla/5.0 (compatible; SemrushBot/7~bl; +http://www.semrush.com/bot.html)"
85.208.96.202 - - [05/Jul/2025:22:08:54 -0400] "GET /shop/?filter_cat=115%2C117%2C137%2C124%2C114 HTTP/1.1" 500 0 "-" "Mozilla/5.0 (compatible; SemrushBot/7~bl; +http://www.semrush.com/bot.html)"
85.208.96.206 - - [05/Jul/2025:22:09:55 -0400] "GET /shop/?filter_cat=137%2C124%2C121%2C119%2C115 HTTP/1.1" 500 0 "-" "Mozilla/5.0 (compatible; SemrushBot/7~bl; +http://www.semrush.com/bot.html)"
161.35.163.28 - - [05/Jul/2025:22:10:19 -0400] "GET /blurbs.php HTTP/1.1" 500 0 "-" "Mozilla/5.0 (Macintosh; Intel Mac OS X 10_15_7) AppleWebKit/605.1.15 Version/15.1 Safari/605.1.15"
85.208.96.208 - - [05/Jul/2025:22:11:56 -0400] "GET /shop/?filter_cat=123%2C134%2C120%2C115%2C125 HTTP/1.1" 500 0 "-" "Mozilla/5.0 (compatible; SemrushBot/7~bl; +http://www.semrush.com/bot.html)"
185.191.171.3 - - [05/Jul/2025:22:12:57 -0400] "GET /shop/?filter_cat=116%2C127%2C131%2C125%2C118 HTTP/1.1" 500 0 "-" "Mozilla/5.0 (compatible; SemrushBot/7~bl; +http://www.semrush.com/bot.html)"
216.244.66.235 - - [05/Jul/2025:22:16:20 -0400] "GET /robots.txt HTTP/1.1" 200 1980 "-" "Mozilla/5.0 (compatible; DotBot/1.2; +https://opensiteexplorer.org/dotbot; help@moz.com)"
185.191.171.1 - - [05/Jul/2025:22:18:02 -0400] "GET /shop/?filter_cat=117%2C114%2C119%2C134%2C116 HTTP/1.1" 500 0 "-" "Mozilla/5.0 (compatible; SemrushBot/7~bl; +http://www.semrush.com/bot.html)"
85.208.96.200 - - [05/Jul/2025:22:20:04 -0400] "GET /shop/?filter_cat=114%2C130%2C123%2C116%2C128 HTTP/1.1" 500 0 "-" "Mozilla/5.0 (compatible; SemrushBot/7~bl; +http://www.semrush.com/bot.html)"
185.191.171.6 - - [05/Jul/2025:22:21:05 -0400] "GET /shop/?filter_cat=114%2C116%2C128%2C126%2C120 HTTP/1.1" 500 0 "-" "Mozilla/5.0 (compatible; SemrushBot/7~bl; +http://www.semrush.com/bot.html)"
114.119.155.44 - - [05/Jul/2025:22:21:19 -0400] "GET /shop/?stock_status=instock&on_sale=onsale&filter_cat=119,137,126,121 HTTP/1.1" 500 0 "https://mm-deals.com/shop/?stock_status=instock&on_sale=onsale&filter_cat=137%2C126%2C121" "Mozilla/5.0 (Linux; Android 7.0;) AppleWebKit/537.36 (KHTML, like Gecko) Mobile Safari/537.36 (compatible; PetalBot;+https://webmaster.petalsearch.com/site/petalbot)"
85.208.96.202 - - [05/Jul/2025:22:22:06 -0400] "GET /shop/?filter_cat=113%2C115%2C124%2C128%2C134 HTTP/1.1" 500 0 "-" "Mozilla/5.0 (compatible; SemrushBot/7~bl; +http://www.semrush.com/bot.html)"
185.191.171.16 - - [05/Jul/2025:22:23:07 -0400] "GET /shop/?filter_cat=114%2C112%2C120%2C128%2C124 HTTP/1.1" 500 0 "-" "Mozilla/5.0 (compatible; SemrushBot/7~bl; +http://www.semrush.com/bot.html)"
185.191.171.17 - - [05/Jul/2025:22:25:08 -0400] "GET /shop/?filter_cat=134%2C125%2C114%2C115%2C121 HTTP/1.1" 500 0 "-" "Mozilla/5.0 (compatible; SemrushBot/7~bl; +http://www.semrush.com/bot.html)"
13.221.212.138 - - [05/Jul/2025:22:25:29 -0400] "GET / HTTP/1.1" 500 0 "-" "Mozilla/5.0 (compatible; Googlebot/2.1; +http://www.google.com/bot.html)"
85.208.96.199 - - [05/Jul/2025:22:26:09 -0400] "GET /shop/?filter_cat=117%2C113%2C122%2C114%2C120 HTTP/1.1" 404 1251 "-" "Mozilla/5.0 (compatible; SemrushBot/7~bl; +http://www.semrush.com/bot.html)"
185.191.171.4 - - [05/Jul/2025:22:26:56 -0400] "GET /shop/?filter_cat=113%2C124%2C137%2C120%2C127 HTTP/1.1" 404 1251 "-" "Mozilla/5.0 (compatible; SemrushBot/7~bl; +http://www.semrush.com/bot.html)"
185.191.171.7 - - [05/Jul/2025:22:27:05 -0400] "GET /shop/?filter_cat=135%2C126%2C127%2C121%2C114 HTTP/1.1" 404 1251 "-" "Mozilla/5.0 (compatible; SemrushBot/7~bl; +http://www.semrush.com/bot.html)"
85.208.96.204 - - [05/Jul/2025:22:27:09 -0400] "GET /shop/?filter_cat=135%2C130%2C124%2C121%2C118 HTTP/1.1" 404 1251 "-" "Mozilla/5.0 (compatible; SemrushBot/7~bl; +http://www.semrush.com/bot.html)"
85.208.96.206 - - [05/Jul/2025:22:27:13 -0400] "GET /shop/?filter_cat=137%2C126%2C125%2C120%2C131 HTTP/1.1" 404 1251 "-" "Mozilla/5.0 (compatible; SemrushBot/7~bl; +http://www.semrush.com/bot.html)"
185.191.171.11 - - [05/Jul/2025:22:27:16 -0400] "GET /shop/?filter_cat=115%2C131%2C112%2C129%2C117 HTTP/1.1" 404 1251 "-" "Mozilla/5.0 (compatible; SemrushBot/7~bl; +http://www.semrush.com/bot.html)"
185.191.171.3 - - [05/Jul/2025:22:27:22 -0400] "GET /shop/?filter_cat=137%2C135%2C129%2C121%2C131 HTTP/1.1" 404 1251 "-" "Mozilla/5.0 (compatible; SemrushBot/7~bl; +http://www.semrush.com/bot.html)"
85.208.96.208 - - [05/Jul/2025:22:27:23 -0400] "GET /shop/?filter_cat=112%2C122%2C117%2C125%2C135 HTTP/1.1" 404 1251 "-" "Mozilla/5.0 (compatible; SemrushBot/7~bl; +http://www.semrush.com/bot.html)"
85.208.96.198 - - [05/Jul/2025:22:27:26 -0400] "GET /shop/?filter_cat=114%2C127%2C116%2C124%2C135 HTTP/1.1" 404 1251 "-" "Mozilla/5.0 (compatible; SemrushBot/7~bl; +http://www.semrush.com/bot.html)"
185.191.171.15 - - [05/Jul/2025:22:27:34 -0400] "GET /shop/?filter_cat=135%2C121%2C122%2C123%2C125 HTTP/1.1" 404 1251 "-" "Mozilla/5.0 (compatible; SemrushBot/7~bl; +http://www.semrush.com/bot.html)"
85.208.96.196 - - [05/Jul/2025:22:27:35 -0400] "GET /shop/?filter_cat=117%2C116%2C123%2C129%2C120 HTTP/1.1" 404 1251 "-" "Mozilla/5.0 (compatible; SemrushBot/7~bl; +http://www.semrush.com/bot.html)"
185.191.171.2 - - [05/Jul/2025:22:27:39 -0400] "GET /shop/?filter_cat=112%2C124%2C123%2C113%2C137 HTTP/1.1" 404 1251 "-" "Mozilla/5.0 (compatible; SemrushBot/7~bl; +http://www.semrush.com/bot.html)"
185.191.171.14 - - [05/Jul/2025:22:27:41 -0400] "GET /shop/?filter_cat=120%2C121%2C117%2C135 HTTP/1.1" 404 1251 "-" "Mozilla/5.0 (compatible; SemrushBot/7~bl; +http://www.semrush.com/bot.html)"
85.208.96.195 - - [05/Jul/2025:22:24:07 -0400] "GET /shop/?filter_cat=114%2C116%2C127%2C120%2C124 HTTP/1.1" 500 0 "-" "Mozilla/5.0 (compatible; SemrushBot/7~bl; +http://www.semrush.com/bot.html)"
216.244.66.235 - - [05/Jul/2025:22:25:49 -0400] "GET /shop/?add-to-cart=7516&filter_cat=118,122,129,127 HTTP/1.1" 404 1251 "-" "Mozilla/5.0 (compatible; DotBot/1.2; +https://opensiteexplorer.org/dotbot; help@moz.com)"
185.191.171.7 - - [05/Jul/2025:22:26:40 -0400] "GET /shop/?filter_cat=131%2C124%2C130%2C128%2C116 HTTP/1.1" 404 1251 "-" "Mozilla/5.0 (compatible; SemrushBot/7~bl; +http://www.semrush.com/bot.html)"
85.208.96.206 - - [05/Jul/2025:22:27:15 -0400] "GET /shop/?filter_cat=112%2C120%2C125%2C131%2C137 HTTP/1.1" 404 1251 "-" "Mozilla/5.0 (compatible; SemrushBot/7~bl; +http://www.semrush.com/bot.html)"
85.208.96.211 - - [05/Jul/2025:22:27:18 -0400] "GET /shop/?filter_cat=135%2C122%2C124%2C125 HTTP/1.1" 404 1251 "-" "Mozilla/5.0 (compatible; SemrushBot/7~bl; +http://www.semrush.com/bot.html)"
85.208.96.198 - - [05/Jul/2025:22:27:19 -0400] "GET /shop/?filter_cat=116%2C121%2C134%2C112%2C126 HTTP/1.1" 404 1251 "-" "Mozilla/5.0 (compatible; SemrushBot/7~bl; +http://www.semrush.com/bot.html)"
85.208.96.197 - - [05/Jul/2025:22:27:24 -0400] "GET /shop/?filter_cat=116%2C125%2C135%2C126%2C118 HTTP/1.1" 404 1251 "-" "Mozilla/5.0 (compatible; SemrushBot/7~bl; +http://www.semrush.com/bot.html)"
85.208.96.210 - - [05/Jul/2025:22:27:28 -0400] "GET /shop/?filter_cat=134%2C121%2C123%2C116%2C127 HTTP/1.1" 404 1251 "-" "Mozilla/5.0 (compatible; SemrushBot/7~bl; +http://www.semrush.com/bot.html)"
185.191.171.15 - - [05/Jul/2025:22:27:31 -0400] "GET /shop/?filter_cat=115%2C113%2C123%2C131 HTTP/1.1" 404 1251 "-" "Mozilla/5.0 (compatible; SemrushBot/7~bl; +http://www.semrush.com/bot.html)"
185.191.171.19 - - [05/Jul/2025:22:27:37 -0400] "GET /shop/?filter_cat=117%2C129%2C114%2C135%2C130 HTTP/1.1" 404 1251 "-" "Mozilla/5.0 (compatible; SemrushBot/7~bl; +http://www.semrush.com/bot.html)"
85.208.96.198 - - [05/Jul/2025:22:27:47 -0400] "GET /shop/?filter_cat=129%2C124%2C127%2C137 HTTP/1.1" 404 1251 "-" "Mozilla/5.0 (compatible; SemrushBot/7~bl; +http://www.semrush.com/bot.html)"
185.191.171.12 - - [05/Jul/2025:22:27:51 -0400] "GET /shop/?filter_cat=131%2C116%2C125%2C119%2C114 HTTP/1.1" 404 1251 "-" "Mozilla/5.0 (compatible; SemrushBot/7~bl; +http://www.semrush.com/bot.html)"
85.208.96.197 - - [05/Jul/2025:22:27:52 -0400] "GET /shop/?filter_cat=137%2C121%2C125%2C120%2C122 HTTP/1.1" 404 1251 "-" "Mozilla/5.0 (compatible; SemrushBot/7~bl; +http://www.semrush.com/bot.html)"
185.191.171.13 - - [05/Jul/2025:22:27:56 -0400] "GET /shop/?filter_cat=135%2C137%2C115%2C118%2C117 HTTP/1.1" 404 1251 "-" "Mozilla/5.0 (compatible; SemrushBot/7~bl; +http://www.semrush.com/bot.html)"
185.191.171.15 - - [05/Jul/2025:22:27:58 -0400] "GET /shop/?filter_cat=113%2C137%2C125%2C130%2C115 HTTP/1.1" 404 1251 "-" "Mozilla/5.0 (compatible; SemrushBot/7~bl; +http://www.semrush.com/bot.html)"
85.208.96.197 - - [05/Jul/2025:22:28:04 -0400] "GET /shop/?filter_cat=115%2C124%2C127%2C122%2C131 HTTP/1.1" 404 1251 "-" "Mozilla/5.0 (compatible; SemrushBot/7~bl; +http://www.semrush.com/bot.html)"
185.191.171.16 - - [05/Jul/2025:22:28:17 -0400] "GET /shop/?filter_cat=118%2C117%2C125%2C127 HTTP/1.1" 404 1251 "-" "Mozilla/5.0 (compatible; SemrushBot/7~bl; +http://www.semrush.com/bot.html)"
85.208.96.196 - - [05/Jul/2025:22:28:18 -0400] "GET /shop/?filter_cat=113%2C128%2C122%2C115%2C135 HTTP/1.1" 404 1251 "-" "Mozilla/5.0 (compatible; SemrushBot/7~bl; +http://www.semrush.com/bot.html)"
85.208.96.204 - - [05/Jul/2025:22:28:20 -0400] "GET /shop/?filter_cat=137%2C120%2C118%2C122%2C112 HTTP/1.1" 404 1251 "-" "Mozilla/5.0 (compatible; SemrushBot/7~bl; +http://www.semrush.com/bot.html)"
85.208.96.203 - - [05/Jul/2025:22:28:21 -0400] "GET /shop/?filter_cat=113%2C126%2C135%2C115%2C119 HTTP/1.1" 404 1251 "-" "Mozilla/5.0 (compatible; SemrushBot/7~bl; +http://www.semrush.com/bot.html)"
85.208.96.204 - - [05/Jul/2025:22:27:43 -0400] "GET /shop/?filter_cat=135%2C121%2C122%2C124%2C116 HTTP/1.1" 404 1251 "-" "Mozilla/5.0 (compatible; SemrushBot/7~bl; +http://www.semrush.com/bot.html)"
185.191.171.14 - - [05/Jul/2025:22:27:45 -0400] "GET /shop/?filter_cat=137%2C134%2C118%2C119%2C114 HTTP/1.1" 404 1251 "-" "Mozilla/5.0 (compatible; SemrushBot/7~bl; +http://www.semrush.com/bot.html)"
85.208.96.197 - - [05/Jul/2025:22:27:46 -0400] "GET /shop/?filter_cat=115%2C137%2C116%2C112%2C122 HTTP/1.1" 404 1251 "-" "Mozilla/5.0 (compatible; SemrushBot/7~bl; +http://www.semrush.com/bot.html)"
85.208.96.211 - - [05/Jul/2025:22:27:49 -0400] "GET /shop/?filter_cat=137%2C129%2C117%2C112%2C124 HTTP/1.1" 404 1251 "-" "Mozilla/5.0 (compatible; SemrushBot/7~bl; +http://www.semrush.com/bot.html)"
85.208.96.204 - - [05/Jul/2025:22:27:54 -0400] "GET /shop/?filter_cat=131%2C134%2C137%2C114%2C130 HTTP/1.1" 404 1251 "-" "Mozilla/5.0 (compatible; SemrushBot/7~bl; +http://www.semrush.com/bot.html)"
85.208.96.204 - - [05/Jul/2025:22:28:00 -0400] "GET /shop/?filter_cat=125%2C116%2C129%2C123%2C112 HTTP/1.1" 404 1251 "-" "Mozilla/5.0 (compatible; SemrushBot/7~bl; +http://www.semrush.com/bot.html)"
85.208.96.203 - - [05/Jul/2025:22:28:01 -0400] "GET /shop/?filter_cat=113%2C125%2C115%2C116%2C130 HTTP/1.1" 404 1251 "-" "Mozilla/5.0 (compatible; SemrushBot/7~bl; +http://www.semrush.com/bot.html)"
85.208.96.196 - - [05/Jul/2025:22:28:03 -0400] "GET /shop/?filter_cat=116%2C126%2C121%2C119%2C131 HTTP/1.1" 404 1251 "-" "Mozilla/5.0 (compatible; SemrushBot/7~bl; +http://www.semrush.com/bot.html)"
185.191.171.3 - - [05/Jul/2025:22:28:06 -0400] "GET /shop/?filter_cat=123%2C121%2C117%2C129%2C116 HTTP/1.1" 404 1251 "-" "Mozilla/5.0 (compatible; SemrushBot/7~bl; +http://www.semrush.com/bot.html)"
