85.208.96.200 - - [06/Jul/2025:01:52:35 -0400] "GET /shop/?filter_cat=137%2C113%2C115%2C129%2C120 HTTP/1.1" 404 1251 "-" "Mozilla/5.0 (compatible; SemrushBot/7~bl; +http://www.semrush.com/bot.html)"
185.191.171.5 - - [06/Jul/2025:01:53:16 -0400] "GET /shop/?filter_cat=113%2C122%2C114%2C116%2C121 HTTP/1.1" 404 1251 "-" "Mozilla/5.0 (compatible; SemrushBot/7~bl; +http://www.semrush.com/bot.html)"
85.208.96.202 - - [06/Jul/2025:01:53:28 -0400] "GET /shop/?filter_cat=114%2C124%2C122%2C129 HTTP/1.1" 404 1251 "-" "Mozilla/5.0 (compatible; SemrushBot/7~bl; +http://www.semrush.com/bot.html)"
85.208.96.198 - - [06/Jul/2025:01:53:55 -0400] "GET /shop/?filter_cat=115%2C122%2C123%2C128%2C137 HTTP/1.1" 404 1251 "-" "Mozilla/5.0 (compatible; SemrushBot/7~bl; +http://www.semrush.com/bot.html)"
185.191.171.11 - - [06/Jul/2025:01:54:47 -0400] "GET /shop/?filter_cat=112%2C130%2C127%2C113%2C115 HTTP/1.1" 404 1251 "-" "Mozilla/5.0 (compatible; SemrushBot/7~bl; +http://www.semrush.com/bot.html)"
85.208.96.212 - - [06/Jul/2025:01:54:54 -0400] "GET /shop/?filter_cat=116%2C128%2C125%2C137%2C119 HTTP/1.1" 404 1251 "-" "Mozilla/5.0 (compatible; SemrushBot/7~bl; +http://www.semrush.com/bot.html)"
114.119.155.44 - - [06/Jul/2025:01:55:18 -0400] "GET /shop/?stock_status=instock&on_sale=onsale&filter_cat=117,135,134,137,116,118,121 HTTP/1.1" 404 1251 "https://mm-deals.com/shop/?stock_status=instock&on_sale=onsale&filter_cat=135%2C134%2C137%2C116%2C118%2C121" "Mozilla/5.0 (Linux; Android 7.0;) AppleWebKit/537.36 (KHTML, like Gecko) Mobile Safari/537.36 (compatible; PetalBot;+https://webmaster.petalsearch.com/site/petalbot)"
216.244.66.235 - - [06/Jul/2025:01:55:21 -0400] "GET /robots.txt HTTP/1.1" 200 1980 "-" "Mozilla/5.0 (compatible; DotBot/1.2; +https://opensiteexplorer.org/dotbot; help@moz.com)"
185.191.171.15 - - [06/Jul/2025:01:55:54 -0400] "GET /shop/?filter_cat=115%2C122%2C127%2C130%2C124 HTTP/1.1" 404 1251 "-" "Mozilla/5.0 (compatible; SemrushBot/7~bl; +http://www.semrush.com/bot.html)"
185.191.171.15 - - [06/Jul/2025:01:56:33 -0400] "GET /shop/?filter_cat=135%2C126%2C120%2C127%2C129 HTTP/1.1" 404 1251 "-" "Mozilla/5.0 (compatible; SemrushBot/7~bl; +http://www.semrush.com/bot.html)"
185.191.171.16 - - [06/Jul/2025:01:56:35 -0400] "GET /shop/?filter_cat=131%2C113%2C118%2C135%2C115 HTTP/1.1" 404 1251 "-" "Mozilla/5.0 (compatible; SemrushBot/7~bl; +http://www.semrush.com/bot.html)"
185.191.171.16 - - [06/Jul/2025:01:57:20 -0400] "GET /shop/?filter_cat=116%2C134%2C113%2C119%2C128 HTTP/1.1" 404 1251 "-" "Mozilla/5.0 (compatible; SemrushBot/7~bl; +http://www.semrush.com/bot.html)"
185.191.171.19 - - [06/Jul/2025:01:57:29 -0400] "GET /shop/?filter_cat=112%2C130%2C122%2C134%2C123 HTTP/1.1" 404 1251 "-" "Mozilla/5.0 (compatible; SemrushBot/7~bl; +http://www.semrush.com/bot.html)"
185.191.171.2 - - [06/Jul/2025:01:58:23 -0400] "GET /shop/?filter_cat=134%2C123%2C131%2C116%2C115 HTTP/1.1" 404 1251 "-" "Mozilla/5.0 (compatible; SemrushBot/7~bl; +http://www.semrush.com/bot.html)"
185.191.171.14 - - [06/Jul/2025:01:58:34 -0400] "GET /shop/?filter_cat=114%2C126%2C115%2C131%2C128 HTTP/1.1" 404 1251 "-" "Mozilla/5.0 (compatible; SemrushBot/7~bl; +http://www.semrush.com/bot.html)"
66.249.65.97 - - [06/Jul/2025:01:56:58 -0400] "GET /sitemap_index_15.xml HTTP/1.1" 404 1251 "-" "Mozilla/5.0 (compatible; Googlebot/2.1; +http://www.google.com/bot.html)"
85.208.96.211 - - [06/Jul/2025:01:57:28 -0400] "GET /robots.txt HTTP/1.1" 200 200 "-" "Mozilla/5.0 (compatible; SemrushBot/7~bl; +http://www.semrush.com/bot.html)"
85.208.96.195 - - [06/Jul/2025:01:57:30 -0400] "GET /shop/?filter_cat=137%2C134%2C131%2C113%2C121 HTTP/1.1" 404 1251 "-" "Mozilla/5.0 (compatible; SemrushBot/7~bl; +http://www.semrush.com/bot.html)"
185.191.171.3 - - [06/Jul/2025:01:57:47 -0400] "GET /shop/?filter_cat=131%2C137%2C113%2C125%2C119 HTTP/1.1" 404 1251 "-" "Mozilla/5.0 (compatible; SemrushBot/7~bl; +http://www.semrush.com/bot.html)"
85.208.96.202 - - [06/Jul/2025:01:57:59 -0400] "GET /shop/?filter_cat=131%2C135%2C137%2C122%2C124 HTTP/1.1" 404 1251 "-" "Mozilla/5.0 (compatible; SemrushBot/7~bl; +http://www.semrush.com/bot.html)"
185.191.171.18 - - [06/Jul/2025:01:58:14 -0400] "GET /shop/?filter_cat=137%2C125%2C131%2C112%2C124 HTTP/1.1" 404 1251 "-" "Mozilla/5.0 (compatible; SemrushBot/7~bl; +http://www.semrush.com/bot.html)"
85.208.96.202 - - [06/Jul/2025:01:58:50 -0400] "GET /shop/?filter_cat=114%2C120%2C125%2C122%2C118 HTTP/1.1" 404 1251 "-" "Mozilla/5.0 (compatible; SemrushBot/7~bl; +http://www.semrush.com/bot.html)"
85.208.96.200 - - [06/Jul/2025:01:58:55 -0400] "GET /shop/?filter_cat=115%2C131%2C126%2C125%2C124 HTTP/1.1" 404 1251 "-" "Mozilla/5.0 (compatible; SemrushBot/7~bl; +http://www.semrush.com/bot.html)"
185.191.171.7 - - [06/Jul/2025:01:59:20 -0400] "GET /shop/?filter_cat=115%2C123%2C131%2C135%2C113 HTTP/1.1" 404 1251 "-" "Mozilla/5.0 (compatible; SemrushBot/7~bl; +http://www.semrush.com/bot.html)"
185.191.171.17 - - [06/Jul/2025:01:59:27 -0400] "GET /shop/?filter_cat=137%2C125%2C128%2C121%2C130 HTTP/1.1" 404 1251 "-" "Mozilla/5.0 (compatible; SemrushBot/7~bl; +http://www.semrush.com/bot.html)"
85.208.96.202 - - [06/Jul/2025:01:59:56 -0400] "GET /shop/?filter_cat=114%2C124%2C123%2C137%2C135 HTTP/1.1" 404 1251 "-" "Mozilla/5.0 (compatible; SemrushBot/7~bl; +http://www.semrush.com/bot.html)"
185.191.171.7 - - [06/Jul/2025:02:00:00 -0400] "GET /shop/?filter_cat=134%2C118%2C137%2C135%2C122 HTTP/1.1" 404 1251 "-" "Mozilla/5.0 (compatible; SemrushBot/7~bl; +http://www.semrush.com/bot.html)"
185.191.171.16 - - [06/Jul/2025:02:00:33 -0400] "GET /shop/?filter_cat=117%2C112%2C122%2C125%2C113 HTTP/1.1" 404 1251 "-" "Mozilla/5.0 (compatible; SemrushBot/7~bl; +http://www.semrush.com/bot.html)"
185.191.171.9 - - [06/Jul/2025:01:58:41 -0400] "GET /shop/?filter_cat=117%2C116%2C115%2C129 HTTP/1.1" 404 1251 "-" "Mozilla/5.0 (compatible; SemrushBot/7~bl; +http://www.semrush.com/bot.html)"
185.191.171.5 - - [06/Jul/2025:01:59:14 -0400] "GET /shop/?filter_cat=117%2C113%2C128%2C126%2C123 HTTP/1.1" 404 1251 "-" "Mozilla/5.0 (compatible; SemrushBot/7~bl; +http://www.semrush.com/bot.html)"
85.208.96.200 - - [06/Jul/2025:02:00:39 -0400] "GET /shop/?filter_cat=134%2C124%2C114%2C117%2C113 HTTP/1.1" 404 1251 "-" "Mozilla/5.0 (compatible; SemrushBot/7~bl; +http://www.semrush.com/bot.html)"
185.191.171.13 - - [06/Jul/2025:02:00:47 -0400] "GET /shop/?filter_cat=131%2C125%2C115%2C112%2C126 HTTP/1.1" 404 1251 "-" "Mozilla/5.0 (compatible; SemrushBot/7~bl; +http://www.semrush.com/bot.html)"
185.191.171.14 - - [06/Jul/2025:02:00:51 -0400] "GET /shop/?filter_cat=117%2C115%2C131%2C128%2C125 HTTP/1.1" 404 1251 "-" "Mozilla/5.0 (compatible; SemrushBot/7~bl; +http://www.semrush.com/bot.html)"
85.208.96.194 - - [06/Jul/2025:02:01:21 -0400] "GET /shop/?filter_cat=112%2C123%2C119%2C116%2C122 HTTP/1.1" 404 1251 "-" "Mozilla/5.0 (compatible; SemrushBot/7~bl; +http://www.semrush.com/bot.html)"
185.191.171.6 - - [06/Jul/2025:02:01:40 -0400] "GET /shop/?filter_cat=113%2C131%2C129%2C116%2C130 HTTP/1.1" 404 1251 "-" "Mozilla/5.0 (compatible; SemrushBot/7~bl; +http://www.semrush.com/bot.html)"
85.208.96.197 - - [06/Jul/2025:02:01:44 -0400] "GET /shop/?filter_cat=113%2C112%2C118%2C131%2C127 HTTP/1.1" 404 1251 "-" "Mozilla/5.0 (compatible; SemrushBot/7~bl; +http://www.semrush.com/bot.html)"
185.191.171.6 - - [06/Jul/2025:02:01:56 -0400] "GET /shop/?filter_cat=131%2C134%2C124%2C113%2C127 HTTP/1.1" 404 1251 "-" "Mozilla/5.0 (compatible; SemrushBot/7~bl; +http://www.semrush.com/bot.html)"
185.191.171.18 - - [06/Jul/2025:02:02:05 -0400] "GET /shop/?filter_cat=116%2C122%2C117%2C125%2C135 HTTP/1.1" 404 1251 "-" "Mozilla/5.0 (compatible; SemrushBot/7~bl; +http://www.semrush.com/bot.html)"
85.208.96.194 - - [06/Jul/2025:02:02:26 -0400] "GET /shop/?filter_cat=115%2C121%2C122%2C135%2C134 HTTP/1.1" 404 1251 "-" "Mozilla/5.0 (compatible; SemrushBot/7~bl; +http://www.semrush.com/bot.html)"
185.191.171.6 - - [06/Jul/2025:02:02:39 -0400] "GET /shop/?filter_cat=116%2C124%2C135%2C131%2C118 HTTP/1.1" 404 1251 "-" "Mozilla/5.0 (compatible; SemrushBot/7~bl; +http://www.semrush.com/bot.html)"
114.119.157.111 - - [06/Jul/2025:02:02:41 -0400] "GET /shop/?stock_status=instock&on_sale=onsale&filter_cat=117,135,131 HTTP/1.1" 404 1251 "https://mm-deals.com/shop/?stock_status=instock&on_sale=onsale&filter_cat=117%2C115%2C135%2C131" "Mozilla/5.0 (Linux; Android 7.0;) AppleWebKit/537.36 (KHTML, like Gecko) Mobile Safari/537.36 (compatible; PetalBot;+https://webmaster.petalsearch.com/site/petalbot)"
185.191.171.17 - - [06/Jul/2025:02:04:06 -0400] "GET /shop/?filter_cat=131%2C118%2C124%2C116%2C119 HTTP/1.1" 404 1251 "-" "Mozilla/5.0 (compatible; SemrushBot/7~bl; +http://www.semrush.com/bot.html)"
185.191.171.3 - - [06/Jul/2025:02:04:34 -0400] "GET /shop/?filter_cat=114%2C131%2C116%2C115%2C135 HTTP/1.1" 404 1251 "-" "Mozilla/5.0 (compatible; SemrushBot/7~bl; +http://www.semrush.com/bot.html)"
185.191.171.4 - - [06/Jul/2025:02:04:51 -0400] "GET /shop/?filter_cat=134%2C114%2C124%2C120%2C129 HTTP/1.1" 404 1251 "-" "Mozilla/5.0 (compatible; SemrushBot/7~bl; +http://www.semrush.com/bot.html)"
85.208.96.197 - - [06/Jul/2025:02:04:53 -0400] "GET /shop/?filter_cat=117%2C135%2C125%2C129%2C123 HTTP/1.1" 404 1251 "-" "Mozilla/5.0 (compatible; SemrushBot/7~bl; +http://www.semrush.com/bot.html)"
85.208.96.210 - - [06/Jul/2025:02:05:06 -0400] "GET /shop/?filter_cat=137%2C122%2C120%2C128%2C115 HTTP/1.1" 404 1251 "-" "Mozilla/5.0 (compatible; SemrushBot/7~bl; +http://www.semrush.com/bot.html)"
85.208.96.198 - - [06/Jul/2025:02:05:20 -0400] "GET /shop/?filter_cat=135%2C120%2C116%2C117%2C121 HTTP/1.1" 404 1251 "-" "Mozilla/5.0 (compatible; SemrushBot/7~bl; +http://www.semrush.com/bot.html)"
185.191.171.3 - - [06/Jul/2025:02:05:49 -0400] "GET /shop/?filter_cat=112%2C126%2C137%2C116%2C127 HTTP/1.1" 404 1251 "-" "Mozilla/5.0 (compatible; SemrushBot/7~bl; +http://www.semrush.com/bot.html)"
85.208.96.205 - - [06/Jul/2025:02:05:58 -0400] "GET /shop/?filter_cat=134%2C122%2C117%2C129%2C130 HTTP/1.1" 404 1251 "-" "Mozilla/5.0 (compatible; SemrushBot/7~bl; +http://www.semrush.com/bot.html)"
216.244.66.235 - - [06/Jul/2025:02:06:35 -0400] "GET /shop/?add-to-cart=7514&filter_cat=126,116,129,115 HTTP/1.1" 404 1251 "-" "Mozilla/5.0 (compatible; DotBot/1.2; +https://opensiteexplorer.org/dotbot; help@moz.com)"
185.191.171.5 - - [06/Jul/2025:02:07:06 -0400] "GET /shop/?filter_cat=113%2C115%2C122%2C121%2C135 HTTP/1.1" 404 1251 "-" "Mozilla/5.0 (compatible; SemrushBot/7~bl; +http://www.semrush.com/bot.html)"
85.208.96.212 - - [06/Jul/2025:02:07:19 -0400] "GET /shop/?filter_cat=117%2C118%2C135%2C130%2C122 HTTP/1.1" 404 1251 "-" "Mozilla/5.0 (compatible; SemrushBot/7~bl; +http://www.semrush.com/bot.html)"
85.208.96.194 - - [06/Jul/2025:02:02:23 -0400] "GET /shop/?filter_cat=115%2C127%2C123%2C113%2C134 HTTP/1.1" 404 1251 "-" "Mozilla/5.0 (compatible; SemrushBot/7~bl; +http://www.semrush.com/bot.html)"
185.191.171.3 - - [06/Jul/2025:02:02:41 -0400] "GET /shop/?filter_cat=114%2C128%2C137%2C116%2C127 HTTP/1.1" 404 1251 "-" "Mozilla/5.0 (compatible; SemrushBot/7~bl; +http://www.semrush.com/bot.html)"
85.208.96.207 - - [06/Jul/2025:02:02:56 -0400] "GET /shop/?filter_cat=117%2C122%2C128%2C127%2C114 HTTP/1.1" 404 1251 "-" "Mozilla/5.0 (compatible; SemrushBot/7~bl; +http://www.semrush.com/bot.html)"
185.191.171.6 - - [06/Jul/2025:02:03:02 -0400] "GET /shop/?filter_cat=121%2C112%2C117%2C135 HTTP/1.1" 404 1251 "-" "Mozilla/5.0 (compatible; SemrushBot/7~bl; +http://www.semrush.com/bot.html)"
185.191.171.7 - - [06/Jul/2025:02:03:16 -0400] "GET /shop/?filter_cat=116%2C134%2C118%2C112%2C115 HTTP/1.1" 404 1251 "-" "Mozilla/5.0 (compatible; SemrushBot/7~bl; +http://www.semrush.com/bot.html)"
185.191.171.10 - - [06/Jul/2025:02:03:27 -0400] "GET /shop/?filter_cat=116%2C124%2C117%2C129%2C125 HTTP/1.1" 404 1251 "-" "Mozilla/5.0 (compatible; SemrushBot/7~bl; +http://www.semrush.com/bot.html)"
185.191.171.10 - - [06/Jul/2025:02:03:29 -0400] "GET /shop/?filter_cat=130%2C128%2C112%2C117%2C123 HTTP/1.1" 404 1251 "-" "Mozilla/5.0 (compatible; SemrushBot/7~bl; +http://www.semrush.com/bot.html)"
185.191.171.7 - - [06/Jul/2025:02:03:57 -0400] "GET /shop/?filter_cat=114%2C131%2C137%2C122 HTTP/1.1" 404 1251 "-" "Mozilla/5.0 (compatible; SemrushBot/7~bl; +http://www.semrush.com/bot.html)"
85.208.96.205 - - [06/Jul/2025:02:05:39 -0400] "GET /shop/?filter_cat=116%2C129%2C128%2C120%2C123 HTTP/1.1" 404 1251 "-" "Mozilla/5.0 (compatible; SemrushBot/7~bl; +http://www.semrush.com/bot.html)"
185.191.171.4 - - [06/Jul/2025:02:06:06 -0400] "GET /shop/?filter_cat=134%2C127%2C122%2C131%2C116 HTTP/1.1" 404 1251 "-" "Mozilla/5.0 (compatible; SemrushBot/7~bl; +http://www.semrush.com/bot.html)"
85.208.96.206 - - [06/Jul/2025:02:06:26 -0400] "GET /shop/?filter_cat=137%2C121%2C118%2C126%2C114 HTTP/1.1" 404 1251 "-" "Mozilla/5.0 (compatible; SemrushBot/7~bl; +http://www.semrush.com/bot.html)"
185.191.171.18 - - [06/Jul/2025:02:06:29 -0400] "GET /shop/?filter_cat=112%2C137%2C118%2C117%2C121 HTTP/1.1" 404 1251 "-" "Mozilla/5.0 (compatible; SemrushBot/7~bl; +http://www.semrush.com/bot.html)"
185.191.171.15 - - [06/Jul/2025:02:06:41 -0400] "GET /shop/?filter_cat=137%2C112%2C130%2C121%2C120 HTTP/1.1" 404 1251 "-" "Mozilla/5.0 (compatible; SemrushBot/7~bl; +http://www.semrush.com/bot.html)"
85.208.96.203 - - [06/Jul/2025:02:06:42 -0400] "GET /shop/?filter_cat=117%2C116%2C127%2C131%2C113 HTTP/1.1" 404 1251 "-" "Mozilla/5.0 (compatible; SemrushBot/7~bl; +http://www.semrush.com/bot.html)"
85.208.96.199 - - [06/Jul/2025:02:06:57 -0400] "GET /shop/?filter_cat=128%2C113%2C125%2C114%2C129 HTTP/1.1" 404 1251 "-" "Mozilla/5.0 (compatible; SemrushBot/7~bl; +http://www.semrush.com/bot.html)"
185.191.171.13 - - [06/Jul/2025:02:07:33 -0400] "GET /shop/?filter_cat=134%2C128%2C131%2C118%2C122 HTTP/1.1" 404 1251 "-" "Mozilla/5.0 (compatible; SemrushBot/7~bl; +http://www.semrush.com/bot.html)"
185.191.171.13 - - [06/Jul/2025:02:07:47 -0400] "GET /shop/?filter_cat=113%2C126%2C135%2C119%2C115 HTTP/1.1" 404 1251 "-" "Mozilla/5.0 (compatible; SemrushBot/7~bl; +http://www.semrush.com/bot.html)"
185.191.171.6 - - [06/Jul/2025:02:08:36 -0400] "GET /shop/?filter_cat=115%2C112%2C137%2C129%2C126 HTTP/1.1" 404 1251 "-" "Mozilla/5.0 (compatible; SemrushBot/7~bl; +http://www.semrush.com/bot.html)"
185.191.171.5 - - [06/Jul/2025:02:08:50 -0400] "GET /shop/?filter_cat=113%2C115%2C112%2C114%2C117 HTTP/1.1" 404 1251 "-" "Mozilla/5.0 (compatible; SemrushBot/7~bl; +http://www.semrush.com/bot.html)"
172.207.242.80 - - [06/Jul/2025:02:09:00 -0400] "GET /wp-admin/css/ HTTP/1.1" 200 3773 "binance.com" "Mozilla/5.0 (Windows NT 10.0; Win64; x64) AppleWebKit/537.36 (KHTML, like Gecko) Chrome/90.0.4430.85 Safari/537.36"
185.191.171.11 - - [06/Jul/2025:02:08:00 -0400] "GET /shop/?filter_cat=114%2C120%2C130%2C134%2C128 HTTP/1.1" 404 1251 "-" "Mozilla/5.0 (compatible; SemrushBot/7~bl; +http://www.semrush.com/bot.html)"
85.208.96.194 - - [06/Jul/2025:02:08:17 -0400] "GET /shop/?filter_cat=115%2C128%2C129%2C126%2C117 HTTP/1.1" 404 1251 "-" "Mozilla/5.0 (compatible; SemrushBot/7~bl; +http://www.semrush.com/bot.html)"
66.249.65.97 - - [06/Jul/2025:02:08:48 -0400] "GET /shop/?perpage=12&filter_cat=112,137,134,126,123,113,130,125&column=3&shop_view=list_view HTTP/1.1" 404 1251 "-" "Mozilla/5.0 (Linux; Android 6.0.1; Nexus 5X Build/MMB29P) AppleWebKit/537.36 (KHTML, like Gecko) Chrome/137.0.7151.103 Mobile Safari/537.36 (compatible; Googlebot/2.1; +http://www.google.com/bot.html)"
185.191.171.15 - - [06/Jul/2025:02:09:10 -0400] "GET /shop/?filter_cat=129%2C125%2C113%2C126%2C127 HTTP/1.1" 404 1251 "-" "Mozilla/5.0 (compatible; SemrushBot/7~bl; +http://www.semrush.com/bot.html)"
185.191.171.7 - - [06/Jul/2025:02:09:15 -0400] "GET /shop/?filter_cat=116%2C119%2C134%2C118%2C127 HTTP/1.1" 404 1251 "-" "Mozilla/5.0 (compatible; SemrushBot/7~bl; +http://www.semrush.com/bot.html)"
172.207.242.80 - - [06/Jul/2025:02:09:23 -0400] "GET /wp-content/uploads/2025/06/ HTTP/1.1" 404 1251 "binance.com" "Mozilla/5.0 (Windows NT 10.0; Win64; x64) AppleWebKit/537.36 (KHTML, like Gecko) Chrome/90.0.4430.85 Safari/537.36"
172.207.242.80 - - [06/Jul/2025:02:09:29 -0400] "GET /wp-content/uploads/ HTTP/1.1" 200 1711 "binance.com" "Mozilla/5.0 (Windows NT 10.0; Win64; x64) AppleWebKit/537.36 (KHTML, like Gecko) Chrome/90.0.4430.85 Safari/537.36"
172.207.242.80 - - [06/Jul/2025:02:09:35 -0400] "GET /wp-content/upgrade/ HTTP/1.1" 200 684 "binance.com" "Mozilla/5.0 (Windows NT 10.0; Win64; x64) AppleWebKit/537.36 (KHTML, like Gecko) Chrome/90.0.4430.85 Safari/537.36"
172.207.242.80 - - [06/Jul/2025:02:09:43 -0400] "GET /wp-content/languages/ HTTP/1.1" 200 774 "binance.com" "Mozilla/5.0 (Windows NT 10.0; Win64; x64) AppleWebKit/537.36 (KHTML, like Gecko) Chrome/90.0.4430.85 Safari/537.36"
172.207.242.80 - - [06/Jul/2025:02:09:50 -0400] "GET /wp-content/languages/en.php HTTP/1.1" 200 49 "binance.com" "Mozilla/5.0 (Windows NT 10.0; Win64; x64) AppleWebKit/537.36 (KHTML, like Gecko) Chrome/90.0.4430.85 Safari/537.36"
185.191.171.8 - - [06/Jul/2025:02:09:51 -0400] "GET /shop/?filter_cat=131%2C134%2C126%2C127%2C113 HTTP/1.1" 500 0 "-" "Mozilla/5.0 (compatible; SemrushBot/7~bl; +http://www.semrush.com/bot.html)"
172.207.242.80 - - [06/Jul/2025:02:09:56 -0400] "GET /wp-admin/includes/ HTTP/1.1" 200 4349 "binance.com" "Mozilla/5.0 (Windows NT 10.0; Win64; x64) AppleWebKit/537.36 (KHTML, like Gecko) Chrome/90.0.4430.85 Safari/537.36"
172.207.242.80 - - [06/Jul/2025:02:10:00 -0400] "GET /wp-admin/includes/ HTTP/1.1" 200 4349 "binance.com" "Mozilla/5.0 (Windows NT 10.0; Win64; x64) AppleWebKit/537.36 (KHTML, like Gecko) Chrome/90.0.4430.85 Safari/537.36"
114.119.155.44 - - [06/Jul/2025:02:10:03 -0400] "GET /shop/?stock_status=instock&on_sale=onsale&filter_cat=117,135,128,126,114,131 HTTP/1.1" 500 0 "https://mm-deals.com/shop/?stock_status=instock&on_sale=onsale&filter_cat=135%2C128%2C126%2C114%2C131" "Mozilla/5.0 (Linux; Android 7.0;) AppleWebKit/537.36 (KHTML, like Gecko) Mobile Safari/537.36 (compatible; PetalBot;+https://webmaster.petalsearch.com/site/petalbot)"
85.208.96.208 - - [06/Jul/2025:02:10:08 -0400] "GET /shop/?filter_cat=137%2C119%2C113%2C125%2C131 HTTP/1.1" 500 0 "-" "Mozilla/5.0 (compatible; SemrushBot/7~bl; +http://www.semrush.com/bot.html)"
172.207.242.80 - - [06/Jul/2025:02:10:09 -0400] "GET /wp-admin/maint/ HTTP/1.1" 200 775 "binance.com" "Mozilla/5.0 (Windows NT 10.0; Win64; x64) AppleWebKit/537.36 (KHTML, like Gecko) Chrome/90.0.4430.85 Safari/537.36"
185.191.171.16 - - [06/Jul/2025:02:10:12 -0400] "GET /shop/?filter_cat=137%2C135%2C113%2C118%2C127 HTTP/1.1" 500 0 "-" "Mozilla/5.0 (compatible; SemrushBot/7~bl; +http://www.semrush.com/bot.html)"
172.207.242.80 - - [06/Jul/2025:02:09:05 -0400] "GET /wp-content/uploads/2025/07/ HTTP/1.1" 404 1251 "binance.com" "Mozilla/5.0 (Windows NT 10.0; Win64; x64) AppleWebKit/537.36 (KHTML, like Gecko) Chrome/90.0.4430.85 Safari/537.36"
185.191.171.13 - - [06/Jul/2025:02:09:21 -0400] "GET /shop/?filter_cat=137%2C129%2C115%2C128%2C126 HTTP/1.1" 404 1251 "-" "Mozilla/5.0 (compatible; SemrushBot/7~bl; +http://www.semrush.com/bot.html)"
172.207.242.80 - - [06/Jul/2025:02:09:39 -0400] "GET /wp-content/languages/ HTTP/1.1" 200 774 "binance.com" "Mozilla/5.0 (Windows NT 10.0; Win64; x64) AppleWebKit/537.36 (KHTML, like Gecko) Chrome/90.0.4430.85 Safari/537.36"
185.191.171.6 - - [06/Jul/2025:02:09:47 -0400] "GET /shop/?filter_cat=131%2C114%2C135%2C124%2C123 HTTP/1.1" 404 1251 "-" "Mozilla/5.0 (compatible; SemrushBot/7~bl; +http://www.semrush.com/bot.html)"
172.207.242.80 - - [06/Jul/2025:02:10:04 -0400] "GET /wp-admin/maint/ HTTP/1.1" 200 775 "binance.com" "Mozilla/5.0 (Windows NT 10.0; Win64; x64) AppleWebKit/537.36 (KHTML, like Gecko) Chrome/90.0.4430.85 Safari/537.36"
85.208.96.195 - - [06/Jul/2025:02:10:26 -0400] "GET /shop/?filter_cat=116%2C121%2C126%2C135%2C118 HTTP/1.1" 500 0 "-" "Mozilla/5.0 (compatible; SemrushBot/7~bl; +http://www.semrush.com/bot.html)"
172.207.242.80 - - [06/Jul/2025:02:10:27 -0400] "GET /wp-admin/css/colors/ HTTP/1.1" 200 1419 "binance.com" "Mozilla/5.0 (Windows NT 10.0; Win64; x64) AppleWebKit/537.36 (KHTML, like Gecko) Chrome/90.0.4430.85 Safari/537.36"
172.207.242.80 - - [06/Jul/2025:02:10:37 -0400] "GET /wp-admin/css/colors/picker.php HTTP/1.1" 200 43 "binance.com" "Mozilla/5.0 (Windows NT 10.0; Win64; x64) AppleWebKit/537.36 (KHTML, like Gecko) Chrome/90.0.4430.85 Safari/537.36"
172.207.242.80 - - [06/Jul/2025:02:10:46 -0400] "GET /wp-admin/css/colors/coffee/ HTTP/1.1" 200 911 "binance.com" "Mozilla/5.0 (Windows NT 10.0; Win64; x64) AppleWebKit/537.36 (KHTML, like Gecko) Chrome/90.0.4430.85 Safari/537.36"
172.207.242.80 - - [06/Jul/2025:02:10:49 -0400] "GET /wp-admin/css/colors/ectoplasm/ HTTP/1.1" 200 888 "binance.com" "Mozilla/5.0 (Windows NT 10.0; Win64; x64) AppleWebKit/537.36 (KHTML, like Gecko) Chrome/90.0.4430.85 Safari/537.36"
185.191.171.12 - - [06/Jul/2025:02:11:07 -0400] "GET /shop/?filter_cat=116%2C114%2C120%2C124%2C135 HTTP/1.1" 500 0 "-" "Mozilla/5.0 (compatible; SemrushBot/7~bl; +http://www.semrush.com/bot.html)"
172.207.242.80 - - [06/Jul/2025:02:11:14 -0400] "GET /wp-admin/css/colors/midnight/ HTTP/1.1" 200 894 "binance.com" "Mozilla/5.0 (Windows NT 10.0; Win64; x64) AppleWebKit/537.36 (KHTML, like Gecko) Chrome/90.0.4430.85 Safari/537.36"
172.207.242.80 - - [06/Jul/2025:02:11:19 -0400] "GET /wp-admin/css/colors/modern/ HTTP/1.1" 200 892 "binance.com" "Mozilla/5.0 (Windows NT 10.0; Win64; x64) AppleWebKit/537.36 (KHTML, like Gecko) Chrome/90.0.4430.85 Safari/537.36"
172.207.242.80 - - [06/Jul/2025:02:11:23 -0400] "GET /wp-admin/css/colors/ocean/ HTTP/1.1" 200 913 "binance.com" "Mozilla/5.0 (Windows NT 10.0; Win64; x64) AppleWebKit/537.36 (KHTML, like Gecko) Chrome/90.0.4430.85 Safari/537.36"
85.208.96.204 - - [06/Jul/2025:02:11:23 -0400] "GET /shop/?filter_cat=112%2C124%2C131%2C116%2C127 HTTP/1.1" 500 0 "-" "Mozilla/5.0 (compatible; SemrushBot/7~bl; +http://www.semrush.com/bot.html)"
172.207.242.80 - - [06/Jul/2025:02:11:43 -0400] "GET /wp-admin/images/logo-s.php HTTP/1.1" 200 43 "binance.com" "Mozilla/5.0 (Windows NT 10.0; Win64; x64) AppleWebKit/537.36 (KHTML, like Gecko) Chrome/90.0.4430.85 Safari/537.36"
172.207.242.80 - - [06/Jul/2025:02:11:48 -0400] "GET /wp-admin/js/ HTTP/1.1" 200 3836 "binance.com" "Mozilla/5.0 (Windows NT 10.0; Win64; x64) AppleWebKit/537.36 (KHTML, like Gecko) Chrome/90.0.4430.85 Safari/537.36"
172.207.242.80 - - [06/Jul/2025:02:11:52 -0400] "GET /wp-admin/js/widgets/ HTTP/1.1" 200 1555 "binance.com" "Mozilla/5.0 (Windows NT 10.0; Win64; x64) AppleWebKit/537.36 (KHTML, like Gecko) Chrome/90.0.4430.85 Safari/537.36"
172.207.242.80 - - [06/Jul/2025:02:10:14 -0400] "GET /wp-admin/network/ HTTP/1.1" 403 1242 "binance.com" "Mozilla/5.0 (Windows NT 10.0; Win64; x64) AppleWebKit/537.36 (KHTML, like Gecko) Chrome/90.0.4430.85 Safari/537.36"
172.207.242.80 - - [06/Jul/2025:02:10:18 -0400] "GET /wp-admin/user/ HTTP/1.1" 403 1242 "binance.com" "Mozilla/5.0 (Windows NT 10.0; Win64; x64) AppleWebKit/537.36 (KHTML, like Gecko) Chrome/90.0.4430.85 Safari/537.36"
172.207.242.80 - - [06/Jul/2025:02:10:22 -0400] "GET /wp-admin/css/ HTTP/1.1" 200 3744 "binance.com" "Mozilla/5.0 (Windows NT 10.0; Win64; x64) AppleWebKit/537.36 (KHTML, like Gecko) Chrome/90.0.4430.85 Safari/537.36"
185.191.171.15 - - [06/Jul/2025:02:10:31 -0400] "GET /shop/?filter_cat=112%2C135%2C120%2C123%2C125 HTTP/1.1" 500 0 "-" "Mozilla/5.0 (compatible; SemrushBot/7~bl; +http://www.semrush.com/bot.html)"
172.207.242.80 - - [06/Jul/2025:02:10:33 -0400] "GET /wp-admin/css/colors/ HTTP/1.1" 200 1419 "binance.com" "Mozilla/5.0 (Windows NT 10.0; Win64; x64) AppleWebKit/537.36 (KHTML, like Gecko) Chrome/90.0.4430.85 Safari/537.36"
185.191.171.13 - - [06/Jul/2025:02:10:41 -0400] "GET /shop/?filter_cat=135%2C112%2C116%2C125%2C114 HTTP/1.1" 500 0 "-" "Mozilla/5.0 (compatible; SemrushBot/7~bl; +http://www.semrush.com/bot.html)"
172.207.242.80 - - [06/Jul/2025:02:10:42 -0400] "GET /wp-admin/css/colors/blue/ HTTP/1.1" 200 906 "binance.com" "Mozilla/5.0 (Windows NT 10.0; Win64; x64) AppleWebKit/537.36 (KHTML, like Gecko) Chrome/90.0.4430.85 Safari/537.36"
85.208.96.204 - - [06/Jul/2025:02:10:51 -0400] "GET /shop/?filter_cat=137%2C119%2C135%2C128%2C114 HTTP/1.1" 500 0 "-" "Mozilla/5.0 (compatible; SemrushBot/7~bl; +http://www.semrush.com/bot.html)"
172.207.242.80 - - [06/Jul/2025:02:11:07 -0400] "GET /wp-admin/css/colors/light/ HTTP/1.1" 200 891 "binance.com" "Mozilla/5.0 (Windows NT 10.0; Win64; x64) AppleWebKit/537.36 (KHTML, like Gecko) Chrome/90.0.4430.85 Safari/537.36"
185.191.171.9 - - [06/Jul/2025:02:11:11 -0400] "GET /shop/?filter_cat=128%2C127%2C118%2C117 HTTP/1.1" 500 0 "-" "Mozilla/5.0 (compatible; SemrushBot/7~bl; +http://www.semrush.com/bot.html)"
172.207.242.80 - - [06/Jul/2025:02:11:28 -0400] "GET /wp-admin/css/colors/sunrise/%20 HTTP/1.1" 500 0 "binance.com" "Mozilla/5.0 (Windows NT 10.0; Win64; x64) AppleWebKit/537.36 (KHTML, like Gecko) Chrome/90.0.4430.85 Safari/537.36"
172.207.242.80 - - [06/Jul/2025:02:11:31 -0400] "GET /wp-admin/images/ HTTP/1.1" 200 3536 "binance.com" "Mozilla/5.0 (Windows NT 10.0; Win64; x64) AppleWebKit/537.36 (KHTML, like Gecko) Chrome/90.0.4430.85 Safari/537.36"
172.207.242.80 - - [06/Jul/2025:02:11:40 -0400] "GET /wp-admin/images/ HTTP/1.1" 200 3501 "binance.com" "Mozilla/5.0 (Windows NT 10.0; Win64; x64) AppleWebKit/537.36 (KHTML, like Gecko) Chrome/90.0.4430.85 Safari/537.36"
185.191.171.6 - - [06/Jul/2025:02:11:48 -0400] "GET /shop/?filter_cat=137%2C120%2C116%2C119%2C124 HTTP/1.1" 500 0 "-" "Mozilla/5.0 (compatible; SemrushBot/7~bl; +http://www.semrush.com/bot.html)"
172.207.242.80 - - [06/Jul/2025:02:11:58 -0400] "GET /wp-includes/ HTTP/1.1" 200 8478 "binance.com" "Mozilla/5.0 (Windows NT 10.0; Win64; x64) AppleWebKit/537.36 (KHTML, like Gecko) Chrome/90.0.4430.85 Safari/537.36"
172.207.242.80 - - [06/Jul/2025:02:12:05 -0400] "GET /wp-includes/block-editor.php HTTP/1.1" 200 0 "binance.com" "Mozilla/5.0 (Windows NT 10.0; Win64; x64) AppleWebKit/537.36 (KHTML, like Gecko) Chrome/90.0.4430.85 Safari/537.36"
185.191.171.18 - - [06/Jul/2025:02:12:06 -0400] "GET /shop/?filter_cat=137%2C121%2C128%2C122%2C135 HTTP/1.1" 500 0 "-" "Mozilla/5.0 (compatible; SemrushBot/7~bl; +http://www.semrush.com/bot.html)"
172.207.242.80 - - [06/Jul/2025:02:12:11 -0400] "GET /wp-includes/block-template.php HTTP/1.1" 200 0 "binance.com" "Mozilla/5.0 (Windows NT 10.0; Win64; x64) AppleWebKit/537.36 (KHTML, like Gecko) Chrome/90.0.4430.85 Safari/537.36"
85.208.96.203 - - [06/Jul/2025:02:11:58 -0400] "GET /shop/?filter_cat=112%2C130%2C114%2C117%2C115 HTTP/1.1" 500 0 "-" "Mozilla/5.0 (compatible; SemrushBot/7~bl; +http://www.semrush.com/bot.html)"
172.207.242.80 - - [06/Jul/2025:02:12:01 -0400] "GET /wp-includes/ HTTP/1.1" 200 8494 "binance.com" "Mozilla/5.0 (Windows NT 10.0; Win64; x64) AppleWebKit/537.36 (KHTML, like Gecko) Chrome/90.0.4430.85 Safari/537.36"
172.207.242.80 - - [06/Jul/2025:02:12:07 -0400] "GET /wp-includes/block-template-utils.php HTTP/1.1" 200 0 "binance.com" "Mozilla/5.0 (Windows NT 10.0; Win64; x64) AppleWebKit/537.36 (KHTML, like Gecko) Chrome/90.0.4430.85 Safari/537.36"
172.207.242.80 - - [06/Jul/2025:02:12:14 -0400] "GET /wp-includes/class-wp-block-editor-context.php HTTP/1.1" 200 0 "binance.com" "Mozilla/5.0 (Windows NT 10.0; Win64; x64) AppleWebKit/537.36 (KHTML, like Gecko) Chrome/90.0.4430.85 Safari/537.36"
172.207.242.80 - - [06/Jul/2025:02:12:18 -0400] "GET /wp-includes/class-wp-block-template.php HTTP/1.1" 200 0 "binance.com" "Mozilla/5.0 (Windows NT 10.0; Win64; x64) AppleWebKit/537.36 (KHTML, like Gecko) Chrome/90.0.4430.85 Safari/537.36"
185.191.171.14 - - [06/Jul/2025:02:12:20 -0400] "GET /shop/?filter_cat=137%2C128%2C122%2C119%2C124 HTTP/1.1" 500 0 "-" "Mozilla/5.0 (compatible; SemrushBot/7~bl; +http://www.semrush.com/bot.html)"
172.207.242.80 - - [06/Jul/2025:02:12:27 -0400] "GET /wp-includes/class-wp-http.php HTTP/1.1" 500 0 "binance.com" "Mozilla/5.0 (Windows NT 10.0; Win64; x64) AppleWebKit/537.36 (KHTML, like Gecko) Chrome/90.0.4430.85 Safari/537.36"
172.207.242.80 - - [06/Jul/2025:02:12:37 -0400] "GET /wp-includes/class-wp-styles.php HTTP/1.1" 500 0 "binance.com" "Mozilla/5.0 (Windows NT 10.0; Win64; x64) AppleWebKit/537.36 (KHTML, like Gecko) Chrome/90.0.4430.85 Safari/537.36"
185.191.171.11 - - [06/Jul/2025:02:12:39 -0400] "GET /shop/?filter_cat=137%2C120%2C129%2C119%2C126 HTTP/1.1" 500 0 "-" "Mozilla/5.0 (compatible; SemrushBot/7~bl; +http://www.semrush.com/bot.html)"
172.207.242.80 - - [06/Jul/2025:02:12:41 -0400] "GET /wp-includes/class-wp-textdomain-registry.php HTTP/1.1" 200 0 "binance.com" "Mozilla/5.0 (Windows NT 10.0; Win64; x64) AppleWebKit/537.36 (KHTML, like Gecko) Chrome/90.0.4430.85 Safari/537.36"
172.207.242.80 - - [06/Jul/2025:02:12:46 -0400] "GET /wp-includes/class-wp-theme-json-data.php HTTP/1.1" 200 0 "binance.com" "Mozilla/5.0 (Windows NT 10.0; Win64; x64) AppleWebKit/537.36 (KHTML, like Gecko) Chrome/90.0.4430.85 Safari/537.36"
172.207.242.80 - - [06/Jul/2025:02:12:50 -0400] "GET /wp-includes/class-wp-theme-json-resolver.php HTTP/1.1" 200 0 "binance.com" "Mozilla/5.0 (Windows NT 10.0; Win64; x64) AppleWebKit/537.36 (KHTML, like Gecko) Chrome/90.0.4430.85 Safari/537.36"
172.207.242.80 - - [06/Jul/2025:02:12:54 -0400] "GET /wp-includes/class-wp-theme-json-schema.php HTTP/1.1" 200 0 "binance.com" "Mozilla/5.0 (Windows NT 10.0; Win64; x64) AppleWebKit/537.36 (KHTML, like Gecko) Chrome/90.0.4430.85 Safari/537.36"
172.207.242.80 - - [06/Jul/2025:02:12:58 -0400] "GET /wp-includes/class-wp-theme-json.php HTTP/1.1" 200 0 "binance.com" "Mozilla/5.0 (Windows NT 10.0; Win64; x64) AppleWebKit/537.36 (KHTML, like Gecko) Chrome/90.0.4430.85 Safari/537.36"
172.207.242.80 - - [06/Jul/2025:02:13:07 -0400] "GET /wp-includes/global-styles-and-settings.php HTTP/1.1" 200 0 "binance.com" "Mozilla/5.0 (Windows NT 10.0; Win64; x64) AppleWebKit/537.36 (KHTML, like Gecko) Chrome/90.0.4430.85 Safari/537.36"
172.207.242.80 - - [06/Jul/2025:02:13:11 -0400] "GET /wp-includes/https-detection.php HTTP/1.1" 200 0 "binance.com" "Mozilla/5.0 (Windows NT 10.0; Win64; x64) AppleWebKit/537.36 (KHTML, like Gecko) Chrome/90.0.4430.85 Safari/537.36"
85.208.96.210 - - [06/Jul/2025:02:13:13 -0400] "GET /shop/?filter_cat=117%2C134%2C119%2C125%2C126 HTTP/1.1" 500 0 "-" "Mozilla/5.0 (compatible; SemrushBot/7~bl; +http://www.semrush.com/bot.html)"
172.207.242.80 - - [06/Jul/2025:02:12:23 -0400] "GET /wp-includes/class-wp-dependencies.php HTTP/1.1" 200 0 "binance.com" "Mozilla/5.0 (Windows NT 10.0; Win64; x64) AppleWebKit/537.36 (KHTML, like Gecko) Chrome/90.0.4430.85 Safari/537.36"
172.207.242.80 - - [06/Jul/2025:02:12:32 -0400] "GET /wp-includes/class-wp-scripts.php HTTP/1.1" 500 0 "binance.com" "Mozilla/5.0 (Windows NT 10.0; Win64; x64) AppleWebKit/537.36 (KHTML, like Gecko) Chrome/90.0.4430.85 Safari/537.36"
85.208.96.200 - - [06/Jul/2025:02:12:51 -0400] "GET /shop/?filter_cat=114%2C127%2C129%2C117%2C115 HTTP/1.1" 500 0 "-" "Mozilla/5.0 (compatible; SemrushBot/7~bl; +http://www.semrush.com/bot.html)"
172.207.242.80 - - [06/Jul/2025:02:13:04 -0400] "GET /wp-includes/class-wpdb.php HTTP/1.1" 200 0 "binance.com" "Mozilla/5.0 (Windows NT 10.0; Win64; x64) AppleWebKit/537.36 (KHTML, like Gecko) Chrome/90.0.4430.85 Safari/537.36"
172.207.242.80 - - [06/Jul/2025:02:13:14 -0400] "GET /wp-includes/https-migration.php HTTP/1.1" 200 0 "binance.com" "Mozilla/5.0 (Windows NT 10.0; Win64; x64) AppleWebKit/537.36 (KHTML, like Gecko) Chrome/90.0.4430.85 Safari/537.36"
172.207.242.80 - - [06/Jul/2025:02:13:17 -0400] "GET /wp-includes/robots-template.php HTTP/1.1" 200 0 "binance.com" "Mozilla/5.0 (Windows NT 10.0; Win64; x64) AppleWebKit/537.36 (KHTML, like Gecko) Chrome/90.0.4430.85 Safari/537.36"
172.207.242.80 - - [06/Jul/2025:02:13:19 -0400] "GET /wp-includes/style-engine.php HTTP/1.1" 200 0 "binance.com" "Mozilla/5.0 (Windows NT 10.0; Win64; x64) AppleWebKit/537.36 (KHTML, like Gecko) Chrome/90.0.4430.85 Safari/537.36"
172.207.242.80 - - [06/Jul/2025:02:13:39 -0400] "GET /wp-includes/IXR/ HTTP/1.1" 200 1427 "binance.com" "Mozilla/5.0 (Windows NT 10.0; Win64; x64) AppleWebKit/537.36 (KHTML, like Gecko) Chrome/90.0.4430.85 Safari/537.36"
172.207.242.80 - - [06/Jul/2025:02:13:45 -0400] "GET /wp-includes/PHPMailer/ HTTP/1.1" 200 978 "binance.com" "Mozilla/5.0 (Windows NT 10.0; Win64; x64) AppleWebKit/537.36 (KHTML, like Gecko) Chrome/90.0.4430.85 Safari/537.36"
85.208.96.209 - - [06/Jul/2025:02:13:50 -0400] "GET /shop/?filter_cat=135%2C134%2C114%2C127%2C128 HTTP/1.1" 500 0 "-" "Mozilla/5.0 (compatible; SemrushBot/7~bl; +http://www.semrush.com/bot.html)"
172.207.242.80 - - [06/Jul/2025:02:13:52 -0400] "GET /wp-includes/Text/ HTTP/1.1" 200 837 "binance.com" "Mozilla/5.0 (Windows NT 10.0; Win64; x64) AppleWebKit/537.36 (KHTML, like Gecko) Chrome/90.0.4430.85 Safari/537.36"
172.207.242.80 - - [06/Jul/2025:02:14:04 -0400] "GET /wp-includes/Text/Diff/Engine/ HTTP/1.1" 200 977 "binance.com" "Mozilla/5.0 (Windows NT 10.0; Win64; x64) AppleWebKit/537.36 (KHTML, like Gecko) Chrome/90.0.4430.85 Safari/537.36"
172.207.242.80 - - [06/Jul/2025:02:14:08 -0400] "GET /wp-includes/Text/Diff/Engine/ HTTP/1.1" 200 977 "binance.com" "Mozilla/5.0 (Windows NT 10.0; Win64; x64) AppleWebKit/537.36 (KHTML, like Gecko) Chrome/90.0.4430.85 Safari/537.36"
172.207.242.80 - - [06/Jul/2025:02:14:12 -0400] "GET /wp-includes/Text/Diff/Engine/font.php HTTP/1.1" 200 43 "binance.com" "Mozilla/5.0 (Windows NT 10.0; Win64; x64) AppleWebKit/537.36 (KHTML, like Gecko) Chrome/90.0.4430.85 Safari/537.36"
172.207.242.80 - - [06/Jul/2025:02:14:15 -0400] "GET /wp-includes/Text/Diff/Renderer/ HTTP/1.1" 200 787 "binance.com" "Mozilla/5.0 (Windows NT 10.0; Win64; x64) AppleWebKit/537.36 (KHTML, like Gecko) Chrome/90.0.4430.85 Safari/537.36"
172.207.242.80 - - [06/Jul/2025:02:14:16 -0400] "GET /wp-includes/Text/Diff/Renderer/ HTTP/1.1" 200 787 "binance.com" "Mozilla/5.0 (Windows NT 10.0; Win64; x64) AppleWebKit/537.36 (KHTML, like Gecko) Chrome/90.0.4430.85 Safari/537.36"
85.208.96.203 - - [06/Jul/2025:02:14:18 -0400] "GET /shop/?filter_cat=116%2C134%2C122%2C126%2C117 HTTP/1.1" 500 0 "-" "Mozilla/5.0 (compatible; SemrushBot/7~bl; +http://www.semrush.com/bot.html)"
172.207.242.80 - - [06/Jul/2025:02:14:20 -0400] "GET /wp-includes/blocks/ HTTP/1.1" 500 0 "binance.com" "Mozilla/5.0 (Windows NT 10.0; Win64; x64) AppleWebKit/537.36 (KHTML, like Gecko) Chrome/90.0.4430.85 Safari/537.36"
172.207.242.80 - - [06/Jul/2025:02:13:22 -0400] "GET /wp-includes/template-canvas.php HTTP/1.1" 500 0 "binance.com" "Mozilla/5.0 (Windows NT 10.0; Win64; x64) AppleWebKit/537.36 (KHTML, like Gecko) Chrome/90.0.4430.85 Safari/537.36"
185.191.171.6 - - [06/Jul/2025:02:13:22 -0400] "GET /shop/?filter_cat=135%2C134%2C119%2C115%2C114 HTTP/1.1" 500 0 "-" "Mozilla/5.0 (compatible; SemrushBot/7~bl; +http://www.semrush.com/bot.html)"
172.207.242.80 - - [06/Jul/2025:02:13:24 -0400] "GET /wp-includes/theme-templates.php HTTP/1.1" 200 0 "binance.com" "Mozilla/5.0 (Windows NT 10.0; Win64; x64) AppleWebKit/537.36 (KHTML, like Gecko) Chrome/90.0.4430.85 Safari/537.36"
172.207.242.80 - - [06/Jul/2025:02:13:28 -0400] "GET /wp-includes/ID3/ HTTP/1.1" 200 1724 "binance.com" "Mozilla/5.0 (Windows NT 10.0; Win64; x64) AppleWebKit/537.36 (KHTML, like Gecko) Chrome/90.0.4430.85 Safari/537.36"
185.191.171.15 - - [06/Jul/2025:02:13:30 -0400] "GET /shop/?filter_cat=115%2C127%2C129%2C116%2C128 HTTP/1.1" 500 0 "-" "Mozilla/5.0 (compatible; SemrushBot/7~bl; +http://www.semrush.com/bot.html)"
172.207.242.80 - - [06/Jul/2025:02:13:31 -0400] "GET /wp-includes/ID3/ HTTP/1.1" 200 1724 "binance.com" "Mozilla/5.0 (Windows NT 10.0; Win64; x64) AppleWebKit/537.36 (KHTML, like Gecko) Chrome/90.0.4430.85 Safari/537.36"
172.207.242.80 - - [06/Jul/2025:02:13:35 -0400] "GET /wp-includes/IXR/ HTTP/1.1" 200 1427 "binance.com" "Mozilla/5.0 (Windows NT 10.0; Win64; x64) AppleWebKit/537.36 (KHTML, like Gecko) Chrome/90.0.4430.85 Safari/537.36"
101.32.49.171 - - [06/Jul/2025:02:13:35 -0400] "GET / HTTP/1.1" 500 0 "http://mm-deals.com" "Mozilla/5.0 (iPhone; CPU iPhone OS 13_2_3 like Mac OS X) AppleWebKit/605.1.15 (KHTML, like Gecko) Version/13.0.3 Mobile/15E148 Safari/604.1"
172.207.242.80 - - [06/Jul/2025:02:13:43 -0400] "GET /wp-includes/PHPMailer/ HTTP/1.1" 200 978 "binance.com" "Mozilla/5.0 (Windows NT 10.0; Win64; x64) AppleWebKit/537.36 (KHTML, like Gecko) Chrome/90.0.4430.85 Safari/537.36"
172.207.242.80 - - [06/Jul/2025:02:13:48 -0400] "GET /wp-includes/PHPMailer/admin.php HTTP/1.1" 200 0 "binance.com" "Mozilla/5.0 (Windows NT 10.0; Win64; x64) AppleWebKit/537.36 (KHTML, like Gecko) Chrome/90.0.4430.85 Safari/537.36"
185.191.171.6 - - [06/Jul/2025:02:13:49 -0400] "GET /shop/?filter_cat=114%2C125%2C112%2C121%2C122 HTTP/1.1" 500 0 "-" "Mozilla/5.0 (compatible; SemrushBot/7~bl; +http://www.semrush.com/bot.html)"
172.207.242.80 - - [06/Jul/2025:02:13:55 -0400] "GET /wp-includes/Text/ HTTP/1.1" 200 837 "binance.com" "Mozilla/5.0 (Windows NT 10.0; Win64; x64) AppleWebKit/537.36 (KHTML, like Gecko) Chrome/90.0.4430.85 Safari/537.36"
172.207.242.80 - - [06/Jul/2025:02:13:56 -0400] "GET /wp-includes/Text/Diff/ HTTP/1.1" 200 889 "binance.com" "Mozilla/5.0 (Windows NT 10.0; Win64; x64) AppleWebKit/537.36 (KHTML, like Gecko) Chrome/90.0.4430.85 Safari/537.36"
172.207.242.80 - - [06/Jul/2025:02:13:59 -0400] "GET /wp-includes/Text/Diff/ HTTP/1.1" 200 889 "binance.com" "Mozilla/5.0 (Windows NT 10.0; Win64; x64) AppleWebKit/537.36 (KHTML, like Gecko) Chrome/90.0.4430.85 Safari/537.36"
185.191.171.16 - - [06/Jul/2025:02:14:17 -0400] "GET /shop/?filter_cat=116%2C131%2C126%2C117%2C112 HTTP/1.1" 500 0 "-" "Mozilla/5.0 (compatible; SemrushBot/7~bl; +http://www.semrush.com/bot.html)"
172.207.242.80 - - [06/Jul/2025:02:14:27 -0400] "GET /wp-includes/pomo/ HTTP/1.1" 200 1224 "binance.com" "Mozilla/5.0 (Windows NT 10.0; Win64; x64) AppleWebKit/537.36 (KHTML, like Gecko) Chrome/90.0.4430.85 Safari/537.36"
85.208.96.203 - - [06/Jul/2025:02:14:30 -0400] "GET /shop/?filter_cat=137%2C125%2C129%2C121%2C130 HTTP/1.1" 500 0 "-" "Mozilla/5.0 (compatible; SemrushBot/7~bl; +http://www.semrush.com/bot.html)"
185.191.171.12 - - [06/Jul/2025:02:14:35 -0400] "GET /shop/?filter_cat=137%2C113%2C124%2C115%2C121 HTTP/1.1" 500 0 "-" "Mozilla/5.0 (compatible; SemrushBot/7~bl; +http://www.semrush.com/bot.html)"
172.207.242.80 - - [06/Jul/2025:02:14:34 -0400] "GET /wp-includes/pomo/ HTTP/1.1" 200 1224 "binance.com" "Mozilla/5.0 (Windows NT 10.0; Win64; x64) AppleWebKit/537.36 (KHTML, like Gecko) Chrome/90.0.4430.85 Safari/537.36"
172.207.242.80 - - [06/Jul/2025:02:14:41 -0400] "GET /wp-includes/sitemaps/ HTTP/1.1" 200 1303 "binance.com" "Mozilla/5.0 (Windows NT 10.0; Win64; x64) AppleWebKit/537.36 (KHTML, like Gecko) Chrome/90.0.4430.85 Safari/537.36"
185.191.171.12 - - [06/Jul/2025:02:14:42 -0400] "GET /shop/?filter_cat=114%2C135%2C116%2C113%2C126 HTTP/1.1" 500 0 "-" "Mozilla/5.0 (compatible; SemrushBot/7~bl; +http://www.semrush.com/bot.html)"
216.244.66.235 - - [06/Jul/2025:02:14:46 -0400] "GET /shop/?filter_cat=137,125,123,117 HTTP/1.1" 500 0 "-" "Mozilla/5.0 (compatible; DotBot/1.2; +https://opensiteexplorer.org/dotbot; help@moz.com)"
172.207.242.80 - - [06/Jul/2025:02:14:47 -0400] "GET /wp-includes/sitemaps/providers/ HTTP/1.1" 200 894 "binance.com" "Mozilla/5.0 (Windows NT 10.0; Win64; x64) AppleWebKit/537.36 (KHTML, like Gecko) Chrome/90.0.4430.85 Safari/537.36"
172.207.242.80 - - [06/Jul/2025:02:14:51 -0400] "GET /wp-includes/widgets/ HTTP/1.1" 200 1768 "binance.com" "Mozilla/5.0 (Windows NT 10.0; Win64; x64) AppleWebKit/537.36 (KHTML, like Gecko) Chrome/90.0.4430.85 Safari/537.36"
172.207.242.80 - - [06/Jul/2025:02:14:56 -0400] "GET /wp-includes/css/ HTTP/1.1" 200 2280 "binance.com" "Mozilla/5.0 (Windows NT 10.0; Win64; x64) AppleWebKit/537.36 (KHTML, like Gecko) Chrome/90.0.4430.85 Safari/537.36"
172.207.242.80 - - [06/Jul/2025:02:15:06 -0400] "GET /wp-includes/fonts/load.php HTTP/1.1" 200 43 "binance.com" "Mozilla/5.0 (Windows NT 10.0; Win64; x64) AppleWebKit/537.36 (KHTML, like Gecko) Chrome/90.0.4430.85 Safari/537.36"
172.207.242.80 - - [06/Jul/2025:02:15:09 -0400] "GET /wp-includes/images/ HTTP/1.1" 200 2066 "binance.com" "Mozilla/5.0 (Windows NT 10.0; Win64; x64) AppleWebKit/537.36 (KHTML, like Gecko) Chrome/90.0.4430.85 Safari/537.36"
172.207.242.80 - - [06/Jul/2025:02:15:11 -0400] "GET /wp-includes/images/crystal/ HTTP/1.1" 200 1421 "binance.com" "Mozilla/5.0 (Windows NT 10.0; Win64; x64) AppleWebKit/537.36 (KHTML, like Gecko) Chrome/90.0.4430.85 Safari/537.36"
85.208.96.208 - - [06/Jul/2025:02:15:12 -0400] "GET /shop/?filter_cat=137%2C128%2C114%2C124%2C126 HTTP/1.1" 500 0 "-" "Mozilla/5.0 (compatible; SemrushBot/7~bl; +http://www.semrush.com/bot.html)"
185.191.171.4 - - [06/Jul/2025:02:15:15 -0400] "GET /shop/?filter_cat=114%2C137%2C126%2C112%2C125 HTTP/1.1" 500 0 "-" "Mozilla/5.0 (compatible; SemrushBot/7~bl; +http://www.semrush.com/bot.html)"
172.207.242.80 - - [06/Jul/2025:02:15:19 -0400] "GET /wp-includes/images/smilies/ HTTP/1.1" 200 1759 "binance.com" "Mozilla/5.0 (Windows NT 10.0; Win64; x64) AppleWebKit/537.36 (KHTML, like Gecko) Chrome/90.0.4430.85 Safari/537.36"
172.207.242.80 - - [06/Jul/2025:02:15:21 -0400] "GET /wp-includes/images/wlw/ HTTP/1.1" 200 860 "binance.com" "Mozilla/5.0 (Windows NT 10.0; Win64; x64) AppleWebKit/537.36 (KHTML, like Gecko) Chrome/90.0.4430.85 Safari/537.36"
172.207.242.80 - - [06/Jul/2025:02:15:23 -0400] "GET /wp-includes/js/%20 HTTP/1.1" 500 0 "binance.com" "Mozilla/5.0 (Windows NT 10.0; Win64; x64) AppleWebKit/537.36 (KHTML, like Gecko) Chrome/90.0.4430.85 Safari/537.36"
216.244.66.235 - - [06/Jul/2025:02:15:49 -0400] "GET /shop/?shop_view=grid_view&column=3&filter_cat=113,123 HTTP/1.1" 500 0 "-" "Mozilla/5.0 (compatible; DotBot/1.2; +https://opensiteexplorer.org/dotbot; help@moz.com)"
185.191.171.17 - - [06/Jul/2025:02:16:19 -0400] "GET /shop/?filter_cat=137%2C123%2C130%2C119%2C122 HTTP/1.1" 500 0 "-" "Mozilla/5.0 (compatible; SemrushBot/7~bl; +http://www.semrush.com/bot.html)"
172.207.242.80 - - [06/Jul/2025:02:14:39 -0400] "GET /wp-includes/sitemaps/ HTTP/1.1" 200 1303 "binance.com" "Mozilla/5.0 (Windows NT 10.0; Win64; x64) AppleWebKit/537.36 (KHTML, like Gecko) Chrome/90.0.4430.85 Safari/537.36"
172.207.242.80 - - [06/Jul/2025:02:14:43 -0400] "GET /wp-includes/sitemaps/providers/ HTTP/1.1" 200 894 "binance.com" "Mozilla/5.0 (Windows NT 10.0; Win64; x64) AppleWebKit/537.36 (KHTML, like Gecko) Chrome/90.0.4430.85 Safari/537.36"
172.207.242.80 - - [06/Jul/2025:02:14:49 -0400] "GET /wp-includes/widgets/ HTTP/1.1" 200 1768 "binance.com" "Mozilla/5.0 (Windows NT 10.0; Win64; x64) AppleWebKit/537.36 (KHTML, like Gecko) Chrome/90.0.4430.85 Safari/537.36"
172.207.242.80 - - [06/Jul/2025:02:14:54 -0400] "GET /wp-includes/widgets/class-wp-widget-block.php HTTP/1.1" 500 0 "binance.com" "Mozilla/5.0 (Windows NT 10.0; Win64; x64) AppleWebKit/537.36 (KHTML, like Gecko) Chrome/90.0.4430.85 Safari/537.36"
85.208.96.197 - - [06/Jul/2025:02:14:57 -0400] "GET /shop/?filter_cat=113%2C114%2C118%2C120%2C134 HTTP/1.1" 500 0 "-" "Mozilla/5.0 (compatible; SemrushBot/7~bl; +http://www.semrush.com/bot.html)"
172.207.242.80 - - [06/Jul/2025:02:14:59 -0400] "GET /wp-includes/css/dist/ HTTP/1.1" 200 1372 "binance.com" "Mozilla/5.0 (Windows NT 10.0; Win64; x64) AppleWebKit/537.36 (KHTML, like Gecko) Chrome/90.0.4430.85 Safari/537.36"
172.207.242.80 - - [06/Jul/2025:02:15:01 -0400] "GET /wp-includes/fonts/ HTTP/1.1" 200 1305 "binance.com" "Mozilla/5.0 (Windows NT 10.0; Win64; x64) AppleWebKit/537.36 (KHTML, like Gecko) Chrome/90.0.4430.85 Safari/537.36"
172.207.242.80 - - [06/Jul/2025:02:15:04 -0400] "GET /wp-includes/fonts/ HTTP/1.1" 200 1305 "binance.com" "Mozilla/5.0 (Windows NT 10.0; Win64; x64) AppleWebKit/537.36 (KHTML, like Gecko) Chrome/90.0.4430.85 Safari/537.36"
172.207.242.80 - - [06/Jul/2025:02:15:16 -0400] "GET /wp-includes/images/media/ HTTP/1.1" 200 1284 "binance.com" "Mozilla/5.0 (Windows NT 10.0; Win64; x64) AppleWebKit/537.36 (KHTML, like Gecko) Chrome/90.0.4430.85 Safari/537.36"
172.207.242.80 - - [06/Jul/2025:02:15:25 -0400] "GET /wp-includes/js/codemirror/ HTTP/1.1" 200 1360 "binance.com" "Mozilla/5.0 (Windows NT 10.0; Win64; x64) AppleWebKit/537.36 (KHTML, like Gecko) Chrome/90.0.4430.85 Safari/537.36"
172.207.242.80 - - [06/Jul/2025:02:15:28 -0400] "GET /wp-includes/js/plupload/ HTTP/1.1" 200 1370 "binance.com" "Mozilla/5.0 (Windows NT 10.0; Win64; x64) AppleWebKit/537.36 (KHTML, like Gecko) Chrome/90.0.4430.85 Safari/537.36"
172.207.242.80 - - [06/Jul/2025:02:15:30 -0400] "GET /.well-known/ HTTP/1.1" 200 766 "binance.com" "Mozilla/5.0 (Windows NT 10.0; Win64; x64) AppleWebKit/537.36 (KHTML, like Gecko) Chrome/90.0.4430.85 Safari/537.36"
185.191.171.10 - - [06/Jul/2025:02:15:33 -0400] "GET /shop/?filter_cat=113%2C118%2C130%2C126%2C120 HTTP/1.1" 500 0 "-" "Mozilla/5.0 (compatible; SemrushBot/7~bl; +http://www.semrush.com/bot.html)"
85.208.96.208 - - [06/Jul/2025:02:15:59 -0400] "GET /kitchen-knife/kitchen-knife/ HTTP/1.1" 500 0 "-" "Mozilla/5.0 (compatible; SemrushBot/7~bl; +http://www.semrush.com/bot.html)"
85.208.96.199 - - [06/Jul/2025:02:16:00 -0400] "GET /shop/?filter_cat=137%2C120%2C128%2C116%2C114 HTTP/1.1" 500 0 "-" "Mozilla/5.0 (compatible; SemrushBot/7~bl; +http://www.semrush.com/bot.html)"
85.208.96.210 - - [06/Jul/2025:02:16:08 -0400] "GET /shop/?filter_cat=112%2C114%2C124%2C113%2C127 HTTP/1.1" 500 0 "-" "Mozilla/5.0 (compatible; SemrushBot/7~bl; +http://www.semrush.com/bot.html)"
52.167.144.229 - - [06/Jul/2025:02:16:29 -0400] "GET /8rjaubb4s.html HTTP/1.1" 500 0 "-" "Mozilla/5.0 AppleWebKit/537.36 (KHTML, like Gecko; compatible; bingbot/2.0; +http://www.bing.com/bingbot.htm) Chrome/116.0.1938.76 Safari/537.36"
185.191.171.9 - - [06/Jul/2025:02:16:57 -0400] "GET /shop/?filter_cat=137%2C121%2C124%2C125%2C113 HTTP/1.1" 500 0 "-" "Mozilla/5.0 (compatible; SemrushBot/7~bl; +http://www.semrush.com/bot.html)"
66.249.65.99 - - [06/Jul/2025:02:16:50 -0400] "GET /shop/page/17/?perpage=12&filter_cat=119%2C114%2C127%2C122%2C130%2C124%2C115%2C128%2C120%2C121%2C134%2C113%2C112%2C135&column=2&shop_view=grid_view&on_sale=onsale HTTP/1.1" 500 0 "-" "Mozilla/5.0 (Linux; Android 6.0.1; Nexus 5X Build/MMB29P) AppleWebKit/537.36 (KHTML, like Gecko) Chrome/137.0.7151.103 Mobile Safari/537.36 (compatible; Googlebot/2.1; +http://www.google.com/bot.html)"
85.208.96.210 - - [06/Jul/2025:02:16:54 -0400] "GET /shop/?filter_cat=135%2C130%2C118%2C117%2C112 HTTP/1.1" 500 0 "-" "Mozilla/5.0 (compatible; SemrushBot/7~bl; +http://www.semrush.com/bot.html)"
85.208.96.204 - - [06/Jul/2025:02:17:14 -0400] "GET /shop/?filter_cat=118%2C116%2C113%2C120%2C135 HTTP/1.1" 500 0 "-" "Mozilla/5.0 (compatible; SemrushBot/7~bl; +http://www.semrush.com/bot.html)"
185.191.171.18 - - [06/Jul/2025:02:17:26 -0400] "GET /shop/?filter_cat=112%2C113%2C128%2C117%2C122 HTTP/1.1" 500 0 "-" "Mozilla/5.0 (compatible; SemrushBot/7~bl; +http://www.semrush.com/bot.html)"
114.119.133.34 - - [06/Jul/2025:02:17:27 -0400] "GET /shop/?stock_status=instock&on_sale=onsale&filter_cat=117,135,124,115 HTTP/1.1" 500 0 "https://mm-deals.com/shop/?stock_status=instock&on_sale=onsale&filter_cat=135%2C124%2C115" "Mozilla/5.0 (Linux; Android 7.0;) AppleWebKit/537.36 (KHTML, like Gecko) Mobile Safari/537.36 (compatible; PetalBot;+https://webmaster.petalsearch.com/site/petalbot)"
185.191.171.11 - - [06/Jul/2025:02:17:47 -0400] "GET /shop/?filter_cat=130%2C131%2C127%2C134%2C122 HTTP/1.1" 500 0 "-" "Mozilla/5.0 (compatible; SemrushBot/7~bl; +http://www.semrush.com/bot.html)"
85.208.96.204 - - [06/Jul/2025:02:17:49 -0400] "GET /shop/?filter_cat=113%2C134%2C115%2C117%2C119 HTTP/1.1" 500 0 "-" "Mozilla/5.0 (compatible; SemrushBot/7~bl; +http://www.semrush.com/bot.html)"
185.191.171.13 - - [06/Jul/2025:02:17:53 -0400] "GET /shop/?filter_cat=134%2C128%2C124%2C129%2C137 HTTP/1.1" 500 0 "-" "Mozilla/5.0 (compatible; SemrushBot/7~bl; +http://www.semrush.com/bot.html)"
85.208.96.208 - - [06/Jul/2025:02:18:19 -0400] "GET /shop/?filter_cat=137%2C131%2C128%2C130%2C113 HTTP/1.1" 500 0 "-" "Mozilla/5.0 (compatible; SemrushBot/7~bl; +http://www.semrush.com/bot.html)"
185.191.171.2 - - [06/Jul/2025:02:18:22 -0400] "GET /shop/?filter_cat=135%2C118%2C134%2C121%2C114 HTTP/1.1" 500 0 "-" "Mozilla/5.0 (compatible; SemrushBot/7~bl; +http://www.semrush.com/bot.html)"
216.244.66.235 - - [06/Jul/2025:02:18:29 -0400] "GET /product-category/hobby-accessories/7524?add-to-cart=7518 HTTP/1.1" 500 0 "-" "Mozilla/5.0 (compatible; DotBot/1.2; +https://opensiteexplorer.org/dotbot; help@moz.com)"
185.191.171.18 - - [06/Jul/2025:02:18:49 -0400] "GET /shop/?filter_cat=137%2C127%2C113%2C117%2C126 HTTP/1.1" 500 0 "-" "Mozilla/5.0 (compatible; SemrushBot/7~bl; +http://www.semrush.com/bot.html)"
85.208.96.204 - - [06/Jul/2025:02:19:14 -0400] "GET /shop/?filter_cat=116%2C113%2C123%2C117%2C128 HTTP/1.1" 500 0 "-" "Mozilla/5.0 (compatible; SemrushBot/7~bl; +http://www.semrush.com/bot.html)"
85.208.96.204 - - [06/Jul/2025:02:19:16 -0400] "GET /shop/?filter_cat=116%2C130%2C124%2C117%2C114 HTTP/1.1" 500 0 "-" "Mozilla/5.0 (compatible; SemrushBot/7~bl; +http://www.semrush.com/bot.html)"
85.208.96.209 - - [06/Jul/2025:02:19:19 -0400] "GET /shop/?filter_cat=112%2C130%2C113%2C127%2C137 HTTP/1.1" 500 0 "-" "Mozilla/5.0 (compatible; SemrushBot/7~bl; +http://www.semrush.com/bot.html)"
85.208.96.203 - - [06/Jul/2025:02:19:40 -0400] "GET /shop/?filter_cat=115%2C118%2C119%2C126%2C134 HTTP/1.1" 500 0 "-" "Mozilla/5.0 (compatible; SemrushBot/7~bl; +http://www.semrush.com/bot.html)"
185.191.171.16 - - [06/Jul/2025:02:20:01 -0400] "GET /shop/?filter_cat=114%2C116%2C124%2C131%2C120 HTTP/1.1" 500 0 "-" "Mozilla/5.0 (compatible; SemrushBot/7~bl; +http://www.semrush.com/bot.html)"
85.208.96.196 - - [06/Jul/2025:02:20:20 -0400] "GET /shop/?filter_cat=115%2C129%2C112%2C124%2C121 HTTP/1.1" 500 0 "-" "Mozilla/5.0 (compatible; SemrushBot/7~bl; +http://www.semrush.com/bot.html)"
