185.191.171.3 - - [06/Jul/2025:02:20:59 -0400] "GET /shop/?filter_cat=125%2C120%2C115%2C130 HTTP/1.1" 500 0 "-" "Mozilla/5.0 (compatible; SemrushBot/7~bl; +http://www.semrush.com/bot.html)"
185.191.171.7 - - [06/Jul/2025:02:21:16 -0400] "GET /shop/?filter_cat=135%2C113%2C114%2C129%2C120 HTTP/1.1" 500 0 "-" "Mozilla/5.0 (compatible; SemrushBot/7~bl; +http://www.semrush.com/bot.html)"
45.84.107.54 - - [06/Jul/2025:02:21:20 -0400] "GET / HTTP/1.1" 500 0 "mm-deals.com" "Mozilla/5.0 (Linux; Android 9; AOSP on IA Emulator Build/PSR1.180720.117) AppleWebKit/537.36 (KHTML, like Gecko) Chrome/69.0.3497.100 Safari/537.36"
85.208.96.208 - - [06/Jul/2025:02:21:38 -0400] "GET /shop/?filter_cat=112%2C114%2C113%2C131%2C125 HTTP/1.1" 500 0 "-" "Mozilla/5.0 (compatible; SemrushBot/7~bl; +http://www.semrush.com/bot.html)"
185.191.171.12 - - [06/Jul/2025:02:22:44 -0400] "GET /shop/?filter_cat=137%2C124%2C122%2C121%2C112 HTTP/1.1" 500 0 "-" "Mozilla/5.0 (compatible; SemrushBot/7~bl; +http://www.semrush.com/bot.html)"
85.208.96.193 - - [06/Jul/2025:02:22:49 -0400] "GET /shop/?filter_cat=135%2C120%2C137%2C122%2C127 HTTP/1.1" 500 0 "-" "Mozilla/5.0 (compatible; SemrushBot/7~bl; +http://www.semrush.com/bot.html)"
85.208.96.204 - - [06/Jul/2025:02:23:17 -0400] "GET /shop/?filter_cat=115%2C128%2C130%2C134%2C122 HTTP/1.1" 500 0 "-" "Mozilla/5.0 (compatible; SemrushBot/7~bl; +http://www.semrush.com/bot.html)"
85.208.96.202 - - [06/Jul/2025:02:18:19 -0400] "GET /robots.txt HTTP/1.1" 200 200 "-" "Mozilla/5.0 (compatible; SemrushBot/7~bl; +http://www.semrush.com/bot.html)"
85.208.96.211 - - [06/Jul/2025:02:18:36 -0400] "GET /shop/?filter_cat=112%2C123%2C124%2C114%2C118 HTTP/1.1" 500 0 "-" "Mozilla/5.0 (compatible; SemrushBot/7~bl; +http://www.semrush.com/bot.html)"
185.191.171.18 - - [06/Jul/2025:02:18:44 -0400] "GET /shop/?filter_cat=114%2C135%2C127%2C119%2C131 HTTP/1.1" 500 0 "-" "Mozilla/5.0 (compatible; SemrushBot/7~bl; +http://www.semrush.com/bot.html)"
216.244.66.235 - - [06/Jul/2025:02:18:59 -0400] "GET /shop/?add-to-cart=7516&filter_cat=122%2C129%2C127&shop_view=list_view HTTP/1.1" 500 0 "-" "Mozilla/5.0 (compatible; DotBot/1.2; +https://opensiteexplorer.org/dotbot; help@moz.com)"
185.191.171.15 - - [06/Jul/2025:02:20:05 -0400] "GET /shop/?filter_cat=112%2C122%2C124%2C125%2C127 HTTP/1.1" 500 0 "-" "Mozilla/5.0 (compatible; SemrushBot/7~bl; +http://www.semrush.com/bot.html)"
85.208.96.195 - - [06/Jul/2025:02:20:11 -0400] "GET /shop/?filter_cat=118%2C131%2C129%2C127 HTTP/1.1" 500 0 "-" "Mozilla/5.0 (compatible; SemrushBot/7~bl; +http://www.semrush.com/bot.html)"
185.191.171.9 - - [06/Jul/2025:02:21:09 -0400] "GET /shop/?filter_cat=116%2C124%2C128%2C118%2C117 HTTP/1.1" 500 0 "-" "Mozilla/5.0 (compatible; SemrushBot/7~bl; +http://www.semrush.com/bot.html)"
85.208.96.210 - - [06/Jul/2025:02:21:49 -0400] "GET /shop/?filter_cat=137%2C125%2C117%2C134%2C121 HTTP/1.1" 500 0 "-" "Mozilla/5.0 (compatible; SemrushBot/7~bl; +http://www.semrush.com/bot.html)"
185.191.171.15 - - [06/Jul/2025:02:21:51 -0400] "GET /shop/?filter_cat=122%2C112%2C117%2C134%2C114 HTTP/1.1" 500 0 "-" "Mozilla/5.0 (compatible; SemrushBot/7~bl; +http://www.semrush.com/bot.html)"
185.191.171.11 - - [06/Jul/2025:02:21:55 -0400] "GET /shop/?filter_cat=113%2C126%2C131%2C117%2C112 HTTP/1.1" 500 0 "-" "Mozilla/5.0 (compatible; SemrushBot/7~bl; +http://www.semrush.com/bot.html)"
85.208.96.195 - - [06/Jul/2025:02:22:26 -0400] "GET /shop/?filter_cat=137%2C114%2C124%2C135%2C130 HTTP/1.1" 500 0 "-" "Mozilla/5.0 (compatible; SemrushBot/7~bl; +http://www.semrush.com/bot.html)"
185.191.171.12 - - [06/Jul/2025:02:22:31 -0400] "GET /shop/?filter_cat=113%2C121%2C126%2C131%2C120 HTTP/1.1" 500 0 "-" "Mozilla/5.0 (compatible; SemrushBot/7~bl; +http://www.semrush.com/bot.html)"
185.191.171.8 - - [06/Jul/2025:02:23:09 -0400] "GET /shop/?filter_cat=113%2C112%2C125%2C124%2C115 HTTP/1.1" 500 0 "-" "Mozilla/5.0 (compatible; SemrushBot/7~bl; +http://www.semrush.com/bot.html)"
185.191.171.13 - - [06/Jul/2025:02:23:24 -0400] "GET /shop/?filter_cat=114%2C119%2C129%2C118%2C128 HTTP/1.1" 500 0 "-" "Mozilla/5.0 (compatible; SemrushBot/7~bl; +http://www.semrush.com/bot.html)"
85.208.96.207 - - [06/Jul/2025:02:23:52 -0400] "GET /shop/?filter_cat=135%2C134%2C118%2C121%2C128 HTTP/1.1" 500 0 "-" "Mozilla/5.0 (compatible; SemrushBot/7~bl; +http://www.semrush.com/bot.html)"
85.208.96.205 - - [06/Jul/2025:02:24:01 -0400] "GET /shop/?filter_cat=131%2C130%2C127%2C134 HTTP/1.1" 500 0 "-" "Mozilla/5.0 (compatible; SemrushBot/7~bl; +http://www.semrush.com/bot.html)"
185.191.171.6 - - [06/Jul/2025:02:24:09 -0400] "GET /shop/?filter_cat=137%2C112%2C129%2C127%2C126 HTTP/1.1" 500 0 "-" "Mozilla/5.0 (compatible; SemrushBot/7~bl; +http://www.semrush.com/bot.html)"
122.8.185.42 - - [06/Jul/2025:02:24:38 -0400] "GET /stainless-steel-handled-car-cleaning-tools-water-scraper-multi-tools/stainless-steel-handled-car-cleaning-tools-water-scraper-multi-tools/3984 HTTP/1.1" 500 0 "https://mm-deals.com/stainless-steel-handled-car-cleaning-tools-water-scraper-multi-tools/stainless-steel-handled-car-cleaning-tools-water-scraper-multi-tools/3984" "Mozilla/5.0 (Macintosh; Intel Mac OS X 10_15_7) AppleWebKit/537.36 (KHTML, like Gecko) Chrome/120.0.0.0 Safari/537.36"
114.119.150.65 - - [06/Jul/2025:02:24:48 -0400] "GET /shop/?stock_status=instock&on_sale=onsale&filter_cat=117,135,116,129,114,121 HTTP/1.1" 500 0 "https://mm-deals.com/shop/?stock_status=instock&on_sale=onsale&filter_cat=135%2C116%2C129%2C114%2C121" "Mozilla/5.0 (Linux; Android 7.0;) AppleWebKit/537.36 (KHTML, like Gecko) Mobile Safari/537.36 (compatible; PetalBot;+https://webmaster.petalsearch.com/site/petalbot)"
85.208.96.207 - - [06/Jul/2025:02:24:59 -0400] "GET /shop/?filter_cat=116%2C134%2C117%2C128%2C112 HTTP/1.1" 500 0 "-" "Mozilla/5.0 (compatible; SemrushBot/7~bl; +http://www.semrush.com/bot.html)"
85.208.96.208 - - [06/Jul/2025:02:25:22 -0400] "GET /shop/?filter_cat=119%2C123%2C122%2C115%2C113 HTTP/1.1" 500 0 "-" "Mozilla/5.0 (compatible; SemrushBot/7~bl; +http://www.semrush.com/bot.html)"
185.191.171.3 - - [06/Jul/2025:02:25:27 -0400] "GET /shop/?filter_cat=137%2C124%2C123%2C112%2C116 HTTP/1.1" 500 0 "-" "Mozilla/5.0 (compatible; SemrushBot/7~bl; +http://www.semrush.com/bot.html)"
85.208.96.207 - - [06/Jul/2025:02:25:56 -0400] "GET /shop/?filter_cat=116%2C137%2C112%2C134%2C125 HTTP/1.1" 500 0 "-" "Mozilla/5.0 (compatible; SemrushBot/7~bl; +http://www.semrush.com/bot.html)"
185.191.171.16 - - [06/Jul/2025:02:27:16 -0400] "GET /shop/?filter_cat=114%2C125%2C126%2C119%2C121 HTTP/1.1" 500 0 "-" "Mozilla/5.0 (compatible; SemrushBot/7~bl; +http://www.semrush.com/bot.html)"
85.208.96.195 - - [06/Jul/2025:02:27:19 -0400] "GET /shop/?filter_cat=135%2C114%2C123%2C112%2C120 HTTP/1.1" 500 0 "-" "Mozilla/5.0 (compatible; SemrushBot/7~bl; +http://www.semrush.com/bot.html)"
185.191.171.10 - - [06/Jul/2025:02:27:54 -0400] "GET /shop/?filter_cat=134%2C129%2C135%2C112%2C122 HTTP/1.1" 500 0 "-" "Mozilla/5.0 (compatible; SemrushBot/7~bl; +http://www.semrush.com/bot.html)"
185.191.171.14 - - [06/Jul/2025:02:28:09 -0400] "GET /shop/?filter_cat=135%2C123%2C137%2C117%2C114 HTTP/1.1" 500 0 "-" "Mozilla/5.0 (compatible; SemrushBot/7~bl; +http://www.semrush.com/bot.html)"
185.191.171.18 - - [06/Jul/2025:02:28:21 -0400] "GET /shop/?filter_cat=116%2C115%2C128%2C137%2C131 HTTP/1.1" 500 0 "-" "Mozilla/5.0 (compatible; SemrushBot/7~bl; +http://www.semrush.com/bot.html)"
185.191.171.12 - - [06/Jul/2025:02:28:25 -0400] "GET /shop/?filter_cat=131%2C125%2C134%2C130%2C123 HTTP/1.1" 500 0 "-" "Mozilla/5.0 (compatible; SemrushBot/7~bl; +http://www.semrush.com/bot.html)"
185.191.171.16 - - [06/Jul/2025:02:29:01 -0400] "GET /shop/?filter_cat=115%2C128%2C122%2C113%2C116 HTTP/1.1" 500 0 "-" "Mozilla/5.0 (compatible; SemrushBot/7~bl; +http://www.semrush.com/bot.html)"
85.208.96.200 - - [06/Jul/2025:02:29:32 -0400] "GET /shop/?filter_cat=115%2C117%2C126%2C137%2C113 HTTP/1.1" 500 0 "-" "Mozilla/5.0 (compatible; SemrushBot/7~bl; +http://www.semrush.com/bot.html)"
185.191.171.17 - - [06/Jul/2025:02:29:49 -0400] "GET /shop/?filter_cat=114%2C125%2C130%2C131%2C129 HTTP/1.1" 500 0 "-" "Mozilla/5.0 (compatible; SemrushBot/7~bl; +http://www.semrush.com/bot.html)"
85.208.96.197 - - [06/Jul/2025:02:29:55 -0400] "GET /shop/?filter_cat=112%2C128%2C114%2C130%2C123 HTTP/1.1" 500 0 "-" "Mozilla/5.0 (compatible; SemrushBot/7~bl; +http://www.semrush.com/bot.html)"
185.191.171.10 - - [06/Jul/2025:02:30:01 -0400] "GET /shop/?filter_cat=137%2C117%2C135%2C119%2C121 HTTP/1.1" 500 0 "-" "Mozilla/5.0 (compatible; SemrushBot/7~bl; +http://www.semrush.com/bot.html)"
85.208.96.212 - - [06/Jul/2025:02:30:07 -0400] "GET /shop/?filter_cat=137%2C124%2C120%2C125%2C130 HTTP/1.1" 500 0 "-" "Mozilla/5.0 (compatible; SemrushBot/7~bl; +http://www.semrush.com/bot.html)"
85.208.96.193 - - [06/Jul/2025:02:30:18 -0400] "GET /shop/?filter_cat=137%2C135%2C126%2C116%2C123 HTTP/1.1" 500 0 "-" "Mozilla/5.0 (compatible; SemrushBot/7~bl; +http://www.semrush.com/bot.html)"
85.208.96.197 - - [06/Jul/2025:02:30:30 -0400] "GET /shop/?filter_cat=112%2C121%2C131%2C135%2C129 HTTP/1.1" 500 0 "-" "Mozilla/5.0 (compatible; SemrushBot/7~bl; +http://www.semrush.com/bot.html)"
85.208.96.204 - - [06/Jul/2025:02:23:19 -0400] "GET /shop/?filter_cat=115%2C130%2C125%2C129%2C127 HTTP/1.1" 500 0 "-" "Mozilla/5.0 (compatible; SemrushBot/7~bl; +http://www.semrush.com/bot.html)"
85.208.96.195 - - [06/Jul/2025:02:24:02 -0400] "GET /shop/?filter_cat=112%2C126%2C125%2C129%2C130 HTTP/1.1" 500 0 "-" "Mozilla/5.0 (compatible; SemrushBot/7~bl; +http://www.semrush.com/bot.html)"
185.191.171.1 - - [06/Jul/2025:02:24:22 -0400] "GET /shop/?filter_cat=112%2C128%2C115%2C129%2C119 HTTP/1.1" 500 0 "-" "Mozilla/5.0 (compatible; SemrushBot/7~bl; +http://www.semrush.com/bot.html)"
85.208.96.207 - - [06/Jul/2025:02:25:52 -0400] "GET /shop/?filter_cat=116%2C122%2C123%2C121%2C118 HTTP/1.1" 500 0 "-" "Mozilla/5.0 (compatible; SemrushBot/7~bl; +http://www.semrush.com/bot.html)"
85.208.96.202 - - [06/Jul/2025:02:25:54 -0400] "GET /shop/?filter_cat=116%2C124%2C126%2C131%2C112 HTTP/1.1" 500 0 "-" "Mozilla/5.0 (compatible; SemrushBot/7~bl; +http://www.semrush.com/bot.html)"
85.208.96.211 - - [06/Jul/2025:02:25:59 -0400] "GET /shop/?filter_cat=112%2C114%2C128%2C116%2C119 HTTP/1.1" 500 0 "-" "Mozilla/5.0 (compatible; SemrushBot/7~bl; +http://www.semrush.com/bot.html)"
185.191.171.1 - - [06/Jul/2025:02:26:28 -0400] "GET /shop/?filter_cat=115%2C130%2C122%2C125%2C113 HTTP/1.1" 500 0 "-" "Mozilla/5.0 (compatible; SemrushBot/7~bl; +http://www.semrush.com/bot.html)"
185.191.171.16 - - [06/Jul/2025:02:26:32 -0400] "GET /shop/?filter_cat=117%2C114%2C130%2C118%2C128 HTTP/1.1" 500 0 "-" "Mozilla/5.0 (compatible; SemrushBot/7~bl; +http://www.semrush.com/bot.html)"
185.191.171.6 - - [06/Jul/2025:02:26:45 -0400] "GET /shop/?filter_cat=115%2C124%2C117%2C116%2C120 HTTP/1.1" 500 0 "-" "Mozilla/5.0 (compatible; SemrushBot/7~bl; +http://www.semrush.com/bot.html)"
185.191.171.13 - - [06/Jul/2025:02:27:05 -0400] "GET /shop/?filter_cat=137%2C135%2C118%2C124%2C113 HTTP/1.1" 500 0 "-" "Mozilla/5.0 (compatible; SemrushBot/7~bl; +http://www.semrush.com/bot.html)"
85.208.96.207 - - [06/Jul/2025:02:27:18 -0400] "GET /shop/?filter_cat=134%2C124%2C126%2C137%2C125 HTTP/1.1" 500 0 "-" "Mozilla/5.0 (compatible; SemrushBot/7~bl; +http://www.semrush.com/bot.html)"
185.191.171.12 - - [06/Jul/2025:02:27:27 -0400] "GET /shop/?filter_cat=125%2C115%2C118%2C113%2C135 HTTP/1.1" 500 0 "-" "Mozilla/5.0 (compatible; SemrushBot/7~bl; +http://www.semrush.com/bot.html)"
85.208.96.207 - - [06/Jul/2025:02:28:02 -0400] "GET /shop/?filter_cat=112%2C116%2C129%2C115%2C135 HTTP/1.1" 500 0 "-" "Mozilla/5.0 (compatible; SemrushBot/7~bl; +http://www.semrush.com/bot.html)"
85.208.96.203 - - [06/Jul/2025:02:31:13 -0400] "GET /shop/?filter_cat=112%2C115%2C113%2C128%2C114 HTTP/1.1" 500 0 "-" "Mozilla/5.0 (compatible; SemrushBot/7~bl; +http://www.semrush.com/bot.html)"
85.208.96.207 - - [06/Jul/2025:02:31:29 -0400] "GET /shop/?filter_cat=112%2C116%2C125%2C127%2C113 HTTP/1.1" 500 0 "-" "Mozilla/5.0 (compatible; SemrushBot/7~bl; +http://www.semrush.com/bot.html)"
185.191.171.6 - - [06/Jul/2025:02:32:02 -0400] "GET /shop/?filter_cat=117%2C125%2C116%2C112%2C134 HTTP/1.1" 500 0 "-" "Mozilla/5.0 (compatible; SemrushBot/7~bl; +http://www.semrush.com/bot.html)"
185.191.171.14 - - [06/Jul/2025:02:32:06 -0400] "GET /shop/?filter_cat=116%2C118%2C113%2C126%2C125 HTTP/1.1" 500 0 "-" "Mozilla/5.0 (compatible; SemrushBot/7~bl; +http://www.semrush.com/bot.html)"
185.191.171.8 - - [06/Jul/2025:02:32:23 -0400] "GET /shop/?filter_cat=114%2C124%2C126%2C134%2C130 HTTP/1.1" 500 0 "-" "Mozilla/5.0 (compatible; SemrushBot/7~bl; +http://www.semrush.com/bot.html)"
185.191.171.15 - - [06/Jul/2025:02:33:50 -0400] "GET /shop/?filter_cat=134%2C117%2C128%2C119%2C122 HTTP/1.1" 500 0 "-" "Mozilla/5.0 (compatible; SemrushBot/7~bl; +http://www.semrush.com/bot.html)"
85.208.96.212 - - [06/Jul/2025:02:33:53 -0400] "GET /shop/?filter_cat=117%2C131%2C128%2C125%2C137 HTTP/1.1" 500 0 "-" "Mozilla/5.0 (compatible; SemrushBot/7~bl; +http://www.semrush.com/bot.html)"
40.77.167.4 - - [06/Jul/2025:02:33:58 -0400] "GET /22fsfdeyu2.html HTTP/1.1" 500 0 "-" "Mozilla/5.0 AppleWebKit/537.36 (KHTML, like Gecko; compatible; bingbot/2.0; +http://www.bing.com/bingbot.htm) Chrome/116.0.1938.76 Safari/537.36"
185.191.171.4 - - [06/Jul/2025:02:33:58 -0400] "GET /shop/?filter_cat=116%2C127%2C123%2C114%2C121 HTTP/1.1" 500 0 "-" "Mozilla/5.0 (compatible; SemrushBot/7~bl; +http://www.semrush.com/bot.html)"
185.191.171.10 - - [06/Jul/2025:02:34:11 -0400] "GET /shop/?filter_cat=116%2C119%2C131%2C117%2C114 HTTP/1.1" 500 0 "-" "Mozilla/5.0 (compatible; SemrushBot/7~bl; +http://www.semrush.com/bot.html)"
185.191.171.17 - - [06/Jul/2025:02:30:33 -0400] "GET /shop/?filter_cat=131%2C129%2C113%2C119%2C137 HTTP/1.1" 500 0 "-" "Mozilla/5.0 (compatible; SemrushBot/7~bl; +http://www.semrush.com/bot.html)"
85.208.96.200 - - [06/Jul/2025:02:30:45 -0400] "GET /shop/?filter_cat=137%2C130%2C124%2C121%2C128 HTTP/1.1" 500 0 "-" "Mozilla/5.0 (compatible; SemrushBot/7~bl; +http://www.semrush.com/bot.html)"
185.191.171.6 - - [06/Jul/2025:02:31:17 -0400] "GET /shop/?filter_cat=112%2C137%2C119%2C115%2C135 HTTP/1.1" 500 0 "-" "Mozilla/5.0 (compatible; SemrushBot/7~bl; +http://www.semrush.com/bot.html)"
85.208.96.202 - - [06/Jul/2025:02:31:23 -0400] "GET /shop/?filter_cat=137%2C121%2C129%2C123%2C122 HTTP/1.1" 500 0 "-" "Mozilla/5.0 (compatible; SemrushBot/7~bl; +http://www.semrush.com/bot.html)"
85.208.96.195 - - [06/Jul/2025:02:31:25 -0400] "GET /shop/?filter_cat=117%2C120%2C137%2C127%2C135 HTTP/1.1" 500 0 "-" "Mozilla/5.0 (compatible; SemrushBot/7~bl; +http://www.semrush.com/bot.html)"
114.119.143.119 - - [06/Jul/2025:02:32:12 -0400] "GET /shop/?stock_status=instock&on_sale=onsale&filter_cat=117,134,130,113,119,121 HTTP/1.1" 500 0 "https://mm-deals.com/shop/?stock_status=instock&on_sale=onsale&filter_cat=134%2C130%2C113%2C119%2C121" "Mozilla/5.0 (Linux; Android 7.0;) AppleWebKit/537.36 (KHTML, like Gecko) Mobile Safari/537.36 (compatible; PetalBot;+https://webmaster.petalsearch.com/site/petalbot)"
85.208.96.206 - - [06/Jul/2025:02:32:28 -0400] "GET /shop/?filter_cat=117%2C116%2C112%2C120%2C131 HTTP/1.1" 500 0 "-" "Mozilla/5.0 (compatible; SemrushBot/7~bl; +http://www.semrush.com/bot.html)"
85.208.96.203 - - [06/Jul/2025:02:32:31 -0400] "GET /shop/?filter_cat=116%2C130%2C117%2C115%2C120 HTTP/1.1" 500 0 "-" "Mozilla/5.0 (compatible; SemrushBot/7~bl; +http://www.semrush.com/bot.html)"
85.208.96.207 - - [06/Jul/2025:02:33:16 -0400] "GET /shop/?filter_cat=120%2C124%2C121%2C127 HTTP/1.1" 500 0 "-" "Mozilla/5.0 (compatible; SemrushBot/7~bl; +http://www.semrush.com/bot.html)"
85.208.96.207 - - [06/Jul/2025:02:34:09 -0400] "GET /shop/?filter_cat=114%2C123%2C130%2C112%2C127 HTTP/1.1" 500 0 "-" "Mozilla/5.0 (compatible; SemrushBot/7~bl; +http://www.semrush.com/bot.html)"
185.191.171.2 - - [06/Jul/2025:02:34:43 -0400] "GET /shop/?filter_cat=137%2C114%2C122%2C113%2C120 HTTP/1.1" 500 0 "-" "Mozilla/5.0 (compatible; SemrushBot/7~bl; +http://www.semrush.com/bot.html)"
185.191.171.10 - - [06/Jul/2025:02:34:47 -0400] "GET /shop/?filter_cat=117%2C115%2C121%2C130%2C118 HTTP/1.1" 500 0 "-" "Mozilla/5.0 (compatible; SemrushBot/7~bl; +http://www.semrush.com/bot.html)"
185.191.171.14 - - [06/Jul/2025:02:35:32 -0400] "GET /shop/?filter_cat=129%2C127%2C135%2C121 HTTP/1.1" 500 0 "-" "Mozilla/5.0 (compatible; SemrushBot/7~bl; +http://www.semrush.com/bot.html)"
185.191.171.2 - - [06/Jul/2025:02:35:34 -0400] "GET /shop/?filter_cat=120%2C122%2C121%2C116 HTTP/1.1" 500 0 "-" "Mozilla/5.0 (compatible; SemrushBot/7~bl; +http://www.semrush.com/bot.html)"
85.208.96.202 - - [06/Jul/2025:02:35:37 -0400] "GET /shop/?filter_cat=114%2C135%2C115%2C127%2C120 HTTP/1.1" 500 0 "-" "Mozilla/5.0 (compatible; SemrushBot/7~bl; +http://www.semrush.com/bot.html)"
185.191.171.13 - - [06/Jul/2025:02:36:28 -0400] "GET /shop/?filter_cat=128%2C137%2C130%2C114%2C129 HTTP/1.1" 500 0 "-" "Mozilla/5.0 (compatible; SemrushBot/7~bl; +http://www.semrush.com/bot.html)"
185.191.171.10 - - [06/Jul/2025:02:36:40 -0400] "GET /shop/?filter_cat=135%2C123%2C134%2C121%2C113 HTTP/1.1" 500 0 "-" "Mozilla/5.0 (compatible; SemrushBot/7~bl; +http://www.semrush.com/bot.html)"
185.191.171.1 - - [06/Jul/2025:02:36:44 -0400] "GET /shop/?filter_cat=137%2C135%2C124%2C134%2C113 HTTP/1.1" 500 0 "-" "Mozilla/5.0 (compatible; SemrushBot/7~bl; +http://www.semrush.com/bot.html)"
85.208.96.203 - - [06/Jul/2025:02:37:50 -0400] "GET /shop/?filter_cat=117%2C120%2C119%2C128%2C134 HTTP/1.1" 500 0 "-" "Mozilla/5.0 (compatible; SemrushBot/7~bl; +http://www.semrush.com/bot.html)"
85.208.96.197 - - [06/Jul/2025:02:37:51 -0400] "GET /shop/?filter_cat=131%2C137%2C120%2C127%2C135 HTTP/1.1" 500 0 "-" "Mozilla/5.0 (compatible; SemrushBot/7~bl; +http://www.semrush.com/bot.html)"
185.191.171.6 - - [06/Jul/2025:02:38:12 -0400] "GET /shop/?filter_cat=114%2C117%2C124%2C113%2C123 HTTP/1.1" 500 0 "-" "Mozilla/5.0 (compatible; SemrushBot/7~bl; +http://www.semrush.com/bot.html)"
85.208.96.211 - - [06/Jul/2025:02:38:30 -0400] "GET /shop/?filter_cat=112%2C120%2C131%2C123%2C116 HTTP/1.1" 500 0 "-" "Mozilla/5.0 (compatible; SemrushBot/7~bl; +http://www.semrush.com/bot.html)"
185.191.171.10 - - [06/Jul/2025:02:38:34 -0400] "GET /shop/?filter_cat=134%2C137%2C117%2C129%2C135 HTTP/1.1" 500 0 "-" "Mozilla/5.0 (compatible; SemrushBot/7~bl; +http://www.semrush.com/bot.html)"
185.191.171.14 - - [06/Jul/2025:02:39:17 -0400] "GET /shop/?filter_cat=134%2C124%2C125%2C120%2C122 HTTP/1.1" 500 0 "-" "Mozilla/5.0 (compatible; SemrushBot/7~bl; +http://www.semrush.com/bot.html)"
85.208.96.211 - - [06/Jul/2025:02:39:33 -0400] "GET /shop/?filter_cat=112%2C129%2C123%2C114%2C119 HTTP/1.1" 500 0 "-" "Mozilla/5.0 (compatible; SemrushBot/7~bl; +http://www.semrush.com/bot.html)"
114.119.140.4 - - [06/Jul/2025:02:39:34 -0400] "GET /shop/?stock_status=instock&on_sale=onsale&filter_cat=117,130,137,134,116,128 HTTP/1.1" 500 0 "https://mm-deals.com/shop/?stock_status=instock&on_sale=onsale&filter_cat=130%2C137%2C134%2C116%2C128" "Mozilla/5.0 (Linux; Android 7.0;) AppleWebKit/537.36 (KHTML, like Gecko) Mobile Safari/537.36 (compatible; PetalBot;+https://webmaster.petalsearch.com/site/petalbot)"
185.191.171.17 - - [06/Jul/2025:02:39:38 -0400] "GET /shop/?filter_cat=130%2C135%2C118%2C131%2C134 HTTP/1.1" 500 0 "-" "Mozilla/5.0 (compatible; SemrushBot/7~bl; +http://www.semrush.com/bot.html)"
185.191.171.13 - - [06/Jul/2025:02:39:40 -0400] "GET /shop/?filter_cat=116%2C130%2C126%2C121%2C124 HTTP/1.1" 500 0 "-" "Mozilla/5.0 (compatible; SemrushBot/7~bl; +http://www.semrush.com/bot.html)"
185.191.171.2 - - [06/Jul/2025:02:40:16 -0400] "GET /shop/?filter_cat=115%2C124%2C127%2C113%2C123 HTTP/1.1" 500 0 "-" "Mozilla/5.0 (compatible; SemrushBot/7~bl; +http://www.semrush.com/bot.html)"
185.191.171.2 - - [06/Jul/2025:02:34:30 -0400] "GET /shop/?filter_cat=114%2C120%2C126%2C137%2C124 HTTP/1.1" 500 0 "-" "Mozilla/5.0 (compatible; SemrushBot/7~bl; +http://www.semrush.com/bot.html)"
85.208.96.206 - - [06/Jul/2025:02:34:32 -0400] "GET /shop/?filter_cat=131%2C137%2C122%2C113%2C126 HTTP/1.1" 500 0 "-" "Mozilla/5.0 (compatible; SemrushBot/7~bl; +http://www.semrush.com/bot.html)"
185.191.171.7 - - [06/Jul/2025:02:35:13 -0400] "GET /shop/?filter_cat=112%2C126%2C114%2C137 HTTP/1.1" 500 0 "-" "Mozilla/5.0 (compatible; SemrushBot/7~bl; +http://www.semrush.com/bot.html)"
85.208.96.199 - - [06/Jul/2025:02:35:22 -0400] "GET /shop/?filter_cat=130%2C129%2C131%2C120%2C113 HTTP/1.1" 500 0 "-" "Mozilla/5.0 (compatible; SemrushBot/7~bl; +http://www.semrush.com/bot.html)"
185.191.171.13 - - [06/Jul/2025:02:36:03 -0400] "GET /shop/?filter_cat=116%2C119%2C120%2C118%2C113 HTTP/1.1" 500 0 "-" "Mozilla/5.0 (compatible; SemrushBot/7~bl; +http://www.semrush.com/bot.html)"
85.208.96.207 - - [06/Jul/2025:02:36:08 -0400] "GET /shop/?filter_cat=135%2C128%2C123%2C130%2C127 HTTP/1.1" 500 0 "-" "Mozilla/5.0 (compatible; SemrushBot/7~bl; +http://www.semrush.com/bot.html)"
198.54.115.158 - - [06/Jul/2025:02:36:32 -0400] "GET / HTTP/1.1" 500 0 "-" "Mozilla/5.0 (Windows NT 10.0; Win64; x64; rv:122.0) Gecko/20100101 Firefox/122.0"
185.191.171.11 - - [06/Jul/2025:02:37:18 -0400] "GET /shop/?filter_cat=115%2C129%2C123%2C130%2C124 HTTP/1.1" 500 0 "-" "Mozilla/5.0 (compatible; SemrushBot/7~bl; +http://www.semrush.com/bot.html)"
216.244.66.235 - - [06/Jul/2025:02:38:12 -0400] "GET /robots.txt HTTP/1.1" 200 1980 "-" "Mozilla/5.0 (compatible; DotBot/1.2; +https://opensiteexplorer.org/dotbot; help@moz.com)"
85.208.96.210 - - [06/Jul/2025:02:38:14 -0400] "GET /shop/?filter_cat=113%2C126%2C124%2C121%2C129 HTTP/1.1" 500 0 "-" "Mozilla/5.0 (compatible; SemrushBot/7~bl; +http://www.semrush.com/bot.html)"
85.208.96.197 - - [06/Jul/2025:02:38:18 -0400] "GET /shop/?filter_cat=134%2C113%2C135%2C119%2C112 HTTP/1.1" 500 0 "-" "Mozilla/5.0 (compatible; SemrushBot/7~bl; +http://www.semrush.com/bot.html)"
185.191.171.6 - - [06/Jul/2025:02:38:41 -0400] "GET /shop/?filter_cat=137%2C113%2C131%2C124%2C121 HTTP/1.1" 500 0 "-" "Mozilla/5.0 (compatible; SemrushBot/7~bl; +http://www.semrush.com/bot.html)"
85.208.96.202 - - [06/Jul/2025:02:38:46 -0400] "GET /robots.txt HTTP/1.1" 200 200 "-" "Mozilla/5.0 (compatible; SemrushBot/7~bl; +http://www.semrush.com/bot.html)"
85.208.96.211 - - [06/Jul/2025:02:38:47 -0400] "GET /shop/?filter_cat=113%2C124%2C117%2C130%2C134 HTTP/1.1" 500 0 "-" "Mozilla/5.0 (compatible; SemrushBot/7~bl; +http://www.semrush.com/bot.html)"
85.208.96.195 - - [06/Jul/2025:02:39:45 -0400] "GET /shop/?filter_cat=137%2C112%2C116%2C127%2C113 HTTP/1.1" 500 0 "-" "Mozilla/5.0 (compatible; SemrushBot/7~bl; +http://www.semrush.com/bot.html)"
85.208.96.205 - - [06/Jul/2025:02:40:05 -0400] "GET /shop/?filter_cat=131%2C127%2C115%2C137%2C129 HTTP/1.1" 500 0 "-" "Mozilla/5.0 (compatible; SemrushBot/7~bl; +http://www.semrush.com/bot.html)"
185.191.171.15 - - [06/Jul/2025:02:40:30 -0400] "GET /shop/?filter_cat=115%2C137%2C134%2C114%2C127 HTTP/1.1" 500 0 "-" "Mozilla/5.0 (compatible; SemrushBot/7~bl; +http://www.semrush.com/bot.html)"
185.191.171.16 - - [06/Jul/2025:02:40:45 -0400] "GET /shop/?filter_cat=135%2C127%2C112%2C131%2C124 HTTP/1.1" 500 0 "-" "Mozilla/5.0 (compatible; SemrushBot/7~bl; +http://www.semrush.com/bot.html)"
85.208.96.201 - - [06/Jul/2025:02:41:55 -0400] "GET /shop/?filter_cat=137%2C131%2C115%2C123%2C117 HTTP/1.1" 500 0 "-" "Mozilla/5.0 (compatible; SemrushBot/7~bl; +http://www.semrush.com/bot.html)"
185.191.171.14 - - [06/Jul/2025:02:42:13 -0400] "GET /shop/?filter_cat=113%2C124%2C112%2C129%2C123 HTTP/1.1" 500 0 "-" "Mozilla/5.0 (compatible; SemrushBot/7~bl; +http://www.semrush.com/bot.html)"
85.208.96.210 - - [06/Jul/2025:02:42:16 -0400] "GET /shop/?filter_cat=115%2C127%2C118%2C128%2C130 HTTP/1.1" 500 0 "-" "Mozilla/5.0 (compatible; SemrushBot/7~bl; +http://www.semrush.com/bot.html)"
185.191.171.16 - - [06/Jul/2025:02:42:29 -0400] "GET /shop/?filter_cat=131%2C137%2C128%2C120%2C115 HTTP/1.1" 500 0 "-" "Mozilla/5.0 (compatible; SemrushBot/7~bl; +http://www.semrush.com/bot.html)"
185.191.171.14 - - [06/Jul/2025:02:42:41 -0400] "GET /shop/?filter_cat=134%2C118%2C127%2C128%2C114 HTTP/1.1" 500 0 "-" "Mozilla/5.0 (compatible; SemrushBot/7~bl; +http://www.semrush.com/bot.html)"
185.191.171.2 - - [06/Jul/2025:02:42:49 -0400] "GET /shop/?filter_cat=114%2C124%2C128%2C129%2C118 HTTP/1.1" 500 0 "-" "Mozilla/5.0 (compatible; SemrushBot/7~bl; +http://www.semrush.com/bot.html)"
185.191.171.10 - - [06/Jul/2025:02:43:17 -0400] "GET /shop/?filter_cat=116%2C117%2C130%2C113%2C115 HTTP/1.1" 500 0 "-" "Mozilla/5.0 (compatible; SemrushBot/7~bl; +http://www.semrush.com/bot.html)"
185.191.171.16 - - [06/Jul/2025:02:43:38 -0400] "GET /shop/?filter_cat=119%2C124%2C118%2C135 HTTP/1.1" 500 0 "-" "Mozilla/5.0 (compatible; SemrushBot/7~bl; +http://www.semrush.com/bot.html)"
185.191.171.4 - - [06/Jul/2025:02:43:52 -0400] "GET /shop/?filter_cat=112%2C130%2C119%2C127%2C121 HTTP/1.1" 500 0 "-" "Mozilla/5.0 (compatible; SemrushBot/7~bl; +http://www.semrush.com/bot.html)"
85.208.96.210 - - [06/Jul/2025:02:44:08 -0400] "GET /shop/?filter_cat=113%2C124%2C130%2C127%2C135 HTTP/1.1" 500 0 "-" "Mozilla/5.0 (compatible; SemrushBot/7~bl; +http://www.semrush.com/bot.html)"
185.191.171.2 - - [06/Jul/2025:02:44:44 -0400] "GET /shop/?filter_cat=114%2C135%2C125%2C134%2C128 HTTP/1.1" 500 0 "-" "Mozilla/5.0 (compatible; SemrushBot/7~bl; +http://www.semrush.com/bot.html)"
185.191.171.18 - - [06/Jul/2025:02:44:48 -0400] "GET /shop/?filter_cat=116%2C124%2C121%2C120%2C134 HTTP/1.1" 500 0 "-" "Mozilla/5.0 (compatible; SemrushBot/7~bl; +http://www.semrush.com/bot.html)"
185.191.171.1 - - [06/Jul/2025:02:46:17 -0400] "GET /shop/?filter_cat=115%2C137%2C126%2C131%2C117 HTTP/1.1" 500 0 "-" "Mozilla/5.0 (compatible; SemrushBot/7~bl; +http://www.semrush.com/bot.html)"
185.191.171.17 - - [06/Jul/2025:02:46:20 -0400] "GET /shop/?filter_cat=137%2C114%2C131%2C117%2C118 HTTP/1.1" 500 0 "-" "Mozilla/5.0 (compatible; SemrushBot/7~bl; +http://www.semrush.com/bot.html)"
85.208.96.205 - - [06/Jul/2025:02:46:31 -0400] "GET /shop/?filter_cat=134%2C112%2C114%2C135%2C118 HTTP/1.1" 500 0 "-" "Mozilla/5.0 (compatible; SemrushBot/7~bl; +http://www.semrush.com/bot.html)"
85.208.96.210 - - [06/Jul/2025:02:46:42 -0400] "GET /shop/?filter_cat=137%2C134%2C118%2C123%2C115 HTTP/1.1" 500 0 "-" "Mozilla/5.0 (compatible; SemrushBot/7~bl; +http://www.semrush.com/bot.html)"
114.119.140.4 - - [06/Jul/2025:02:46:56 -0400] "GET /shop/?stock_status=instock&on_sale=onsale&filter_cat=117,130,128,112 HTTP/1.1" 500 0 "https://mm-deals.com/shop/?stock_status=instock&on_sale=onsale&filter_cat=130%2C128%2C112" "Mozilla/5.0 (Linux; Android 7.0;) AppleWebKit/537.36 (KHTML, like Gecko) Mobile Safari/537.36 (compatible; PetalBot;+https://webmaster.petalsearch.com/site/petalbot)"
185.191.171.1 - - [06/Jul/2025:02:46:57 -0400] "GET /shop/?filter_cat=112%2C131%2C117%2C126%2C122 HTTP/1.1" 500 0 "-" "Mozilla/5.0 (compatible; SemrushBot/7~bl; +http://www.semrush.com/bot.html)"
85.208.96.206 - - [06/Jul/2025:02:47:25 -0400] "GET /shop/?filter_cat=117%2C115%2C121%2C119%2C128 HTTP/1.1" 500 0 "-" "Mozilla/5.0 (compatible; SemrushBot/7~bl; +http://www.semrush.com/bot.html)"
216.244.66.235 - - [06/Jul/2025:02:47:26 -0400] "GET /shop/?add-to-cart=7532&filter_cat=118,130,121 HTTP/1.1" 500 0 "-" "Mozilla/5.0 (compatible; DotBot/1.2; +https://opensiteexplorer.org/dotbot; help@moz.com)"
216.244.66.235 - - [06/Jul/2025:02:47:38 -0400] "GET /shop/?add-to-cart=7532&filter_cat=131,130,121 HTTP/1.1" 500 0 "-" "Mozilla/5.0 (compatible; DotBot/1.2; +https://opensiteexplorer.org/dotbot; help@moz.com)"
185.191.171.9 - - [06/Jul/2025:02:47:41 -0400] "GET /shop/?filter_cat=129%2C125%2C134%2C130%2C119 HTTP/1.1" 500 0 "-" "Mozilla/5.0 (compatible; SemrushBot/7~bl; +http://www.semrush.com/bot.html)"
185.191.171.11 - - [06/Jul/2025:02:40:42 -0400] "GET /barbecue-tools-26-piece-set/barbecue-tools-26-piece-set/ HTTP/1.1" 500 0 "-" "Mozilla/5.0 (compatible; SemrushBot/7~bl; +http://www.semrush.com/bot.html)"
185.191.171.1 - - [06/Jul/2025:02:41:17 -0400] "GET /shop/?filter_cat=115%2C126%2C120%2C119%2C131 HTTP/1.1" 500 0 "-" "Mozilla/5.0 (compatible; SemrushBot/7~bl; +http://www.semrush.com/bot.html)"
185.191.171.9 - - [06/Jul/2025:02:42:08 -0400] "GET /shop/?filter_cat=137%2C129%2C113%2C126%2C123 HTTP/1.1" 500 0 "-" "Mozilla/5.0 (compatible; SemrushBot/7~bl; +http://www.semrush.com/bot.html)"
185.191.171.4 - - [06/Jul/2025:02:42:44 -0400] "GET /shop/?filter_cat=122%2C117%2C127%2C131 HTTP/1.1" 500 0 "-" "Mozilla/5.0 (compatible; SemrushBot/7~bl; +http://www.semrush.com/bot.html)"
185.191.171.14 - - [06/Jul/2025:02:42:59 -0400] "GET /shop/?filter_cat=113%2C122%2C129%2C118%2C125 HTTP/1.1" 500 0 "-" "Mozilla/5.0 (compatible; SemrushBot/7~bl; +http://www.semrush.com/bot.html)"
185.191.171.4 - - [06/Jul/2025:02:43:45 -0400] "GET /shop/?filter_cat=114%2C119%2C123%2C126%2C122 HTTP/1.1" 500 0 "-" "Mozilla/5.0 (compatible; SemrushBot/7~bl; +http://www.semrush.com/bot.html)"
85.208.96.198 - - [06/Jul/2025:02:43:47 -0400] "GET /shop/?filter_cat=112%2C122%2C135%2C121%2C120 HTTP/1.1" 500 0 "-" "Mozilla/5.0 (compatible; SemrushBot/7~bl; +http://www.semrush.com/bot.html)"
185.191.171.12 - - [06/Jul/2025:02:44:17 -0400] "GET /shop/?filter_cat=115%2C125%2C137%2C124%2C120 HTTP/1.1" 500 0 "-" "Mozilla/5.0 (compatible; SemrushBot/7~bl; +http://www.semrush.com/bot.html)"
85.208.96.208 - - [06/Jul/2025:02:44:32 -0400] "GET /shop/?filter_cat=116%2C129%2C113%2C121%2C112 HTTP/1.1" 500 0 "-" "Mozilla/5.0 (compatible; SemrushBot/7~bl; +http://www.semrush.com/bot.html)"
85.208.96.193 - - [06/Jul/2025:02:45:17 -0400] "GET /shop/?filter_cat=137%2C123%2C130%2C120%2C134 HTTP/1.1" 500 0 "-" "Mozilla/5.0 (compatible; SemrushBot/7~bl; +http://www.semrush.com/bot.html)"
185.191.171.11 - - [06/Jul/2025:02:46:09 -0400] "GET /shop/?filter_cat=137%2C117%2C118%2C113%2C131 HTTP/1.1" 500 0 "-" "Mozilla/5.0 (compatible; SemrushBot/7~bl; +http://www.semrush.com/bot.html)"
185.191.171.10 - - [06/Jul/2025:02:46:15 -0400] "GET /shop/?filter_cat=134%2C126%2C112%2C128%2C137 HTTP/1.1" 500 0 "-" "Mozilla/5.0 (compatible; SemrushBot/7~bl; +http://www.semrush.com/bot.html)"
85.208.96.210 - - [06/Jul/2025:02:46:45 -0400] "GET /shop/?filter_cat=135%2C114%2C125%2C130%2C131 HTTP/1.1" 500 0 "-" "Mozilla/5.0 (compatible; SemrushBot/7~bl; +http://www.semrush.com/bot.html)"
85.208.96.207 - - [06/Jul/2025:02:46:49 -0400] "GET /shop/?filter_cat=119%2C122%2C129%2C124 HTTP/1.1" 500 0 "-" "Mozilla/5.0 (compatible; SemrushBot/7~bl; +http://www.semrush.com/bot.html)"
185.191.171.8 - - [06/Jul/2025:02:47:48 -0400] "GET /shop/?filter_cat=115%2C123%2C120%2C127%2C122 HTTP/1.1" 500 0 "-" "Mozilla/5.0 (compatible; SemrushBot/7~bl; +http://www.semrush.com/bot.html)"
185.191.171.11 - - [06/Jul/2025:02:47:54 -0400] "GET /shop/?filter_cat=137%2C129%2C113%2C112%2C127 HTTP/1.1" 500 0 "-" "Mozilla/5.0 (compatible; SemrushBot/7~bl; +http://www.semrush.com/bot.html)"
85.208.96.207 - - [06/Jul/2025:02:47:57 -0400] "GET /shop/?filter_cat=113%2C114%2C112%2C118%2C127 HTTP/1.1" 500 0 "-" "Mozilla/5.0 (compatible; SemrushBot/7~bl; +http://www.semrush.com/bot.html)"
216.244.66.235 - - [06/Jul/2025:02:47:59 -0400] "GET /shop/?add-to-cart=7532&filter_cat=137,130,121 HTTP/1.1" 500 0 "-" "Mozilla/5.0 (compatible; DotBot/1.2; +https://opensiteexplorer.org/dotbot; help@moz.com)"
185.191.171.5 - - [06/Jul/2025:02:48:21 -0400] "GET /shop/?filter_cat=135%2C114%2C119%2C126%2C123 HTTP/1.1" 500 0 "-" "Mozilla/5.0 (compatible; SemrushBot/7~bl; +http://www.semrush.com/bot.html)"
216.244.66.235 - - [06/Jul/2025:02:48:27 -0400] "GET /shop/?add-to-cart=7514&filter_cat=121,116,129,115 HTTP/1.1" 500 0 "-" "Mozilla/5.0 (compatible; DotBot/1.2; +https://opensiteexplorer.org/dotbot; help@moz.com)"
85.208.96.197 - - [06/Jul/2025:02:49:01 -0400] "GET /shop/?filter_cat=137%2C126%2C127%2C118%2C124 HTTP/1.1" 500 0 "-" "Mozilla/5.0 (compatible; SemrushBot/7~bl; +http://www.semrush.com/bot.html)"
85.208.96.205 - - [06/Jul/2025:02:49:19 -0400] "GET /shop/?filter_cat=137%2C117%2C122%2C121%2C115 HTTP/1.1" 500 0 "-" "Mozilla/5.0 (compatible; SemrushBot/7~bl; +http://www.semrush.com/bot.html)"
216.244.66.235 - - [06/Jul/2025:02:49:32 -0400] "GET /shop/?filter_cat=118,135,127,119&on_sale=onsale HTTP/1.1" 500 0 "-" "Mozilla/5.0 (compatible; DotBot/1.2; +https://opensiteexplorer.org/dotbot; help@moz.com)"
185.191.171.2 - - [06/Jul/2025:02:50:33 -0400] "GET /shop/?filter_cat=116%2C114%2C128%2C126%2C137 HTTP/1.1" 500 0 "-" "Mozilla/5.0 (compatible; SemrushBot/7~bl; +http://www.semrush.com/bot.html)"
185.191.171.3 - - [06/Jul/2025:02:50:36 -0400] "GET /shop/?filter_cat=121%2C118%2C122%2C130%2C127 HTTP/1.1" 500 0 "-" "Mozilla/5.0 (compatible; SemrushBot/7~bl; +http://www.semrush.com/bot.html)"
85.208.96.209 - - [06/Jul/2025:02:50:42 -0400] "GET /shop/?filter_cat=114%2C113%2C112%2C117 HTTP/1.1" 500 0 "-" "Mozilla/5.0 (compatible; SemrushBot/7~bl; +http://www.semrush.com/bot.html)"
85.208.96.210 - - [06/Jul/2025:02:50:50 -0400] "GET /shop/?filter_cat=128%2C130%2C115%2C131 HTTP/1.1" 500 0 "-" "Mozilla/5.0 (compatible; SemrushBot/7~bl; +http://www.semrush.com/bot.html)"
66.249.65.97 - - [06/Jul/2025:02:50:49 -0400] "GET /shop/page/1/?perpage=12&filter_cat=127%2C118%2C119%2C121%2C134%2C135%2C137%2C113%2C126%2C125&on_sale=onsale&shop_view=grid_view&column=2 HTTP/1.1" 500 0 "-" "Mozilla/5.0 (Linux; Android 6.0.1; Nexus 5X Build/MMB29P) AppleWebKit/537.36 (KHTML, like Gecko) Chrome/137.0.7151.103 Mobile Safari/537.36 (compatible; Googlebot/2.1; +http://www.google.com/bot.html)"
185.191.171.1 - - [06/Jul/2025:02:50:53 -0400] "GET /shop/?filter_cat=116%2C125%2C113%2C127%2C134 HTTP/1.1" 500 0 "-" "Mozilla/5.0 (compatible; SemrushBot/7~bl; +http://www.semrush.com/bot.html)"
85.208.96.205 - - [06/Jul/2025:02:48:13 -0400] "GET /shop/?filter_cat=115%2C123%2C130%2C120 HTTP/1.1" 500 0 "-" "Mozilla/5.0 (compatible; SemrushBot/7~bl; +http://www.semrush.com/bot.html)"
85.208.96.208 - - [06/Jul/2025:02:48:37 -0400] "GET /shop/?filter_cat=115%2C126%2C113%2C137%2C130 HTTP/1.1" 500 0 "-" "Mozilla/5.0 (compatible; SemrushBot/7~bl; +http://www.semrush.com/bot.html)"
185.191.171.4 - - [06/Jul/2025:02:48:46 -0400] "GET /shop/?filter_cat=112%2C123%2C130%2C124%2C115 HTTP/1.1" 500 0 "-" "Mozilla/5.0 (compatible; SemrushBot/7~bl; +http://www.semrush.com/bot.html)"
216.244.66.235 - - [06/Jul/2025:02:49:01 -0400] "GET /shop/?add-to-cart=7532&filter_cat=117,135,115,137 HTTP/1.1" 500 0 "-" "Mozilla/5.0 (compatible; DotBot/1.2; +https://opensiteexplorer.org/dotbot; help@moz.com)"
185.191.171.19 - - [06/Jul/2025:02:50:09 -0400] "GET /shop/?filter_cat=135%2C114%2C121%2C113%2C131 HTTP/1.1" 500 0 "-" "Mozilla/5.0 (compatible; SemrushBot/7~bl; +http://www.semrush.com/bot.html)"
85.208.96.210 - - [06/Jul/2025:02:50:24 -0400] "GET /shop/?filter_cat=114%2C135%2C112%2C125%2C116 HTTP/1.1" 500 0 "-" "Mozilla/5.0 (compatible; SemrushBot/7~bl; +http://www.semrush.com/bot.html)"
85.208.96.209 - - [06/Jul/2025:02:50:31 -0400] "GET /shop/?filter_cat=112%2C129%2C116%2C119%2C117 HTTP/1.1" 500 0 "-" "Mozilla/5.0 (compatible; SemrushBot/7~bl; +http://www.semrush.com/bot.html)"
85.208.96.200 - - [06/Jul/2025:02:51:49 -0400] "GET /shop/?filter_cat=134%2C114%2C137%2C118%2C130 HTTP/1.1" 500 0 "-" "Mozilla/5.0 (compatible; SemrushBot/7~bl; +http://www.semrush.com/bot.html)"
185.191.171.19 - - [06/Jul/2025:02:52:26 -0400] "GET /shop/?filter_cat=117%2C125%2C126%2C120%2C112 HTTP/1.1" 500 0 "-" "Mozilla/5.0 (compatible; SemrushBot/7~bl; +http://www.semrush.com/bot.html)"
85.208.96.197 - - [06/Jul/2025:02:52:41 -0400] "GET /shop/?filter_cat=134%2C131%2C128%2C137%2C118 HTTP/1.1" 500 0 "-" "Mozilla/5.0 (compatible; SemrushBot/7~bl; +http://www.semrush.com/bot.html)"
85.208.96.211 - - [06/Jul/2025:02:54:15 -0400] "GET /shop/?filter_cat=135%2C128%2C112%2C131%2C114 HTTP/1.1" 500 0 "-" "Mozilla/5.0 (compatible; SemrushBot/7~bl; +http://www.semrush.com/bot.html)"
114.119.150.65 - - [06/Jul/2025:02:54:19 -0400] "GET /shop/?stock_status=instock&on_sale=onsale&filter_cat=117,128,134,135,124,125 HTTP/1.1" 500 0 "https://mm-deals.com/shop/?stock_status=instock&on_sale=onsale&filter_cat=128%2C134%2C135%2C124%2C125" "Mozilla/5.0 (Linux; Android 7.0;) AppleWebKit/537.36 (KHTML, like Gecko) Mobile Safari/537.36 (compatible; PetalBot;+https://webmaster.petalsearch.com/site/petalbot)"
185.191.171.3 - - [06/Jul/2025:02:54:34 -0400] "GET /shop/?filter_cat=116%2C114%2C121%2C113%2C115 HTTP/1.1" 500 0 "-" "Mozilla/5.0 (compatible; SemrushBot/7~bl; +http://www.semrush.com/bot.html)"
185.191.171.18 - - [06/Jul/2025:02:54:44 -0400] "GET /shop/?filter_cat=114%2C112%2C126%2C121%2C129 HTTP/1.1" 500 0 "-" "Mozilla/5.0 (compatible; SemrushBot/7~bl; +http://www.semrush.com/bot.html)"
185.191.171.18 - - [06/Jul/2025:02:54:50 -0400] "GET /shop/?filter_cat=112%2C121%2C117%2C127 HTTP/1.1" 500 0 "-" "Mozilla/5.0 (compatible; SemrushBot/7~bl; +http://www.semrush.com/bot.html)"
185.191.171.2 - - [06/Jul/2025:02:54:53 -0400] "GET /shop/?filter_cat=137%2C124%2C129%2C122%2C135 HTTP/1.1" 500 0 "-" "Mozilla/5.0 (compatible; SemrushBot/7~bl; +http://www.semrush.com/bot.html)"
85.208.96.206 - - [06/Jul/2025:02:55:02 -0400] "GET /shop/?filter_cat=113%2C119%2C134%2C117 HTTP/1.1" 500 0 "-" "Mozilla/5.0 (compatible; SemrushBot/7~bl; +http://www.semrush.com/bot.html)"
85.208.96.204 - - [06/Jul/2025:02:55:49 -0400] "GET /shop/?filter_cat=134%2C122%2C127%2C129%2C119 HTTP/1.1" 500 0 "-" "Mozilla/5.0 (compatible; SemrushBot/7~bl; +http://www.semrush.com/bot.html)"
185.191.171.11 - - [06/Jul/2025:02:55:55 -0400] "GET /shop/?filter_cat=112%2C113%2C137%2C124%2C134 HTTP/1.1" 500 0 "-" "Mozilla/5.0 (compatible; SemrushBot/7~bl; +http://www.semrush.com/bot.html)"
85.208.96.201 - - [06/Jul/2025:02:56:06 -0400] "GET /shop/?filter_cat=112%2C127%2C125%2C131%2C116 HTTP/1.1" 500 0 "-" "Mozilla/5.0 (compatible; SemrushBot/7~bl; +http://www.semrush.com/bot.html)"
216.244.66.235 - - [06/Jul/2025:02:56:20 -0400] "GET /shop/?shop_view=grid_view&column=3&filter_cat=127,123 HTTP/1.1" 500 0 "-" "Mozilla/5.0 (compatible; DotBot/1.2; +https://opensiteexplorer.org/dotbot; help@moz.com)"
85.208.96.207 - - [06/Jul/2025:02:56:23 -0400] "GET /shop/?filter_cat=124%2C115%2C116%2C113 HTTP/1.1" 500 0 "-" "Mozilla/5.0 (compatible; SemrushBot/7~bl; +http://www.semrush.com/bot.html)"
85.208.96.207 - - [06/Jul/2025:02:56:33 -0400] "GET /shop/?filter_cat=114%2C113%2C137%2C130%2C131 HTTP/1.1" 500 0 "-" "Mozilla/5.0 (compatible; SemrushBot/7~bl; +http://www.semrush.com/bot.html)"
185.191.171.19 - - [06/Jul/2025:02:56:43 -0400] "GET /shop/?filter_cat=116%2C128%2C135%2C114%2C129 HTTP/1.1" 500 0 "-" "Mozilla/5.0 (compatible; SemrushBot/7~bl; +http://www.semrush.com/bot.html)"
85.208.96.196 - - [06/Jul/2025:02:57:06 -0400] "GET /shop/?filter_cat=112%2C126%2C134%2C121%2C116 HTTP/1.1" 500 0 "-" "Mozilla/5.0 (compatible; SemrushBot/7~bl; +http://www.semrush.com/bot.html)"
185.191.171.17 - - [06/Jul/2025:02:57:22 -0400] "GET /shop/?filter_cat=114%2C120%2C124%2C116%2C115 HTTP/1.1" 500 0 "-" "Mozilla/5.0 (compatible; SemrushBot/7~bl; +http://www.semrush.com/bot.html)"
185.191.171.2 - - [06/Jul/2025:02:51:17 -0400] "GET /shop/?filter_cat=116%2C113%2C125%2C112%2C131 HTTP/1.1" 500 0 "-" "Mozilla/5.0 (compatible; SemrushBot/7~bl; +http://www.semrush.com/bot.html)"
185.191.171.19 - - [06/Jul/2025:02:51:46 -0400] "GET /shop/?filter_cat=116%2C113%2C135%2C127%2C126 HTTP/1.1" 500 0 "-" "Mozilla/5.0 (compatible; SemrushBot/7~bl; +http://www.semrush.com/bot.html)"
85.208.96.211 - - [06/Jul/2025:02:51:53 -0400] "GET /shop/?filter_cat=112%2C135%2C137%2C127%2C124 HTTP/1.1" 500 0 "-" "Mozilla/5.0 (compatible; SemrushBot/7~bl; +http://www.semrush.com/bot.html)"
85.208.96.202 - - [06/Jul/2025:02:51:58 -0400] "GET /shop/?filter_cat=114%2C117%2C124%2C127%2C126 HTTP/1.1" 500 0 "-" "Mozilla/5.0 (compatible; SemrushBot/7~bl; +http://www.semrush.com/bot.html)"
85.208.96.209 - - [06/Jul/2025:02:51:59 -0400] "GET /shop/?filter_cat=134%2C116%2C121%2C135%2C126 HTTP/1.1" 500 0 "-" "Mozilla/5.0 (compatible; SemrushBot/7~bl; +http://www.semrush.com/bot.html)"
85.208.96.194 - - [06/Jul/2025:02:52:23 -0400] "GET /shop/?filter_cat=130%2C127%2C116%2C122%2C124 HTTP/1.1" 500 0 "-" "Mozilla/5.0 (compatible; SemrushBot/7~bl; +http://www.semrush.com/bot.html)"
185.191.171.8 - - [06/Jul/2025:02:52:48 -0400] "GET /shop/?filter_cat=115%2C134%2C120%2C127%2C112 HTTP/1.1" 500 0 "-" "Mozilla/5.0 (compatible; SemrushBot/7~bl; +http://www.semrush.com/bot.html)"
85.208.96.196 - - [06/Jul/2025:02:52:58 -0400] "GET /shop/?filter_cat=119%2C134%2C123%2C130 HTTP/1.1" 500 0 "-" "Mozilla/5.0 (compatible; SemrushBot/7~bl; +http://www.semrush.com/bot.html)"
185.191.171.14 - - [06/Jul/2025:02:53:20 -0400] "GET /shop/?filter_cat=115%2C123%2C113%2C128%2C124 HTTP/1.1" 500 0 "-" "Mozilla/5.0 (compatible; SemrushBot/7~bl; +http://www.semrush.com/bot.html)"
85.208.96.207 - - [06/Jul/2025:02:54:24 -0400] "GET /shop/?filter_cat=122%2C116%2C123%2C119 HTTP/1.1" 500 0 "-" "Mozilla/5.0 (compatible; SemrushBot/7~bl; +http://www.semrush.com/bot.html)"
185.191.171.7 - - [06/Jul/2025:02:54:38 -0400] "GET /shop/?filter_cat=114%2C137%2C131%2C135%2C127 HTTP/1.1" 500 0 "-" "Mozilla/5.0 (compatible; SemrushBot/7~bl; +http://www.semrush.com/bot.html)"
85.208.96.195 - - [06/Jul/2025:02:55:18 -0400] "GET /shop/?filter_cat=114%2C121%2C112%2C123%2C122 HTTP/1.1" 500 0 "-" "Mozilla/5.0 (compatible; SemrushBot/7~bl; +http://www.semrush.com/bot.html)"
85.208.96.195 - - [06/Jul/2025:02:55:51 -0400] "GET /shop/?filter_cat=130%2C137%2C128%2C123%2C126 HTTP/1.1" 500 0 "-" "Mozilla/5.0 (compatible; SemrushBot/7~bl; +http://www.semrush.com/bot.html)"
185.191.171.11 - - [06/Jul/2025:02:56:18 -0400] "GET /shop/?filter_cat=125%2C117%2C128%2C127 HTTP/1.1" 500 0 "-" "Mozilla/5.0 (compatible; SemrushBot/7~bl; +http://www.semrush.com/bot.html)"
85.208.96.209 - - [06/Jul/2025:02:57:02 -0400] "GET /shop/?filter_cat=123%2C130%2C121%2C116 HTTP/1.1" 500 0 "-" "Mozilla/5.0 (compatible; SemrushBot/7~bl; +http://www.semrush.com/bot.html)"
216.244.66.235 - - [06/Jul/2025:02:57:56 -0400] "GET /shop/?filter_cat=134,116,118,122&column=3&shop_view=grid_view HTTP/1.1" 500 0 "-" "Mozilla/5.0 (compatible; DotBot/1.2; +https://opensiteexplorer.org/dotbot; help@moz.com)"
185.191.171.16 - - [06/Jul/2025:02:59:05 -0400] "GET /shop/?filter_cat=114%2C121%2C128%2C129%2C126 HTTP/1.1" 500 0 "-" "Mozilla/5.0 (compatible; SemrushBot/7~bl; +http://www.semrush.com/bot.html)"
185.191.171.5 - - [06/Jul/2025:02:58:13 -0400] "GET /shop/?filter_cat=118%2C131%2C113%2C135 HTTP/1.1" 500 0 "-" "Mozilla/5.0 (compatible; SemrushBot/7~bl; +http://www.semrush.com/bot.html)"
185.191.171.5 - - [06/Jul/2025:02:58:26 -0400] "GET /shop/?filter_cat=112%2C127%2C129%2C124%2C120 HTTP/1.1" 500 0 "-" "Mozilla/5.0 (compatible; SemrushBot/7~bl; +http://www.semrush.com/bot.html)"
85.208.96.207 - - [06/Jul/2025:02:58:36 -0400] "GET /shop/?filter_cat=130%2C114%2C131%2C134%2C135 HTTP/1.1" 500 0 "-" "Mozilla/5.0 (compatible; SemrushBot/7~bl; +http://www.semrush.com/bot.html)"
185.191.171.4 - - [06/Jul/2025:02:58:38 -0400] "GET /shop/?filter_cat=134%2C128%2C116%2C123%2C124 HTTP/1.1" 500 0 "-" "Mozilla/5.0 (compatible; SemrushBot/7~bl; +http://www.semrush.com/bot.html)"
185.191.171.16 - - [06/Jul/2025:02:58:50 -0400] "GET /shop/?filter_cat=137%2C127%2C114%2C128%2C129 HTTP/1.1" 500 0 "-" "Mozilla/5.0 (compatible; SemrushBot/7~bl; +http://www.semrush.com/bot.html)"
185.191.171.16 - - [06/Jul/2025:02:58:56 -0400] "GET /shop/?filter_cat=115%2C126%2C131%2C130%2C129 HTTP/1.1" 500 0 "-" "Mozilla/5.0 (compatible; SemrushBot/7~bl; +http://www.semrush.com/bot.html)"
185.191.171.13 - - [06/Jul/2025:02:59:09 -0400] "GET /shop/?filter_cat=137%2C117%2C119%2C127%2C118 HTTP/1.1" 500 0 "-" "Mozilla/5.0 (compatible; SemrushBot/7~bl; +http://www.semrush.com/bot.html)"
85.208.96.204 - - [06/Jul/2025:02:59:18 -0400] "GET /shop/?filter_cat=134%2C131%2C126%2C135%2C125 HTTP/1.1" 500 0 "-" "Mozilla/5.0 (compatible; SemrushBot/7~bl; +http://www.semrush.com/bot.html)"
85.208.96.193 - - [06/Jul/2025:02:59:49 -0400] "GET /shop/?filter_cat=112%2C135%2C119%2C124%2C130 HTTP/1.1" 500 0 "-" "Mozilla/5.0 (compatible; SemrushBot/7~bl; +http://www.semrush.com/bot.html)"
85.208.96.208 - - [06/Jul/2025:02:59:56 -0400] "GET /robots.txt HTTP/1.1" 200 200 "-" "Mozilla/5.0 (compatible; SemrushBot/7~bl; +http://www.semrush.com/bot.html)"
85.208.96.207 - - [06/Jul/2025:02:59:56 -0400] "GET /shop/?filter_cat=137%2C122%2C126%2C127%2C131 HTTP/1.1" 500 0 "-" "Mozilla/5.0 (compatible; SemrushBot/7~bl; +http://www.semrush.com/bot.html)"
85.208.96.198 - - [06/Jul/2025:03:00:14 -0400] "GET /shop/?filter_cat=116%2C128%2C127%2C113%2C137 HTTP/1.1" 500 0 "-" "Mozilla/5.0 (compatible; SemrushBot/7~bl; +http://www.semrush.com/bot.html)"
85.208.96.206 - - [06/Jul/2025:03:00:23 -0400] "GET /shop/?filter_cat=112%2C127%2C126%2C135%2C121 HTTP/1.1" 500 0 "-" "Mozilla/5.0 (compatible; SemrushBot/7~bl; +http://www.semrush.com/bot.html)"
85.208.96.198 - - [06/Jul/2025:03:00:38 -0400] "GET /shop/?filter_cat=135%2C116%2C131%2C123%2C126 HTTP/1.1" 500 0 "-" "Mozilla/5.0 (compatible; SemrushBot/7~bl; +http://www.semrush.com/bot.html)"
85.208.96.200 - - [06/Jul/2025:03:01:05 -0400] "GET /shop/?filter_cat=116%2C134%2C125%2C118%2C137 HTTP/1.1" 500 0 "-" "Mozilla/5.0 (compatible; SemrushBot/7~bl; +http://www.semrush.com/bot.html)"
185.191.171.10 - - [06/Jul/2025:03:01:07 -0400] "GET /shop/?filter_cat=116%2C118%2C124%2C114%2C134 HTTP/1.1" 500 0 "-" "Mozilla/5.0 (compatible; SemrushBot/7~bl; +http://www.semrush.com/bot.html)"
185.191.171.8 - - [06/Jul/2025:03:01:25 -0400] "GET /shop/?filter_cat=112%2C126%2C119%2C131%2C123 HTTP/1.1" 500 0 "-" "Mozilla/5.0 (compatible; SemrushBot/7~bl; +http://www.semrush.com/bot.html)"
114.119.133.34 - - [06/Jul/2025:03:01:42 -0400] "GET /shop/?stock_status=instock&on_sale=onsale&filter_cat=117,127,137,135,130,120,126,121 HTTP/1.1" 500 0 "https://mm-deals.com/shop/?stock_status=instock&on_sale=onsale&filter_cat=127%2C137%2C135%2C130%2C120%2C126%2C121" "Mozilla/5.0 (Linux; Android 7.0;) AppleWebKit/537.36 (KHTML, like Gecko) Mobile Safari/537.36 (compatible; PetalBot;+https://webmaster.petalsearch.com/site/petalbot)"
185.191.171.2 - - [06/Jul/2025:03:02:28 -0400] "GET /shop/?filter_cat=115%2C130%2C125%2C128%2C120 HTTP/1.1" 500 0 "-" "Mozilla/5.0 (compatible; SemrushBot/7~bl; +http://www.semrush.com/bot.html)"
185.191.171.7 - - [06/Jul/2025:03:02:37 -0400] "GET /shop/?filter_cat=115%2C134%2C130%2C131%2C118 HTTP/1.1" 500 0 "-" "Mozilla/5.0 (compatible; SemrushBot/7~bl; +http://www.semrush.com/bot.html)"
85.208.96.198 - - [06/Jul/2025:03:02:52 -0400] "GET /shop/?filter_cat=115%2C125%2C124%2C119%2C114 HTTP/1.1" 500 0 "-" "Mozilla/5.0 (compatible; SemrushBot/7~bl; +http://www.semrush.com/bot.html)"
85.208.96.208 - - [06/Jul/2025:03:02:57 -0400] "GET /shop/?filter_cat=116%2C137%2C126%2C117%2C128 HTTP/1.1" 500 0 "-" "Mozilla/5.0 (compatible; SemrushBot/7~bl; +http://www.semrush.com/bot.html)"
185.191.171.17 - - [06/Jul/2025:03:03:50 -0400] "GET /shop/?filter_cat=135%2C116%2C115%2C137 HTTP/1.1" 500 0 "-" "Mozilla/5.0 (compatible; SemrushBot/7~bl; +http://www.semrush.com/bot.html)"
85.208.96.211 - - [06/Jul/2025:03:03:59 -0400] "GET /shop/?filter_cat=135%2C116%2C114%2C130%2C117 HTTP/1.1" 500 0 "-" "Mozilla/5.0 (compatible; SemrushBot/7~bl; +http://www.semrush.com/bot.html)"
185.191.171.9 - - [06/Jul/2025:03:04:12 -0400] "GET /shop/?filter_cat=119%2C116%2C127%2C112%2C126 HTTP/1.1" 500 0 "-" "Mozilla/5.0 (compatible; SemrushBot/7~bl; +http://www.semrush.com/bot.html)"
185.191.171.1 - - [06/Jul/2025:03:04:17 -0400] "GET /shop/?filter_cat=137%2C128%2C119%2C113%2C123 HTTP/1.1" 500 0 "-" "Mozilla/5.0 (compatible; SemrushBot/7~bl; +http://www.semrush.com/bot.html)"
85.208.96.197 - - [06/Jul/2025:03:04:25 -0400] "GET /shop/?filter_cat=115%2C126%2C130%2C121%2C123 HTTP/1.1" 500 0 "-" "Mozilla/5.0 (compatible; SemrushBot/7~bl; +http://www.semrush.com/bot.html)"
85.208.96.196 - - [06/Jul/2025:03:04:46 -0400] "GET /shop/?filter_cat=114%2C112%2C131%2C121%2C118 HTTP/1.1" 500 0 "-" "Mozilla/5.0 (compatible; SemrushBot/7~bl; +http://www.semrush.com/bot.html)"
185.191.171.7 - - [06/Jul/2025:03:05:25 -0400] "GET /shop/?filter_cat=112%2C114%2C121%2C128%2C126 HTTP/1.1" 500 0 "-" "Mozilla/5.0 (compatible; SemrushBot/7~bl; +http://www.semrush.com/bot.html)"
85.208.96.200 - - [06/Jul/2025:03:06:36 -0400] "GET /shop/?filter_cat=135%2C115%2C125%2C127%2C137 HTTP/1.1" 500 0 "-" "Mozilla/5.0 (compatible; SemrushBot/7~bl; +http://www.semrush.com/bot.html)"
185.191.171.9 - - [06/Jul/2025:03:07:05 -0400] "GET /shop/?filter_cat=112%2C121%2C122%2C116%2C115 HTTP/1.1" 500 0 "-" "Mozilla/5.0 (compatible; SemrushBot/7~bl; +http://www.semrush.com/bot.html)"
185.191.171.6 - - [06/Jul/2025:03:07:24 -0400] "GET /shop/?filter_cat=115%2C123%2C134%2C116%2C117 HTTP/1.1" 500 0 "-" "Mozilla/5.0 (compatible; SemrushBot/7~bl; +http://www.semrush.com/bot.html)"
85.208.96.207 - - [06/Jul/2025:03:07:33 -0400] "GET /shop/?filter_cat=113%2C117%2C120%2C130%2C119 HTTP/1.1" 500 0 "-" "Mozilla/5.0 (compatible; SemrushBot/7~bl; +http://www.semrush.com/bot.html)"
85.208.96.201 - - [06/Jul/2025:03:00:11 -0400] "GET /shop/?filter_cat=134%2C124%2C119%2C114%2C131 HTTP/1.1" 500 0 "-" "Mozilla/5.0 (compatible; SemrushBot/7~bl; +http://www.semrush.com/bot.html)"
185.191.171.15 - - [06/Jul/2025:03:00:17 -0400] "GET /shop/?filter_cat=116%2C118%2C121%2C113%2C125 HTTP/1.1" 500 0 "-" "Mozilla/5.0 (compatible; SemrushBot/7~bl; +http://www.semrush.com/bot.html)"
185.191.171.11 - - [06/Jul/2025:03:00:44 -0400] "GET /shop/?filter_cat=113%2C116%2C130%2C112%2C125 HTTP/1.1" 500 0 "-" "Mozilla/5.0 (compatible; SemrushBot/7~bl; +http://www.semrush.com/bot.html)"
185.191.171.13 - - [06/Jul/2025:03:02:34 -0400] "GET /shop/?filter_cat=112%2C126%2C124%2C119%2C116 HTTP/1.1" 500 0 "-" "Mozilla/5.0 (compatible; SemrushBot/7~bl; +http://www.semrush.com/bot.html)"
