20.171.207.164 - - [05/Jul/2025:08:39:08 -0400] "GET /nope.php?gzfile=L2hvbWUvbW1kZWFsc2NwYW5lbC9sc2NhY2hlL2MvOC8zL2M4M2NmNGE3ZjU4N2NhZjI%3D HTTP/1.1" 200 48846 "-" "Mozilla/5.0 AppleWebKit/537.36 (KHTML, like Gecko; compatible; GPTBot/1.2; +https://openai.com/gptbot)"
172.207.228.140 - - [05/Jul/2025:08:39:48 -0400] "GET /wp-includes/images/media/ HTTP/1.1" 200 1509 "binance.com" "Mozilla/5.0 (Windows NT 10.0; Win64; x64) AppleWebKit/537.36 (KHTML, like Gecko) Chrome/90.0.4430.85 Safari/537.36"
172.207.228.140 - - [05/Jul/2025:08:41:15 -0400] "GET /wp-includes/js/plupload/ HTTP/1.1" 200 1361 "binance.com" "Mozilla/5.0 (Windows NT 10.0; Win64; x64) AppleWebKit/537.36 (KHTML, like Gecko) Chrome/90.0.4430.85 Safari/537.36"
172.207.228.140 - - [05/Jul/2025:08:41:30 -0400] "GET /.well-known/ HTTP/1.1" 200 851 "binance.com" "Mozilla/5.0 (Windows NT 10.0; Win64; x64) AppleWebKit/537.36 (KHTML, like Gecko) Chrome/90.0.4430.85 Safari/537.36"
20.171.207.164 - - [05/Jul/2025:08:43:22 -0400] "GET /nope.php?gzfile=L2hvbWUvbW1kZWFsc2NwYW5lbC9sc2NhY2hlL2UvNC84L2U0OGQ1M2JiMGRiMTUxZmM%3D HTTP/1.1" 200 48942 "-" "Mozilla/5.0 AppleWebKit/537.36 (KHTML, like Gecko; compatible; GPTBot/1.2; +https://openai.com/gptbot)"
20.171.207.164 - - [05/Jul/2025:08:44:22 -0400] "GET /nope.php?gzfile=L2hvbWUvbW1kZWFsc2NwYW5lbC9sc2NhY2hlL2QvNy84L2Q3OGU3MjI1OTE4Yjk4ZjE%3D HTTP/1.1" 200 6529 "-" "Mozilla/5.0 AppleWebKit/537.36 (KHTML, like Gecko; compatible; GPTBot/1.2; +https://openai.com/gptbot)"
216.244.66.240 - - [05/Jul/2025:08:46:20 -0400] "GET /5.zip HTTP/1.1" 200 10675107 "-" "Mozilla/5.0 (compatible; DotBot/1.2; +https://opensiteexplorer.org/dotbot; help@moz.com)"
216.244.66.240 - - [05/Jul/2025:08:47:04 -0400] "GET /b.tar HTTP/1.1" 200 2112512 "-" "Mozilla/5.0 (compatible; DotBot/1.2; +https://opensiteexplorer.org/dotbot; help@moz.com)"
216.244.66.240 - - [05/Jul/2025:08:47:48 -0400] "GET /c6ca572071612000.tar HTTP/1.1" 200 22528 "-" "Mozilla/5.0 (compatible; DotBot/1.2; +https://opensiteexplorer.org/dotbot; help@moz.com)"
172.207.228.140 - - [05/Jul/2025:08:40:06 -0400] "GET /wp-includes/images/smilies/ HTTP/1.1" 200 1719 "binance.com" "Mozilla/5.0 (Windows NT 10.0; Win64; x64) AppleWebKit/537.36 (KHTML, like Gecko) Chrome/90.0.4430.85 Safari/537.36"
172.207.228.140 - - [05/Jul/2025:08:40:21 -0400] "GET /wp-includes/images/wlw/ HTTP/1.1" 404 1251 "binance.com" "Mozilla/5.0 (Windows NT 10.0; Win64; x64) AppleWebKit/537.36 (KHTML, like Gecko) Chrome/90.0.4430.85 Safari/537.36"
20.171.207.164 - - [05/Jul/2025:08:40:11 -0400] "GET /nope.php?gzfile=L2hvbWUvbW1kZWFsc2NwYW5lbC9sc2NhY2hlL2QvNy82L2Q3NjM5M2Q1NDZjYTQ1OWM%3D HTTP/1.1" 200 48744 "-" "Mozilla/5.0 AppleWebKit/537.36 (KHTML, like Gecko; compatible; GPTBot/1.2; +https://openai.com/gptbot)"
172.207.228.140 - - [05/Jul/2025:08:40:48 -0400] "GET /wp-includes/js/%20 HTTP/1.1" 404 1251 "binance.com" "Mozilla/5.0 (Windows NT 10.0; Win64; x64) AppleWebKit/537.36 (KHTML, like Gecko) Chrome/90.0.4430.85 Safari/537.36"
172.207.228.140 - - [05/Jul/2025:08:41:03 -0400] "GET /wp-includes/js/codemirror/ HTTP/1.1" 200 1322 "binance.com" "Mozilla/5.0 (Windows NT 10.0; Win64; x64) AppleWebKit/537.36 (KHTML, like Gecko) Chrome/90.0.4430.85 Safari/537.36"
20.171.207.164 - - [05/Jul/2025:08:41:16 -0400] "GET /nope.php?gzfile=L2hvbWUvbW1kZWFsc2NwYW5lbC9sc2NhY2hlL2QvOC85L2Q4OTE2ZTE3NDgzMDY4ZGU%3D HTTP/1.1" 200 48961 "-" "Mozilla/5.0 AppleWebKit/537.36 (KHTML, like Gecko; compatible; GPTBot/1.2; +https://openai.com/gptbot)"
20.171.207.164 - - [05/Jul/2025:08:42:20 -0400] "GET /nope.php?gzfile=L2hvbWUvbW1kZWFsc2NwYW5lbC9sc2NhY2hlL2UvNC84L2U0ODk1M2FhZmExZTAwYzc%3D HTTP/1.1" 200 44315 "-" "Mozilla/5.0 AppleWebKit/537.36 (KHTML, like Gecko; compatible; GPTBot/1.2; +https://openai.com/gptbot)"
20.171.207.164 - - [05/Jul/2025:08:45:28 -0400] "GET /nope.php?gzfile=L2hvbWUvbW1kZWFsc2NwYW5lbC9sc2NhY2hlL2MvOC8zL2M4M2U5Nzg1N2JiYWFkOTQ%3D HTTP/1.1" 200 880431 "-" "Mozilla/5.0 AppleWebKit/537.36 (KHTML, like Gecko; compatible; GPTBot/1.2; +https://openai.com/gptbot)"
20.171.207.164 - - [05/Jul/2025:08:46:24 -0400] "GET /nope.php?gzfile=L2hvbWUvbW1kZWFsc2NwYW5lbC9sc2NhY2hlL2QvNy84L2Q3ODE5Y2JhYjU5NWFkZDg%3D HTTP/1.1" 200 6529 "-" "Mozilla/5.0 AppleWebKit/537.36 (KHTML, like Gecko; compatible; GPTBot/1.2; +https://openai.com/gptbot)"
216.244.66.240 - - [05/Jul/2025:08:46:54 -0400] "GET /a1f1ce473fdab97c.tar HTTP/1.1" 200 22528 "-" "Mozilla/5.0 (compatible; DotBot/1.2; +https://opensiteexplorer.org/dotbot; help@moz.com)"
20.171.207.164 - - [05/Jul/2025:08:47:29 -0400] "GET /nope.php?gzfile=L2hvbWUvbW1kZWFsc2NwYW5lbC9sc2NhY2hlL2QvNy82L2Q3Njk2ZTNhNWFkODYyY2U%3D HTTP/1.1" 200 754288 "-" "Mozilla/5.0 AppleWebKit/537.36 (KHTML, like Gecko; compatible; GPTBot/1.2; +https://openai.com/gptbot)"
216.244.66.240 - - [05/Jul/2025:08:48:06 -0400] "GET /ca98751f4a57b3c6.tar.gz HTTP/1.1" 200 20540 "-" "Mozilla/5.0 (compatible; DotBot/1.2; +https://opensiteexplorer.org/dotbot; help@moz.com)"
216.244.66.240 - - [05/Jul/2025:08:48:22 -0400] "GET /e0ff59a5b261f0ca.tar HTTP/1.1" 200 22528 "-" "Mozilla/5.0 (compatible; DotBot/1.2; +https://opensiteexplorer.org/dotbot; help@moz.com)"
20.171.207.164 - - [05/Jul/2025:08:49:29 -0400] "GET /nope.php?gzfile=L2hvbWUvbW1kZWFsc2NwYW5lbC9sc2NhY2hlL2QvMy83L2QzN2I4MGZkODc0MmI3ZDI%3D HTTP/1.1" 200 604196 "-" "Mozilla/5.0 AppleWebKit/537.36 (KHTML, like Gecko; compatible; GPTBot/1.2; +https://openai.com/gptbot)"
20.171.207.164 - - [05/Jul/2025:08:50:30 -0400] "GET /nope.php?gzfile=L2hvbWUvbW1kZWFsc2NwYW5lbC9sc2NhY2hlL2QvOC85L2Q4OWU5NDAyOTFiYjA2MDU%3D HTTP/1.1" 200 530204 "-" "Mozilla/5.0 AppleWebKit/537.36 (KHTML, like Gecko; compatible; GPTBot/1.2; +https://openai.com/gptbot)"
20.171.207.164 - - [05/Jul/2025:08:55:39 -0400] "GET /nope.php?gzfile=L2hvbWUvbW1kZWFsc2NwYW5lbC9sc2NhY2hlL2QvMy83L2QzN2I4M2MzNGNhYWM0Nzg%3D HTTP/1.1" 200 453984 "-" "Mozilla/5.0 AppleWebKit/537.36 (KHTML, like Gecko; compatible; GPTBot/1.2; +https://openai.com/gptbot)"
216.244.66.240 - - [05/Jul/2025:08:48:40 -0400] "GET /edcefea4e561351b.tar.gz HTTP/1.1" 200 26915 "-" "Mozilla/5.0 (compatible; DotBot/1.2; +https://opensiteexplorer.org/dotbot; help@moz.com)"
216.244.66.240 - - [05/Jul/2025:08:48:55 -0400] "GET /ee5392da3b58f009.tar.gz HTTP/1.1" 200 27501 "-" "Mozilla/5.0 (compatible; DotBot/1.2; +https://opensiteexplorer.org/dotbot; help@moz.com)"
20.171.207.164 - - [05/Jul/2025:08:48:28 -0400] "GET /nope.php?gzfile=L2hvbWUvbW1kZWFsc2NwYW5lbC9sc2NhY2hlL2UvNC84L2U0ODJlNmRjMzU0ZWQ2MjQ%3D HTTP/1.1" 200 604260 "-" "Mozilla/5.0 AppleWebKit/537.36 (KHTML, like Gecko; compatible; GPTBot/1.2; +https://openai.com/gptbot)"
216.244.66.240 - - [05/Jul/2025:08:49:08 -0400] "GET /wp-settings.php HTTP/1.1" 500 0 "-" "Mozilla/5.0 (compatible; DotBot/1.2; +https://opensiteexplorer.org/dotbot; help@moz.com)"
20.171.207.164 - - [05/Jul/2025:08:51:35 -0400] "GET /nope.php?gzfile=L2hvbWUvbW1kZWFsc2NwYW5lbC9sc2NhY2hlL2QvNy82L2Q3NjZhNjM4MTg1ZmUzNzI%3D HTTP/1.1" 200 604810 "-" "Mozilla/5.0 AppleWebKit/537.36 (KHTML, like Gecko; compatible; GPTBot/1.2; +https://openai.com/gptbot)"
20.171.207.164 - - [05/Jul/2025:08:52:38 -0400] "GET /nope.php?gzfile=L2hvbWUvbW1kZWFsc2NwYW5lbC9sc2NhY2hlL2UvNC84L2U0ODI2NzFlNDllNGI1Yjk%3D HTTP/1.1" 200 604663 "-" "Mozilla/5.0 AppleWebKit/537.36 (KHTML, like Gecko; compatible; GPTBot/1.2; +https://openai.com/gptbot)"
20.171.207.164 - - [05/Jul/2025:08:53:42 -0400] "GET /nope.php?gzfile=L2hvbWUvbW1kZWFsc2NwYW5lbC9sc2NhY2hlL2QvOC85L2Q4OTE2ZTE3NDgzMDY4ZGU%3D HTTP/1.1" 200 6529 "-" "Mozilla/5.0 AppleWebKit/537.36 (KHTML, like Gecko; compatible; GPTBot/1.2; +https://openai.com/gptbot)"
20.171.207.164 - - [05/Jul/2025:08:54:44 -0400] "GET /nope.php?gzfile=L2hvbWUvbW1kZWFsc2NwYW5lbC9sc2NhY2hlL2QvOC85L2Q4OTI0MmVmNWY1NzM5Njg%3D HTTP/1.1" 200 754448 "-" "Mozilla/5.0 AppleWebKit/537.36 (KHTML, like Gecko; compatible; GPTBot/1.2; +https://openai.com/gptbot)"
20.171.207.164 - - [05/Jul/2025:08:56:42 -0400] "GET /nope.php?gzfile=L2hvbWUvbW1kZWFsc2NwYW5lbC9sc2NhY2hlL2QvMy83L2QzNzdhMmZkM2E3NDQ0NTk%3D HTTP/1.1" 200 454302 "-" "Mozilla/5.0 AppleWebKit/537.36 (KHTML, like Gecko; compatible; GPTBot/1.2; +https://openai.com/gptbot)"
20.171.207.164 - - [05/Jul/2025:08:57:45 -0400] "GET /nope.php?gzfile=L2hvbWUvbW1kZWFsc2NwYW5lbC9sc2NhY2hlL2QvMy83L2QzNzQ5YjQzNWU0NDA4Y2M%3D HTTP/1.1" 200 496856 "-" "Mozilla/5.0 AppleWebKit/537.36 (KHTML, like Gecko; compatible; GPTBot/1.2; +https://openai.com/gptbot)"
20.171.207.164 - - [05/Jul/2025:08:58:45 -0400] "GET /nope.php?gzfile=L2hvbWUvbW1kZWFsc2NwYW5lbC9sc2NhY2hlL2QvNy82L2Q3NjFlZjEzNjM2ZjE1MTE%3D HTTP/1.1" 200 454019 "-" "Mozilla/5.0 AppleWebKit/537.36 (KHTML, like Gecko; compatible; GPTBot/1.2; +https://openai.com/gptbot)"
20.171.207.164 - - [05/Jul/2025:08:59:47 -0400] "GET /nope.php?gzfile=L2hvbWUvbW1kZWFsc2NwYW5lbC9sc2NhY2hlL2QvNy82L2Q3Njc4ZjAyZGFlMjg2NjY%3D HTTP/1.1" 200 453675 "-" "Mozilla/5.0 AppleWebKit/537.36 (KHTML, like Gecko; compatible; GPTBot/1.2; +https://openai.com/gptbot)"
20.171.207.164 - - [05/Jul/2025:09:02:50 -0400] "GET /nope.php?gzfile=L2hvbWUvbW1kZWFsc2NwYW5lbC9sc2NhY2hlL2QvMy83L2QzNzU1NDY5ZGFlYmI5OTI%3D HTTP/1.1" 200 283020 "-" "Mozilla/5.0 AppleWebKit/537.36 (KHTML, like Gecko; compatible; GPTBot/1.2; +https://openai.com/gptbot)"
20.171.207.164 - - [05/Jul/2025:09:03:53 -0400] "GET /nope.php?gzfile=L2hvbWUvbW1kZWFsc2NwYW5lbC9sc2NhY2hlL2QvOC85L2Q4OWM1NzAyMzkyZjI3NjI%3D HTTP/1.1" 200 454211 "-" "Mozilla/5.0 AppleWebKit/537.36 (KHTML, like Gecko; compatible; GPTBot/1.2; +https://openai.com/gptbot)"
20.171.207.164 - - [05/Jul/2025:09:00:48 -0400] "GET /nope.php?gzfile=L2hvbWUvbW1kZWFsc2NwYW5lbC9sc2NhY2hlL2QvOC85L2Q4OTY4YzA1ODQ3MzU5MmI%3D HTTP/1.1" 200 454047 "-" "Mozilla/5.0 AppleWebKit/537.36 (KHTML, like Gecko; compatible; GPTBot/1.2; +https://openai.com/gptbot)"
20.171.207.164 - - [05/Jul/2025:09:01:49 -0400] "GET /nope.php?gzfile=L2hvbWUvbW1kZWFsc2NwYW5lbC9sc2NhY2hlL2QvMy83L2QzN2JkZmU3MDgzYTU3OGI%3D HTTP/1.1" 200 452989 "-" "Mozilla/5.0 AppleWebKit/537.36 (KHTML, like Gecko; compatible; GPTBot/1.2; +https://openai.com/gptbot)"
66.249.65.195 - - [05/Jul/2025:09:02:43 -0400] "GET /safe_search/config?return_url=%2Fproduct%2Fdetail%2FCKBDT115038299 HTTP/1.1" 404 1251 "-" "Mozilla/5.0 (Linux; Android 6.0.1; Nexus 5X Build/MMB29P) AppleWebKit/537.36 (KHTML, like Gecko) Chrome/137.0.7151.103 Mobile Safari/537.36 (compatible; Googlebot/2.1; +http://www.google.com/bot.html)"
20.171.207.164 - - [05/Jul/2025:09:08:57 -0400] "GET /nope.php?gzfile=L2hvbWUvbW1kZWFsc2NwYW5lbC9sc2NhY2hlL2QvNy84L2Q3OGI5ZTJkNDI3YTNkOWM%3D HTTP/1.1" 200 605885 "-" "Mozilla/5.0 AppleWebKit/537.36 (KHTML, like Gecko; compatible; GPTBot/1.2; +https://openai.com/gptbot)"
20.171.207.164 - - [05/Jul/2025:09:09:58 -0400] "GET /nope.php?gzfile=L2hvbWUvbW1kZWFsc2NwYW5lbC9sc2NhY2hlL2QvNy84L2Q3OGY0ZWQ0MDE1MWMyMGE%3D HTTP/1.1" 200 603888 "-" "Mozilla/5.0 AppleWebKit/537.36 (KHTML, like Gecko; compatible; GPTBot/1.2; +https://openai.com/gptbot)"
20.171.207.164 - - [05/Jul/2025:09:12:06 -0400] "GET /nope.php?gzfile=L2hvbWUvbW1kZWFsc2NwYW5lbC9sc2NhY2hlL2QvNy84L2Q3ODRiZWY1MzU2ZDE5M2M%3D HTTP/1.1" 200 858315 "-" "Mozilla/5.0 AppleWebKit/537.36 (KHTML, like Gecko; compatible; GPTBot/1.2; +https://openai.com/gptbot)"
20.171.207.164 - - [05/Jul/2025:09:04:53 -0400] "GET /nope.php?gzfile=L2hvbWUvbW1kZWFsc2NwYW5lbC9sc2NhY2hlL2QvNy82L2Q3NmQ1MDQyMjYxNTQ4MGU%3D HTTP/1.1" 200 277124 "-" "Mozilla/5.0 AppleWebKit/537.36 (KHTML, like Gecko; compatible; GPTBot/1.2; +https://openai.com/gptbot)"
20.171.207.164 - - [05/Jul/2025:09:05:55 -0400] "GET /nope.php?gzfile=L2hvbWUvbW1kZWFsc2NwYW5lbC9sc2NhY2hlL2QvMy83L2QzN2I4M2MzNGNhYWM0Nzg%3D HTTP/1.1" 200 6529 "-" "Mozilla/5.0 AppleWebKit/537.36 (KHTML, like Gecko; compatible; GPTBot/1.2; +https://openai.com/gptbot)"
20.171.207.164 - - [05/Jul/2025:09:06:56 -0400] "GET /nope.php?gzfile=L2hvbWUvbW1kZWFsc2NwYW5lbC9sc2NhY2hlL2QvOC85L2Q4OTJkZGIwOWM5ZDE1YTg%3D HTTP/1.1" 200 930582 "-" "Mozilla/5.0 AppleWebKit/537.36 (KHTML, like Gecko; compatible; GPTBot/1.2; +https://openai.com/gptbot)"
20.171.207.164 - - [05/Jul/2025:09:07:52 -0400] "GET /nope.php?gzfile=L2hvbWUvbW1kZWFsc2NwYW5lbC9sc2NhY2hlL2QvMy83L2QzN2VmY2E3NzZhZmU3NWQ%3D HTTP/1.1" 200 602244 "-" "Mozilla/5.0 AppleWebKit/537.36 (KHTML, like Gecko; compatible; GPTBot/1.2; +https://openai.com/gptbot)"
20.171.207.164 - - [05/Jul/2025:09:11:02 -0400] "GET /nope.php?gzfile=L2hvbWUvbW1kZWFsc2NwYW5lbC9sc2NhY2hlL2QvNy84L2Q3ODRlYjBiMGU4NzE4ZWU%3D HTTP/1.1" 200 757749 "-" "Mozilla/5.0 AppleWebKit/537.36 (KHTML, like Gecko; compatible; GPTBot/1.2; +https://openai.com/gptbot)"
20.171.207.164 - - [05/Jul/2025:09:13:11 -0400] "GET /nope.php?gzfile=L2hvbWUvbW1kZWFsc2NwYW5lbC9sc2NhY2hlL2UvNC84L2U0OGUzZjVmMGQ1Y2YwMzI%3D HTTP/1.1" 200 926540 "-" "Mozilla/5.0 AppleWebKit/537.36 (KHTML, like Gecko; compatible; GPTBot/1.2; +https://openai.com/gptbot)"
20.171.207.164 - - [05/Jul/2025:09:15:20 -0400] "GET /nope.php?gzfile=L2hvbWUvbW1kZWFsc2NwYW5lbC9sc2NhY2hlL2QvOC85L2Q4OWQwYWVkZTU5MjA2YzM%3D HTTP/1.1" 200 756862 "-" "Mozilla/5.0 AppleWebKit/537.36 (KHTML, like Gecko; compatible; GPTBot/1.2; +https://openai.com/gptbot)"
20.171.207.164 - - [05/Jul/2025:09:16:17 -0400] "GET /nope.php?gzfile=L2hvbWUvbW1kZWFsc2NwYW5lbC9sc2NhY2hlL2MvOC8zL2M4MzE2ZDJlNzg4Y2MyMTM%3D HTTP/1.1" 200 606180 "-" "Mozilla/5.0 AppleWebKit/537.36 (KHTML, like Gecko; compatible; GPTBot/1.2; +https://openai.com/gptbot)"
159.242.227.96 - - [05/Jul/2025:09:16:48 -0400] "GET /style.php HTTP/1.1" 404 1251 "www.google.com" "Mozlila/5.0 (Linux; Android 7.0; SM-G892A Bulid/NRD90M; wv) AppleWebKit/537.36 (KHTML, like Gecko) Version/4.0 Chrome/60.0.3112.107 Moblie Safari/537.36"
20.171.207.164 - - [05/Jul/2025:09:20:30 -0400] "GET /nope.php?fm=true&path=%2Fhome%2Fmmdealscpanel%2Flscache%2Fd%2F7%2F8%2F&rename=d780659cc70b2b09 HTTP/1.1" 200 8386 "-" "Mozilla/5.0 AppleWebKit/537.36 (KHTML, like Gecko; compatible; GPTBot/1.2; +https://openai.com/gptbot)"
20.171.207.164 - - [05/Jul/2025:09:21:32 -0400] "GET /nope.php?fm=true&path=%2Fhome%2Fmmdealscpanel%2Flscache%2F9%2Fe%2F6 HTTP/1.1" 200 12117 "-" "Mozilla/5.0 AppleWebKit/537.36 (KHTML, like Gecko; compatible; GPTBot/1.2; +https://openai.com/gptbot)"
20.171.207.164 - - [05/Jul/2025:09:22:29 -0400] "GET /nope.php?fm=true&path=%2Fhome%2Fmmdealscpanel%2Flscache%2Fc%2F7%2F6 HTTP/1.1" 200 11129 "-" "Mozilla/5.0 AppleWebKit/537.36 (KHTML, like Gecko; compatible; GPTBot/1.2; +https://openai.com/gptbot)"
20.171.207.164 - - [05/Jul/2025:09:14:15 -0400] "GET /nope.php?gzfile=L2hvbWUvbW1kZWFsc2NwYW5lbC9sc2NhY2hlL2QvMy83L2QzNzU1NDY5ZGFlYmI5OTI%3D HTTP/1.1" 200 6498 "-" "Mozilla/5.0 AppleWebKit/537.36 (KHTML, like Gecko; compatible; GPTBot/1.2; +https://openai.com/gptbot)"
20.171.207.164 - - [05/Jul/2025:09:17:20 -0400] "GET /nope.php?gzfile=L2hvbWUvbW1kZWFsc2NwYW5lbC9sc2NhY2hlL2MvOC8zL2M4M2UwZmQwOGM2Y2Q1Y2U%3D HTTP/1.1" 200 605232 "-" "Mozilla/5.0 AppleWebKit/537.36 (KHTML, like Gecko; compatible; GPTBot/1.2; +https://openai.com/gptbot)"
20.171.207.164 - - [05/Jul/2025:09:18:21 -0400] "GET /nope.php?gzfile=L2hvbWUvbW1kZWFsc2NwYW5lbC9sc2NhY2hlL2QvNy84L2Q3OGM5ODg2OGUxYWVmNTg%3D HTTP/1.1" 200 509133 "-" "Mozilla/5.0 AppleWebKit/537.36 (KHTML, like Gecko; compatible; GPTBot/1.2; +https://openai.com/gptbot)"
20.171.207.164 - - [05/Jul/2025:09:19:24 -0400] "GET /nope.php?gzfile=L2hvbWUvbW1kZWFsc2NwYW5lbC9sc2NhY2hlL2QvNy84L2Q3OGI1N2Y0NDJjMWM4Y2Y%3D HTTP/1.1" 200 607307 "-" "Mozilla/5.0 AppleWebKit/537.36 (KHTML, like Gecko; compatible; GPTBot/1.2; +https://openai.com/gptbot)"
216.244.66.240 - - [05/Jul/2025:09:23:54 -0400] "GET /robots.txt HTTP/1.1" 200 1305 "-" "Mozilla/5.0 (compatible; DotBot/1.2; +https://opensiteexplorer.org/dotbot; help@moz.com)"
20.171.207.164 - - [05/Jul/2025:09:25:26 -0400] "GET /nope.php?fm=true&path=%2Fhome%2Fmmdealscpanel%2Flscache%2Fa%2F7%2F9 HTTP/1.1" 200 12188 "-" "Mozilla/5.0 AppleWebKit/537.36 (KHTML, like Gecko; compatible; GPTBot/1.2; +https://openai.com/gptbot)"
20.171.207.164 - - [05/Jul/2025:09:26:30 -0400] "GET /nope.php?fm=true&path=%2Fhome%2Fmmdealscpanel%2Flscache%2F3%2Fd%2F9 HTTP/1.1" 200 11715 "-" "Mozilla/5.0 AppleWebKit/537.36 (KHTML, like Gecko; compatible; GPTBot/1.2; +https://openai.com/gptbot)"
20.171.207.164 - - [05/Jul/2025:09:26:57 -0400] "GET /nope.php?fm=true&path=%2Fhome%2Fmmdealscpanel%2Flscache%2Fc%2F6%2F5 HTTP/1.1" 200 11030 "-" "Mozilla/5.0 AppleWebKit/537.36 (KHTML, like Gecko; compatible; GPTBot/1.2; +https://openai.com/gptbot)"
20.171.207.164 - - [05/Jul/2025:09:28:23 -0400] "GET /nope.php?fm=true&path=%2Fhome%2Fmmdealscpanel%2Flscache%2F9%2Fe%2F6%2F&rights=9e6ec57dcf63af00 HTTP/1.1" 200 8395 "-" "Mozilla/5.0 AppleWebKit/537.36 (KHTML, like Gecko; compatible; GPTBot/1.2; +https://openai.com/gptbot)"
20.171.207.164 - - [05/Jul/2025:09:29:06 -0400] "GET /nope.php?download=L2hvbWUvbW1kZWFsc2NwYW5lbC9sc2NhY2hlLzkvYy8zLzljMzU1MzdhN2YyNjhkOTU%3D HTTP/1.1" 200 20511 "-" "Mozilla/5.0 AppleWebKit/537.36 (KHTML, like Gecko; compatible; GPTBot/1.2; +https://openai.com/gptbot)"
216.244.66.240 - - [05/Jul/2025:09:29:19 -0400] "GET /wp-includes/class-wp-http-streams.php HTTP/1.1" 200 0 "-" "Mozilla/5.0 (compatible; DotBot/1.2; +https://opensiteexplorer.org/dotbot; help@moz.com)"
20.171.207.164 - - [05/Jul/2025:09:29:48 -0400] "GET /nope.php?gzfile=L2hvbWUvbW1kZWFsc2NwYW5lbC9sc2NhY2hlL2EvNy85L2E3OWEyZTk4OWNkNTZlY2M%3D HTTP/1.1" 200 221806 "-" "Mozilla/5.0 AppleWebKit/537.36 (KHTML, like Gecko; compatible; GPTBot/1.2; +https://openai.com/gptbot)"
216.244.66.240 - - [05/Jul/2025:09:31:16 -0400] "GET /6e678cf6775097d2.tar.gz HTTP/1.1" 200 27063 "-" "Mozilla/5.0 (compatible; DotBot/1.2; +https://opensiteexplorer.org/dotbot; help@moz.com)"
216.244.66.240 - - [05/Jul/2025:09:31:19 -0400] "GET /a8d0a7c7d3c35771.tar.gz HTTP/1.1" 200 27107 "-" "Mozilla/5.0 (compatible; DotBot/1.2; +https://opensiteexplorer.org/dotbot; help@moz.com)"
216.244.66.240 - - [05/Jul/2025:09:31:20 -0400] "GET /a8d2471ae35f1696.tar.gz HTTP/1.1" 200 22094 "-" "Mozilla/5.0 (compatible; DotBot/1.2; +https://opensiteexplorer.org/dotbot; help@moz.com)"
216.244.66.240 - - [05/Jul/2025:09:31:24 -0400] "GET /ac452de57346b65c.tar.gz HTTP/1.1" 200 26857 "-" "Mozilla/5.0 (compatible; DotBot/1.2; +https://opensiteexplorer.org/dotbot; help@moz.com)"
216.244.66.240 - - [05/Jul/2025:09:31:26 -0400] "GET /c8cd13d1e048668c.tar.gz HTTP/1.1" 200 26907 "-" "Mozilla/5.0 (compatible; DotBot/1.2; +https://opensiteexplorer.org/dotbot; help@moz.com)"
216.244.66.240 - - [05/Jul/2025:09:31:28 -0400] "GET /ca37954f7e80c44c.tar.gz HTTP/1.1" 200 27516 "-" "Mozilla/5.0 (compatible; DotBot/1.2; +https://opensiteexplorer.org/dotbot; help@moz.com)"
216.244.66.240 - - [05/Jul/2025:09:31:31 -0400] "GET /cc3f75b81a976015.tar HTTP/1.1" 200 22528 "-" "Mozilla/5.0 (compatible; DotBot/1.2; +https://opensiteexplorer.org/dotbot; help@moz.com)"
216.244.66.240 - - [05/Jul/2025:09:31:32 -0400] "GET /ce839e8fd96eb925.tar HTTP/1.1" 200 28160 "-" "Mozilla/5.0 (compatible; DotBot/1.2; +https://opensiteexplorer.org/dotbot; help@moz.com)"
216.244.66.240 - - [05/Jul/2025:09:31:35 -0400] "GET /d4ed93de4357a3d4.tar.gz HTTP/1.1" 200 26390 "-" "Mozilla/5.0 (compatible; DotBot/1.2; +https://opensiteexplorer.org/dotbot; help@moz.com)"
216.244.66.240 - - [05/Jul/2025:09:31:41 -0400] "GET /dece4c3965a377fc.tar.gz HTTP/1.1" 200 24056 "-" "Mozilla/5.0 (compatible; DotBot/1.2; +https://opensiteexplorer.org/dotbot; help@moz.com)"
216.244.66.240 - - [05/Jul/2025:09:31:44 -0400] "GET /e21c7216ad9eb7d5.tar.gz HTTP/1.1" 200 20597 "-" "Mozilla/5.0 (compatible; DotBot/1.2; +https://opensiteexplorer.org/dotbot; help@moz.com)"
20.171.207.164 - - [05/Jul/2025:09:23:21 -0400] "GET /nope.php?gzfile=L2hvbWUvbW1kZWFsc2NwYW5lbC9sc2NhY2hlL2QvNy84L2Q3ODRiZWY1MzU2ZDE5M2M%3D HTTP/1.1" 200 6529 "-" "Mozilla/5.0 AppleWebKit/537.36 (KHTML, like Gecko; compatible; GPTBot/1.2; +https://openai.com/gptbot)"
20.171.207.164 - - [05/Jul/2025:09:24:08 -0400] "GET /nope.php?fm=true&path=%2Fhome%2Fmmdealscpanel%2Flscache%2F9%2Fc%2F3 HTTP/1.1" 200 11732 "-" "Mozilla/5.0 AppleWebKit/537.36 (KHTML, like Gecko; compatible; GPTBot/1.2; +https://openai.com/gptbot)"
20.171.207.164 - - [05/Jul/2025:09:24:50 -0400] "GET /nope.php?fm=true&path=%2Fhome%2Fmmdealscpanel%2Flscache%2F6%2Ff%2F8 HTTP/1.1" 200 11864 "-" "Mozilla/5.0 AppleWebKit/537.36 (KHTML, like Gecko; compatible; GPTBot/1.2; +https://openai.com/gptbot)"
20.171.207.164 - - [05/Jul/2025:09:26:00 -0400] "GET /nope.php?fm=true&path=%2Fhome%2Fmmdealscpanel%2Flscache%2Fc%2F9%2F6 HTTP/1.1" 200 11171 "-" "Mozilla/5.0 AppleWebKit/537.36 (KHTML, like Gecko; compatible; GPTBot/1.2; +https://openai.com/gptbot)"
20.171.207.164 - - [05/Jul/2025:09:27:22 -0400] "GET /nope.php?fm=true&path=%2Fhome%2Fmmdealscpanel%2Flscache%2F9%2Fc%2F7 HTTP/1.1" 200 11253 "-" "Mozilla/5.0 AppleWebKit/537.36 (KHTML, like Gecko; compatible; GPTBot/1.2; +https://openai.com/gptbot)"
20.171.207.164 - - [05/Jul/2025:09:27:45 -0400] "GET /nope.php?fm=true&path=%2Fhome%2Fmmdealscpanel%2Flscache%2Fc%2F4%2F9 HTTP/1.1" 200 10738 "-" "Mozilla/5.0 AppleWebKit/537.36 (KHTML, like Gecko; compatible; GPTBot/1.2; +https://openai.com/gptbot)"
20.171.207.164 - - [05/Jul/2025:09:28:05 -0400] "GET /nope.php?fm=true&path=%2Fhome%2Fmmdealscpanel%2Flscache%2Fe%2F9%2F7 HTTP/1.1" 200 10918 "-" "Mozilla/5.0 AppleWebKit/537.36 (KHTML, like Gecko; compatible; GPTBot/1.2; +https://openai.com/gptbot)"
20.171.207.164 - - [05/Jul/2025:09:28:38 -0400] "GET /nope.php?fm=true&path=%2Fhome%2Fmmdealscpanel%2Flscache%2Fc%2F7%2F6%2F&rights=c763c00ed125e86a HTTP/1.1" 200 8430 "-" "Mozilla/5.0 AppleWebKit/537.36 (KHTML, like Gecko; compatible; GPTBot/1.2; +https://openai.com/gptbot)"
20.171.207.164 - - [05/Jul/2025:09:28:53 -0400] "GET /nope.php?fm=true&path=%2Fhome%2Fmmdealscpanel%2Flscache%2F9%2Fc%2F3%2F&rights=9c32fb782c9a352c HTTP/1.1" 200 8395 "-" "Mozilla/5.0 AppleWebKit/537.36 (KHTML, like Gecko; compatible; GPTBot/1.2; +https://openai.com/gptbot)"
216.244.66.240 - - [05/Jul/2025:09:29:14 -0400] "GET /wp-includes/class-wp-http-response.php HTTP/1.1" 200 0 "-" "Mozilla/5.0 (compatible; DotBot/1.2; +https://opensiteexplorer.org/dotbot; help@moz.com)"
216.244.66.240 - - [05/Jul/2025:09:29:23 -0400] "GET /wp-includes/class-wp-meta-query.php HTTP/1.1" 200 0 "-" "Mozilla/5.0 (compatible; DotBot/1.2; +https://opensiteexplorer.org/dotbot; help@moz.com)"
216.244.66.240 - - [05/Jul/2025:09:29:31 -0400] "GET /wp-includes/class-wp-block-bindings-source.php HTTP/1.1" 200 0 "-" "Mozilla/5.0 (compatible; DotBot/1.2; +https://opensiteexplorer.org/dotbot; help@moz.com)"
20.171.207.164 - - [05/Jul/2025:09:29:18 -0400] "GET /nope.php?gzfile=L2hvbWUvbW1kZWFsc2NwYW5lbC9sc2NhY2hlL2EvNy85L2E3OTY1NWQ1NzFhMGFiOTE%3D HTTP/1.1" 200 756591 "-" "Mozilla/5.0 AppleWebKit/537.36 (KHTML, like Gecko; compatible; GPTBot/1.2; +https://openai.com/gptbot)"
20.171.207.164 - - [05/Jul/2025:09:30:18 -0400] "GET /nope.php?download=L2hvbWUvbW1kZWFsc2NwYW5lbC9sc2NhY2hlL2EvNy85L2E3OTU2YzI3ZjZkNzBkMGE%3D HTTP/1.1" 200 27632 "-" "Mozilla/5.0 AppleWebKit/537.36 (KHTML, like Gecko; compatible; GPTBot/1.2; +https://openai.com/gptbot)"
216.244.66.240 - - [05/Jul/2025:09:31:23 -0400] "GET /aa4270070997dbd1.tar HTTP/1.1" 200 22528 "-" "Mozilla/5.0 (compatible; DotBot/1.2; +https://opensiteexplorer.org/dotbot; help@moz.com)"
216.244.66.240 - - [05/Jul/2025:09:31:34 -0400] "GET /ce8e87b9a03ca31b.tar HTTP/1.1" 200 22528 "-" "Mozilla/5.0 (compatible; DotBot/1.2; +https://opensiteexplorer.org/dotbot; help@moz.com)"
216.244.66.240 - - [05/Jul/2025:09:31:49 -0400] "GET /e5506b7b0517c641.tar.gz HTTP/1.1" 200 20548 "-" "Mozilla/5.0 (compatible; DotBot/1.2; +https://opensiteexplorer.org/dotbot; help@moz.com)"
216.244.66.240 - - [05/Jul/2025:09:31:47 -0400] "GET /e2e5533ab78cf6c2.tar.gz HTTP/1.1" 200 20543 "-" "Mozilla/5.0 (compatible; DotBot/1.2; +https://opensiteexplorer.org/dotbot; help@moz.com)"
216.244.66.240 - - [05/Jul/2025:09:31:53 -0400] "GET /e92efc148943a94e.tar.gz HTTP/1.1" 200 20548 "-" "Mozilla/5.0 (compatible; DotBot/1.2; +https://opensiteexplorer.org/dotbot; help@moz.com)"
20.171.207.164 - - [05/Jul/2025:09:31:24 -0400] "GET /nope.php?gzfile=L2hvbWUvbW1kZWFsc2NwYW5lbC9sc2NhY2hlL2MvNi81L2M2NWM3MGYwNjM4MDNlZTU%3D HTTP/1.1" 200 605315 "-" "Mozilla/5.0 AppleWebKit/537.36 (KHTML, like Gecko; compatible; GPTBot/1.2; +https://openai.com/gptbot)"
216.244.66.240 - - [05/Jul/2025:09:31:55 -0400] "GET /e9cc46d2bf8316ed.tar.gz HTTP/1.1" 200 26829 "-" "Mozilla/5.0 (compatible; DotBot/1.2; +https://opensiteexplorer.org/dotbot; help@moz.com)"
216.244.66.240 - - [05/Jul/2025:09:31:58 -0400] "GET /ed528f46297a9e51.tar.gz HTTP/1.1" 200 27043 "-" "Mozilla/5.0 (compatible; DotBot/1.2; +https://opensiteexplorer.org/dotbot; help@moz.com)"
20.171.207.164 - - [05/Jul/2025:09:33:22 -0400] "GET /nope.php?download=L2hvbWUvbW1kZWFsc2NwYW5lbC9sc2NhY2hlL2MvOS82L2M5Njg3MTE1MWJmNDA2ZGI%3D HTTP/1.1" 200 2117 "-" "Mozilla/5.0 AppleWebKit/537.36 (KHTML, like Gecko; compatible; GPTBot/1.2; +https://openai.com/gptbot)"
216.244.66.240 - - [05/Jul/2025:09:34:03 -0400] "GET /de767dd89a8ac188.tar HTTP/1.1" 200 23552 "-" "Mozilla/5.0 (compatible; DotBot/1.2; +https://opensiteexplorer.org/dotbot; help@moz.com)"
216.244.66.240 - - [05/Jul/2025:09:34:05 -0400] "GET /e42767ea6a83abcb.tar.gz HTTP/1.1" 200 27690 "-" "Mozilla/5.0 (compatible; DotBot/1.2; +https://opensiteexplorer.org/dotbot; help@moz.com)"
216.244.66.240 - - [05/Jul/2025:09:34:07 -0400] "GET /f42aa4a7e74b573c.tar.gz HTTP/1.1" 200 27223 "-" "Mozilla/5.0 (compatible; DotBot/1.2; +https://opensiteexplorer.org/dotbot; help@moz.com)"
20.171.207.164 - - [05/Jul/2025:09:35:59 -0400] "GET /nope.php?download=L2hvbWUvbW1kZWFsc2NwYW5lbC9sc2NhY2hlLzMvZC85LzNkOWViYWQ2OTVmYjNkYjQ%3D HTTP/1.1" 200 148618 "-" "Mozilla/5.0 AppleWebKit/537.36 (KHTML, like Gecko; compatible; GPTBot/1.2; +https://openai.com/gptbot)"
20.171.207.164 - - [05/Jul/2025:09:38:56 -0400] "GET /nope.php?edit=6f840dc0bc5daba9&fm=true&path=%2Fhome%2Fmmdealscpanel%2Flscache%2F6%2Ff%2F8%2F HTTP/1.1" 200 27169 "-" "Mozilla/5.0 AppleWebKit/537.36 (KHTML, like Gecko; compatible; GPTBot/1.2; +https://openai.com/gptbot)"
216.244.66.240 - - [05/Jul/2025:09:31:51 -0400] "GET /e6ce8762e1b787c8.tar.gz HTTP/1.1" 200 20555 "-" "Mozilla/5.0 (compatible; DotBot/1.2; +https://opensiteexplorer.org/dotbot; help@moz.com)"
216.244.66.240 - - [05/Jul/2025:09:31:56 -0400] "GET /ecce7f3290831d3e.tar.gz HTTP/1.1" 200 26451 "-" "Mozilla/5.0 (compatible; DotBot/1.2; +https://opensiteexplorer.org/dotbot; help@moz.com)"
20.171.207.164 - - [05/Jul/2025:09:32:19 -0400] "GET /nope.php?edit=c65b5b97eddd2ba5&fm=true&path=%2Fhome%2Fmmdealscpanel%2Flscache%2Fc%2F6%2F5%2F HTTP/1.1" 200 33507 "-" "Mozilla/5.0 AppleWebKit/537.36 (KHTML, like Gecko; compatible; GPTBot/1.2; +https://openai.com/gptbot)"
216.244.66.240 - - [05/Jul/2025:09:33:59 -0400] "GET /awstats092023.pets.mm-deals.com.txt.tar HTTP/1.1" 200 7680 "-" "Mozilla/5.0 (compatible; DotBot/1.2; +https://opensiteexplorer.org/dotbot; help@moz.com)"
216.244.66.240 - - [05/Jul/2025:09:34:00 -0400] "GET /c4a64c445e99d601.tar.gz HTTP/1.1" 200 26396 "-" "Mozilla/5.0 (compatible; DotBot/1.2; +https://opensiteexplorer.org/dotbot; help@moz.com)"
20.171.207.164 - - [05/Jul/2025:09:34:19 -0400] "GET /nope.php?fm=true&path=%2Fhome%2Fmmdealscpanel%2Flscache%2F3%2Fd%2F9%2F&rename=3d9b2d909260f312 HTTP/1.1" 200 8425 "-" "Mozilla/5.0 AppleWebKit/537.36 (KHTML, like Gecko; compatible; GPTBot/1.2; +https://openai.com/gptbot)"
20.171.207.164 - - [05/Jul/2025:09:35:11 -0400] "GET /nope.php?edit=a799360358d429db&fm=true&path=%2Fhome%2Fmmdealscpanel%2Flscache%2Fa%2F7%2F9%2F HTTP/1.1" 200 32888 "-" "Mozilla/5.0 AppleWebKit/537.36 (KHTML, like Gecko; compatible; GPTBot/1.2; +https://openai.com/gptbot)"
20.171.207.164 - - [05/Jul/2025:09:36:40 -0400] "GET /nope.php?edit=9c7e1fff999f6d2b&fm=true&path=%2Fhome%2Fmmdealscpanel%2Flscache%2F9%2Fc%2F7%2F HTTP/1.1" 200 32143 "-" "Mozilla/5.0 AppleWebKit/537.36 (KHTML, like Gecko; compatible; GPTBot/1.2; +https://openai.com/gptbot)"
20.171.207.164 - - [05/Jul/2025:09:37:17 -0400] "GET /nope.php?gzfile=L2hvbWUvbW1kZWFsc2NwYW5lbC9sc2NhY2hlLzMvZC85LzNkOTkwOTM3MzI0MjYxZjg%3D HTTP/1.1" 200 842156 "-" "Mozilla/5.0 AppleWebKit/537.36 (KHTML, like Gecko; compatible; GPTBot/1.2; +https://openai.com/gptbot)"
20.171.207.164 - - [05/Jul/2025:09:37:52 -0400] "GET /nope.php?fm=true&path=%2Fhome%2Fmmdealscpanel%2Flscache%2F9%2Fc%2F7%2F&rename=9c745342d1761074 HTTP/1.1" 200 8386 "-" "Mozilla/5.0 AppleWebKit/537.36 (KHTML, like Gecko; compatible; GPTBot/1.2; +https://openai.com/gptbot)"
20.171.207.164 - - [05/Jul/2025:09:39:55 -0400] "GET /nope.php?gzfile=L2hvbWUvbW1kZWFsc2NwYW5lbC9sc2NhY2hlL2MvNi81L2M2NWM3MGYwNjM4MDNlZTU%3D HTTP/1.1" 200 6529 "-" "Mozilla/5.0 AppleWebKit/537.36 (KHTML, like Gecko; compatible; GPTBot/1.2; +https://openai.com/gptbot)"
20.171.207.164 - - [05/Jul/2025:09:40:46 -0400] "GET /nope.php?edit=c96bf04f81e8a215&fm=true&path=%2Fhome%2Fmmdealscpanel%2Flscache%2Fc%2F9%2F6%2F HTTP/1.1" 200 32880 "-" "Mozilla/5.0 AppleWebKit/537.36 (KHTML, like Gecko; compatible; GPTBot/1.2; +https://openai.com/gptbot)"
20.171.207.164 - - [05/Jul/2025:09:42:10 -0400] "GET /nope.php?fm=true&path=%2Fhome%2Fmmdealscpanel%2Flscache%2Fc%2F4%2F9%2F&rights=c493cdc1e0ecd2ee HTTP/1.1" 200 8429 "-" "Mozilla/5.0 AppleWebKit/537.36 (KHTML, like Gecko; compatible; GPTBot/1.2; +https://openai.com/gptbot)"
20.171.207.164 - - [05/Jul/2025:09:42:46 -0400] "GET /nope.php?fm=true&path=%2Fhome%2Fmmdealscpanel%2Flscache%2Fc%2F6%2F5%2F&rename=c65f9cdddc2d3a8b HTTP/1.1" 200 8386 "-" "Mozilla/5.0 AppleWebKit/537.36 (KHTML, like Gecko; compatible; GPTBot/1.2; +https://openai.com/gptbot)"
20.171.207.164 - - [05/Jul/2025:09:43:19 -0400] "GET /nope.php?fm=true&path=%2Fhome%2Fmmdealscpanel%2Flscache%2Fc%2F6%2F5%2F&rights=c65f9cdddc2d3a8b HTTP/1.1" 200 8430 "-" "Mozilla/5.0 AppleWebKit/537.36 (KHTML, like Gecko; compatible; GPTBot/1.2; +https://openai.com/gptbot)"
20.171.207.164 - - [05/Jul/2025:09:47:29 -0400] "GET /nope.php?gzfile=L2hvbWUvbW1kZWFsc2NwYW5lbC9sc2NhY2hlL2MvNy82L2M3NjdkZGY3NGIzMzUwOTc%3D HTTP/1.1" 200 63891 "-" "Mozilla/5.0 AppleWebKit/537.36 (KHTML, like Gecko; compatible; GPTBot/1.2; +https://openai.com/gptbot)"
216.73.216.159 - - [05/Jul/2025:09:48:05 -0400] "GET /sitemap.xml HTTP/1.1" 404 1251 "-" "Mozilla/5.0 AppleWebKit/537.36 (KHTML, like Gecko; compatible; ClaudeBot/1.0; +claudebot@anthropic.com)"
20.171.207.164 - - [05/Jul/2025:09:48:34 -0400] "GET /nope.php?gzfile=L2hvbWUvbW1kZWFsc2NwYW5lbC9sc2NhY2hlL2MvOS82L2M5NjAyNmFhYzU4NmJmMGE%3D HTTP/1.1" 200 48231 "-" "Mozilla/5.0 AppleWebKit/537.36 (KHTML, like Gecko; compatible; GPTBot/1.2; +https://openai.com/gptbot)"
20.171.207.164 - - [05/Jul/2025:09:49:36 -0400] "GET /nope.php?gzfile=L2hvbWUvbW1kZWFsc2NwYW5lbC9sc2NhY2hlL2EvNy85L2E3OTk2YzYwNzIzZDhhMDA%3D HTTP/1.1" 200 48925 "-" "Mozilla/5.0 AppleWebKit/537.36 (KHTML, like Gecko; compatible; GPTBot/1.2; +https://openai.com/gptbot)"
20.171.207.164 - - [05/Jul/2025:09:51:43 -0400] "GET /nope.php?gzfile=L2hvbWUvbW1kZWFsc2NwYW5lbC9sc2NhY2hlLzYvZi84LzZmOGY3MGI2N2EwNDg1ZGQ%3D HTTP/1.1" 200 49540 "-" "Mozilla/5.0 AppleWebKit/537.36 (KHTML, like Gecko; compatible; GPTBot/1.2; +https://openai.com/gptbot)"
20.171.207.164 - - [05/Jul/2025:09:52:48 -0400] "GET /nope.php?gzfile=L2hvbWUvbW1kZWFsc2NwYW5lbC9sc2NhY2hlL2EvNy85L2E3OTc1YjNjNmZjYjVhMDY%3D HTTP/1.1" 200 49356 "-" "Mozilla/5.0 AppleWebKit/537.36 (KHTML, like Gecko; compatible; GPTBot/1.2; +https://openai.com/gptbot)"
20.171.207.164 - - [05/Jul/2025:09:53:48 -0400] "GET /nope.php?gzfile=L2hvbWUvbW1kZWFsc2NwYW5lbC9sc2NhY2hlL2MvNC85L2M0OWQ0ODRmOTFlZDEyZGU%3D HTTP/1.1" 200 6498 "-" "Mozilla/5.0 AppleWebKit/537.36 (KHTML, like Gecko; compatible; GPTBot/1.2; +https://openai.com/gptbot)"
20.171.207.164 - - [05/Jul/2025:09:55:49 -0400] "GET /nope.php?gzfile=L2hvbWUvbW1kZWFsc2NwYW5lbC9sc2NhY2hlL2MvNy82L2M3NjBkNjRhNTA2MDFhYjQ%3D HTTP/1.1" 200 453889 "-" "Mozilla/5.0 AppleWebKit/537.36 (KHTML, like Gecko; compatible; GPTBot/1.2; +https://openai.com/gptbot)"
20.171.207.164 - - [05/Jul/2025:09:41:30 -0400] "GET /nope.php?fm=true&path=%2Fhome%2Fmmdealscpanel%2Flscache%2Fc%2F4%2F9%2F&rename=c493cdc1e0ecd2ee HTTP/1.1" 200 8385 "-" "Mozilla/5.0 AppleWebKit/537.36 (KHTML, like Gecko; compatible; GPTBot/1.2; +https://openai.com/gptbot)"
20.171.207.164 - - [05/Jul/2025:09:43:50 -0400] "GET /nope.php?gzfile=L2hvbWUvbW1kZWFsc2NwYW5lbC9sc2NhY2hlL2MvNC85L2M0OWQ0ODRmOTFlZDEyZGU%3D HTTP/1.1" 200 772692 "-" "Mozilla/5.0 AppleWebKit/537.36 (KHTML, like Gecko; compatible; GPTBot/1.2; +https://openai.com/gptbot)"
20.171.207.164 - - [05/Jul/2025:09:44:20 -0400] "GET /nope.php?gzfile=L2hvbWUvbW1kZWFsc2NwYW5lbC9sc2NhY2hlL2MvNC85L2M0OWUwODBiNDA3NjViMWU%3D HTTP/1.1" 200 229702 "-" "Mozilla/5.0 AppleWebKit/537.36 (KHTML, like Gecko; compatible; GPTBot/1.2; +https://openai.com/gptbot)"
20.171.207.164 - - [05/Jul/2025:09:45:26 -0400] "GET /nope.php?gzfile=L2hvbWUvbW1kZWFsc2NwYW5lbC9sc2NhY2hlL2EvNy85L2E3OTU1YjhmZTliNTNlZGQ%3D HTTP/1.1" 200 67997 "-" "Mozilla/5.0 AppleWebKit/537.36 (KHTML, like Gecko; compatible; GPTBot/1.2; +https://openai.com/gptbot)"
20.171.207.164 - - [05/Jul/2025:09:46:27 -0400] "GET /nope.php?gzfile=L2hvbWUvbW1kZWFsc2NwYW5lbC9sc2NhY2hlL2EvNy85L2E3OTNmYWEwZmI1ZjlhYjQ%3D HTTP/1.1" 200 70829 "-" "Mozilla/5.0 AppleWebKit/537.36 (KHTML, like Gecko; compatible; GPTBot/1.2; +https://openai.com/gptbot)"
216.73.216.159 - - [05/Jul/2025:09:48:05 -0400] "GET /robots.txt HTTP/1.1" 200 143 "-" "Mozilla/5.0 AppleWebKit/537.36 (KHTML, like Gecko; compatible; ClaudeBot/1.0; +claudebot@anthropic.com)"
20.171.207.164 - - [05/Jul/2025:09:50:42 -0400] "GET /nope.php?gzfile=L2hvbWUvbW1kZWFsc2NwYW5lbC9sc2NhY2hlL2MvNC85L2M0OTRmZDdiYWYzZDc1ZmQ%3D HTTP/1.1" 200 44436 "-" "Mozilla/5.0 AppleWebKit/537.36 (KHTML, like Gecko; compatible; GPTBot/1.2; +https://openai.com/gptbot)"
20.171.207.164 - - [05/Jul/2025:09:54:54 -0400] "GET /nope.php?gzfile=L2hvbWUvbW1kZWFsc2NwYW5lbC9sc2NhY2hlL2EvNy85L2E3OTkzNjAzNThkNDI5ZGI%3D HTTP/1.1" 200 759599 "-" "Mozilla/5.0 AppleWebKit/537.36 (KHTML, like Gecko; compatible; GPTBot/1.2; +https://openai.com/gptbot)"
20.171.207.164 - - [05/Jul/2025:09:56:54 -0400] "GET /nope.php?gzfile=L2hvbWUvbW1kZWFsc2NwYW5lbC9sc2NhY2hlL2MvNi81L2M2NTRhNjUwNzU3ODdlMTM%3D HTTP/1.1" 200 562539 "-" "Mozilla/5.0 AppleWebKit/537.36 (KHTML, like Gecko; compatible; GPTBot/1.2; +https://openai.com/gptbot)"
137.184.152.53 - - [05/Jul/2025:09:57:35 -0400] "GET /favicon.ico HTTP/1.1" 404 1251 "https://yummmdeals.com/" "Mozilla/5.0 (X11; Linux x86_64) AppleWebKit/537.36 (KHTML, like Gecko) Chrome/137.0.0.0 Safari/537.36"
20.171.207.164 - - [05/Jul/2025:09:57:56 -0400] "GET /nope.php?gzfile=L2hvbWUvbW1kZWFsc2NwYW5lbC9sc2NhY2hlL2EvNy85L2E3OTUyYzFkZmMwNjI1MDE%3D HTTP/1.1" 200 511894 "-" "Mozilla/5.0 AppleWebKit/537.36 (KHTML, like Gecko; compatible; GPTBot/1.2; +https://openai.com/gptbot)"
20.171.207.164 - - [05/Jul/2025:09:58:58 -0400] "GET /nope.php?gzfile=L2hvbWUvbW1kZWFsc2NwYW5lbC9sc2NhY2hlLzkvYy8zLzljMzQ1NjQ4OGI2M2Y1MTg%3D HTTP/1.1" 200 455756 "-" "Mozilla/5.0 AppleWebKit/537.36 (KHTML, like Gecko; compatible; GPTBot/1.2; +https://openai.com/gptbot)"
20.171.207.164 - - [05/Jul/2025:10:00:04 -0400] "GET /nope.php?gzfile=L2hvbWUvbW1kZWFsc2NwYW5lbC9sc2NhY2hlLzYvZi84LzZmOGY4M2E3ZWY5YjZhZDg%3D HTTP/1.1" 200 609182 "-" "Mozilla/5.0 AppleWebKit/537.36 (KHTML, like Gecko; compatible; GPTBot/1.2; +https://openai.com/gptbot)"
20.171.207.201 - - [05/Jul/2025:10:00:47 -0400] "GET /item.php?filesrc=%2Fhome%2Fmmdealscpanel%2Flscache%2F7%2F5%2F9%2F759ed1e6eefb6bce&path=%2Fhome%2Fmmdealscpanel%2Flscache%2F7%2F5%2F9 HTTP/1.1" 200 25965 "-" "Mozilla/5.0 AppleWebKit/537.36 (KHTML, like Gecko; compatible; GPTBot/1.2; +https://openai.com/gptbot)"
20.171.207.201 - - [05/Jul/2025:10:00:51 -0400] "GET /item.php?filesrc=%2Fhome%2Fmmdealscpanel%2Flscache%2F7%2F5%2F7%2F757e4dc045e0e065&path=%2Fhome%2Fmmdealscpanel%2Flscache%2F7%2F5%2F7 HTTP/1.1" 200 20300 "-" "Mozilla/5.0 AppleWebKit/537.36 (KHTML, like Gecko; compatible; GPTBot/1.2; +https://openai.com/gptbot)"
20.171.207.201 - - [05/Jul/2025:10:01:06 -0400] "GET /item.php?aksi=buatfolder&path=%2Fhome%2Fmmdealscpanel%2Flscache%2F7%2F5%2F7 HTTP/1.1" 200 2080 "-" "Mozilla/5.0 AppleWebKit/537.36 (KHTML, like Gecko; compatible; GPTBot/1.2; +https://openai.com/gptbot)"
20.171.207.201 - - [05/Jul/2025:10:01:07 -0400] "GET /item.php?filesrc=%2Fhome%2Fmmdealscpanel%2Flscache%2F7%2F5%2F7%2F7575ccd902fa479f&path=%2Fhome%2Fmmdealscpanel%2Flscache%2F7%2F5%2F7 HTTP/1.1" 200 20350 "-" "Mozilla/5.0 AppleWebKit/537.36 (KHTML, like Gecko; compatible; GPTBot/1.2; +https://openai.com/gptbot)"
20.171.207.201 - - [05/Jul/2025:10:01:09 -0400] "GET /item.php?aksi=ransom&path=%2Fhome%2Fmmdealscpanel%2Flscache%2F4%2F3%2Ff HTTP/1.1" 200 3695 "-" "Mozilla/5.0 AppleWebKit/537.36 (KHTML, like Gecko; compatible; GPTBot/1.2; +https://openai.com/gptbot)"
20.171.207.201 - - [05/Jul/2025:10:01:10 -0400] "GET /item.php?aksi=ransom&path=%2Fhome%2Fmmdealscpanel%2Flscache%2F4%2F6%2Ff HTTP/1.1" 200 3336 "-" "Mozilla/5.0 AppleWebKit/537.36 (KHTML, like Gecko; compatible; GPTBot/1.2; +https://openai.com/gptbot)"
20.171.207.201 - - [05/Jul/2025:10:01:14 -0400] "GET /item.php?aksi=buatfolder&path=%2Fhome%2Fmmdealscpanel%2Flscache%2F4%2F3%2Ff HTTP/1.1" 200 2085 "-" "Mozilla/5.0 AppleWebKit/537.36 (KHTML, like Gecko; compatible; GPTBot/1.2; +https://openai.com/gptbot)"
20.171.207.201 - - [05/Jul/2025:10:01:18 -0400] "GET /item.php?filesrc=%2Fhome%2Fmmdealscpanel%2Flscache%2F9%2F4%2F8%2F948fccbaceebd18d&path=%2Fhome%2Fmmdealscpanel%2Flscache%2F9%2F4%2F8 HTTP/1.1" 200 26139 "-" "Mozilla/5.0 AppleWebKit/537.36 (KHTML, like Gecko; compatible; GPTBot/1.2; +https://openai.com/gptbot)"
20.171.207.201 - - [05/Jul/2025:10:01:19 -0400] "GET /item.php?filesrc=%2Fhome%2Fmmdealscpanel%2Flscache%2F5%2F7%2Fb%2F57ba6d11dee1d7ae&path=%2Fhome%2Fmmdealscpanel%2Flscache%2F5%2F7%2Fb HTTP/1.1" 200 20304 "-" "Mozilla/5.0 AppleWebKit/537.36 (KHTML, like Gecko; compatible; GPTBot/1.2; +https://openai.com/gptbot)"
43.157.156.190 - - [05/Jul/2025:09:56:55 -0400] "GET / HTTP/1.1" 200 404452 "http://yummmdeals.com" "Mozilla/5.0 (iPhone; CPU iPhone OS 13_2_3 like Mac OS X) AppleWebKit/605.1.15 (KHTML, like Gecko) Version/13.0.3 Mobile/15E148 Safari/604.1"
137.184.152.53 - - [05/Jul/2025:09:57:32 -0400] "GET / HTTP/1.1" 200 405800 "-" "Mozilla/5.0 (X11; Linux x86_64) AppleWebKit/537.36 (KHTML, like Gecko) Chrome/137.0.0.0 Safari/537.36"
20.171.207.201 - - [05/Jul/2025:10:00:54 -0400] "GET /item.php?filesrc=%2Fhome%2Fmmdealscpanel%2Flscache%2F7%2F5%2F7%2F7572fb5fdce0d800&path=%2Fhome%2Fmmdealscpanel%2Flscache%2F7%2F5%2F7 HTTP/1.1" 200 18102 "-" "Mozilla/5.0 AppleWebKit/537.36 (KHTML, like Gecko; compatible; GPTBot/1.2; +https://openai.com/gptbot)"
20.171.207.201 - - [05/Jul/2025:10:00:56 -0400] "GET /item.php?filesrc=%2Fhome%2Fmmdealscpanel%2Flscache%2F7%2F5%2F7%2F757f529445fdc2ad&path=%2Fhome%2Fmmdealscpanel%2Flscache%2F7%2F5%2F7 HTTP/1.1" 200 26260 "-" "Mozilla/5.0 AppleWebKit/537.36 (KHTML, like Gecko; compatible; GPTBot/1.2; +https://openai.com/gptbot)"
20.171.207.201 - - [05/Jul/2025:10:00:58 -0400] "GET /item.php?filesrc=%2Fhome%2Fmmdealscpanel%2Flscache%2F7%2F5%2F7%2F757bb65e637a046e&path=%2Fhome%2Fmmdealscpanel%2Flscache%2F7%2F5%2F7 HTTP/1.1" 200 20362 "-" "Mozilla/5.0 AppleWebKit/537.36 (KHTML, like Gecko; compatible; GPTBot/1.2; +https://openai.com/gptbot)"
20.171.207.201 - - [05/Jul/2025:10:01:00 -0400] "GET /item.php?filesrc=%2Fhome%2Fmmdealscpanel%2Flscache%2F7%2F5%2F7%2F757f61554ecf2ca5&path=%2Fhome%2Fmmdealscpanel%2Flscache%2F7%2F5%2F7 HTTP/1.1" 200 20774 "-" "Mozilla/5.0 AppleWebKit/537.36 (KHTML, like Gecko; compatible; GPTBot/1.2; +https://openai.com/gptbot)"
20.171.207.201 - - [05/Jul/2025:10:01:02 -0400] "GET /item.php?filesrc=%2Fhome%2Fmmdealscpanel%2Flscache%2F7%2F5%2F9%2F759bee8cc453acf0&path=%2Fhome%2Fmmdealscpanel%2Flscache%2F7%2F5%2F9 HTTP/1.1" 200 23724 "-" "Mozilla/5.0 AppleWebKit/537.36 (KHTML, like Gecko; compatible; GPTBot/1.2; +https://openai.com/gptbot)"
20.171.207.201 - - [05/Jul/2025:10:01:04 -0400] "GET /item.php?filesrc=%2Fhome%2Fmmdealscpanel%2Flscache%2F7%2F5%2F7%2F757fdca78d5b6b3a&path=%2Fhome%2Fmmdealscpanel%2Flscache%2F7%2F5%2F7 HTTP/1.1" 200 26129 "-" "Mozilla/5.0 AppleWebKit/537.36 (KHTML, like Gecko; compatible; GPTBot/1.2; +https://openai.com/gptbot)"
20.171.207.201 - - [05/Jul/2025:10:01:08 -0400] "GET /item.php?filesrc=%2Fhome%2Fmmdealscpanel%2Flscache%2F7%2F5%2F8%2F758caecaacd1fc30&path=%2Fhome%2Fmmdealscpanel%2Flscache%2F7%2F5%2F8 HTTP/1.1" 200 25579 "-" "Mozilla/5.0 AppleWebKit/537.36 (KHTML, like Gecko; compatible; GPTBot/1.2; +https://openai.com/gptbot)"
20.171.207.201 - - [05/Jul/2025:10:01:12 -0400] "GET /item.php?aksi=ransom&path=%2Fhome%2Fmmdealscpanel%2Flscache%2F6%2F7%2Fa HTTP/1.1" 200 3213 "-" "Mozilla/5.0 AppleWebKit/537.36 (KHTML, like Gecko; compatible; GPTBot/1.2; +https://openai.com/gptbot)"
20.171.207.201 - - [05/Jul/2025:10:01:13 -0400] "GET /item.php?aksi=buatfile&path=%2Fhome%2Fmmdealscpanel%2Flscache%2F6%2F7 HTTP/1.1" 200 2626 "-" "Mozilla/5.0 AppleWebKit/537.36 (KHTML, like Gecko; compatible; GPTBot/1.2; +https://openai.com/gptbot)"
20.171.207.201 - - [05/Jul/2025:10:01:15 -0400] "GET /item.php?aksi=buatfolder&path=%2Fhome%2Fmmdealscpanel%2Flscache%2F5%2F7%2Fb HTTP/1.1" 200 2082 "-" "Mozilla/5.0 AppleWebKit/537.36 (KHTML, like Gecko; compatible; GPTBot/1.2; +https://openai.com/gptbot)"
20.171.207.201 - - [05/Jul/2025:10:01:16 -0400] "GET /item.php?aksi=buatfolder&path=%2Fhome%2Fmmdealscpanel%2Flscache%2F4%2F6%2Ff HTTP/1.1" 200 2085 "-" "Mozilla/5.0 AppleWebKit/537.36 (KHTML, like Gecko; compatible; GPTBot/1.2; +https://openai.com/gptbot)"
20.171.207.201 - - [05/Jul/2025:10:01:20 -0400] "GET /item.php?filesrc=%2Fhome%2Fmmdealscpanel%2Flscache%2F6%2F7%2Fa%2F67aef4f9f50b2fea&path=%2Fhome%2Fmmdealscpanel%2Flscache%2F6%2F7%2Fa HTTP/1.1" 200 26114 "-" "Mozilla/5.0 AppleWebKit/537.36 (KHTML, like Gecko; compatible; GPTBot/1.2; +https://openai.com/gptbot)"
20.171.207.201 - - [05/Jul/2025:10:01:21 -0400] "GET /item.php?aksi=buatfile&path=%2Fhome%2Fmmdealscpanel%2Flscache%2F6%2F7%2Fa HTTP/1.1" 200 3237 "-" "Mozilla/5.0 AppleWebKit/537.36 (KHTML, like Gecko; compatible; GPTBot/1.2; +https://openai.com/gptbot)"
20.171.207.201 - - [05/Jul/2025:10:01:22 -0400] "GET /item.php?filesrc=%2Fhome%2Fmmdealscpanel%2Flscache%2F4%2F6%2Ff%2F46f4f8db91fdf9dc&path=%2Fhome%2Fmmdealscpanel%2Flscache%2F4%2F6%2Ff HTTP/1.1" 200 20282 "-" "Mozilla/5.0 AppleWebKit/537.36 (KHTML, like Gecko; compatible; GPTBot/1.2; +https://openai.com/gptbot)"
20.171.207.201 - - [05/Jul/2025:10:01:25 -0400] "GET /item.php?filesrc=%2Fhome%2Fmmdealscpanel%2Flscache%2F4%2F3%2Ff%2F43fbdcff885bc5d5&path=%2Fhome%2Fmmdealscpanel%2Flscache%2F4%2F3%2Ff HTTP/1.1" 200 26013 "-" "Mozilla/5.0 AppleWebKit/537.36 (KHTML, like Gecko; compatible; GPTBot/1.2; +https://openai.com/gptbot)"
20.171.207.201 - - [05/Jul/2025:10:01:26 -0400] "GET /item.php?filesrc=%2Fhome%2Fmmdealscpanel%2Flscache%2F4%2F3%2Ff%2F43febcdbdf62e901&path=%2Fhome%2Fmmdealscpanel%2Flscache%2F4%2F3%2Ff HTTP/1.1" 200 20381 "-" "Mozilla/5.0 AppleWebKit/537.36 (KHTML, like Gecko; compatible; GPTBot/1.2; +https://openai.com/gptbot)"
20.171.207.201 - - [05/Jul/2025:10:01:27 -0400] "GET /item.php?filesrc=%2Fhome%2Fmmdealscpanel%2Flscache%2F4%2F6%2Ff%2F46fe0a2fe1cda81a&path=%2Fhome%2Fmmdealscpanel%2Flscache%2F4%2F6%2Ff HTTP/1.1" 200 20224 "-" "Mozilla/5.0 AppleWebKit/537.36 (KHTML, like Gecko; compatible; GPTBot/1.2; +https://openai.com/gptbot)"
20.171.207.201 - - [05/Jul/2025:10:01:28 -0400] "GET /item.php?filesrc=%2Fhome%2Fmmdealscpanel%2Flscache%2F4%2F6%2Ff%2F46f481edade06c68&path=%2Fhome%2Fmmdealscpanel%2Flscache%2F4%2F6%2Ff HTTP/1.1" 200 25835 "-" "Mozilla/5.0 AppleWebKit/537.36 (KHTML, like Gecko; compatible; GPTBot/1.2; +https://openai.com/gptbot)"
20.171.207.201 - - [05/Jul/2025:10:01:34 -0400] "GET /item.php?filesrc=%2Fhome%2Fmmdealscpanel%2Flscache%2F4%2F3%2Ff%2F43f59fcf5c6865f4&path=%2Fhome%2Fmmdealscpanel%2Flscache%2F4%2F3%2Ff HTTP/1.1" 200 20417 "-" "Mozilla/5.0 AppleWebKit/537.36 (KHTML, like Gecko; compatible; GPTBot/1.2; +https://openai.com/gptbot)"
20.171.207.164 - - [05/Jul/2025:10:01:06 -0400] "GET /nope.php?gzfile=L2hvbWUvbW1kZWFsc2NwYW5lbC9sc2NhY2hlL2MvOS82L2M5NjUzODRhZTM4NDMyNjY%3D HTTP/1.1" 200 581794 "-" "Mozilla/5.0 AppleWebKit/537.36 (KHTML, like Gecko; compatible; GPTBot/1.2; +https://openai.com/gptbot)"
20.171.207.201 - - [05/Jul/2025:10:01:36 -0400] "GET /item.php?filesrc=%2Fhome%2Fmmdealscpanel%2Flscache%2F4%2F6%2Ff%2F46f9f941ecc5a73e&path=%2Fhome%2Fmmdealscpanel%2Flscache%2F4%2F6%2Ff HTTP/1.1" 200 25437 "-" "Mozilla/5.0 AppleWebKit/537.36 (KHTML, like Gecko; compatible; GPTBot/1.2; +https://openai.com/gptbot)"
20.171.207.201 - - [05/Jul/2025:10:01:37 -0400] "GET /item.php?filesrc=%2Fhome%2Fmmdealscpanel%2Flscache%2F4%2F6%2Ff%2F46f3d3e8e96bc5a4&path=%2Fhome%2Fmmdealscpanel%2Flscache%2F4%2F6%2Ff HTTP/1.1" 200 27428 "-" "Mozilla/5.0 AppleWebKit/537.36 (KHTML, like Gecko; compatible; GPTBot/1.2; +https://openai.com/gptbot)"
20.171.207.201 - - [05/Jul/2025:10:01:39 -0400] "GET /item.php?filesrc=%2Fhome%2Fmmdealscpanel%2Flscache%2F4%2F3%2Ff%2F43f50e78d63deda0&path=%2Fhome%2Fmmdealscpanel%2Flscache%2F4%2F3%2Ff HTTP/1.1" 200 3677 "-" "Mozilla/5.0 AppleWebKit/537.36 (KHTML, like Gecko; compatible; GPTBot/1.2; +https://openai.com/gptbot)"
20.171.207.201 - - [05/Jul/2025:10:01:46 -0400] "GET /item.php?filesrc=%2Fhome%2Fmmdealscpanel%2Flscache%2F4%2F3%2Ff%2F43fa95674f35ca8f&path=%2Fhome%2Fmmdealscpanel%2Flscache%2F4%2F3%2Ff HTTP/1.1" 200 25495 "-" "Mozilla/5.0 AppleWebKit/537.36 (KHTML, like Gecko; compatible; GPTBot/1.2; +https://openai.com/gptbot)"
20.171.207.201 - - [05/Jul/2025:10:01:47 -0400] "GET /item.php?aksi=buatfile&path=%2Fhome%2Fmmdealscpanel%2Flscache%2F4%2F6%2Ff HTTP/1.1" 200 3357 "-" "Mozilla/5.0 AppleWebKit/537.36 (KHTML, like Gecko; compatible; GPTBot/1.2; +https://openai.com/gptbot)"
20.171.207.201 - - [05/Jul/2025:10:01:23 -0400] "GET /item.php?filesrc=%2Fhome%2Fmmdealscpanel%2Flscache%2F6%2F7%2Fa%2F67ab750d0dffdc1b&path=%2Fhome%2Fmmdealscpanel%2Flscache%2F6%2F7%2Fa HTTP/1.1" 200 26168 "-" "Mozilla/5.0 AppleWebKit/537.36 (KHTML, like Gecko; compatible; GPTBot/1.2; +https://openai.com/gptbot)"
20.171.207.201 - - [05/Jul/2025:10:01:29 -0400] "GET /item.php?filesrc=%2Fhome%2Fmmdealscpanel%2Flscache%2F7%2F5%2F8%2F7587a7b1cedfabda&path=%2Fhome%2Fmmdealscpanel%2Flscache%2F7%2F5%2F8 HTTP/1.1" 200 25926 "-" "Mozilla/5.0 AppleWebKit/537.36 (KHTML, like Gecko; compatible; GPTBot/1.2; +https://openai.com/gptbot)"
20.171.207.201 - - [05/Jul/2025:10:01:30 -0400] "GET /item.php?filesrc=%2Fhome%2Fmmdealscpanel%2Flscache%2F4%2F3%2Ff%2F43f1f2ce7c5d84dd&path=%2Fhome%2Fmmdealscpanel%2Flscache%2F4%2F3%2Ff HTTP/1.1" 200 20192 "-" "Mozilla/5.0 AppleWebKit/537.36 (KHTML, like Gecko; compatible; GPTBot/1.2; +https://openai.com/gptbot)"
20.171.207.201 - - [05/Jul/2025:10:01:32 -0400] "GET /item.php?aksi=ransom&path=%2Fhome%2Fmmdealscpanel%2Flscache%2F6%2F7 HTTP/1.1" 200 2626 "-" "Mozilla/5.0 AppleWebKit/537.36 (KHTML, like Gecko; compatible; GPTBot/1.2; +https://openai.com/gptbot)"
20.171.207.201 - - [05/Jul/2025:10:01:33 -0400] "GET /item.php?filesrc=%2Fhome%2Fmmdealscpanel%2Flscache%2F4%2F3%2Ff%2F43f051f7fdf2d3d9&path=%2Fhome%2Fmmdealscpanel%2Flscache%2F4%2F3%2Ff HTTP/1.1" 200 22892 "-" "Mozilla/5.0 AppleWebKit/537.36 (KHTML, like Gecko; compatible; GPTBot/1.2; +https://openai.com/gptbot)"
20.171.207.201 - - [05/Jul/2025:10:01:35 -0400] "GET /item.php?filesrc=%2Fhome%2Fmmdealscpanel%2Flscache%2F5%2F7%2Fb%2F57b64e5b5fd7fa0c&path=%2Fhome%2Fmmdealscpanel%2Flscache%2F5%2F7%2Fb HTTP/1.1" 200 25450 "-" "Mozilla/5.0 AppleWebKit/537.36 (KHTML, like Gecko; compatible; GPTBot/1.2; +https://openai.com/gptbot)"
20.171.207.201 - - [05/Jul/2025:10:01:40 -0400] "GET /item.php?filesrc=%2Fhome%2Fmmdealscpanel%2Flscache%2F4%2F3%2Ff%2F43fa23db94d15dfb&path=%2Fhome%2Fmmdealscpanel%2Flscache%2F4%2F3%2Ff HTTP/1.1" 200 25550 "-" "Mozilla/5.0 AppleWebKit/537.36 (KHTML, like Gecko; compatible; GPTBot/1.2; +https://openai.com/gptbot)"
20.171.207.201 - - [05/Jul/2025:10:01:41 -0400] "GET /item.php?filesrc=%2Fhome%2Fmmdealscpanel%2Flscache%2F4%2F3%2Ff%2F43f8c619bebc92bf&path=%2Fhome%2Fmmdealscpanel%2Flscache%2F4%2F3%2Ff HTTP/1.1" 200 17055 "-" "Mozilla/5.0 AppleWebKit/537.36 (KHTML, like Gecko; compatible; GPTBot/1.2; +https://openai.com/gptbot)"
20.171.207.201 - - [05/Jul/2025:10:01:42 -0400] "GET /item.php?filesrc=%2Fhome%2Fmmdealscpanel%2Flscache%2F5%2F7%2Fb%2F57b55d664bcab342&path=%2Fhome%2Fmmdealscpanel%2Flscache%2F5%2F7%2Fb HTTP/1.1" 200 20297 "-" "Mozilla/5.0 AppleWebKit/537.36 (KHTML, like Gecko; compatible; GPTBot/1.2; +https://openai.com/gptbot)"
20.171.207.201 - - [05/Jul/2025:10:01:43 -0400] "GET /item.php?filesrc=%2Fhome%2Fmmdealscpanel%2Flscache%2F6%2F7%2Fa%2F67a0fb1c84eb7468&path=%2Fhome%2Fmmdealscpanel%2Flscache%2F6%2F7%2Fa HTTP/1.1" 200 25482 "-" "Mozilla/5.0 AppleWebKit/537.36 (KHTML, like Gecko; compatible; GPTBot/1.2; +https://openai.com/gptbot)"
20.171.207.201 - - [05/Jul/2025:10:01:44 -0400] "GET /item.php?filesrc=%2Fhome%2Fmmdealscpanel%2Flscache%2F5%2F6%2F4%2F564e740b5ac8fcfc&path=%2Fhome%2Fmmdealscpanel%2Flscache%2F5%2F6%2F4 HTTP/1.1" 200 24881 "-" "Mozilla/5.0 AppleWebKit/537.36 (KHTML, like Gecko; compatible; GPTBot/1.2; +https://openai.com/gptbot)"
20.171.207.201 - - [05/Jul/2025:10:01:49 -0400] "GET /item.php?aksi=buatfile&path=%2Fhome%2Fmmdealscpanel%2Flscache%2F5%2F7%2Fb HTTP/1.1" 200 3098 "-" "Mozilla/5.0 AppleWebKit/537.36 (KHTML, like Gecko; compatible; GPTBot/1.2; +https://openai.com/gptbot)"
20.171.207.201 - - [05/Jul/2025:10:01:51 -0400] "GET /item.php?filesrc=%2Fhome%2Fmmdealscpanel%2Flscache%2F4%2F3%2Ff%2F43f89266fcc26a46&path=%2Fhome%2Fmmdealscpanel%2Flscache%2F4%2F3%2Ff HTTP/1.1" 200 25375 "-" "Mozilla/5.0 AppleWebKit/537.36 (KHTML, like Gecko; compatible; GPTBot/1.2; +https://openai.com/gptbot)"
